D/AccountTypeManager( 1513): Registering external account type=com.waze, packageName=com.waze
E/QMI_FW ( 3089): QMUXD: Service_id=228 not found over conn_id=37
D/AccountTypeManager( 1513): Registering 1 extension packages
W/AccountTypeManager( 1513): Skipping extension package com.google.android.apps.plus because it doesn't have the CONTACTS_STRUCTURE metadata
V/ProcessObserver( 1640): onProcessStateChanged
I/Scheduler( 1530): Use PeriodicScheduler
I/AccountTypeManager( 1513): Loaded meta-data for 6 account types, 3 accounts in 104ms(wall) 28ms(cpu)
W/InstanceID/Rpc( 1530): Found 10036
I/qcom-bluetooth( 3139): /system/etc/init.qcom.bt.sh: Bluetooth QSoC firmware download succeeded, /dev/ttyHS0 qualcomm-ibs 3000000 f8:a4:5f:02:67:23
I/qcom-bluetooth( 3140): /system/etc/init.qcom.bt.sh: ** Bluedroid stack **
V/ProcessObserver( 1640): onProcessStateChanged
I/bt_vendor( 2948): bluetooth satus is on
D/bt_userial_mct( 2948): userial_open(port:0)
I/bt_vendor( 2948): bt-vendor : BT_VND_OP_USERIAL_OPEN
I/bt_vendor( 2948): Done intiailizing UART
I/bt_vendor( 2948): Done intiailizing UART
I/bt_userial_mct( 2948): CMD=72, EVT=72, ACL_Out=73, ACL_In=73
I/bt_vendor( 2948): Bluetooth Firmware and transport layer are initialized
I/bt-btu ( 2948): btu_task received preload complete event
D/bt_userial_mct( 2948): Entering userial_read_thread()
W/bt-l2cap( 2948): L2CAP - L2CA_Register() called for PSM: 0x0001
W/bt-l2cap( 2948): L2CAP - L2CA_Register() called for PSM: 0x001f
W/bt-l2cap( 2948): L2CAP - L2CA_Register() called for PSM: 0x0003
W/bt-l2cap( 2948): L2CAP - L2CA_Register() called for PSM: 0x1487
F/libc ( 2948): Fatal signal 11 (SIGSEGV), code 1, fault addr 0x8 in tid 3058 (BTU)
V/ProcessObserver( 1640): onProcessStateChanged
D/miuisdk ( 3121): current sdk level is 2
I/MultiDex( 3096): VM with version 2.1.0 has multidex support
I/MultiDex( 3096): install
I/MultiDex( 3096): VM has multidex support, MultiDex support library is disabled.
I/MultiDex( 3096): install
I/MultiDex( 3096): VM has multidex support, MultiDex support library is disabled.
D/wpa_supplicant( 1134): wlan0: Control interface command 'SIGNAL_POLL'
V/ProcessObserver( 1640): onProcessStateChanged
D/AlertSyncService( 2771): onCreate
V/CloudApp( 3121): has telephony feature
D/AlertSyncService( 2771): onHandleIntent action = null
D/AlertSyncService( 2771): sceduleDailyAlarm
D/AlertSyncService( 2771): checkState begin
D/AlertSyncService( 2771): setMasterNotificationTime:01/01/1970
D/AlertSyncService( 2771): setSubNotificationTime:09/20/2015
D/WIFI ( 844): got request NetworkRequest [ id=1, legacyType=-1, [ Capabilities: INTERNET&NOT_RESTRICTED&TRUSTED&NOT_VPN] ] with score 56
V/ProcessObserver( 1640): onProcessStateChanged
D/AlertSyncService( 2771): startAlarm action = com.miui.cloudservice.ACTION_DAILY_ALARM_REMINDER time = 08/26/2015
I/DEBUG ( 286): *** *** *** *** *** *** *** *** *** *** *** *** *** *** *** ***
I/DEBUG ( 286): Build fingerprint: 'Xiaomi/aries/aries:5.0.2/LRX22G/5.8.20:user/release-keys'
I/DEBUG ( 286): Revision: '0'
I/DEBUG ( 286): ABI: 'arm'
I/DEBUG ( 286): pid: 2948, tid: 3058, name: BTU >>> com.android.bluetooth <<<
I/DEBUG ( 286): signal 11 (SIGSEGV), code 1 (SEGV_MAPERR), fault addr 0x8
I/DEBUG ( 286): r0 a533fa48 r1 fffffae8 r2 a53665b8 r3 00000000
I/DEBUG ( 286): r4 000003e8 r5 00000000 r6 000003e8 r7 a5375318
I/DEBUG ( 286): r8 a5365d30 r9 a5034308 sl b6f1e785 fp a3dffdb0
I/DEBUG ( 286): ip 7ffffffe sp a3dffce0 lr a52b956f pc a52b95e2 cpsr 200f0030
I/DEBUG ( 286):
I/DEBUG ( 286): backtrace:
I/DEBUG ( 286): #00 pc 000a45e2 /system/lib/hw/bluetooth.default.so (alarm_service_reschedule+125)
I/DEBUG ( 286): #01 pc 000a445b /system/lib/hw/bluetooth.default.so (GKI_start_timer+150)
I/DEBUG ( 286): #02 pc 000d96eb /system/lib/hw/bluetooth.default.so (btu_start_timer+66)
I/DEBUG ( 286): #03 pc 0003a3a3 /system/lib/hw/bluetooth.default.so (BTE_InitStack+10)
I/DEBUG ( 286): #04 pc 000d9a6b /system/lib/hw/bluetooth.default.so (btu_task+82)
I/DEBUG ( 286): #05 pc 000a44c1 /system/lib/hw/bluetooth.default.so
I/DEBUG ( 286): #06 pc 000137a3 /system/lib/libc.so (__pthread_start(void*)+30)
I/DEBUG ( 286): #07 pc 00011883 /system/lib/libc.so (__start_thread+6)
I/ConfigureLog4J( 3121): log system inited
I/CloudApp( 3121): com.miui.cloudservice.b: SourceFile(50): CloudApp.onCreate()
D/AlertSyncService( 2771): onDestroy
V/ProcessObserver( 1640): onProcessStateChanged
I/ServiceManager( 2269): Waiting for service miui.whetstone.power...
D/ProcessObserver( 1640): onProcessDied, pid: 2579 uid: 9801
V/ProcessObserver( 1640): onProcessStateChanged
V/ProcessObserver( 1640): onProcessStateChanged
D/MiProfileMessengerService( 3121): com.miui.cloudservice.miprofile.MpLog: SourceFile(17): onBind()
D/MicloudPushService( 2771): push service action : com.miui.cloudservice.open_channel_oncreate_app sBindStatus:1
D/MiProfileServiceConnector( 1513): onServiceConnected()
D/ActivateManager( 3121): onServiceConnected, component:ComponentInfo{com.xiaomi.xmsf/com.xiaomi.activate.ActivateService}
D/MicloudPushService( 2771): openChannel
W/MicloudPushService( 2771): Micloud channel is opened, do not reopen again.
D/ActivateManager( 3121): service unbinded
V/ActivateStatusReceiver( 3121): Updating activate info for sim 0 inserted=false status=-1
D/ActivateManager( 3121): onServiceConnected, component:ComponentInfo{com.xiaomi.xmsf/com.xiaomi.activate.ActivateService}
V/ActivateStatusReceiver( 3121): Updating activate info for sim 1 inserted=false status=-1
D/ActivateManager( 3121): service unbinded
V/CloudActivateStatusListener( 3121): EVENT_NONE
V/CloudActivateStatusListener( 3121): EVENT_NONE
V/ProcessObserver( 1640): onProcessStateChanged
D/miuisdk ( 3150): current sdk level is 2
W/Backup:AutoBackupReceiver( 3150): auto backup is disable!
V/ProcessObserver( 1640): onProcessStateChanged
D/AlertReceiver( 2988): onReceive: a=android.intent.action.BOOT_COMPLETED Intent { act=android.intent.action.BOOT_COMPLETED flg=0x8000010 cmp=com.android.calendar/.alerts.AlertReceiver (has extras) }
V/ProcessObserver( 1640): onProcessStateChanged
D/AlertService( 2988): 0 Action = android.intent.action.BOOT_COMPLETED
D/PhoneInterfaceManager( 1302): wait for done
D/PowerKeeperEventLogManager( 1640): updatestatusbar value 0x1800010
D/PhoneStatusBar( 1063): disable: 0x03800010 -> 0x01800010 (diff: 0x02000000)
D/PhoneStatusBar( 1063): disable: < expand icons alerts ticker system_info back home RECENT CLOCK full hide KEYGUARD > V/ProcessObserver( 1640): onProcessStateChanged
D/miuisdk ( 3173): current sdk level is 2
D/PhoneInterfaceManager( 1302): SUPPLY_PIN_COMPLETE
D/PhoneInterfaceManager( 1302): done
I/Analytics( 1063): start session(com.android.keyguard)
I/Analytics( 1063): end session(com.android.keyguard)
I/KLO_Power( 2269): screen_toggled event:screen_state:2
D/PowerKeeperEventLogManager( 1640): notifyScreenChange 2
D/ScreenElementRoot( 1063): pause
I/TrafficManageService( 1987): mina mSimStateReceiver sim state updatedIntent { act=android.intent.action.SIM_STATE_CHANGED flg=0x20000010 (has extras) }
I/TrafficManageService( 1987): postInitSimMsgDelayed
D/AccountTypeManager( 1513): processBroadcastIntentandroid.intent.action.SIM_STATE_CHANGED; IccCardConstants : UNKNOWN
V/xmsf/SimStateReceiver( 1290): receives SIM_STATE_CHANGED broadcast, state = UNKNOWN
D/GpsLocationProvider( 844): received SIM realted action: android.intent.action.SIM_STATE_CHANGED
D/ScreenElementRoot( 1063): resume
D/ScreenElementRoot( 1063): pause
D/ScreenElementRoot( 1063): finish
I/NotifierManager( 1063): releaseNotifier:TimeChanged miui.maml.data.DateTimeVariableUpdater@2e1d0e74
D/GpsLocationProvider( 844): SIM MCC/MNC is still not available
D/PowerKeeperEventLogManager( 1640): updatestatusbar value 0x800000
D/PhoneStatusBar( 1063): disable: 0x01800010 -> 0x00800000 (diff: 0x01000010)
D/PhoneStatusBar( 1063): disable: < expand icons alerts ticker system_info back home recent* CLOCK full hide keyguard* > D/StatusBar.NetworkController( 1063): slot=0;action=android.intent.action.SIM_STATE_CHANGED
D/StatusBar.NetworkController( 1063): mIsSimMissing[0]=false
D/CalendarProvider2( 3173): onCreate()
D/CalendarAlarmManager( 3173): initializeWithContext()
I/CalendarProvider2( 3173): Created com.android.providers.calendar.CalendarAlarmManager@3ab8caac(com.android.providers.calendar.CalendarProvider2@3b76e375)
D/CalendarProvider2( 3173): verifyAccounts()
D/CalendarReceiver( 3173): onReceive(): intent:Intent { act=android.intent.action.BOOT_COMPLETED flg=0x8000010 cmp=com.android.providers.calendar/.CalendarReceiver (has extras) }
W/PushService( 1290): 2015-08-25 15:40:52,054 - [WARN::PushService] - [Thread:81] SMACK 03:40:52 PM RCV (204313143):
W/PushService( 1290): 2015-08-25 15:40:52,055 - [WARN::PushService] - [Thread:80] update the client 2 status. binding->binded OPEN ERROR_OK null null
W/PushService( 1290): 2015-08-25 15:40:52,056 - [WARN::PushService] - [Thread:80] SMACK: channel bind succeeded, chid=2
D/CalendarProvider2( 3173): removeStaleAccounts()
D/CalendarReceiver( 3173): removeScheduledAlarms()
V/CalendarProvider2( 3173): updateInTransaction: content://com.android.calendar/schedule_alarms_remove
D/CalendarProvider2( 3173): Scheduling check of next Alarm
D/CalendarProvider2( 3173): verifyCalendar()
D/CalendarAlarmManager( 3173): set(): type:2, triggerAtTime:68235, operation:PendingIntent{1c8cb1d6: android.os.BinderProxy@279b1c57}
D/CalendarProvider2( 3173): verifyCalendar(): miAccount:Account {name=107351996, type=com.xiaomi}
V/ProcessObserver( 1640): onProcessStateChanged
D/CalendarAlarmManager( 3173): rescheduleMissedAlarms()
I/ServiceManager( 1322): Waiting for service miui.whetstone.net...
D/AlertService( 2988): missed alarms found: 0
V/ProcessObserver( 1640): onProcessStateChanged
D/AlertService( 2988): Beginning updateAlertNotification
V/ProcessObserver( 1640): onProcessStateChanged
V/ProcessObserver( 1640): onProcessStateChanged
D/AlertService( 2988): No fired or scheduled alerts
V/ProcessObserver( 1640): onProcessStateChanged
D/ProcessObserver( 1640): onProcessDied, pid: 2636 uid: 10057
V/ProcessObserver( 1640): onProcessStateChanged
V/ProcessObserver( 1640): onProcessStateChanged
I/DEBUG ( 286):
I/DEBUG ( 286): Tombstone written to: /data/tombstones/tombstone_02
I/libmc ( 2269): received event[index:0,mask:0x8,name:tombstone_02]
I/KLO_Stability( 2269): [am_crash][1440510052]:[844,0,com.android.bluetooth,13155909,Native crash,Segmentation fault,unknown,0]
I/WhetstoneService( 1322): Receive am_crash event for pid: 844
W/KloServer( 1322): Aborted broadcast does not supprt for: android
E/SharedPreferencesImpl( 844): Couldn't create directory for SharedPreferences file shared_prefs/log_files.xml
D/BluetoothHeadset( 1284): Proxy object disconnected
D/BluetoothHeadset( 1284): Proxy object disconnected
D/BluetoothHeadset( 844): Proxy object disconnected
D/BluetoothHeadset( 1302): Proxy object disconnected
D/AudioService( 844): onServiceDisconnected: Bluetooth profile: 1
D/BluetoothA2dp( 844): Proxy object disconnected
D/AudioService( 844): onServiceDisconnected: Bluetooth profile: 2
D/BluetoothManagerService( 844): BluetoothServiceConnection, disconnected: com.android.bluetooth.btservice.AdapterService
D/BluetoothManagerService( 844): Message: 41
E/BluetoothManagerService( 844): MESSAGE_BLUETOOTH_SERVICE_DISCONNECTED: 1
D/BluetoothManagerService( 844): Calling onBluetoothServiceDown callbacks
D/BluetoothManagerService( 844): Broadcasting onBluetoothServiceDown() to 5 receivers.
D/BluetoothManagerService( 844): Calling onQBluetoothServiceDown callbacks
D/BluetoothManagerService( 844): Broadcasting onQBluetoothServiceDown() to 0 receivers.
D/BluetoothManagerService( 844): Bluetooth State Change Intent: 12 -> 13
I/Zygote ( 296): Process 2948 exited due to signal (11)
I/KLO_Stability( 2269): start gathering logcat log...
I/libmc ( 2269): received event[index:0,mask:0x80,name:system_app_native_crash@1440510052361.txt]
I/libmc ( 2269): received event[index:0,mask:0x80,name:SYSTEM_TOMBSTONE@1440510052390.txt.gz]
I/KLO_Stability( 2269): gethering logcat log done
D/BluetoothManagerService( 844): Broadcasting onBluetoothStateChange(false) to 5 receivers.
D/BluetoothHeadset( 844): onBluetoothStateChange: up=false
I/ServiceManager( 2269): Waiting for service miui.whetstone.power...
D/BluetoothHeadset( 1302): onBluetoothStateChange: up=false
D/MediaScannerReceiver( 1040): action=android.intent.action.BOOT_COMPLETED, uri=null
D/BluetoothHeadset( 1284): onBluetoothStateChange: up=false
D/BluetoothA2dp( 844): onBluetoothStateChange: up=false
D/BluetoothHeadset( 1284): onBluetoothStateChange: up=false
D/BluetoothManagerService( 844): Bluetooth State Change Intent: 13 -> 10
D/BluetoothManagerService( 844): Message: 42
D/BluetoothManagerService( 844): MESSAGE_RESTART_BLUETOOTH_SERVICE: Restart IBluetooth service
D/WhetstoneStrategy( 1322): [ALLOW] [service] callerPackage com.android.providers.media start process with Intent { cmp=com.android.bluetooth/.btservice.AdapterService }
I/Adreno-EGL( 844): : EGL 1.4 QUALCOMM build: C_BHUSH_AU_LINUX_ANDROID_LA.AF.1.1_RB1.05.00.02.006.020+PATCH[ES]_msm8960_refs/tags/AU_LINUX_ANDROID_LA.AF.1.1_RB1.05.00.02.006.020__release_ENGG ()
I/Adreno-EGL( 844): OpenGL ES Shader Compiler Version: E031.25.03.06
I/Adreno-EGL( 844): Build Date: 06/17/15 Wed I/Adreno-EGL( 844): Local Branch:
I/Adreno-EGL( 844): Remote Branch: refs/tags/AU_LINUX_ANDROID_LA.AF.1.1_RB1.05.00.02.006.020
I/Adreno-EGL( 844): Local Patches: 3c2e57b3adbc73f968451c2fa01bb8033d91cf9c Revert "Fixes wobbly boolean return code."
I/Adreno-EGL( 844): 4b7526a1059d940e4b6d4c6ab96389010918de6e rb: fix shadow cach
I/OpenGLRenderer( 844): Initialized EGL, version 1.4
D/ProcessObserver( 1640): onProcessDied, pid: 2948 uid: 1002
D/BluetoothAdapter( 1063): 517947889: getState() : mService = null. Returning STATE_OFF
D/BluetoothAdapter( 1358): 173510713: getState() : mService = null. Returning STATE_OFF
D/BluetoothAdapter( 1358): 173510713: getState() : mService = null. Returning STATE_OFF
D/KeyguardViewMediator( 1063): action name: android.bluetooth.adapter.action.STATE_CHANGED
D/BluetoothAdapter( 1063): 517947889: getState() : mService = null. Returning STATE_OFF
D/ProcessObserver( 1640): onProcessDied, pid: 2662 uid: 10013
V/ProcessObserver( 1640): onProcessStateChanged
D/KeyguardViewMediator( 1063): action name: android.bluetooth.adapter.action.STATE_CHANGED
V/ProcessObserver( 1640): onProcessStateChanged
D/MediaScannerService( 1040): start scanning volume internal: [/system/media, /oem/media, /data/sdcard]
I/art ( 296): Explicit concurrent mark sweep GC freed 706(30KB) AllocSpace objects, 0(0B) LOS objects, 39% free, 7MB/13MB, paused 366us total 24.322ms
D/StatusBar.NetworkController( 1063): slot=0;action=android.provider.Telephony.SPN_STRINGS_UPDATED
D/StatusBar.NetworkController( 1063): updateNetworkName spn=null plmn=Urgences uniquement spn2=null plmn2=null slotId=0 showSpn=false showPlmn=true
D/BluetoothManagerService( 844): Message: 20
D/BluetoothManagerService( 844): Added callback: android.bluetooth.IBluetoothManagerCallback$Stub$Proxy@d46c38b:true
D/StatusBar.NetworkController( 1063): updateNetworkName mNetworkName[0]=Urgences uniquement mTempNetworkName[0] = Aucun service
I/art ( 296): Explicit concurrent mark sweep GC freed 5(160B) AllocSpace objects, 0(0B) LOS objects, 39% free, 7MB/13MB, paused 213us total 16.998ms
D/BluetoothAdapter( 1219): 341578510: getState() : mService = null. Returning STATE_OFF
V/ProcessObserver( 1640): onProcessStateChanged
I/art ( 296): Explicit concurrent mark sweep GC freed 5(160B) AllocSpace objects, 0(0B) LOS objects, 39% free, 7MB/13MB, paused 213us total 13.793ms
D/BluetoothManagerService( 844): Message: 30
D/DcSwitchState( 1302): [DcSwitchState-0] IdleState: REQ_CONNECT/EVENT_CONNECT(278528) type=default
D/DcSwitchState( 1302): [DcSwitchState-0] Setting default DDS on 1 primary Sub featurefalse
D/DcSwitchState( 1302): [DcSwitchState-0] DcSwitchState:setupConnection type = default
D/DcSwitchAsyncChannel( 1302): [DcSwitchAsyncChannel-0]: rspConnect=1
E/SQLiteLog( 1040): (283) recovered 80 frames from WAL file /data/data/com.android.providers.media/databases/internal.db-wal
V/ProcessObserver( 1640): onProcessStateChanged
W/asset ( 3247): Asset path /system/framework/yellowpage-common.jar is neither a directory nor file (type=1).
D/BluetoothManagerService( 844): Message: 30
D/LocalBluetoothProfileManager( 1219): Adding local MAP profile
D/BluetoothMap( 1219): Create BluetoothMap proxy object
D/StatusBar.NetworkController( 1063): onServiceStateChanged received on subscription :1state=1;phoneId=0
D/BluetoothManagerService( 844): Message: 30
D/BluetoothManagerService( 844): Message: 30
D/StatusBar.NetworkController( 1063): updateNetworkName spn=null plmn=Urgences uniquement spn2=null plmn2=null slotId=0 showSpn=false showPlmn=true
D/LocalBluetoothProfileManager( 1219): LocalBluetoothProfileManager construction complete
D/StatusBar.NetworkController( 1063): updateNetworkName mNetworkName[0]=Urgences uniquement mTempNetworkName[0] = Aucun service
D/miuisdk ( 3224): current sdk level is 2
D/StatusBar.NetworkController( 1063): onSignalStrengthsChanged received on subscription :1signalStrength=SignalStrength: 99 0 -120 -160 -120 -1 -1 99 2147483647 2147483647 2147483647 2147483647 2147483647 gsm|lte level=0;phoneId=0
D/StatusBar.NetworkController( 1063): onSignalStrengthsChanged received on subscription :1signalStrength=SignalStrength: 99 0 -120 -160 -120 -1 -1 99 2147483647 2147483647 2147483647 2147483647 2147483647 gsm|lte level=0;phoneId=0
D/DockEventReceiver( 1219): finishStartingService: stopping service
D/miuisdk ( 3247): current sdk level is 2
D/AdapterServiceConfig( 3224): Adding HeadsetService
D/AdapterServiceConfig( 3224): Adding A2dpService
D/AdapterServiceConfig( 3224): Adding HidService
D/AdapterServiceConfig( 3224): Adding HealthService
D/AdapterServiceConfig( 3224): Adding PanService
D/AdapterServiceConfig( 3224): Adding GattService
D/AdapterServiceConfig( 3224): Adding BluetoothMapService
D/BluetoothManagerService( 844): Message: 20
D/BluetoothManagerService( 844): Added callback: android.bluetooth.IBluetoothManagerCallback$Stub$Proxy@3f2b1f98:true
D/BluetoothAdapterState( 3224): make
I/bluedroid( 3224): init
I/BluetoothAdapterState( 3224): Entering OffState
I/bte_conf( 3224): bte_load_conf attempt to load stack conf from /etc/bluetooth/bt_stack.conf
I/bte_conf( 3224): bte_load_ble_conf attempt to load ble stack conf from /etc/bluetooth/ble_stack.conf
E/bt_osi_config( 3224): config_new unable to open file '/etc/bluetooth/ble_stack.conf': No such file or directory
I/bte_conf( 3224): bte_load_ble_conf file >/etc/bluetooth/ble_stack.conf< not found
I/GKI_LINUX( 3224): gki_task_entry task_id=1 [BTIF] starting
E/GKI_LINUX( 3224): GKI_exception(): Task State Table
E/GKI_LINUX( 3224): TASK ID [0] task name [(null)] state [0]
E/GKI_LINUX( 3224): TASK ID [1] task name [BTIF] state [1]
E/GKI_LINUX( 3224): TASK ID [2] task name [(null)] state [0]
E/GKI_LINUX( 3224): GKI_exception 65531 Sending to unknown dest
E/GKI_LINUX( 3224): ********************************************************************
E/GKI_LINUX( 3224): * GKI_exception(): 65531 Sending to unknown dest
E/GKI_LINUX( 3224): ********************************************************************
I/bluedroid( 3224): get_profile_interface socket
I/bluedroid( 3224): get_profile_interface map_client
D/BluetoothAdapterProperties( 3224): Address is:F8:A4:5F:02:67:23
D/BluetoothManagerService( 844): Bluetooth Adapter name changed to Mi Phone
D/BluetoothAdapterProperties( 3224): Name is: Mi Phone
D/BluetoothManagerService( 844): Stored Bluetooth name: Mi Phone
D/BluetoothManagerService( 844): BluetoothServiceConnection: com.android.bluetooth.btservice.AdapterService
D/BluetoothManagerService( 844): Message: 40
D/BluetoothManagerService( 844): MESSAGE_BLUETOOTH_SERVICE_CONNECTED: 1
I/bluedroid( 3224): config_hci_snoop_log
D/BluetoothManagerService( 844): Calling onBluetoothServiceUp callbacks
D/BluetoothManagerService( 844): Broadcasting onBluetoothServiceUp() to 7 receivers.
D/BluetoothAdapterState( 3224): CURRENT_STATE=OFF, MESSAGE = USER_TURN_ON
D/BluetoothAdapterProperties( 3224): Setting state to 11
I/BluetoothAdapterState( 3224): Bluetooth adapter state changed: 10-> 11
D/BluetoothManagerService( 844): Message: 60
D/BluetoothManagerService( 844): MESSAGE_BLUETOOTH_STATE_CHANGE: prevState = 10, newState=11
D/BluetoothManagerService( 844): Bluetooth State Change Intent: 10 -> 11
D/BluetoothBondStateMachine( 3224): make
D/KeyguardViewMediator( 1063): action name: android.bluetooth.adapter.action.STATE_CHANGED
I/BluetoothBondStateMachine( 3224): StableState(): Entering Off State
D/BluetoothAdapterService( 3224): checkA2dpState: isA2dpSinkEnabled = false
E/BluetoothAdapterService( 3224): checkA2dpState: returning
D/BluetoothAdapterService( 3224): checkHidState: isHidDev = false
E/BluetoothAdapterService( 3224): checkHidState: returning
D/BluetoothAdapterService( 3224): checkHfpState: isHfpClientEnabled = false
E/BluetoothAdapterService( 3224): checkHfpState: returning
D/BluetoothPbap( 1219): Proxy object connected
D/PbapServerProfile( 1219): Bluetooth service connected
D/BluetoothPbap( 1219): Proxy object disconnected
D/PbapServerProfile( 1219): Bluetooth service disconnected
D/HeadsetService( 3224): Received start request. Starting profile...
I/BluetoothHeadsetServiceJni( 3224): classInitNative: succeeds
D/HeadsetStateMachine( 3224): Version 1.6
D/HeadsetStateMachine( 3224): make
I/BluetoothAdapterState( 3224): Entering PendingCommandState State: isTurningOn()=true, isTurningOff()=false
I/TrafficManageService( 1987): initSim
I/TelephonyUtil( 1987): getSubscriberId, slot: 0
I/TelephonyUtil( 1987): get imsi from TelephonyManager failed
D/XIAOMI_TC_PLUGIN( 1987): slot:0, base_path:/data/data/com.miui.networkassistant/files/tc/sim_default/
D/XIAOMI_TC_PLUGIN( 1987):
I/TrafficManageService( 1987): check sim auto correction: SimInfo: imsi:defXXXX, simName:null, simId:0, iccId:null, slotNum:0, oversea:true, inserted:false, dataRoaming:false, mPhoneNumber:null
E/HeadsetStateMachine( 3224): Could not bind to Bluetooth Headset Voip Phone Service
D/HeadsetStateMachine( 3224): max_hf_connections = 1
I/bluedroid( 3224): get_profile_interface handsfree
I/TrafficManageService( 1987): mina auto correction setted
D/HeadsetStateMachine( 3224): Enter Disconnected: -2, size: 0
I/TrafficManageService( 1987): mina refresh data usage setted
D/ActivateManager( 1987): onServiceConnected, component:ComponentInfo{com.xiaomi.xmsf/com.xiaomi.activate.ActivateService}
D/BluetoothAdapterService( 3224): getAdapterService() - returning com.android.bluetooth.btservice.AdapterService@167dc37b
D/A2dpService( 3224): Received start request. Starting profile...
D/ActivateManager( 1987): service unbinded
I/BluetoothAvrcpServiceJni( 3224): classInitNative: succeeds
V/Avrcp ( 3224): make
E/PhoneInterfaceManager( 1302): [PhoneIntfMgr] getIccId: ICC ID is null or empty.
V/Avrcp ( 3224): Avrcp
I/bluedroid( 3224): get_profile_interface avrcp
V/Avrcp ( 3224): start
V/Avrcp ( 3224): registerMediaPlayers
V/Avrcp ( 3224): MediaPlayerInfo: mPlayerId = 1
V/Avrcp ( 3224): mMajorPlayerType = 1 mPlayerSubType = 0
V/Avrcp ( 3224): mPlayState = 2 mCharsetId = 106
V/Avrcp ( 3224): mPlayerPackageName = com.android.music mDisplayableNameLength = 5
V/Avrcp ( 3224): mItemLength = 33 mEntryLength = 34
V/Avrcp ( 3224): mFeatureMask =
V/Avrcp ( 3224): mFeatureMask[0] = 0
V/Avrcp ( 3224): mFeatureMask[1] = 0
V/Avrcp ( 3224): mFeatureMask[2] = 0
V/Avrcp ( 3224): mFeatureMask[3] = 0
V/Avrcp ( 3224): mFeatureMask[4] = 12
V/Avrcp ( 3224): mFeatureMask[5] = 55
V/Avrcp ( 3224): mFeatureMask[6] = 0
V/Avrcp ( 3224): mFeatureMask[7] = 141
V/Avrcp ( 3224): mFeatureMask[8] = 2
V/Avrcp ( 3224): mFeatureMask[9] = 0
V/Avrcp ( 3224): mFeatureMask[10] = 0
V/Avrcp ( 3224): mFeatureMask[11] = 0
V/Avrcp ( 3224): mFeatureMask[12] = 0
V/Avrcp ( 3224): mFeatureMask[13] = 0
V/Avrcp ( 3224): mFeatureMask[14] = 0
V/Avrcp ( 3224): mFeatureMask[15] = 0
V/Avrcp ( 3224): mDisplayableName=
V/Avrcp ( 3224): mDisplayableName[0] = 77
V/Avrcp ( 3224): mDisplayableName[1] = 117
V/Avrcp ( 3224): mDisplayableName[2] = 115
V/Avrcp ( 3224): mDisplayableName[3] = 105
V/Avrcp ( 3224): mDisplayableName[4] = 99
V/Avrcp ( 3224): MediaPlayerInfo: mPlayerId = 2
V/Avrcp ( 3224): mMajorPlayerType = 1 mPlayerSubType = 0
V/Avrcp ( 3224): mPlayState = 2 mCharsetId = 106
V/Avrcp ( 3224): mPlayerPackageName = com.google.android.music mDisplayableNameLength = 6
V/Avrcp ( 3224): mItemLength = 34 mEntryLength = 35
V/Avrcp ( 3224): mFeatureMask =
V/Avrcp ( 3224): mFeatureMask[0] = 0
V/Avrcp ( 3224): mFeatureMask[1] = 0
V/Avrcp ( 3224): mFeatureMask[2] = 0
V/Avrcp ( 3224): mFeatureMask[3] = 0
V/Avrcp ( 3224): mFeatureMask[4] = 12
V/Avrcp ( 3224): mFeatureMask[5] = 55
V/Avrcp ( 3224): mFeatureMask[6] = 0
V/Avrcp ( 3224): mFeatureMask[7] = 5
V/Avrcp ( 3224): mFeatureMask[8] = 0
V/Avrcp ( 3224): mFeatureMask[9] = 0
V/Avrcp ( 3224): mFeatureMask[10] = 0
V/Avrcp ( 3224): mFeatureMask[11] = 0
V/Avrcp ( 3224): mFeatureMask[12] = 0
V/Avrcp ( 3224): mFeatureMask[13] = 0
V/Avrcp ( 3224): mFeatureMask[14] = 0
V/Avrcp ( 3224): mFeatureMask[15] = 0
V/Avrcp ( 3224): mDisplayableName=
V/Avrcp ( 3224): mDisplayableName[0] = 77
V/Avrcp ( 3224): mDisplayableName[1] = 117
V/Avrcp ( 3224): mDisplayableName[2] = 115
V/Avrcp ( 3224): mDisplayableName[3] = 105
V/Avrcp ( 3224): mDisplayableName[4] = 99
V/Avrcp ( 3224): mDisplayableName[5] = 50
D/MipubLog_DraftCache( 3247): [2015-08-25 15:40:53.012] DraftCache.constructor
D/MipubLog_DraftCache( 3247): [2015-08-25 15:40:53.013] refresh
V/AudioService( 844): updateRemoteControllerOnExistingMediaPlayers: size of Player list: 0
E/AudioService( 844): No RCC entry present to update
E/RemoteController( 3224): Cannot set synchronization mode on an unregistered RemoteController
I/BluetoothA2dpServiceJni( 3224): classInitNative: succeeds
D/A2dpStateMachine( 3224): make
D/MipubLog_DraftCache( 3247): [2015-08-25 15:40:53.017] rebuildCache
W/MipubLog_MipubMsgProvider( 3247): [2015-08-25 15:40:53.018] MipubMsgProvider Start querying with :content://com.miui.mipub.MipubMsgProvider/
I/bluedroid( 3224): get_profile_interface a2dp
I/GKI_LINUX( 3224): gki_task_entry task_id=2 [A2DP-MEDIA] starting
V/MipubLog_LayoutManager( 3247): [2015-08-25 15:40:53.018] DefaultLayoutManager.init()
D/bt-btif ( 3224): btif_av_state_idle_handler event:BTIF_SM_ENTER_EVT flags 0
D/A2dpService( 3224): setA2dpService(): set to: null
D/A2dpStateMachine( 3224): Enter Disconnected: -2
D/BluetoothAdapterService( 3224): getAdapterService() - returning com.android.bluetooth.btservice.AdapterService@167dc37b
I/BluetoothHidServiceJni( 3224): classInitNative: succeeds
D/BluetoothInputDevice( 1219): Proxy object connected
D/HidService( 3224): Received start request. Starting profile...
D/MipubLog_Conversation( 3247): [2015-08-25 15:40:53.023] cacheAllThreads: begin
I/bluedroid( 3224): get_profile_interface hidhost
D/BluetoothAdapterService( 3224): getAdapterService() - returning com.android.bluetooth.btservice.AdapterService@167dc37b
D/HidProfile( 1219): Bluetooth service connected
W/MipubLog_MipubMsgProvider( 3247): [2015-08-25 15:40:53.024] MipubMsgProvider Start querying with :content://com.miui.mipub.MipubMsgProvider/conversations
I/BluetoothHealthServiceJni( 3224): classInitNative: succeeds
V/MipubLog_HVGALayoutParameters( 3247): [2015-08-25 15:40:053.024] HVGALayoutParameters.(11).
V/MipubLog_LayoutManager( 3247): [2015-08-25 15:40:53.025] LayoutParameters: HVGA-P: 320x480
D/HealthService( 3224): Received start request. Starting profile...
I/bluedroid( 3224): get_profile_interface health
D/BluetoothAdapterService( 3224): getAdapterService() - returning com.android.bluetooth.btservice.AdapterService@167dc37b
E/BTEventHandler( 3224): A4WP is not supported
I/BluetoothPanServiceJni( 3224): classInitNative(L105): succeeds
W/MipubLog_MipubMsgProvider( 3247): [2015-08-25 15:40:53.035] MipubMsgProvider Start querying with :content://com.miui.mipub.MipubMsgProvider/conversations
D/PanService( 3224): Received start request. Starting profile...
D/BluetoothPan( 1219): BluetoothPAN Proxy object connected
V/ProcessObserver( 1640): onProcessStateChanged
D/BluetoothPanServiceJni( 3224): initializeNative(L110): pan
I/bluedroid( 3224): get_profile_interface pan
D/PanProfile( 1219): Bluetooth service connected
D/BluetoothAdapterService( 3224): getAdapterService() - returning com.android.bluetooth.btservice.AdapterService@167dc37b
D/BtGatt.GattService( 3224): classInitNative called
I/BtGatt.JNI( 3224): classInitNative(L863): classInitNative: Success!
D/BtGatt.DebugUtils( 3224): handleDebugAction() action=null
D/BtGatt.GattService( 3224): Received start request. Starting profile...
D/BtGatt.GattService( 3224): start()
I/bluedroid( 3224): get_profile_interface gatt
D/BtGatt.AdvertiseManager( 3224): advertise manager created
D/MipubLog_Conversation( 3247): [2015-08-25 15:40:53.063] after keepOnly
V/MipubLog_Conversation( 3247): [2015-08-25 15:40:53.063] dumpCache:
D/MipubLog_MipubPersister( 3247): [2015-08-25 15:40:53.066] init hms info cache and recipitent id is :
V/MipubLog_MipubChannelService( 3247): [2015-08-25 15:40:53.081] hms not available
I/ServiceManager( 1322): Waiting for service miui.whetstone.net...
D/BluetoothAdapterService( 3224): getAdapterService() - returning com.android.bluetooth.btservice.AdapterService@167dc37b
V/ProcessObserver( 1640): onProcessStateChanged
D/BluetoothMapService( 3224): inside BluetoothMapObexConnection
D/BluetoothMapService( 3224): supportedMessageTypes 14
D/BluetoothMapService( 3224): masId 0
D/BluetoothMapService( 3224): inside BluetoothMapObexConnection
D/BluetoothMapService( 3224): supportedMessageTypes 1
D/BluetoothMapService( 3224): masId 1
D/BluetoothMapService( 3224): Inside initBinder
D/BluetoothMap( 1219): Proxy object connected
D/BluetoothMapService( 3224): Received start request. Starting profile...
D/BluetoothMapService( 3224): start()
D/MapProfile( 1219): Bluetooth service connected
D/BluetoothMap( 1219): getConnectedDevices()
D/BluetoothMapService( 3224): Registering observer
D/BluetoothAdapterService( 3224): getAdapterService() - returning com.android.bluetooth.btservice.AdapterService@167dc37b
D/BluetoothMap( 1219): Bluetooth is Not enabled
D/HeadsetPhoneState( 3224): sendDeviceStateChanged. mService=0 mSignal=0 mRoam=0 mBatteryCharge=0
D/HeadsetStateMachine( 3224): Disconnected process message: 11, size: 0
D/HeadsetStateMachine( 3224): Disconnected process message: 10, size: 0
D/HeadsetPhoneState( 3224): sendDeviceStateChanged. mService=0 mSignal=0 mRoam=0 mBatteryCharge=1
D/HeadsetStateMachine( 3224): Disconnected process message: 11, size: 0
V/BluetoothMapService( 3224): Handler(): got msg=1
D/BluetoothAdapterState( 3224): CURRENT_STATE=PENDING, MESSAGE = STARTED, isTurningOn=true, isTurningOff=false
I/bluedroid( 3224): enable
I/bt_hci_bdroid( 3224): init
I/GKI_LINUX( 3224): gki_task_entry task_id=0 [BTU] starting
I/bt-btu ( 3224): btu_task pending for preload complete event
I/bt_vendor( 3224): bt-vendor : init
I/bt_vendor( 3224): bt-vendor : get_bt_soc_type
E/bt_vendor( 3224): get_bt_soc_type: Failed to get soc type
I/bt_vendor( 3224): init: Local BD Address : 23:67:02:5f:a4:f8
D/bt_userial_mct( 3224): userial_init
I/bt_vendor( 3224): bt-vendor : BT_VND_OP_POWER_CTRL: On
I/bt_vendor( 3224): bluetooth satus is on
I/bt_vendor( 3224): bt-vendor : resetting BT status
I/bt_vendor( 3224): Starting hciattach daemon
I/bt_vendor( 3224): try to set false
I/bt_vendor( 3224): Starting hciattach daemon
I/bt_vendor( 3224): try to set true
I/qcom-bluetooth( 3314): /system/etc/init.qcom.bt.sh: init.qcom.bt.sh config =
D/ProcessObserver( 1640): onProcessDied, pid: 2699 uid: 10025
I/qcom-bluetooth( 3321): /system/etc/init.qcom.bt.sh: Transport : smd
V/ProcessObserver( 1640): onProcessStateChanged
I/qcom-bluetooth( 3322): /system/etc/init.qcom.bt.sh: ** Bluedroid stack **
V/BluetoothFtpService( 3224): Ftp Service onCreate
V/BluetoothFtpService( 3224): FTP service not started Adapter STATE: 11
V/BluetoothFtpService( 3224): Ftp Service onStartCommand
V/BluetoothFtpService( 3224): PARSE INTENT action: android.bluetooth.adapter.action.STATE_CHANGED
D/BluetoothFtpService( 3224): ACTION_STATE_CHANGED: state: 13 mHasStarted: false
V/BluetoothFtpService( 3224): Ftp Service closeService
V/BluetoothFtpService( 3224): successfully stopped ftp service
V/BluetoothSapReceiver( 3224): SapReceiver onReceive
V/BluetoothSapReceiver( 3224): action = android.bluetooth.adapter.action.STATE_CHANGED
V/BluetoothSapReceiver( 3224): Bluetooth Adapter state = 13
V/BluetoothSapReceiver( 3224): Calling SAP service start service with action = null
V/BluetoothFtpService( 3224): Ftp Service onDestroy
V/BluetoothFtpService( 3224): Ftp Service closeService
V/BluetoothSapService( 3224): Sap Service onCreate
V/BluetoothSapService( 3224): initBinder
V/BluetoothSapService( 3224): BluetoothSapBinder: mService: org.codeaurora.bluetooth.sap.BluetoothSapService@13670509
V/BluetoothSapService( 3224): action: android.bluetooth.adapter.action.STATE_CHANGED
V/BluetoothSapService( 3224): state: 13
I/qcom-bluetooth( 3324): /system/etc/init.qcom.bt.sh: Power Class: Ignored. Default(1) used (1-CLASS1/2-CLASS2/3-CUSTOM)
D/AuthorizationBluetoothService( 1530): Received Bluetooth event: Intent { act=android.bluetooth.adapter.action.STATE_CHANGED flg=0x14000010 cmp=com.google.android.gms/.auth.be.proximity.authorization.bt.AuthorizationBluetoothService$BluetoothStateChangeReceiver (has extras) }.
D/BluetoothDunService( 3224): parseIntent: action: android.bluetooth.adapter.action.STATE_CHANGED
I/qcom-bluetooth( 3325): /system/etc/init.qcom.bt.sh: Power Class: To override, Before turning BT ON; setprop qcom.bt.dev_power_class <1 or 2 or 3>
E/BTEventHandler( 3224): A4WP is not supported
D/DockEventReceiver( 1219): finishStartingService: stopping service
V/BluetoothSapReceiver( 3224): SapReceiver onReceive
V/BluetoothSapReceiver( 3224): action = android.bluetooth.adapter.action.STATE_CHANGED
V/BluetoothSapReceiver( 3224): Bluetooth Adapter state = 10
I/qcom-bluetooth( 3327): /system/etc/init.qcom.bt.sh: LE Power Class: Ignored. Default(2) used (1-CLASS1/2-CLASS2/3-CUSTOM)
D/AuthorizationBluetoothService( 1530): Received Bluetooth event: Intent { act=android.bluetooth.adapter.action.STATE_CHANGED flg=0x14000010 cmp=com.google.android.gms/.auth.be.proximity.authorization.bt.AuthorizationBluetoothService$BluetoothStateChangeReceiver (has extras) }.
E/BTEventHandler( 3224): A4WP is not supported
I/qcom-bluetooth( 3328): /system/etc/init.qcom.bt.sh: LE Power Class: To override, Before turning BT ON; setprop qcom.bt.le_dev_pwr_class <1 or 2 or 3>
V/BluetoothSapReceiver( 3224): SapReceiver onReceive
V/BluetoothSapReceiver( 3224): action = android.bluetooth.adapter.action.STATE_CHANGED
V/BluetoothSapReceiver( 3224): Bluetooth Adapter state = 11
D/AuthorizationBluetoothService( 1530): Received Bluetooth event: Intent { act=android.bluetooth.adapter.action.STATE_CHANGED flg=0x14000010 cmp=com.google.android.gms/.auth.be.proximity.authorization.bt.AuthorizationBluetoothService$BluetoothStateChangeReceiver (has extras) }.
E/Diag_Lib( 3330): Diag_LSM_Init: Failed to open handle to diag driver, error = 13
D/miuisdk ( 3292): current sdk level is 2
I/ServiceManager( 316): Waiting for service AtCmdFwd...
W/MediaScanner( 1040): Error opening directory '/oem/media/', skipping: No such file or directory.
I/RadioApplication( 3292): RadioApplication constructed!
D/ApplicationHelper( 3292): Create ApplicationHelper successfully, class=com.miui.radio.utils.PhoneApplicationHelper@17fdc680
I/RemoteConfigClientBase( 3292): com.miui.fmradio: try to enter critical section, file=com.xiaomi.music.util.CrossProcessLock@1088b4b9[path=/data/data/com.miui.fmradio/cache/config/.critial_section, process=com.miui.fmradio]
I/RemoteConfigClientBase( 3292): com.miui.fmradio: enter critical section, file=com.xiaomi.music.util.CrossProcessLock@1088b4b9[path=/data/data/com.miui.fmradio/cache/config/.critial_section, process=com.miui.fmradio]
I/RemoteConfigClientBase( 3292): com.miui.fmradio: try to update! file=/data/data/com.miui.fmradio/cache/config/.exclusive_flag
I/RemoteConfigClientBase( 3292): com.miui.fmradio: got exclusive flag, try to update! file=/data/data/com.miui.fmradio/cache/config/.exclusive_flag
E/RemoteConfigClientBase( 3292): com.miui.fmradio: read config success!
I/RemoteConfigClientBase( 3292): com.miui.fmradio: leave critical section, file=com.xiaomi.music.util.CrossProcessLock@1088b4b9[path=/data/data/com.miui.fmradio/cache/config/.critial_section, process=com.miui.fmradio]
I/ServiceManager( 2269): Waiting for service miui.whetstone.power...
I/NotificationHelperBase( 3292): NotificationId =3, set alarm at Tue Aug 25 19:21:00 GMT+02:00 2015
E/RemoteConfigUpdater( 3292): check update error
E/RemoteConfigUpdater( 3292): java.io.IOException: Network is disallow!
E/RemoteConfigUpdater( 3292): at com.xiaomi.music.network.HttpConnectionHelper.openURL(HttpConnectionHelper.java:63)
E/RemoteConfigUpdater( 3292): at com.xiaomi.music.network.HttpConnectionHelper.openURL(HttpConnectionHelper.java:58)
E/RemoteConfigUpdater( 3292): at com.xiaomi.music.network.NetworkUtil.doHttpGet(NetworkUtil.java:231)
E/RemoteConfigUpdater( 3292): at com.xiaomi.music.network.NetworkUtil.doHttpGet(NetworkUtil.java:196)
E/RemoteConfigUpdater( 3292): at com.xiaomi.music.network.NetworkUtil.doHttpGet(NetworkUtil.java:190)
E/RemoteConfigUpdater( 3292): at com.xiaomi.music.util.RemoteConfigUpdater.checkUpdateInBackground(RemoteConfigUpdater.java:109)
E/RemoteConfigUpdater( 3292): at com.xiaomi.music.util.RemoteConfigUpdater$1.run(RemoteConfigUpdater.java:88)
E/QMI_FW ( 3330): QMUXD: Service_id=228 not found over conn_id=0
D/MediaScannerService( 1040): done scanning volume internal: [/system/media, /oem/media, /data/sdcard]
D/MediaScannerService( 1040): start scanning volume external: null
D/MediaScannerService( 1040): start scanning volume external: [/storage/emulated/0, /storage/usbdisk]
E/QMI_FW ( 3330): QMUXD: Service_id=228 not found over conn_id=37
E/QMI_FW ( 3330): QMUXD: Service_id=228 not found over conn_id=0
I/Sensors ( 418): sns_pwr.c(307):releasing wakelock
E/QMI_FW ( 3330): QMUXD: Service_id=228 not found over conn_id=37
E/QMI_FW ( 3330): QMUXD: Service_id=228 not found over conn_id=0
W/Settings( 1063): Setting show_processes has moved from android.provider.Settings.System to android.provider.Settings.Global, returning read-only value.
V/ProcessObserver( 1640): onProcessStateChanged
V/ProcessObserver( 1640): onProcessStateChanged
E/QMI_FW ( 3330): QMUXD: Service_id=228 not found over conn_id=37
E/QMI_FW ( 3330): QMUXD: Service_id=228 not found over conn_id=0
E/QMI_FW ( 3330): QMUXD: Service_id=228 not found over conn_id=37
E/QMI_FW ( 3330): QMUXD: Service_id=228 not found over conn_id=0
E/QMI_FW ( 3330): QMUXD: Service_id=228 not found over conn_id=37
D/ProcessObserver( 1640): onProcessDied, pid: 2722 uid: 1000
I/qcom-bluetooth( 3360): /system/etc/init.qcom.bt.sh: Bluetooth QSoC firmware download succeeded, /dev/ttyHS0 qualcomm-ibs 3000000 f8:a4:5f:02:67:23
V/ProcessObserver( 1640): onProcessStateChanged
I/qcom-bluetooth( 3361): /system/etc/init.qcom.bt.sh: ** Bluedroid stack **
V/ProcessObserver( 1640): onProcessStateChanged
I/iu.UploadsManager( 1813): #reloadSettings(); account: -1; IU: disabled; IS: disabled; IS account: -1; photoWiFi: true; videoWiFi: true; roam: false; battery: true; size: FULL; maxMobile: 157286400
V/ProcessObserver( 1640): onProcessStateChanged
V/ProcessObserver( 1640): onProcessStateChanged
V/ProcessObserver( 1640): onProcessStateChanged
I/bt_vendor( 3224): bluetooth satus is on
D/bt_userial_mct( 3224): userial_open(port:0)
I/bt_vendor( 3224): bt-vendor : BT_VND_OP_USERIAL_OPEN
I/bt_vendor( 3224): Done intiailizing UART
I/bt_vendor( 3224): Done intiailizing UART
I/bt_userial_mct( 3224): CMD=72, EVT=72, ACL_Out=73, ACL_In=73
I/bt_vendor( 3224): Bluetooth Firmware and transport layer are initialized
I/bt-btu ( 3224): btu_task received preload complete event
D/bt_userial_mct( 3224): Entering userial_read_thread()
W/bt-l2cap( 3224): L2CAP - L2CA_Register() called for PSM: 0x0001
W/bt-l2cap( 3224): L2CAP - L2CA_Register() called for PSM: 0x001f
W/bt-l2cap( 3224): L2CAP - L2CA_Register() called for PSM: 0x0003
W/bt-l2cap( 3224): L2CAP - L2CA_Register() called for PSM: 0x1487
F/libc ( 3224): Fatal signal 11 (SIGSEGV), code 1, fault addr 0x8 in tid 3309 (BTU)
I/iu.UploadsManager( 1813): End new media; added: 0, uploading: 0, time: 46 ms
V/ProcessObserver( 1640): onProcessStateChanged
D/miuisdk ( 3342): current sdk level is 2
I/DEBUG ( 286): *** *** *** *** *** *** *** *** *** *** *** *** *** *** *** ***
I/DEBUG ( 286): Build fingerprint: 'Xiaomi/aries/aries:5.0.2/LRX22G/5.8.20:user/release-keys'
I/DEBUG ( 286): Revision: '0'
I/DEBUG ( 286): ABI: 'arm'
I/DEBUG ( 286): pid: 3224, tid: 3309, name: BTU >>> com.android.bluetooth <<<
I/DEBUG ( 286): signal 11 (SIGSEGV), code 1 (SEGV_MAPERR), fault addr 0x8
I/DEBUG ( 286): r0 a553fa48 r1 fffffae8 r2 a55665b8 r3 00000000
I/DEBUG ( 286): r4 000003e8 r5 00000000 r6 000003e8 r7 a5575318
I/DEBUG ( 286): r8 a5565d30 r9 a5234308 sl b6f1e785 fp a41e9db0
I/DEBUG ( 286): ip 7ffffffe sp a41e9ce0 lr a54b956f pc a54b95e2 cpsr 200f0030
I/DEBUG ( 286):
I/DEBUG ( 286): backtrace:
I/DEBUG ( 286): #00 pc 000a45e2 /system/lib/hw/bluetooth.default.so (alarm_service_reschedule+125)
I/DEBUG ( 286): #01 pc 000a445b /system/lib/hw/bluetooth.default.so (GKI_start_timer+150)
I/DEBUG ( 286): #02 pc 000d96eb /system/lib/hw/bluetooth.default.so (btu_start_timer+66)
I/DEBUG ( 286): #03 pc 0003a3a3 /system/lib/hw/bluetooth.default.so (BTE_InitStack+10)
I/DEBUG ( 286): #04 pc 000d9a6b /system/lib/hw/bluetooth.default.so (btu_task+82)
I/DEBUG ( 286): #05 pc 000a44c1 /system/lib/hw/bluetooth.default.so
I/DEBUG ( 286): #06 pc 000137a3 /system/lib/libc.so (__pthread_start(void*)+30)
I/DEBUG ( 286): #07 pc 00011883 /system/lib/libc.so (__start_thread+6)
V/MmsConfig( 3342): MmsConfig.init()
I/Microlog.PropertyConfiguration( 3342): Configure using the simple style (aka classic style)
I/Microlog.PropertyConfiguration( 3342): Root level: DEBUG
I/Microlog.PropertyConfiguration( 3342): Adding appender com.google.code.microlog4android.appender.FileAppender
I/Microlog.PropertyConfiguration( 3342): Adding appender com.google.code.microlog4android.appender.LogCatAppender
V/Mms ( 3342): [1] MmsSystemEventReceiver.java(200): MmsSystemEventReceiver count is 1
I/ServiceManager( 1322): Waiting for service miui.whetstone.net...
I/art ( 1302): Explicit concurrent mark sweep GC freed 33425(2MB) AllocSpace objects, 8(128KB) LOS objects, 39% free, 10MB/16MB, paused 885us total 60.852ms
V/xmsf/SimStateReceiver( 1290): receives SIM_STATE_CHANGED broadcast, state = READY
I/TrafficManageService( 1987): mina mSimStateReceiver sim state updatedIntent { act=android.intent.action.SIM_STATE_CHANGED flg=0x20000010 (has extras) }
I/TrafficManageService( 1987): postInitSimMsgDelayed
D/AccountTypeManager( 1513): processBroadcastIntentandroid.intent.action.SIM_STATE_CHANGED; IccCardConstants : READY
D/StatusBar.NetworkController( 1063): slot=0;action=android.intent.action.SIM_STATE_CHANGED
D/StatusBar.NetworkController( 1063): mIsSimMissing[0]=false
D/GpsLocationProvider( 844): received SIM realted action: android.intent.action.SIM_STATE_CHANGED
V/xmsf/SimStateReceiver( 1290): receives SIM_STATE_CHANGED broadcast, state = IMSI
I/TrafficManageService( 1987): mina mSimStateReceiver sim state updatedIntent { act=android.intent.action.SIM_STATE_CHANGED flg=0x20000010 (has extras) }
I/TrafficManageService( 1987): postInitSimMsgDelayed
D/AccountTypeManager( 1513): processBroadcastIntentandroid.intent.action.SIM_STATE_CHANGED; IccCardConstants : IMSI
V/CloudTelephonyManager( 1290): phone type: 1
D/StatusBar.NetworkController( 1063): slot=0;action=android.intent.action.SIM_STATE_CHANGED
D/StatusBar.NetworkController( 1063): mIsSimMissing[0]=false
D/StatusBar.NetworkController( 1063): slot=0;action=android.provider.Telephony.SPN_STRINGS_UPDATED
D/GpsLocationProvider( 844): SIM MCC/MNC is still not available
D/GpsLocationProvider( 844): received SIM realted action: android.intent.action.SIM_STATE_CHANGED
I/ActivateService( 1290): mHandler: clear previous auto-uplink activation record.
D/StatusBar.NetworkController( 1063): updateNetworkName spn=null plmn=Aucun service spn2=null plmn2=null slotId=0 showSpn=false showPlmn=true
V/ActivateService( 1290): InitActivateInfoTask: Getting device ID
D/StatusBar.NetworkController( 1063): updateNetworkName mNetworkName[0]=Aucun service mTempNetworkName[0] = Aucun service
D/GpsLocationProvider( 844): SIM MCC/MNC is still not available
D/StatusBar.NetworkController( 1063): onServiceStateChanged received on subscription :1state=1;phoneId=0
D/StatusBar.NetworkController( 1063): updateNetworkName spn=null plmn=Aucun service spn2=null plmn2=null slotId=0 showSpn=false showPlmn=true
D/CloudTelephonyManager( 1290): blockingGetDeviceId is called by com.xiaomi.xmsf with timeout: 60000
D/StatusBar.NetworkController( 1063): updateNetworkName mNetworkName[0]=Aucun service mTempNetworkName[0] = Aucun service
V/ActivateService( 1290): InitActivateInfoTask: Getting SIM ID for SIM 0
V/CloudTelephonyManager( 1290): phone type: 1
V/CloudTelephonyManager( 1290): phone type: 1
V/MiXinSDK( 3342): CommonApplication:the memory cache is initialized to be 12
V/ActivateService( 1290): InitActivateInfoTask: hashedDeviceId=GAxhhJujjN-bxYey hashedSimId=OaU8oZh1Z_cmNI_Z
V/ActivateService( 1290): InitActivateInfoTask: Loaded activate info entry from db.
V/ActivateService( 1290): Broadcasting ACTION_MICLOUD_SIM_STATE_CHANGED, simIndex=0 inserted=true
V/ProcessObserver( 1640): onProcessStateChanged
V/ActivateService( 1290): Broadcasting ACTION_ACTIVATE_STATUS_CHANGED, simIndex=0 status=2 activateFeature=64
V/ActivateService( 1290): Start verifying passtoken for SIM 0
V/ActivateHelper( 1290): Verifying sim passtoken
D/CloudTelephonyManager( 1290): blockingGetDeviceId is called by com.xiaomi.xmsf with timeout: 60000
V/Mms ( 3342): [1] MmsSystemEventReceiver.java(301): mobile mms available
V/Mms ( 3342): [1] MmsSystemEventReceiver.java(107): isListening slotId 0 allowed is false
D/PassportLoginRequest( 1290): CA-Request not ready for login byPassToken, fallback to https way
D/ActivateManager( 3342): onServiceConnected, component:ComponentInfo{com.xiaomi.xmsf/com.xiaomi.activate.ActivateService}
D/ActivateManager( 3342): service unbinded
V/ActivateStatusReceiver( 3342): Updating activate info for sim 0 inserted=true status=3
I/Sensors ( 418): sns_pwr.c(279):acquiring wakelock
D/WhetstoneStrategy( 1322): [ALLOW] [service] callerPackage com.android.mms start process with Intent { cmp=com.svox.pico/.PicoService }
D/Mms ( 3342): [345] RecipientIdCache.java(67): [RecipientIdCache] fill: begin
I/TextToSpeech( 3342): Sucessfully bound to com.svox.pico
D/MSimUtils( 3342): send queued message with broadcast with slotId 0
I/Analytics( 3342): start session(com.android.mms)
D/wpa_supplicant( 1134): wlan0: Control interface command 'SIGNAL_POLL'
I/XiaomiFirewall( 1987): firewall pkgName:com.xiaomi.xmsf, result:0
V/CloudTelephonyManager( 3342): phone type: 1
I/ServiceManager( 316): Waiting for service AtCmdFwd...
D/ActivateManager( 3342): onServiceConnected, component:ComponentInfo{com.xiaomi.xmsf/com.xiaomi.activate.ActivateService}
V/ActivateStatusReceiver( 3342): Updating activate info for sim 1 inserted=false status=-1
D/ActivateManager( 3342): service unbinded
D/MxActivateService( 3342): load mx status from old preference
D/ServiceNumberCollapseReceiver( 3342): onServiceStateChanged: 1 1 home null null null Unknown Unknown CSS not supported -1 -1 RoamInd=-1 DefRoamInd=-1 EmergOnly=false
V/CloudTelephonyManager( 3342): phone type: 1
V/CloudTelephonyManager( 3342): phone type: 1
D/MxActivateService( 3342): cached old mx toggle preference, enabled: false
D/MxActivateService( 3342): need to close channel, starting to close channel
V/ProcessObserver( 1640): onProcessStateChanged
I/ServiceManager( 2269): Waiting for service miui.whetstone.power...
V/CloudTelephonyManager( 3342): phone type: 1
D/ActivateManager( 3342): onServiceConnected, component:ComponentInfo{com.xiaomi.xmsf/com.xiaomi.activate.ActivateService}
D/ActivateManager( 3342): service unbinded
D/ActivateManager( 3342): onServiceConnected, component:ComponentInfo{com.xiaomi.xmsf/com.xiaomi.activate.ActivateService}
V/ActivateStatusReceiver( 3342): Updating activate info for sim 0 inserted=true status=3
D/ActivateManager( 3342): service unbinded
D/ActivateManager( 3342): onServiceConnected, component:ComponentInfo{com.xiaomi.xmsf/com.xiaomi.activate.ActivateService}
V/ActivateStatusReceiver( 3342): Updating activate info for sim 0 inserted=true status=3
I/art ( 844): Explicit concurrent mark sweep GC freed 14740(733KB) AllocSpace objects, 4(496KB) LOS objects, 33% free, 22MB/33MB, paused 2.838ms total 104.736ms
D/ActivateManager( 3342): service unbinded
I/Analytics( 3342): end session(com.android.mms)
V/ProcessObserver( 1640): onProcessStateChanged
W/PushService( 1290): 2015-08-25 15:40:54,701 - [WARN::PushService] - [Thread:1] onStart() with intent.Action = com.xiaomi.push.CLOSE_CHANNEL
V/SynthProxy( 3389): About to load libttspico.so, applyFilter=true
I/TextToSpeech( 3342): Connected to ComponentInfo{com.svox.pico/com.svox.pico.PicoService}
I/TextToSpeech( 3342): Set up connection to ComponentInfo{com.svox.pico/com.svox.pico.PicoService}
D/miuisdk ( 3411): current sdk level is 2
V/ProcessObserver( 1640): onProcessStateChanged
W/MipubLog_MipubMsgProvider( 3247): [2015-08-25 15:40:54.771] MipubMsgProvider Start querying with :content://com.miui.mipub.MipubMsgProvider
I/System.out( 3342): Precision specifier for %c is 1
V/ProcessObserver( 1640): onProcessStateChanged
