I/BluetoothPanServiceJni( 7129): classInitNative(L105): succeeds
D/PanService( 7129): Received start request. Starting profile...
D/BluetoothPanServiceJni( 7129): initializeNative(L110): pan
I/bluedroid( 7129): get_profile_interface pan
D/BluetoothAdapterService( 7129): getAdapterService() - returning com.android.bluetooth.btservice.AdapterService@167dc37b
D/BtGatt.GattService( 7129): classInitNative called
I/BtGatt.JNI( 7129): classInitNative(L863): classInitNative: Success!
D/BtGatt.DebugUtils( 7129): handleDebugAction() action=null
D/BtGatt.GattService( 7129): Received start request. Starting profile...
D/BtGatt.GattService( 7129): start()
I/bluedroid( 7129): get_profile_interface gatt
D/BtGatt.AdvertiseManager( 7129): advertise manager created
D/BluetoothAdapterService( 7129): getAdapterService() - returning com.android.bluetooth.btservice.AdapterService@167dc37b
D/BluetoothMapService( 7129): inside BluetoothMapObexConnection
D/BluetoothMapService( 7129): supportedMessageTypes 14
D/BluetoothMapService( 7129): masId 0
D/BluetoothMapService( 7129): inside BluetoothMapObexConnection
D/BluetoothMapService( 7129): supportedMessageTypes 1
D/BluetoothMapService( 7129): masId 1
D/BluetoothMapService( 7129): Inside initBinder
D/BluetoothMapService( 7129): Received start request. Starting profile...
D/BluetoothMapService( 7129): start()
D/BluetoothMapService( 7129): Registering observer
D/BluetoothAdapterService( 7129): getAdapterService() - returning com.android.bluetooth.btservice.AdapterService@167dc37b
D/HeadsetPhoneState( 7129): sendDeviceStateChanged. mService=1 mSignal=0 mRoam=0 mBatteryCharge=0
D/HeadsetPhoneState( 7129): sendDeviceStateChanged. mService=1 mSignal=5 mRoam=0 mBatteryCharge=0
D/HeadsetStateMachine( 7129): Disconnected process message: 11, size: 0
D/HeadsetStateMachine( 7129): Disconnected process message: 11, size: 0
D/HeadsetStateMachine( 7129): Disconnected process message: 10, size: 0
D/HeadsetPhoneState( 7129): sendDeviceStateChanged. mService=1 mSignal=5 mRoam=0 mBatteryCharge=1
D/HeadsetStateMachine( 7129): Disconnected process message: 11, size: 0
I/Telecom ( 1284): BluetoothPhoneService: queryPhoneState
D/Telecom ( 1284): BluetoothPhoneService: handleMessage(7) w/ param 0
W/ResourcesManager( 7129): Asset path '/system/framework/javax.obex.jar' does not exist or contains no resources.
V/BluetoothMapService( 7129): Handler(): got msg=1
D/BluetoothAdapterState( 7129): CURRENT_STATE=PENDING, MESSAGE = STARTED, isTurningOn=true, isTurningOff=false
I/bluedroid( 7129): enable
I/bt_hci_bdroid( 7129): init
I/bt_vendor( 7129): bt-vendor : init
I/bt_vendor( 7129): bt-vendor : get_bt_soc_type
E/bt_vendor( 7129): get_bt_soc_type: Failed to get soc type
I/bt_vendor( 7129): init: Local BD Address : 23:67:02:5f:a4:f8
D/bt_userial_mct( 7129): userial_init
I/bt_vendor( 7129): bt-vendor : BT_VND_OP_POWER_CTRL: On
I/bt_vendor( 7129): bluetooth satus is on
I/bt_vendor( 7129): bt-vendor : resetting BT status
I/bt_vendor( 7129): Starting hciattach daemon
I/bt_vendor( 7129): try to set false
I/GKI_LINUX( 7129): gki_task_entry task_id=0 [BTU] starting
I/bt-btu ( 7129): btu_task pending for preload complete event
I/bt_vendor( 7129): Starting hciattach daemon
I/bt_vendor( 7129): try to set true
V/BluetoothFtpService( 7129): Ftp Service onCreate
V/BluetoothFtpService( 7129): FTP service not started Adapter STATE: 11
V/BluetoothFtpService( 7129): Ftp Service onStartCommand
V/BluetoothFtpService( 7129): PARSE INTENT action: android.bluetooth.adapter.action.STATE_CHANGED
D/BluetoothFtpService( 7129): ACTION_STATE_CHANGED: state: 13 mHasStarted: false
V/BluetoothFtpService( 7129): Ftp Service closeService
V/BluetoothFtpService( 7129): successfully stopped ftp service
V/BluetoothSapReceiver( 7129): SapReceiver onReceive
V/BluetoothSapReceiver( 7129): action = android.bluetooth.adapter.action.STATE_CHANGED
I/qcom-bluetooth( 7179): /system/etc/init.qcom.bt.sh: init.qcom.bt.sh config =
V/BluetoothSapReceiver( 7129): Bluetooth Adapter state = 13
V/BluetoothSapReceiver( 7129): Calling SAP service start service with action = null
V/BluetoothFtpService( 7129): Ftp Service onDestroy
V/BluetoothFtpService( 7129): Ftp Service closeService
V/BluetoothSapService( 7129): Sap Service onCreate
V/BluetoothSapService( 7129): initBinder
V/BluetoothSapService( 7129): BluetoothSapBinder: mService: org.codeaurora.bluetooth.sap.BluetoothSapService@13670509
V/BluetoothSapService( 7129): action: android.bluetooth.adapter.action.STATE_CHANGED
V/BluetoothSapService( 7129): state: 13
D/BluetoothDunService( 7129): parseIntent: action: android.bluetooth.adapter.action.STATE_CHANGED
D/AuthorizationBluetoothService( 1530): Received Bluetooth event: Intent { act=android.bluetooth.adapter.action.STATE_CHANGED flg=0x14000010 cmp=com.google.android.gms/.auth.be.proximity.authorization.bt.AuthorizationBluetoothService$BluetoothStateChangeReceiver (has extras) }.
D/AutoUpdateCLeanupDBService( 4272): nErrorCode = 4 size = 0 strNewVersion = null
W/BroadcastQueueInjector( 844): Unable to launch app com.rhapsody.napster/10104 for broadcast Intent { act=android.bluetooth.adapter.action.STATE_CHANGED flg=0x14000010 (has extras) }: process is not permitted to autostart
W/BroadcastQueue( 844): Permission Denial: receiving Intent { act=android.bluetooth.adapter.action.STATE_CHANGED flg=0x14000010 (has extras) } to com.mi4ever.app.mi4everblog/com.appyet.receiver.CommonReceiver requires android.permission.BLUETOOTH due to sender android (uid 1000)
W/ContextImpl( 1219): Calling a method in the system process without a qualified user: android.app.ContextImpl.startService:-1 android.content.ContextWrapper.startService:-1 android.content.ContextWrapper.startService:-1 com.android.settings.bluetooth.DockEventReceiver.e:134 com.android.settings.bluetooth.DockEventReceiver.onReceive:115
D/DockEventReceiver( 1219): finishStartingService: stopping service
V/ProcessObserver( 1640): onProcessStateChanged
V/ProcessObserver( 1640): onProcessStateChanged
I/ActivityManager( 844): Killing 3586:com.miui.bugreport:remote/1000 (adj 15): empty #17
V/LocationPolicy( 844): onProcessStateChanged
I/ActivityManager( 844): Killing 2988:com.android.calendar/u0a3 (adj 15): empty #17
V/LocationPolicy( 844): onProcessStateChanged
I/qcom-bluetooth( 7186): /system/etc/init.qcom.bt.sh: Transport : smd
E/BTEventHandler( 7129): A4WP is not supported
V/BluetoothSapReceiver( 7129): SapReceiver onReceive
V/BluetoothSapReceiver( 7129): action = android.bluetooth.adapter.action.STATE_CHANGED
V/BluetoothSapReceiver( 7129): Bluetooth Adapter state = 10
I/qcom-bluetooth( 7187): /system/etc/init.qcom.bt.sh: ** Bluedroid stack **
I/qcom-bluetooth( 7195): /system/etc/init.qcom.bt.sh: Power Class: Ignored. Default(1) used (1-CLASS1/2-CLASS2/3-CUSTOM)
I/qcom-bluetooth( 7196): /system/etc/init.qcom.bt.sh: Power Class: To override, Before turning BT ON; setprop qcom.bt.dev_power_class <1 or 2 or 3>
I/qcom-bluetooth( 7199): /system/etc/init.qcom.bt.sh: LE Power Class: Ignored. Default(2) used (1-CLASS1/2-CLASS2/3-CUSTOM)
I/qcom-bluetooth( 7200): /system/etc/init.qcom.bt.sh: LE Power Class: To override, Before turning BT ON; setprop qcom.bt.le_dev_pwr_class <1 or 2 or 3>
D/ProcessObserver( 1640): onProcessDied, pid: 3586 uid: 1000
E/Diag_Lib( 7202): Diag_LSM_Init: Failed to open handle to diag driver, error = 13
D/ProcessObserver( 1640): onProcessDied, pid: 2988 uid: 10003
D/AuthorizationBluetoothService( 1530): Received Bluetooth event: Intent { act=android.bluetooth.adapter.action.STATE_CHANGED flg=0x14000010 cmp=com.google.android.gms/.auth.be.proximity.authorization.bt.AuthorizationBluetoothService$BluetoothStateChangeReceiver (has extras) }.
W/BroadcastQueueInjector( 844): Unable to launch app com.rhapsody.napster/10104 for broadcast Intent { act=android.bluetooth.adapter.action.STATE_CHANGED flg=0x14000010 (has extras) }: process is not permitted to autostart
W/BroadcastQueue( 844): Permission Denial: receiving Intent { act=android.bluetooth.adapter.action.STATE_CHANGED flg=0x14000010 (has extras) } to com.mi4ever.app.mi4everblog/com.appyet.receiver.CommonReceiver requires android.permission.BLUETOOTH due to sender android (uid 1000)
E/BTEventHandler( 7129): A4WP is not supported
V/BluetoothSapReceiver( 7129): SapReceiver onReceive
V/BluetoothSapReceiver( 7129): action = android.bluetooth.adapter.action.STATE_CHANGED
V/BluetoothSapReceiver( 7129): Bluetooth Adapter state = 11
D/AuthorizationBluetoothService( 1530): Received Bluetooth event: Intent { act=android.bluetooth.adapter.action.STATE_CHANGED flg=0x14000010 cmp=com.google.android.gms/.auth.be.proximity.authorization.bt.AuthorizationBluetoothService$BluetoothStateChangeReceiver (has extras) }.
W/BroadcastQueueInjector( 844): Unable to launch app com.rhapsody.napster/10104 for broadcast Intent { act=android.bluetooth.adapter.action.STATE_CHANGED flg=0x14000010 (has extras) }: process is not permitted to autostart
W/BroadcastQueue( 844): Permission Denial: receiving Intent { act=android.bluetooth.adapter.action.STATE_CHANGED flg=0x14000010 (has extras) } to com.mi4ever.app.mi4everblog/com.appyet.receiver.CommonReceiver requires android.permission.BLUETOOTH due to sender android (uid 1000)
E/QMI_FW ( 7202): QMUXD: Service_id=228 not found over conn_id=0
E/QMI_FW ( 7202): QMUXD: Service_id=228 not found over conn_id=37
E/QMI_FW ( 7202): QMUXD: Service_id=228 not found over conn_id=0
E/QMI_FW ( 7202): QMUXD: Service_id=228 not found over conn_id=37
E/QMI_FW ( 7202): QMUXD: Service_id=228 not found over conn_id=0
E/QMI_FW ( 7202): QMUXD: Service_id=228 not found over conn_id=37
E/QMI_FW ( 7202): QMUXD: Service_id=228 not found over conn_id=0
E/QMI_FW ( 7202): QMUXD: Service_id=228 not found over conn_id=37
E/QMI_FW ( 7202): QMUXD: Service_id=228 not found over conn_id=0
E/QMI_FW ( 7202): QMUXD: Service_id=228 not found over conn_id=37
I/qcom-bluetooth( 7214): /system/etc/init.qcom.bt.sh: Bluetooth QSoC firmware download succeeded, /dev/ttyHS0 qualcomm-ibs 3000000 f8:a4:5f:02:67:23
I/qcom-bluetooth( 7215): /system/etc/init.qcom.bt.sh: ** Bluedroid stack **
I/bt_vendor( 7129): bluetooth satus is on
D/bt_userial_mct( 7129): userial_open(port:0)
I/bt_vendor( 7129): bt-vendor : BT_VND_OP_USERIAL_OPEN
I/bt_vendor( 7129): Done intiailizing UART
I/bt_vendor( 7129): Done intiailizing UART
I/bt_userial_mct( 7129): CMD=72, EVT=72, ACL_Out=73, ACL_In=73
I/bt_vendor( 7129): Bluetooth Firmware and transport layer are initialized
I/bt-btu ( 7129): btu_task received preload complete event
W/bt-l2cap( 7129): L2CAP - L2CA_Register() called for PSM: 0x0001
W/bt-l2cap( 7129): L2CAP - L2CA_Register() called for PSM: 0x001f
W/bt-l2cap( 7129): L2CAP - L2CA_Register() called for PSM: 0x0003
W/bt-l2cap( 7129): L2CAP - L2CA_Register() called for PSM: 0x1487
F/libc ( 7129): Fatal signal 11 (SIGSEGV), code 1, fault addr 0x8 in tid 7176 (BTU)
D/bt_userial_mct( 7129): Entering userial_read_thread()
I/ServiceManager( 316): Waiting for service AtCmdFwd...
I/DEBUG ( 6264): *** *** *** *** *** *** *** *** *** *** *** *** *** *** *** ***
I/DEBUG ( 6264): Build fingerprint: 'Xiaomi/aries/aries:5.0.2/LRX22G/5.8.20:user/release-keys'
I/DEBUG ( 6264): Revision: '0'
I/DEBUG ( 6264): ABI: 'arm'
I/DEBUG ( 6264): pid: 7129, tid: 7176, name: BTU >>> com.android.bluetooth <<<
I/DEBUG ( 6264): signal 11 (SIGSEGV), code 1 (SEGV_MAPERR), fault addr 0x8
I/DEBUG ( 6264): r0 a5321a48 r1 fffffae8 r2 a53485b8 r3 00000000
I/DEBUG ( 6264): r4 000003e8 r5 00000000 r6 000003e8 r7 a5357318
I/DEBUG ( 6264): r8 a5347d30 r9 a4f34308 sl b6f1e785 fp a3defdb0
I/DEBUG ( 6264): ip 7ffffffe sp a3defce0 lr a529b56f pc a529b5e2 cpsr 200f0030
I/DEBUG ( 6264):
I/DEBUG ( 6264): backtrace:
I/DEBUG ( 6264): #00 pc 000a45e2 /system/lib/hw/bluetooth.default.so (alarm_service_reschedule+125)
I/DEBUG ( 6264): #01 pc 000a445b /system/lib/hw/bluetooth.default.so (GKI_start_timer+150)
I/DEBUG ( 6264): #02 pc 000d96eb /system/lib/hw/bluetooth.default.so (btu_start_timer+66)
I/DEBUG ( 6264): #03 pc 0003a3a3 /system/lib/hw/bluetooth.default.so (BTE_InitStack+10)
I/DEBUG ( 6264): #04 pc 000d9a6b /system/lib/hw/bluetooth.default.so (btu_task+82)
I/DEBUG ( 6264): #05 pc 000a44c1 /system/lib/hw/bluetooth.default.so
I/DEBUG ( 6264): #06 pc 000137a3 /system/lib/libc.so (__pthread_start(void*)+30)
I/DEBUG ( 6264): #07 pc 00011883 /system/lib/libc.so (__start_thread+6)
D/wpa_supplicant( 1134): wlan0: Control interface command 'SIGNAL_POLL'
I/ServiceManager( 316): Waiting for service AtCmdFwd...
I/DEBUG ( 6264):
I/DEBUG ( 6264): Tombstone written to: /data/tombstones/tombstone_07
I/WhetstoneService( 1322): Receive am_crash event for pid: 844
W/KloServer( 1322): Aborted broadcast does not supprt for: android
E/SharedPreferencesImpl( 844): Couldn't create directory for SharedPreferences file shared_prefs/log_files.xml
I/libmc ( 2269): received event[index:0,mask:0x8,name:tombstone_07]
I/BootReceiver( 844): Copying /data/tombstones/tombstone_07 to DropBox (SYSTEM_TOMBSTONE)
D/BluetoothManagerService( 844): BluetoothServiceConnection, disconnected: com.android.bluetooth.btservice.AdapterService
D/BluetoothManagerService( 844): Message: 41
E/BluetoothManagerService( 844): MESSAGE_BLUETOOTH_SERVICE_DISCONNECTED: 1
D/BluetoothManagerService( 844): Calling onBluetoothServiceDown callbacks
D/BluetoothManagerService( 844): Broadcasting onBluetoothServiceDown() to 7 receivers.
D/BluetoothManagerService( 844): Calling onQBluetoothServiceDown callbacks
D/BluetoothManagerService( 844): Broadcasting onQBluetoothServiceDown() to 0 receivers.
D/BluetoothManagerService( 844): Bluetooth State Change Intent: 12 -> 13
I/KLO_Stability( 2269): start gathering logcat log...
I/libmc ( 2269): received event[index:0,mask:0x80,name:system_app_native_crash@1440510127577.txt]
I/KLO_Stability( 2269): gethering logcat log done
I/libmc ( 2269): received event[index:0,mask:0x80,name:SYSTEM_TOMBSTONE@1440510127584.txt.gz]
I/Zygote ( 296): Process 7129 exited due to signal (11)
D/ProcessObserver( 1640): onProcessDied, pid: 7129 uid: 1002
D/BluetoothManagerService( 844): Broadcasting onBluetoothStateChange(false) to 9 receivers.
D/BluetoothHeadset( 844): onBluetoothStateChange: up=false
E/BluetoothHeadset( 844):
E/BluetoothHeadset( 844): java.lang.IllegalArgumentException: Service not registered: android.bluetooth.BluetoothHeadset$2@1aac831b
E/BluetoothHeadset( 844): at android.app.LoadedApk.forgetServiceDispatcher(LoadedApk.java)
E/BluetoothHeadset( 844): at android.app.ContextImpl.unbindService(ContextImpl.java)
E/BluetoothHeadset( 844): at android.bluetooth.BluetoothHeadset$1.onBluetoothStateChange(BluetoothHeadset.java)
E/BluetoothHeadset( 844): at com.android.server.BluetoothManagerService.sendBluetoothStateCallback(BluetoothManagerService.java)
E/BluetoothHeadset( 844): at com.android.server.BluetoothManagerService.bluetoothStateChangeHandler(BluetoothManagerService.java)
E/BluetoothHeadset( 844): at com.android.server.BluetoothManagerService.access$3200(BluetoothManagerService.java)
E/BluetoothHeadset( 844): at com.android.server.BluetoothManagerService$BluetoothHandler.handleMessage(BluetoothManagerService.java)
E/BluetoothHeadset( 844): at android.os.Handler.dispatchMessage(Handler.java)
E/BluetoothHeadset( 844): at android.os.Looper.loop(Looper.java)
E/BluetoothHeadset( 844): at android.os.HandlerThread.run(HandlerThread.java)
E/BluetoothHeadset( 844): at com.android.server.ServiceThread.run(ServiceThread.java)
D/BluetoothHeadset( 1302): onBluetoothStateChange: up=false
E/BluetoothHeadset( 1302):
E/BluetoothHeadset( 1302): java.lang.IllegalArgumentException: Service not registered: android.bluetooth.BluetoothHeadset$2@171bdf46
E/BluetoothHeadset( 1302): at android.app.LoadedApk.forgetServiceDispatcher(LoadedApk.java)
E/BluetoothHeadset( 1302): at android.app.ContextImpl.unbindService(ContextImpl.java)
E/BluetoothHeadset( 1302): at android.content.ContextWrapper.unbindService(ContextWrapper.java)
E/BluetoothHeadset( 1302): at android.bluetooth.BluetoothHeadset$1.onBluetoothStateChange(BluetoothHeadset.java)
E/BluetoothHeadset( 1302): at android.bluetooth.IBluetoothStateChangeCallback$Stub.onTransact(IBluetoothStateChangeCallback.java)
E/BluetoothHeadset( 1302): at android.os.Binder.execTransact(Binder.java)
D/BluetoothPan( 1219): onBluetoothStateChange on: false
E/BluetoothPan( 1219):
E/BluetoothPan( 1219): java.lang.IllegalArgumentException: Service not registered: android.bluetooth.BluetoothPan$2@3bf2533c
E/BluetoothPan( 1219): at android.app.LoadedApk.forgetServiceDispatcher(LoadedApk.java)
E/BluetoothPan( 1219): at android.app.ContextImpl.unbindService(ContextImpl.java)
E/BluetoothPan( 1219): at android.content.ContextWrapper.unbindService(ContextWrapper.java)
E/BluetoothPan( 1219): at android.bluetooth.BluetoothPan$1.onBluetoothStateChange(BluetoothPan.java)
E/BluetoothPan( 1219): at android.bluetooth.IBluetoothStateChangeCallback$Stub.onTransact(IBluetoothStateChangeCallback.java)
E/BluetoothPan( 1219): at android.os.Binder.execTransact(Binder.java)
D/BluetoothMap( 1219): onBluetoothStateChange: up=false
E/BluetoothMap( 1219):
E/BluetoothMap( 1219): java.lang.IllegalArgumentException: Service not registered: android.bluetooth.BluetoothMap$2@37f1e8c5
E/BluetoothMap( 1219): at android.app.LoadedApk.forgetServiceDispatcher(LoadedApk.java)
E/BluetoothMap( 1219): at android.app.ContextImpl.unbindService(ContextImpl.java)
E/BluetoothMap( 1219): at android.content.ContextWrapper.unbindService(ContextWrapper.java)
E/BluetoothMap( 1219): at android.bluetooth.BluetoothMap$1.onBluetoothStateChange(BluetoothMap.java)
E/BluetoothMap( 1219): at android.bluetooth.IBluetoothStateChangeCallback$Stub.onTransact(IBluetoothStateChangeCallback.java)
E/BluetoothMap( 1219): at android.os.Binder.execTransact(Binder.java)
D/BluetoothAdapter( 1063): 517947889: getState() : mService = null. Returning STATE_OFF
D/BluetoothAdapter( 1358): 173510713: getState() : mService = null. Returning STATE_OFF
D/BluetoothInputDevice( 1219): onBluetoothStateChange: up=false
E/BluetoothInputDevice( 1219):
E/BluetoothInputDevice( 1219): java.lang.IllegalArgumentException: Service not registered: android.bluetooth.BluetoothInputDevice$2@3d6912f
E/BluetoothInputDevice( 1219): at android.app.LoadedApk.forgetServiceDispatcher(LoadedApk.java)
E/BluetoothInputDevice( 1219): at android.app.ContextImpl.unbindService(ContextImpl.java)
E/BluetoothInputDevice( 1219): at android.content.ContextWrapper.unbindService(ContextWrapper.java)
E/BluetoothInputDevice( 1219): at android.bluetooth.BluetoothInputDevice$1.onBluetoothStateChange(BluetoothInputDevice.java)
E/BluetoothInputDevice( 1219): at android.bluetooth.IBluetoothStateChangeCallback$Stub.onTransact(IBluetoothStateChangeCallback.java)
E/BluetoothInputDevice( 1219): at android.os.Binder.execTransact(Binder.java)
D/BluetoothHeadset( 1284): onBluetoothStateChange: up=false
I/ActivityManager( 844): Process com.android.bluetooth (pid 7129) has died
W/ActivityManager( 844): Scheduling restart of crashed service org.codeaurora.bluetooth/.sap.BluetoothSapService in 1000ms
W/ActivityManager( 844): Scheduling restart of crashed service com.android.bluetooth/.map.BluetoothMapService in 1000ms
W/ActivityManager( 844): Scheduling restart of crashed service com.android.bluetooth/.pan.PanService in 1000ms
W/ActivityManager( 844): Scheduling restart of crashed service com.android.bluetooth/.hfp.HeadsetService in 1000ms
W/ActivityManager( 844): Scheduling restart of crashed service com.android.bluetooth/.a2dp.A2dpService in 1000ms
W/ActivityManager( 844): Scheduling restart of crashed service com.android.bluetooth/.gatt.GattService in 1000ms
W/ActivityManager( 844): Scheduling restart of crashed service com.android.bluetooth/.hdp.HealthService in 1000ms
W/ActivityManager( 844): Scheduling restart of crashed service com.android.bluetooth/.hid.HidService in 1000ms
W/ActivityManager( 844): Scheduling restart of crashed service com.android.bluetooth/.btservice.AdapterService in 1000ms
W/ActivityManager( 844): Scheduling restart of crashed service org.codeaurora.bluetooth/.dun.BluetoothDunService in 11000ms
W/ActivityManager( 844): Process com.android.bluetooth has crashed too many times: killing!
D/Telecom ( 1284): BluetoothPhoneService: Bluetooth Adapter state: 13
E/BluetoothHeadset( 1284):
E/BluetoothHeadset( 1284): java.lang.IllegalArgumentException: Service not registered: android.bluetooth.BluetoothHeadset$2@315b80fe
E/BluetoothHeadset( 1284): at android.app.LoadedApk.forgetServiceDispatcher(LoadedApk.java)
E/BluetoothHeadset( 1284): at android.app.ContextImpl.unbindService(ContextImpl.java)
E/BluetoothHeadset( 1284): at android.content.ContextWrapper.unbindService(ContextWrapper.java)
E/BluetoothHeadset( 1284): at android.content.ContextWrapper.unbindService(ContextWrapper.java)
E/BluetoothHeadset( 1284): at android.bluetooth.BluetoothHeadset$1.onBluetoothStateChange(BluetoothHeadset.java)
E/BluetoothHeadset( 1284): at android.bluetooth.IBluetoothStateChangeCallback$Stub.onTransact(IBluetoothStateChangeCallback.java)
E/BluetoothHeadset( 1284): at android.os.Binder.execTransact(Binder.java)
D/BluetoothPbap( 1219): onBluetoothStateChange: up=false
E/BluetoothPbap( 1219):
E/BluetoothPbap( 1219): java.lang.IllegalArgumentException: Service not registered: android.bluetooth.BluetoothPbap$2@144a521a
E/BluetoothPbap( 1219): at android.app.LoadedApk.forgetServiceDispatcher(LoadedApk.java)
E/BluetoothPbap( 1219): at android.app.ContextImpl.unbindService(ContextImpl.java)
E/BluetoothPbap( 1219): at android.content.ContextWrapper.unbindService(ContextWrapper.java)
E/BluetoothPbap( 1219): at android.bluetooth.BluetoothPbap$1.onBluetoothStateChange(BluetoothPbap.java)
E/BluetoothPbap( 1219): at android.bluetooth.IBluetoothStateChangeCallback$Stub.onTransact(IBluetoothStateChangeCallback.java)
E/BluetoothPbap( 1219): at android.os.Binder.execTransact(Binder.java)
D/BluetoothA2dp( 844): onBluetoothStateChange: up=false
E/BluetoothA2dp( 844):
E/BluetoothA2dp( 844): java.lang.IllegalArgumentException: Service not registered: android.bluetooth.BluetoothA2dp$2@1d8635f7
E/BluetoothA2dp( 844): at android.app.LoadedApk.forgetServiceDispatcher(LoadedApk.java)
E/BluetoothA2dp( 844): at android.app.ContextImpl.unbindService(ContextImpl.java)
E/BluetoothA2dp( 844): at android.bluetooth.BluetoothA2dp$1.onBluetoothStateChange(BluetoothA2dp.java)
E/BluetoothA2dp( 844): at com.android.server.BluetoothManagerService.sendBluetoothStateCallback(BluetoothManagerService.java)
E/BluetoothA2dp( 844): at com.android.server.BluetoothManagerService.bluetoothStateChangeHandler(BluetoothManagerService.java)
E/BluetoothA2dp( 844): at com.android.server.BluetoothManagerService.access$3200(BluetoothManagerService.java)
E/BluetoothA2dp( 844): at com.android.server.BluetoothManagerService$BluetoothHandler.handleMessage(BluetoothManagerService.java)
E/BluetoothA2dp( 844): at android.os.Handler.dispatchMessage(Handler.java)
E/BluetoothA2dp( 844): at android.os.Looper.loop(Looper.java)
E/BluetoothA2dp( 844): at android.os.HandlerThread.run(HandlerThread.java)
E/BluetoothA2dp( 844): at com.android.server.ServiceThread.run(ServiceThread.java)
D/BluetoothHeadset( 1284): onBluetoothStateChange: up=false
D/KeyguardViewMediator( 1063): action name: android.bluetooth.adapter.action.STATE_CHANGED
E/BluetoothHeadset( 1284):
E/BluetoothHeadset( 1284): java.lang.IllegalArgumentException: Service not registered: android.bluetooth.BluetoothHeadset$2@1845c947
E/BluetoothHeadset( 1284): at android.app.LoadedApk.forgetServiceDispatcher(LoadedApk.java)
E/BluetoothHeadset( 1284): at android.app.ContextImpl.unbindService(ContextImpl.java)
E/BluetoothHeadset( 1284): at android.content.ContextWrapper.unbindService(ContextWrapper.java)
E/BluetoothHeadset( 1284): at android.bluetooth.BluetoothHeadset$1.onBluetoothStateChange(BluetoothHeadset.java)
E/BluetoothHeadset( 1284): at android.bluetooth.IBluetoothStateChangeCallback$Stub.onTransact(IBluetoothStateChangeCallback.java)
E/BluetoothHeadset( 1284): at android.os.Binder.execTransact(Binder.java)
D/BluetoothManagerService( 844): Bluetooth State Change Intent: 13 -> 10
D/BluetoothAdapter( 1358): 173510713: getState() : mService = null. Returning STATE_OFF
D/BluetoothAdapter( 1063): 517947889: getState() : mService = null. Returning STATE_OFF
D/KeyguardViewMediator( 1063): action name: android.bluetooth.adapter.action.STATE_CHANGED
D/Telecom ( 1284): BluetoothPhoneService: Bluetooth Adapter state: 10
W/ContextImpl( 1219): Calling a method in the system process without a qualified user: android.app.ContextImpl.startService:-1 android.content.ContextWrapper.startService:-1 android.content.ContextWrapper.startService:-1 com.android.settings.bluetooth.DockEventReceiver.e:134 com.android.settings.bluetooth.DockEventReceiver.onReceive:115
W/BroadcastQueueInjector( 844): System app: "com.android.bluetooth" started by broadcast Intent { act=android.bluetooth.adapter.action.STATE_CHANGED flg=0x14000010 (has extras) }
W/BroadcastQueue( 844): Unable to launch app com.android.bluetooth/1002 for broadcast Intent { act=android.bluetooth.adapter.action.STATE_CHANGED flg=0x14000010 (has extras) }: process is bad
I/ActivityManager( 844): Exiting empty application process com.android.bluetooth (null)
D/ProcessObserver( 1640): onProcessDied, pid: 0 uid: 1002
D/DockEventReceiver( 1219): finishStartingService: stopping service
D/AuthorizationBluetoothService( 1530): Received Bluetooth event: Intent { act=android.bluetooth.adapter.action.STATE_CHANGED flg=0x14000010 cmp=com.google.android.gms/.auth.be.proximity.authorization.bt.AuthorizationBluetoothService$BluetoothStateChangeReceiver (has extras) }.
W/BroadcastQueueInjector( 844): System app: "com.android.bluetooth" started by broadcast Intent { act=android.bluetooth.adapter.action.STATE_CHANGED flg=0x14000010 (has extras) }
W/BroadcastQueue( 844): Unable to launch app com.android.bluetooth/1002 for broadcast Intent { act=android.bluetooth.adapter.action.STATE_CHANGED flg=0x14000010 (has extras) }: process is bad
W/BroadcastQueueInjector( 844): System app: "com.android.bluetooth" started by broadcast Intent { act=android.bluetooth.adapter.action.STATE_CHANGED flg=0x14000010 (has extras) }
W/BroadcastQueue( 844): Unable to launch app com.android.bluetooth/1002 for broadcast Intent { act=android.bluetooth.adapter.action.STATE_CHANGED flg=0x14000010 (has extras) }: process is bad
W/BroadcastQueueInjector( 844): System app: "com.android.bluetooth" started by broadcast Intent { act=android.bluetooth.adapter.action.STATE_CHANGED flg=0x14000010 (has extras) }
W/BroadcastQueue( 844): Unable to launch app com.android.bluetooth/1002 for broadcast Intent { act=android.bluetooth.adapter.action.STATE_CHANGED flg=0x14000010 (has extras) }: process is bad
W/BroadcastQueueInjector( 844): System app: "org.codeaurora.bluetooth" started by broadcast Intent { act=android.bluetooth.adapter.action.STATE_CHANGED flg=0x14000010 (has extras) }
W/BroadcastQueue( 844): Unable to launch app org.codeaurora.bluetooth/1002 for broadcast Intent { act=android.bluetooth.adapter.action.STATE_CHANGED flg=0x14000010 (has extras) }: process is bad
W/BroadcastQueueInjector( 844): System app: "org.codeaurora.bluetooth" started by broadcast Intent { act=android.bluetooth.adapter.action.STATE_CHANGED flg=0x14000010 (has extras) }
W/BroadcastQueue( 844): Unable to launch app org.codeaurora.bluetooth/1002 for broadcast Intent { act=android.bluetooth.adapter.action.STATE_CHANGED flg=0x14000010 (has extras) }: process is bad
W/BroadcastQueueInjector( 844): System app: "org.codeaurora.bluetooth" started by broadcast Intent { act=android.bluetooth.adapter.action.STATE_CHANGED flg=0x14000010 (has extras) }
W/BroadcastQueue( 844): Unable to launch app org.codeaurora.bluetooth/1002 for broadcast Intent { act=android.bluetooth.adapter.action.STATE_CHANGED flg=0x14000010 (has extras) }: process is bad
W/BroadcastQueueInjector( 844): Unable to launch app com.rhapsody.napster/10104 for broadcast Intent { act=android.bluetooth.adapter.action.STATE_CHANGED flg=0x14000010 (has extras) }: process is not permitted to autostart
W/BroadcastQueue( 844): Permission Denial: receiving Intent { act=android.bluetooth.adapter.action.STATE_CHANGED flg=0x14000010 (has extras) } to com.mi4ever.app.mi4everblog/com.appyet.receiver.CommonReceiver requires android.permission.BLUETOOTH due to sender android (uid 1000)
W/ContextImpl( 1219): Calling a method in the system process without a qualified user: android.app.ContextImpl.startService:-1 android.content.ContextWrapper.startService:-1 android.content.ContextWrapper.startService:-1 com.android.settings.bluetooth.DockEventReceiver.e:134 com.android.settings.bluetooth.DockEventReceiver.onReceive:115
W/BroadcastQueueInjector( 844): System app: "com.android.bluetooth" started by broadcast Intent { act=android.bluetooth.adapter.action.STATE_CHANGED flg=0x14000010 (has extras) }
W/BroadcastQueue( 844): Unable to launch app com.android.bluetooth/1002 for broadcast Intent { act=android.bluetooth.adapter.action.STATE_CHANGED flg=0x14000010 (has extras) }: process is bad
W/BroadcastQueueInjector( 844): System app: "com.android.bluetooth" started by broadcast Intent { act=android.bluetooth.adapter.action.STATE_CHANGED flg=0x14000010 (has extras) }
W/BroadcastQueue( 844): Unable to launch app com.android.bluetooth/1002 for broadcast Intent { act=android.bluetooth.adapter.action.STATE_CHANGED flg=0x14000010 (has extras) }: process is bad
W/BroadcastQueueInjector( 844): System app: "com.android.bluetooth" started by broadcast Intent { act=android.bluetooth.adapter.action.STATE_CHANGED flg=0x14000010 (has extras) }
W/BroadcastQueue( 844): Unable to launch app com.android.bluetooth/1002 for broadcast Intent { act=android.bluetooth.adapter.action.STATE_CHANGED flg=0x14000010 (has extras) }: process is bad
W/BroadcastQueueInjector( 844): System app: "com.android.bluetooth" started by broadcast Intent { act=android.bluetooth.adapter.action.STATE_CHANGED flg=0x14000010 (has extras) }
W/BroadcastQueue( 844): Unable to launch app com.android.bluetooth/1002 for broadcast Intent { act=android.bluetooth.adapter.action.STATE_CHANGED flg=0x14000010 (has extras) }: process is bad
W/BroadcastQueueInjector( 844): System app: "org.codeaurora.bluetooth" started by broadcast Intent { act=android.bluetooth.adapter.action.STATE_CHANGED flg=0x14000010 (has extras) }
W/BroadcastQueue( 844): Unable to launch app org.codeaurora.bluetooth/1002 for broadcast Intent { act=android.bluetooth.adapter.action.STATE_CHANGED flg=0x14000010 (has extras) }: process is bad
W/BroadcastQueueInjector( 844): System app: "org.codeaurora.bluetooth" started by broadcast Intent { act=android.bluetooth.adapter.action.STATE_CHANGED flg=0x14000010 (has extras) }
W/BroadcastQueue( 844): Unable to launch app org.codeaurora.bluetooth/1002 for broadcast Intent { act=android.bluetooth.adapter.action.STATE_CHANGED flg=0x14000010 (has extras) }: process is bad
W/BroadcastQueueInjector( 844): System app: "org.codeaurora.bluetooth" started by broadcast Intent { act=android.bluetooth.adapter.action.STATE_CHANGED flg=0x14000010 (has extras) }
W/BroadcastQueue( 844): Unable to launch app org.codeaurora.bluetooth/1002 for broadcast Intent { act=android.bluetooth.adapter.action.STATE_CHANGED flg=0x14000010 (has extras) }: process is bad
W/BroadcastQueueInjector( 844): Unable to launch app com.rhapsody.napster/10104 for broadcast Intent { act=android.bluetooth.adapter.action.STATE_CHANGED flg=0x14000010 (has extras) }: process is not permitted to autostart
W/BroadcastQueue( 844): Permission Denial: receiving Intent { act=android.bluetooth.adapter.action.STATE_CHANGED flg=0x14000010 (has extras) } to com.mi4ever.app.mi4everblog/com.appyet.receiver.CommonReceiver requires android.permission.BLUETOOTH due to sender android (uid 1000)
D/AuthorizationBluetoothService( 1530): Received Bluetooth event: Intent { act=android.bluetooth.adapter.action.STATE_CHANGED flg=0x14000010 cmp=com.google.android.gms/.auth.be.proximity.authorization.bt.AuthorizationBluetoothService$BluetoothStateChangeReceiver (has extras) }.
D/DockEventReceiver( 1219): finishStartingService: stopping service
D/BluetoothManagerService( 844): Message: 42
D/BluetoothManagerService( 844): MESSAGE_RESTART_BLUETOOTH_SERVICE: Restart IBluetooth service
D/WhetstoneStrategy( 1322): [ALLOW] [service] callerPackage com.android.settings start process with Intent { cmp=com.android.bluetooth/.btservice.AdapterService }
I/ActivityManager( 844): Start proc com.android.bluetooth for service com.android.bluetooth/.btservice.AdapterService: pid=7232 uid=1002 gids={41002, 9997, 3003, 3002, 3001, 1028, 1015, 3005, 1016, 3008, 1023} abi=armeabi-v7a
V/ProcessObserver( 1640): onProcessStateChanged
V/LocationPolicy( 844): onProcessStateChanged
W/ResourcesManager( 7232): Asset path '/system/framework/javax.btobex.jar' does not exist or contains no resources.
D/miuisdk ( 7232): current sdk level is 2
D/AdapterServiceConfig( 7232): Adding HeadsetService
D/AdapterServiceConfig( 7232): Adding A2dpService
D/AdapterServiceConfig( 7232): Adding HidService
D/AdapterServiceConfig( 7232): Adding HealthService
D/AdapterServiceConfig( 7232): Adding PanService
D/AdapterServiceConfig( 7232): Adding GattService
D/AdapterServiceConfig( 7232): Adding BluetoothMapService
D/BluetoothManagerService( 844): Message: 20
D/BluetoothManagerService( 844): Added callback: android.bluetooth.IBluetoothManagerCallback$Stub$Proxy@c860a68:true
D/BluetoothAdapterState( 7232): make
I/bluedroid( 7232): init
I/BluetoothAdapterState( 7232): Entering OffState
I/bte_conf( 7232): bte_load_conf attempt to load stack conf from /etc/bluetooth/bt_stack.conf
I/bte_conf( 7232): bte_load_ble_conf attempt to load ble stack conf from /etc/bluetooth/ble_stack.conf
E/bt_osi_config( 7232): config_new unable to open file '/etc/bluetooth/ble_stack.conf': No such file or directory
I/bte_conf( 7232): bte_load_ble_conf file >/etc/bluetooth/ble_stack.conf< not found
I/GKI_LINUX( 7232): gki_task_entry task_id=1 [BTIF] starting
E/GKI_LINUX( 7232): GKI_exception(): Task State Table
E/GKI_LINUX( 7232): TASK ID [0] task name [(null)] state [0]
E/GKI_LINUX( 7232): TASK ID [1] task name [BTIF] state [1]
E/GKI_LINUX( 7232): TASK ID [2] task name [(null)] state [0]
E/GKI_LINUX( 7232): GKI_exception 65531 Sending to unknown dest
E/GKI_LINUX( 7232): ********************************************************************
E/GKI_LINUX( 7232): * GKI_exception(): 65531 Sending to unknown dest
E/GKI_LINUX( 7232): ********************************************************************
I/bluedroid( 7232): get_profile_interface socket
I/bluedroid( 7232): get_profile_interface map_client
D/BluetoothAdapterProperties( 7232): Address is:F8:A4:5F:02:67:23
D/BluetoothManagerService( 844): BluetoothServiceConnection: com.android.bluetooth.btservice.AdapterService
D/BluetoothManagerService( 844): Message: 40
D/BluetoothManagerService( 844): MESSAGE_BLUETOOTH_SERVICE_CONNECTED: 1
D/BluetoothManagerService( 844): Bluetooth Adapter name changed to Mi Phone
I/bluedroid( 7232): config_hci_snoop_log
D/BluetoothManagerService( 844): Stored Bluetooth name: Mi Phone
D/BluetoothAdapterProperties( 7232): Name is: Mi Phone
D/BluetoothManagerService( 844): Calling onBluetoothServiceUp callbacks
D/BluetoothManagerService( 844): Broadcasting onBluetoothServiceUp() to 8 receivers.
D/BluetoothAdapterState( 7232): CURRENT_STATE=OFF, MESSAGE = USER_TURN_ON
D/BluetoothAdapterProperties( 7232): Setting state to 11
I/BluetoothAdapterState( 7232): Bluetooth adapter state changed: 10-> 11
D/BluetoothManagerService( 844): Message: 60
D/BluetoothManagerService( 844): MESSAGE_BLUETOOTH_STATE_CHANGE: prevState = 10, newState=11
D/BluetoothManagerService( 844): Bluetooth State Change Intent: 10 -> 11
D/KeyguardViewMediator( 1063): action name: android.bluetooth.adapter.action.STATE_CHANGED
D/BluetoothBondStateMachine( 7232): make
D/Telecom ( 1284): BluetoothPhoneService: Bluetooth Adapter state: 11
E/BTEventHandler( 7232): A4WP is not supported
D/BluetoothAdapterService( 7232): checkA2dpState: isA2dpSinkEnabled = false
E/BluetoothAdapterService( 7232): checkA2dpState: returning
D/BluetoothAdapterService( 7232): checkHidState: isHidDev = false
E/BluetoothAdapterService( 7232): checkHidState: returning
D/BluetoothAdapterService( 7232): checkHfpState: isHfpClientEnabled = false
E/BluetoothAdapterService( 7232): checkHfpState: returning
W/ResourcesManager( 7232): Asset path '/system/framework/javax.obex.jar' does not exist or contains no resources.
D/HeadsetService( 7232): Received start request. Starting profile...
I/BluetoothHeadsetServiceJni( 7232): classInitNative: succeeds
D/HeadsetStateMachine( 7232): Version 1.6
D/HeadsetStateMachine( 7232): make
I/BluetoothBondStateMachine( 7232): StableState(): Entering Off State
I/BluetoothAdapterState( 7232): Entering PendingCommandState State: isTurningOn()=true, isTurningOff()=false
E/HeadsetStateMachine( 7232): Could not bind to Bluetooth Headset Voip Phone Service
D/HeadsetStateMachine( 7232): max_hf_connections = 1
I/bluedroid( 7232): get_profile_interface handsfree
D/HeadsetStateMachine( 7232): Enter Disconnected: -2, size: 0
D/BluetoothAdapterService( 7232): getAdapterService() - returning com.android.bluetooth.btservice.AdapterService@167dc37b
D/A2dpService( 7232): Received start request. Starting profile...
I/BluetoothAvrcpServiceJni( 7232): classInitNative: succeeds
V/Avrcp ( 7232): make
V/Avrcp ( 7232): Avrcp
I/bluedroid( 7232): get_profile_interface avrcp
V/Avrcp ( 7232): start
V/Avrcp ( 7232): registerMediaPlayers
V/Avrcp ( 7232): MediaPlayerInfo: mPlayerId = 1
V/Avrcp ( 7232): mMajorPlayerType = 1 mPlayerSubType = 0
V/Avrcp ( 7232): mPlayState = 2 mCharsetId = 106
V/Avrcp ( 7232): mPlayerPackageName = com.android.music mDisplayableNameLength = 5
V/Avrcp ( 7232): mItemLength = 33 mEntryLength = 34
V/Avrcp ( 7232): mFeatureMask =
V/Avrcp ( 7232): mFeatureMask[0] = 0
V/Avrcp ( 7232): mFeatureMask[1] = 0
V/Avrcp ( 7232): mFeatureMask[2] = 0
V/Avrcp ( 7232): mFeatureMask[3] = 0
V/Avrcp ( 7232): mFeatureMask[4] = 12
V/Avrcp ( 7232): mFeatureMask[5] = 55
V/Avrcp ( 7232): mFeatureMask[6] = 0
V/Avrcp ( 7232): mFeatureMask[7] = 141
V/Avrcp ( 7232): mFeatureMask[8] = 2
V/Avrcp ( 7232): mFeatureMask[9] = 0
V/Avrcp ( 7232): mFeatureMask[10] = 0
V/Avrcp ( 7232): mFeatureMask[11] = 0
V/Avrcp ( 7232): mFeatureMask[12] = 0
V/Avrcp ( 7232): mFeatureMask[13] = 0
V/Avrcp ( 7232): mFeatureMask[14] = 0
V/Avrcp ( 7232): mFeatureMask[15] = 0
V/Avrcp ( 7232): mDisplayableName=
V/Avrcp ( 7232): mDisplayableName[0] = 77
V/Avrcp ( 7232): mDisplayableName[1] = 117
V/Avrcp ( 7232): mDisplayableName[2] = 115
V/Avrcp ( 7232): mDisplayableName[3] = 105
V/Avrcp ( 7232): mDisplayableName[4] = 99
V/Avrcp ( 7232): MediaPlayerInfo: mPlayerId = 2
V/Avrcp ( 7232): mMajorPlayerType = 1 mPlayerSubType = 0
V/Avrcp ( 7232): mPlayState = 2 mCharsetId = 106
V/Avrcp ( 7232): mPlayerPackageName = com.google.android.music mDisplayableNameLength = 6
V/Avrcp ( 7232): mItemLength = 34 mEntryLength = 35
V/Avrcp ( 7232): mFeatureMask =
V/Avrcp ( 7232): mFeatureMask[0] = 0
V/Avrcp ( 7232): mFeatureMask[1] = 0
V/Avrcp ( 7232): mFeatureMask[2] = 0
V/Avrcp ( 7232): mFeatureMask[3] = 0
V/Avrcp ( 7232): mFeatureMask[4] = 12
V/Avrcp ( 7232): mFeatureMask[5] = 55
V/Avrcp ( 7232): mFeatureMask[6] = 0
V/Avrcp ( 7232): mFeatureMask[7] = 5
V/Avrcp ( 7232): mFeatureMask[8] = 0
V/Avrcp ( 7232): mFeatureMask[9] = 0
V/Avrcp ( 7232): mFeatureMask[10] = 0
V/Avrcp ( 7232): mFeatureMask[11] = 0
V/Avrcp ( 7232): mFeatureMask[12] = 0
V/Avrcp ( 7232): mFeatureMask[13] = 0
V/Avrcp ( 7232): mFeatureMask[14] = 0
V/Avrcp ( 7232): mFeatureMask[15] = 0
V/Avrcp ( 7232): mDisplayableName=
V/Avrcp ( 7232): mDisplayableName[0] = 77
V/Avrcp ( 7232): mDisplayableName[1] = 117
V/Avrcp ( 7232): mDisplayableName[2] = 115
V/Avrcp ( 7232): mDisplayableName[3] = 105
V/Avrcp ( 7232): mDisplayableName[4] = 99
V/Avrcp ( 7232): mDisplayableName[5] = 50
V/AudioService( 844): updateRemoteControllerOnExistingMediaPlayers: size of Player list: 0
E/AudioService( 844): No RCC entry present to update
E/RemoteController( 7232): Cannot set synchronization mode on an unregistered RemoteController
I/BluetoothA2dpServiceJni( 7232): classInitNative: succeeds
D/A2dpStateMachine( 7232): make
I/bluedroid( 7232): get_profile_interface a2dp
I/GKI_LINUX( 7232): gki_task_entry task_id=2 [A2DP-MEDIA] starting
D/bt-btif ( 7232): btif_av_state_idle_handler event:BTIF_SM_ENTER_EVT flags 0
D/A2dpService( 7232): setA2dpService(): set to: null
D/BluetoothAdapterService( 7232): getAdapterService() - returning com.android.bluetooth.btservice.AdapterService@167dc37b
D/A2dpStateMachine( 7232): Enter Disconnected: -2
I/BluetoothHidServiceJni( 7232): classInitNative: succeeds
D/HidService( 7232): Received start request. Starting profile...
I/bluedroid( 7232): get_profile_interface hidhost
D/BluetoothAdapterService( 7232): getAdapterService() - returning com.android.bluetooth.btservice.AdapterService@167dc37b
I/BluetoothHealthServiceJni( 7232): classInitNative: succeeds
D/HealthService( 7232): Received start request. Starting profile...
I/bluedroid( 7232): get_profile_interface health
D/BluetoothAdapterService( 7232): getAdapterService() - returning com.android.bluetooth.btservice.AdapterService@167dc37b
I/BluetoothPanServiceJni( 7232): classInitNative(L105): succeeds
D/PanService( 7232): Received start request. Starting profile...
D/BluetoothPanServiceJni( 7232): initializeNative(L110): pan
I/bluedroid( 7232): get_profile_interface pan
D/BluetoothAdapterService( 7232): getAdapterService() - returning com.android.bluetooth.btservice.AdapterService@167dc37b
V/BluetoothSapReceiver( 7232): SapReceiver onReceive
V/BluetoothSapReceiver( 7232): action = android.bluetooth.adapter.action.STATE_CHANGED
V/BluetoothSapReceiver( 7232): Bluetooth Adapter state = 11
D/BtGatt.GattService( 7232): classInitNative called
I/BtGatt.JNI( 7232): classInitNative(L863): classInitNative: Success!
D/BtGatt.DebugUtils( 7232): handleDebugAction() action=null
D/BtGatt.GattService( 7232): Received start request. Starting profile...
D/BtGatt.GattService( 7232): start()
I/bluedroid( 7232): get_profile_interface gatt
D/BtGatt.AdvertiseManager( 7232): advertise manager created
D/BluetoothAdapterService( 7232): getAdapterService() - returning com.android.bluetooth.btservice.AdapterService@167dc37b
D/BluetoothMapService( 7232): inside BluetoothMapObexConnection
D/BluetoothMapService( 7232): supportedMessageTypes 14
D/BluetoothMapService( 7232): masId 0
D/BluetoothMapService( 7232): inside BluetoothMapObexConnection
D/BluetoothMapService( 7232): supportedMessageTypes 1
D/BluetoothMapService( 7232): masId 1
D/BluetoothMapService( 7232): Inside initBinder
D/BluetoothMapService( 7232): Received start request. Starting profile...
D/BluetoothMapService( 7232): start()
D/BluetoothMapService( 7232): Registering observer
D/BluetoothAdapterService( 7232): getAdapterService() - returning com.android.bluetooth.btservice.AdapterService@167dc37b
I/Telecom ( 1284): BluetoothPhoneService: queryPhoneState
D/HeadsetPhoneState( 7232): sendDeviceStateChanged. mService=1 mSignal=0 mRoam=0 mBatteryCharge=0
D/HeadsetPhoneState( 7232): sendDeviceStateChanged. mService=1 mSignal=5 mRoam=0 mBatteryCharge=0
D/HeadsetStateMachine( 7232): Disconnected process message: 11, size: 0
D/HeadsetStateMachine( 7232): Disconnected process message: 11, size: 0
D/HeadsetStateMachine( 7232): Disconnected process message: 10, size: 0
D/HeadsetPhoneState( 7232): sendDeviceStateChanged. mService=1 mSignal=5 mRoam=0 mBatteryCharge=1
D/HeadsetStateMachine( 7232): Disconnected process message: 11, size: 0
V/BluetoothMapService( 7232): Handler(): got msg=1
D/BluetoothAdapterState( 7232): CURRENT_STATE=PENDING, MESSAGE = STARTED, isTurningOn=true, isTurningOff=false
I/bluedroid( 7232): enable
I/bt_hci_bdroid( 7232): init
I/bt_vendor( 7232): bt-vendor : init
I/bt_vendor( 7232): bt-vendor : get_bt_soc_type
E/bt_vendor( 7232): get_bt_soc_type: Failed to get soc type
I/bt_vendor( 7232): init: Local BD Address : 23:67:02:5f:a4:f8
D/bt_userial_mct( 7232): userial_init
I/bt_vendor( 7232): bt-vendor : BT_VND_OP_POWER_CTRL: On
I/bt_vendor( 7232): bluetooth satus is on
I/bt_vendor( 7232): bt-vendor : resetting BT status
I/bt_vendor( 7232): Starting hciattach daemon
I/bt_vendor( 7232): try to set false
I/GKI_LINUX( 7232): gki_task_entry task_id=0 [BTU] starting
I/bt-btu ( 7232): btu_task pending for preload complete event
I/bt_vendor( 7232): Starting hciattach daemon
I/bt_vendor( 7232): try to set true
D/Telecom ( 1284): BluetoothPhoneService: handleMessage(7) w/ param 0
W/BroadcastQueueInjector( 844): Unable to launch app com.rhapsody.napster/10104 for broadcast Intent { act=android.bluetooth.adapter.action.STATE_CHANGED flg=0x14000010 (has extras) }: process is not permitted to autostart
W/BroadcastQueue( 844): Permission Denial: receiving Intent { act=android.bluetooth.adapter.action.STATE_CHANGED flg=0x14000010 (has extras) } to com.mi4ever.app.mi4everblog/com.appyet.receiver.CommonReceiver requires android.permission.BLUETOOTH due to sender android (uid 1000)
D/AuthorizationBluetoothService( 1530): Received Bluetooth event: Intent { act=android.bluetooth.adapter.action.STATE_CHANGED flg=0x14000010 cmp=com.google.android.gms/.auth.be.proximity.authorization.bt.AuthorizationBluetoothService$BluetoothStateChangeReceiver (has extras) }.
I/qcom-bluetooth( 7271): /system/etc/init.qcom.bt.sh: init.qcom.bt.sh config =
I/qcom-bluetooth( 7277): /system/etc/init.qcom.bt.sh: Transport : smd
I/qcom-bluetooth( 7278): /system/etc/init.qcom.bt.sh: ** Bluedroid stack **
I/qcom-bluetooth( 7280): /system/etc/init.qcom.bt.sh: Power Class: Ignored. Default(1) used (1-CLASS1/2-CLASS2/3-CUSTOM)
I/qcom-bluetooth( 7281): /system/etc/init.qcom.bt.sh: Power Class: To override, Before turning BT ON; setprop qcom.bt.dev_power_class <1 or 2 or 3>
I/qcom-bluetooth( 7282): /system/etc/init.qcom.bt.sh: LE Power Class: Ignored. Default(2) used (1-CLASS1/2-CLASS2/3-CUSTOM)
I/qcom-bluetooth( 7283): /system/etc/init.qcom.bt.sh: LE Power Class: To override, Before turning BT ON; setprop qcom.bt.le_dev_pwr_class <1 or 2 or 3>
E/Diag_Lib( 7285): Diag_LSM_Init: Failed to open handle to diag driver, error = 13
E/QMI_FW ( 7285): QMUXD: Service_id=228 not found over conn_id=0
E/QMI_FW ( 7285): QMUXD: Service_id=228 not found over conn_id=37
E/QMI_FW ( 7285): QMUXD: Service_id=228 not found over conn_id=0
E/QMI_FW ( 7285): QMUXD: Service_id=228 not found over conn_id=37
E/QMI_FW ( 7285): QMUXD: Service_id=228 not found over conn_id=0
E/QMI_FW ( 7285): QMUXD: Service_id=228 not found over conn_id=37
W/Atfwd_Sendcmd( 316): AtCmdFwd service not published, waiting... retryCnt : 2
E/QMI_FW ( 7285): QMUXD: Service_id=228 not found over conn_id=0
E/QMI_FW ( 7285): QMUXD: Service_id=228 not found over conn_id=37
E/QMI_FW ( 7285): QMUXD: Service_id=228 not found over conn_id=0
E/KLO_Stability( 2269): Not get wanted event from the watchset in 5000ms
I/KLO_Stability( 2269): start gathering logcat log...
I/KLO_Stability( 2269): gathering logcat log done
I/KLO_Stability( 2269): [am_crash][1440510083]:[844,0,com.android.bluetooth,13155909,Native crash,Segmentation fault,unknown,0]
E/QMI_FW ( 7285): QMUXD: Service_id=228 not found over conn_id=37
I/qcom-bluetooth( 7291): /system/etc/init.qcom.bt.sh: Bluetooth QSoC firmware download succeeded, /dev/ttyHS0 qualcomm-ibs 3000000 f8:a4:5f:02:67:23
I/qcom-bluetooth( 7292): /system/etc/init.qcom.bt.sh: ** Bluedroid stack **
I/bt_vendor( 7232): bluetooth satus is on
D/bt_userial_mct( 7232): userial_open(port:0)
I/bt_vendor( 7232): bt-vendor : BT_VND_OP_USERIAL_OPEN
I/bt_vendor( 7232): Done intiailizing UART
I/bt_vendor( 7232): Done intiailizing UART
I/bt_userial_mct( 7232): CMD=72, EVT=72, ACL_Out=73, ACL_In=73
I/bt_vendor( 7232): Bluetooth Firmware and transport layer are initialized
I/bt-btu ( 7232): btu_task received preload complete event
D/bt_userial_mct( 7232): Entering userial_read_thread()
W/bt-l2cap( 7232): L2CAP - L2CA_Register() called for PSM: 0x0001
W/bt-l2cap( 7232): L2CAP - L2CA_Register() called for PSM: 0x001f
W/bt-l2cap( 7232): L2CAP - L2CA_Register() called for PSM: 0x0003
W/bt-l2cap( 7232): L2CAP - L2CA_Register() called for PSM: 0x1487
F/libc ( 7232): Fatal signal 11 (SIGSEGV), code 1, fault addr 0x8 in tid 7268 (BTU)
I/DEBUG ( 6264): *** *** *** *** *** *** *** *** *** *** *** *** *** *** *** ***
I/DEBUG ( 6264): Build fingerprint: 'Xiaomi/aries/aries:5.0.2/LRX22G/5.8.20:user/release-keys'
I/DEBUG ( 6264): Revision: '0'
I/DEBUG ( 6264): ABI: 'arm'
I/DEBUG ( 6264): pid: 7232, tid: 7268, name: BTU >>> com.android.bluetooth <<<
I/DEBUG ( 6264): signal 11 (SIGSEGV), code 1 (SEGV_MAPERR), fault addr 0x8
I/DEBUG ( 6264): r0 a533fa48 r1 fffffae8 r2 a53665b8 r3 00000000
I/DEBUG ( 6264): r4 000003e8 r5 00000000 r6 000003e8 r7 a5375318
I/DEBUG ( 6264): r8 a5365d30 r9 a5034308 sl b6f1e785 fp a3deddb0
I/DEBUG ( 6264): ip 7ffffffe sp a3dedce0 lr a52b956f pc a52b95e2 cpsr 200f0030
I/DEBUG ( 6264):
I/DEBUG ( 6264): backtrace:
I/DEBUG ( 6264): #00 pc 000a45e2 /system/lib/hw/bluetooth.default.so (alarm_service_reschedule+125)
I/DEBUG ( 6264): #01 pc 000a445b /system/lib/hw/bluetooth.default.so (GKI_start_timer+150)
I/DEBUG ( 6264): #02 pc 000d96eb /system/lib/hw/bluetooth.default.so (btu_start_timer+66)
I/DEBUG ( 6264): #03 pc 0003a3a3 /system/lib/hw/bluetooth.default.so (BTE_InitStack+10)
I/DEBUG ( 6264): #04 pc 000d9a6b /system/lib/hw/bluetooth.default.so (btu_task+82)
I/DEBUG ( 6264): #05 pc 000a44c1 /system/lib/hw/bluetooth.default.so
I/DEBUG ( 6264): #06 pc 000137a3 /system/lib/libc.so (__pthread_start(void*)+30)
I/DEBUG ( 6264): #07 pc 00011883 /system/lib/libc.so (__start_thread+6)
I/Sensors ( 418): sns_pwr.c(307):releasing wakelock
I/Sensors ( 418): sns_pwr.c(279):acquiring wakelock
