E/BluetoothHeadset( 844): at com.android.server.BluetoothManagerService.bluetoothStateChangeHandler(BluetoothManagerService.java)
E/BluetoothHeadset( 844): at com.android.server.BluetoothManagerService.access$3200(BluetoothManagerService.java)
E/BluetoothHeadset( 844): at com.android.server.BluetoothManagerService$BluetoothHandler.handleMessage(BluetoothManagerService.java)
E/BluetoothHeadset( 844): at android.os.Handler.dispatchMessage(Handler.java)
E/BluetoothHeadset( 844): at android.os.Looper.loop(Looper.java)
E/BluetoothHeadset( 844): at android.os.HandlerThread.run(HandlerThread.java)
E/BluetoothHeadset( 844): at com.android.server.ServiceThread.run(ServiceThread.java)
I/libmc ( 2269): received event[index:0,mask:0x80,name:system_app_native_crash@1440510085463.txt]
D/BluetoothHeadset( 1302): onBluetoothStateChange: up=false
E/BluetoothHeadset( 1302):
E/BluetoothHeadset( 1302): java.lang.IllegalArgumentException: Service not registered: android.bluetooth.BluetoothHeadset$2@171bdf46
E/BluetoothHeadset( 1302): at android.app.LoadedApk.forgetServiceDispatcher(LoadedApk.java)
E/BluetoothHeadset( 1302): at android.app.ContextImpl.unbindService(ContextImpl.java)
E/BluetoothHeadset( 1302): at android.content.ContextWrapper.unbindService(ContextWrapper.java)
E/BluetoothHeadset( 1302): at android.bluetooth.BluetoothHeadset$1.onBluetoothStateChange(BluetoothHeadset.java)
E/BluetoothHeadset( 1302): at android.bluetooth.IBluetoothStateChangeCallback$Stub.onTransact(IBluetoothStateChangeCallback.java)
E/BluetoothHeadset( 1302): at android.os.Binder.execTransact(Binder.java)
D/BluetoothAdapter( 1063): 517947889: getState() : mService = null. Returning STATE_OFF
D/BluetoothAdapter( 1358): 173510713: getState() : mService = null. Returning STATE_OFF
D/ProcessObserver( 1640): onProcessDied, pid: 5344 uid: 1002
D/KeyguardViewMediator( 1063): action name: android.bluetooth.adapter.action.STATE_CHANGED
D/BluetoothPan( 1219): onBluetoothStateChange on: false
E/BluetoothPan( 1219):
E/BluetoothPan( 1219): java.lang.IllegalArgumentException: Service not registered: android.bluetooth.BluetoothPan$2@3bf2533c
E/BluetoothPan( 1219): at android.app.LoadedApk.forgetServiceDispatcher(LoadedApk.java)
E/BluetoothPan( 1219): at android.app.ContextImpl.unbindService(ContextImpl.java)
E/BluetoothPan( 1219): at android.content.ContextWrapper.unbindService(ContextWrapper.java)
E/BluetoothPan( 1219): at android.bluetooth.BluetoothPan$1.onBluetoothStateChange(BluetoothPan.java)
E/BluetoothPan( 1219): at android.bluetooth.IBluetoothStateChangeCallback$Stub.onTransact(IBluetoothStateChangeCallback.java)
E/BluetoothPan( 1219): at android.os.Binder.execTransact(Binder.java)
D/BluetoothMap( 1219): onBluetoothStateChange: up=false
E/BluetoothMap( 1219):
E/BluetoothMap( 1219): java.lang.IllegalArgumentException: Service not registered: android.bluetooth.BluetoothMap$2@37f1e8c5
E/BluetoothMap( 1219): at android.app.LoadedApk.forgetServiceDispatcher(LoadedApk.java)
E/BluetoothMap( 1219): at android.app.ContextImpl.unbindService(ContextImpl.java)
E/BluetoothMap( 1219): at android.content.ContextWrapper.unbindService(ContextWrapper.java)
E/BluetoothMap( 1219): at android.bluetooth.BluetoothMap$1.onBluetoothStateChange(BluetoothMap.java)
E/BluetoothMap( 1219): at android.bluetooth.IBluetoothStateChangeCallback$Stub.onTransact(IBluetoothStateChangeCallback.java)
E/BluetoothMap( 1219): at android.os.Binder.execTransact(Binder.java)
D/BluetoothInputDevice( 1219): onBluetoothStateChange: up=false
E/BluetoothInputDevice( 1219):
E/BluetoothInputDevice( 1219): java.lang.IllegalArgumentException: Service not registered: android.bluetooth.BluetoothInputDevice$2@3d6912f
E/BluetoothInputDevice( 1219): at android.app.LoadedApk.forgetServiceDispatcher(LoadedApk.java)
E/BluetoothInputDevice( 1219): at android.app.ContextImpl.unbindService(ContextImpl.java)
E/BluetoothInputDevice( 1219): at android.content.ContextWrapper.unbindService(ContextWrapper.java)
E/BluetoothInputDevice( 1219): at android.bluetooth.BluetoothInputDevice$1.onBluetoothStateChange(BluetoothInputDevice.java)
E/BluetoothInputDevice( 1219): at android.bluetooth.IBluetoothStateChangeCallback$Stub.onTransact(IBluetoothStateChangeCallback.java)
E/BluetoothInputDevice( 1219): at android.os.Binder.execTransact(Binder.java)
D/BluetoothHeadset( 1284): onBluetoothStateChange: up=false
E/BluetoothHeadset( 1284):
E/BluetoothHeadset( 1284): java.lang.IllegalArgumentException: Service not registered: android.bluetooth.BluetoothHeadset$2@315b80fe
E/BluetoothHeadset( 1284): at android.app.LoadedApk.forgetServiceDispatcher(LoadedApk.java)
E/BluetoothHeadset( 1284): at android.app.ContextImpl.unbindService(ContextImpl.java)
E/BluetoothHeadset( 1284): at android.content.ContextWrapper.unbindService(ContextWrapper.java)
E/BluetoothHeadset( 1284): at android.content.ContextWrapper.unbindService(ContextWrapper.java)
E/BluetoothHeadset( 1284): at android.bluetooth.BluetoothHeadset$1.onBluetoothStateChange(BluetoothHeadset.java)
E/BluetoothHeadset( 1284): at android.bluetooth.IBluetoothStateChangeCallback$Stub.onTransact(IBluetoothStateChangeCallback.java)
E/BluetoothHeadset( 1284): at android.os.Binder.execTransact(Binder.java)
D/BluetoothPbap( 1219): onBluetoothStateChange: up=false
D/Telecom ( 1284): BluetoothPhoneService: Bluetooth Adapter state: 13
W/ContextImpl( 1219): Calling a method in the system process without a qualified user: android.app.ContextImpl.startService:-1 android.content.ContextWrapper.startService:-1 android.content.ContextWrapper.startService:-1 com.android.settings.bluetooth.DockEventReceiver.e:134 com.android.settings.bluetooth.DockEventReceiver.onReceive:115
W/BroadcastQueueInjector( 844): System app: "com.android.bluetooth" started by broadcast Intent { act=android.bluetooth.adapter.action.STATE_CHANGED flg=0x14000010 (has extras) }
W/BroadcastQueue( 844): Unable to launch app com.android.bluetooth/1002 for broadcast Intent { act=android.bluetooth.adapter.action.STATE_CHANGED flg=0x14000010 (has extras) }: process is bad
E/BluetoothPbap( 1219):
E/BluetoothPbap( 1219): java.lang.IllegalArgumentException: Service not registered: android.bluetooth.BluetoothPbap$2@144a521a
E/BluetoothPbap( 1219): at android.app.LoadedApk.forgetServiceDispatcher(LoadedApk.java)
E/BluetoothPbap( 1219): at android.app.ContextImpl.unbindService(ContextImpl.java)
E/BluetoothPbap( 1219): at android.content.ContextWrapper.unbindService(ContextWrapper.java)
E/BluetoothPbap( 1219): at android.bluetooth.BluetoothPbap$1.onBluetoothStateChange(BluetoothPbap.java)
E/BluetoothPbap( 1219): at android.bluetooth.IBluetoothStateChangeCallback$Stub.onTransact(IBluetoothStateChangeCallback.java)
E/BluetoothPbap( 1219): at android.os.Binder.execTransact(Binder.java)
D/BluetoothA2dp( 844): onBluetoothStateChange: up=false
E/BluetoothA2dp( 844):
E/BluetoothA2dp( 844): java.lang.IllegalArgumentException: Service not registered: android.bluetooth.BluetoothA2dp$2@1d8635f7
E/BluetoothA2dp( 844): at android.app.LoadedApk.forgetServiceDispatcher(LoadedApk.java)
E/BluetoothA2dp( 844): at android.app.ContextImpl.unbindService(ContextImpl.java)
E/BluetoothA2dp( 844): at android.bluetooth.BluetoothA2dp$1.onBluetoothStateChange(BluetoothA2dp.java)
E/BluetoothA2dp( 844): at com.android.server.BluetoothManagerService.sendBluetoothStateCallback(BluetoothManagerService.java)
E/BluetoothA2dp( 844): at com.android.server.BluetoothManagerService.bluetoothStateChangeHandler(BluetoothManagerService.java)
E/BluetoothA2dp( 844): at com.android.server.BluetoothManagerService.access$3200(BluetoothManagerService.java)
E/BluetoothA2dp( 844): at com.android.server.BluetoothManagerService$BluetoothHandler.handleMessage(BluetoothManagerService.java)
E/BluetoothA2dp( 844): at android.os.Handler.dispatchMessage(Handler.java)
E/BluetoothA2dp( 844): at android.os.Looper.loop(Looper.java)
E/BluetoothA2dp( 844): at android.os.HandlerThread.run(HandlerThread.java)
E/BluetoothA2dp( 844): at com.android.server.ServiceThread.run(ServiceThread.java)
D/BluetoothHeadset( 1284): onBluetoothStateChange: up=false
E/BluetoothHeadset( 1284):
E/BluetoothHeadset( 1284): java.lang.IllegalArgumentException: Service not registered: android.bluetooth.BluetoothHeadset$2@1845c947
E/BluetoothHeadset( 1284): at android.app.LoadedApk.forgetServiceDispatcher(LoadedApk.java)
E/BluetoothHeadset( 1284): at android.app.ContextImpl.unbindService(ContextImpl.java)
E/BluetoothHeadset( 1284): at android.content.ContextWrapper.unbindService(ContextWrapper.java)
E/BluetoothHeadset( 1284): at android.bluetooth.BluetoothHeadset$1.onBluetoothStateChange(BluetoothHeadset.java)
E/BluetoothHeadset( 1284): at android.bluetooth.IBluetoothStateChangeCallback$Stub.onTransact(IBluetoothStateChangeCallback.java)
E/BluetoothHeadset( 1284): at android.os.Binder.execTransact(Binder.java)
D/BluetoothManagerService( 844): Bluetooth State Change Intent: 13 -> 10
D/DockEventReceiver( 1219): finishStartingService: stopping service
D/BluetoothAdapter( 1063): 517947889: getState() : mService = null. Returning STATE_OFF
D/BluetoothAdapter( 1358): 173510713: getState() : mService = null. Returning STATE_OFF
D/KeyguardViewMediator( 1063): action name: android.bluetooth.adapter.action.STATE_CHANGED
W/BroadcastQueueInjector( 844): System app: "com.android.bluetooth" started by broadcast Intent { act=android.bluetooth.adapter.action.STATE_CHANGED flg=0x14000010 (has extras) }
W/BroadcastQueue( 844): Unable to launch app com.android.bluetooth/1002 for broadcast Intent { act=android.bluetooth.adapter.action.STATE_CHANGED flg=0x14000010 (has extras) }: process is bad
W/BroadcastQueueInjector( 844): System app: "com.android.bluetooth" started by broadcast Intent { act=android.bluetooth.adapter.action.STATE_CHANGED flg=0x14000010 (has extras) }
W/BroadcastQueue( 844): Unable to launch app com.android.bluetooth/1002 for broadcast Intent { act=android.bluetooth.adapter.action.STATE_CHANGED flg=0x14000010 (has extras) }: process is bad
W/BroadcastQueueInjector( 844): System app: "com.android.bluetooth" started by broadcast Intent { act=android.bluetooth.adapter.action.STATE_CHANGED flg=0x14000010 (has extras) }
W/BroadcastQueue( 844): Unable to launch app com.android.bluetooth/1002 for broadcast Intent { act=android.bluetooth.adapter.action.STATE_CHANGED flg=0x14000010 (has extras) }: process is bad
W/BroadcastQueueInjector( 844): System app: "org.codeaurora.bluetooth" started by broadcast Intent { act=android.bluetooth.adapter.action.STATE_CHANGED flg=0x14000010 (has extras) }
W/BroadcastQueue( 844): Unable to launch app org.codeaurora.bluetooth/1002 for broadcast Intent { act=android.bluetooth.adapter.action.STATE_CHANGED flg=0x14000010 (has extras) }: process is bad
W/BroadcastQueueInjector( 844): System app: "org.codeaurora.bluetooth" started by broadcast Intent { act=android.bluetooth.adapter.action.STATE_CHANGED flg=0x14000010 (has extras) }
W/BroadcastQueue( 844): Unable to launch app org.codeaurora.bluetooth/1002 for broadcast Intent { act=android.bluetooth.adapter.action.STATE_CHANGED flg=0x14000010 (has extras) }: process is bad
D/Telecom ( 1284): BluetoothPhoneService: Bluetooth Adapter state: 10
D/AuthorizationBluetoothService( 1530): Received Bluetooth event: Intent { act=android.bluetooth.adapter.action.STATE_CHANGED flg=0x14000010 cmp=com.google.android.gms/.auth.be.proximity.authorization.bt.AuthorizationBluetoothService$BluetoothStateChangeReceiver (has extras) }.
W/BroadcastQueueInjector( 844): System app: "org.codeaurora.bluetooth" started by broadcast Intent { act=android.bluetooth.adapter.action.STATE_CHANGED flg=0x14000010 (has extras) }
W/BroadcastQueue( 844): Unable to launch app org.codeaurora.bluetooth/1002 for broadcast Intent { act=android.bluetooth.adapter.action.STATE_CHANGED flg=0x14000010 (has extras) }: process is bad
W/BroadcastQueueInjector( 844): Unable to launch app com.rhapsody.napster/10104 for broadcast Intent { act=android.bluetooth.adapter.action.STATE_CHANGED flg=0x14000010 (has extras) }: process is not permitted to autostart
W/BroadcastQueue( 844): Permission Denial: receiving Intent { act=android.bluetooth.adapter.action.STATE_CHANGED flg=0x14000010 (has extras) } to com.mi4ever.app.mi4everblog/com.appyet.receiver.CommonReceiver requires android.permission.BLUETOOTH due to sender android (uid 1000)
W/ContextImpl( 1219): Calling a method in the system process without a qualified user: android.app.ContextImpl.startService:-1 android.content.ContextWrapper.startService:-1 android.content.ContextWrapper.startService:-1 com.android.settings.bluetooth.DockEventReceiver.e:134 com.android.settings.bluetooth.DockEventReceiver.onReceive:115
D/DockEventReceiver( 1219): finishStartingService: stopping service
W/BroadcastQueueInjector( 844): System app: "com.android.bluetooth" started by broadcast Intent { act=android.bluetooth.adapter.action.STATE_CHANGED flg=0x14000010 (has extras) }
W/BroadcastQueue( 844): Unable to launch app com.android.bluetooth/1002 for broadcast Intent { act=android.bluetooth.adapter.action.STATE_CHANGED flg=0x14000010 (has extras) }: process is bad
W/BroadcastQueueInjector( 844): System app: "com.android.bluetooth" started by broadcast Intent { act=android.bluetooth.adapter.action.STATE_CHANGED flg=0x14000010 (has extras) }
W/BroadcastQueue( 844): Unable to launch app com.android.bluetooth/1002 for broadcast Intent { act=android.bluetooth.adapter.action.STATE_CHANGED flg=0x14000010 (has extras) }: process is bad
W/BroadcastQueueInjector( 844): System app: "com.android.bluetooth" started by broadcast Intent { act=android.bluetooth.adapter.action.STATE_CHANGED flg=0x14000010 (has extras) }
W/BroadcastQueue( 844): Unable to launch app com.android.bluetooth/1002 for broadcast Intent { act=android.bluetooth.adapter.action.STATE_CHANGED flg=0x14000010 (has extras) }: process is bad
W/BroadcastQueueInjector( 844): System app: "com.android.bluetooth" started by broadcast Intent { act=android.bluetooth.adapter.action.STATE_CHANGED flg=0x14000010 (has extras) }
W/BroadcastQueue( 844): Unable to launch app com.android.bluetooth/1002 for broadcast Intent { act=android.bluetooth.adapter.action.STATE_CHANGED flg=0x14000010 (has extras) }: process is bad
W/BroadcastQueueInjector( 844): System app: "org.codeaurora.bluetooth" started by broadcast Intent { act=android.bluetooth.adapter.action.STATE_CHANGED flg=0x14000010 (has extras) }
W/BroadcastQueue( 844): Unable to launch app org.codeaurora.bluetooth/1002 for broadcast Intent { act=android.bluetooth.adapter.action.STATE_CHANGED flg=0x14000010 (has extras) }: process is bad
W/BroadcastQueueInjector( 844): System app: "org.codeaurora.bluetooth" started by broadcast Intent { act=android.bluetooth.adapter.action.STATE_CHANGED flg=0x14000010 (has extras) }
W/BroadcastQueue( 844): Unable to launch app org.codeaurora.bluetooth/1002 for broadcast Intent { act=android.bluetooth.adapter.action.STATE_CHANGED flg=0x14000010 (has extras) }: process is bad
W/BroadcastQueueInjector( 844): System app: "org.codeaurora.bluetooth" started by broadcast Intent { act=android.bluetooth.adapter.action.STATE_CHANGED flg=0x14000010 (has extras) }
W/BroadcastQueue( 844): Unable to launch app org.codeaurora.bluetooth/1002 for broadcast Intent { act=android.bluetooth.adapter.action.STATE_CHANGED flg=0x14000010 (has extras) }: process is bad
W/BroadcastQueueInjector( 844): Unable to launch app com.rhapsody.napster/10104 for broadcast Intent { act=android.bluetooth.adapter.action.STATE_CHANGED flg=0x14000010 (has extras) }: process is not permitted to autostart
W/BroadcastQueue( 844): Permission Denial: receiving Intent { act=android.bluetooth.adapter.action.STATE_CHANGED flg=0x14000010 (has extras) } to com.mi4ever.app.mi4everblog/com.appyet.receiver.CommonReceiver requires android.permission.BLUETOOTH due to sender android (uid 1000)
D/AuthorizationBluetoothService( 1530): Received Bluetooth event: Intent { act=android.bluetooth.adapter.action.STATE_CHANGED flg=0x14000010 cmp=com.google.android.gms/.auth.be.proximity.authorization.bt.AuthorizationBluetoothService$BluetoothStateChangeReceiver (has extras) }.
D/BluetoothManagerService( 844): Message: 42
D/BluetoothManagerService( 844): MESSAGE_RESTART_BLUETOOTH_SERVICE: Restart IBluetooth service
D/WhetstoneStrategy( 1322): [ALLOW] [service] callerPackage com.android.settings start process with Intent { cmp=com.android.bluetooth/.btservice.AdapterService }
I/ActivityManager( 844): Start proc com.android.bluetooth for service com.android.bluetooth/.btservice.AdapterService: pid=5353 uid=1002 gids={41002, 9997, 3003, 3002, 3001, 1028, 1015, 3005, 1016, 3008, 1023} abi=armeabi-v7a
V/ProcessObserver( 1640): onProcessStateChanged
V/LocationPolicy( 844): onProcessStateChanged
W/ResourcesManager( 5353): Asset path '/system/framework/javax.btobex.jar' does not exist or contains no resources.
D/miuisdk ( 5353): current sdk level is 2
D/AdapterServiceConfig( 5353): Adding HeadsetService
D/AdapterServiceConfig( 5353): Adding A2dpService
D/AdapterServiceConfig( 5353): Adding HidService
D/AdapterServiceConfig( 5353): Adding HealthService
D/AdapterServiceConfig( 5353): Adding PanService
D/AdapterServiceConfig( 5353): Adding GattService
D/AdapterServiceConfig( 5353): Adding BluetoothMapService
D/BluetoothManagerService( 844): Message: 20
D/BluetoothManagerService( 844): Added callback: android.bluetooth.IBluetoothManagerCallback$Stub$Proxy@10bf9f15:true
D/BluetoothAdapterState( 5353): make
I/bluedroid( 5353): init
I/BluetoothAdapterState( 5353): Entering OffState
I/bte_conf( 5353): bte_load_conf attempt to load stack conf from /etc/bluetooth/bt_stack.conf
I/bte_conf( 5353): bte_load_ble_conf attempt to load ble stack conf from /etc/bluetooth/ble_stack.conf
E/bt_osi_config( 5353): config_new unable to open file '/etc/bluetooth/ble_stack.conf': No such file or directory
I/bte_conf( 5353): bte_load_ble_conf file >/etc/bluetooth/ble_stack.conf< not found
I/GKI_LINUX( 5353): gki_task_entry task_id=1 [BTIF] starting
E/GKI_LINUX( 5353): GKI_exception(): Task State Table
E/GKI_LINUX( 5353): TASK ID [0] task name [(null)] state [0]
E/GKI_LINUX( 5353): TASK ID [1] task name [BTIF] state [1]
E/GKI_LINUX( 5353): TASK ID [2] task name [(null)] state [0]
E/GKI_LINUX( 5353): GKI_exception 65531 Sending to unknown dest
E/GKI_LINUX( 5353): ********************************************************************
E/GKI_LINUX( 5353): * GKI_exception(): 65531 Sending to unknown dest
E/GKI_LINUX( 5353): ********************************************************************
I/bluedroid( 5353): get_profile_interface socket
I/bluedroid( 5353): get_profile_interface map_client
D/BluetoothManagerService( 844): BluetoothServiceConnection: com.android.bluetooth.btservice.AdapterService
D/BluetoothManagerService( 844): Message: 40
D/BluetoothManagerService( 844): MESSAGE_BLUETOOTH_SERVICE_CONNECTED: 1
I/bluedroid( 5353): config_hci_snoop_log
D/BluetoothManagerService( 844): Calling onBluetoothServiceUp callbacks
D/BluetoothManagerService( 844): Broadcasting onBluetoothServiceUp() to 8 receivers.
D/BluetoothAdapterProperties( 5353): Address is:F8:A4:5F:02:67:23
D/BluetoothAdapterState( 5353): CURRENT_STATE=OFF, MESSAGE = USER_TURN_ON
D/BluetoothManagerService( 844): Bluetooth Adapter name changed to Mi Phone
D/BluetoothAdapterProperties( 5353): Name is: Mi Phone
D/BluetoothAdapterProperties( 5353): Setting state to 11
I/BluetoothAdapterState( 5353): Bluetooth adapter state changed: 10-> 11
D/BluetoothManagerService( 844): Stored Bluetooth name: Mi Phone
D/BluetoothManagerService( 844): Message: 60
D/BluetoothManagerService( 844): MESSAGE_BLUETOOTH_STATE_CHANGE: prevState = 10, newState=11
D/BluetoothManagerService( 844): Bluetooth State Change Intent: 10 -> 11
D/BluetoothBondStateMachine( 5353): make
D/KeyguardViewMediator( 1063): action name: android.bluetooth.adapter.action.STATE_CHANGED
D/Telecom ( 1284): BluetoothPhoneService: Bluetooth Adapter state: 11
E/BTEventHandler( 5353): A4WP is not supported
D/BluetoothAdapterService( 5353): checkA2dpState: isA2dpSinkEnabled = false
E/BluetoothAdapterService( 5353): checkA2dpState: returning
D/BluetoothAdapterService( 5353): checkHidState: isHidDev = false
E/BluetoothAdapterService( 5353): checkHidState: returning
D/BluetoothAdapterService( 5353): checkHfpState: isHfpClientEnabled = false
E/BluetoothAdapterService( 5353): checkHfpState: returning
I/BluetoothBondStateMachine( 5353): StableState(): Entering Off State
D/HeadsetService( 5353): Received start request. Starting profile...
W/ResourcesManager( 5353): Asset path '/system/framework/javax.obex.jar' does not exist or contains no resources.
I/BluetoothHeadsetServiceJni( 5353): classInitNative: succeeds
D/HeadsetStateMachine( 5353): Version 1.6
D/HeadsetStateMachine( 5353): make
I/BluetoothAdapterState( 5353): Entering PendingCommandState State: isTurningOn()=true, isTurningOff()=false
E/HeadsetStateMachine( 5353): Could not bind to Bluetooth Headset Voip Phone Service
D/HeadsetStateMachine( 5353): max_hf_connections = 1
I/bluedroid( 5353): get_profile_interface handsfree
D/HeadsetStateMachine( 5353): Enter Disconnected: -2, size: 0
D/BluetoothAdapterService( 5353): getAdapterService() - returning com.android.bluetooth.btservice.AdapterService@167dc37b
D/A2dpService( 5353): Received start request. Starting profile...
I/BluetoothAvrcpServiceJni( 5353): classInitNative: succeeds
V/Avrcp ( 5353): make
V/Avrcp ( 5353): Avrcp
I/bluedroid( 5353): get_profile_interface avrcp
V/Avrcp ( 5353): start
V/Avrcp ( 5353): registerMediaPlayers
V/Avrcp ( 5353): MediaPlayerInfo: mPlayerId = 1
V/Avrcp ( 5353): mMajorPlayerType = 1 mPlayerSubType = 0
V/Avrcp ( 5353): mPlayState = 2 mCharsetId = 106
V/Avrcp ( 5353): mPlayerPackageName = com.android.music mDisplayableNameLength = 5
V/Avrcp ( 5353): mItemLength = 33 mEntryLength = 34
V/Avrcp ( 5353): mFeatureMask =
V/Avrcp ( 5353): mFeatureMask[0] = 0
V/Avrcp ( 5353): mFeatureMask[1] = 0
V/Avrcp ( 5353): mFeatureMask[2] = 0
V/Avrcp ( 5353): mFeatureMask[3] = 0
V/Avrcp ( 5353): mFeatureMask[4] = 12
V/Avrcp ( 5353): mFeatureMask[5] = 55
V/Avrcp ( 5353): mFeatureMask[6] = 0
V/Avrcp ( 5353): mFeatureMask[7] = 141
V/Avrcp ( 5353): mFeatureMask[8] = 2
V/Avrcp ( 5353): mFeatureMask[9] = 0
V/Avrcp ( 5353): mFeatureMask[10] = 0
V/Avrcp ( 5353): mFeatureMask[11] = 0
V/Avrcp ( 5353): mFeatureMask[12] = 0
V/Avrcp ( 5353): mFeatureMask[13] = 0
V/Avrcp ( 5353): mFeatureMask[14] = 0
V/Avrcp ( 5353): mFeatureMask[15] = 0
V/Avrcp ( 5353): mDisplayableName=
V/Avrcp ( 5353): mDisplayableName[0] = 77
V/Avrcp ( 5353): mDisplayableName[1] = 117
V/Avrcp ( 5353): mDisplayableName[2] = 115
V/Avrcp ( 5353): mDisplayableName[3] = 105
V/Avrcp ( 5353): mDisplayableName[4] = 99
V/Avrcp ( 5353): MediaPlayerInfo: mPlayerId = 2
V/Avrcp ( 5353): mMajorPlayerType = 1 mPlayerSubType = 0
V/Avrcp ( 5353): mPlayState = 2 mCharsetId = 106
V/Avrcp ( 5353): mPlayerPackageName = com.google.android.music mDisplayableNameLength = 6
V/Avrcp ( 5353): mItemLength = 34 mEntryLength = 35
V/Avrcp ( 5353): mFeatureMask =
V/Avrcp ( 5353): mFeatureMask[0] = 0
V/Avrcp ( 5353): mFeatureMask[1] = 0
V/Avrcp ( 5353): mFeatureMask[2] = 0
V/Avrcp ( 5353): mFeatureMask[3] = 0
V/Avrcp ( 5353): mFeatureMask[4] = 12
V/Avrcp ( 5353): mFeatureMask[5] = 55
V/Avrcp ( 5353): mFeatureMask[6] = 0
V/Avrcp ( 5353): mFeatureMask[7] = 5
V/Avrcp ( 5353): mFeatureMask[8] = 0
V/Avrcp ( 5353): mFeatureMask[9] = 0
V/Avrcp ( 5353): mFeatureMask[10] = 0
V/Avrcp ( 5353): mFeatureMask[11] = 0
V/Avrcp ( 5353): mFeatureMask[12] = 0
V/Avrcp ( 5353): mFeatureMask[13] = 0
V/Avrcp ( 5353): mFeatureMask[14] = 0
V/Avrcp ( 5353): mFeatureMask[15] = 0
V/Avrcp ( 5353): mDisplayableName=
V/Avrcp ( 5353): mDisplayableName[0] = 77
V/Avrcp ( 5353): mDisplayableName[1] = 117
V/Avrcp ( 5353): mDisplayableName[2] = 115
V/Avrcp ( 5353): mDisplayableName[3] = 105
V/Avrcp ( 5353): mDisplayableName[4] = 99
V/Avrcp ( 5353): mDisplayableName[5] = 50
V/AudioService( 844): updateRemoteControllerOnExistingMediaPlayers: size of Player list: 0
E/AudioService( 844): No RCC entry present to update
E/RemoteController( 5353): Cannot set synchronization mode on an unregistered RemoteController
I/BluetoothA2dpServiceJni( 5353): classInitNative: succeeds
D/A2dpStateMachine( 5353): make
I/bluedroid( 5353): get_profile_interface a2dp
I/GKI_LINUX( 5353): gki_task_entry task_id=2 [A2DP-MEDIA] starting
D/bt-btif ( 5353): btif_av_state_idle_handler event:BTIF_SM_ENTER_EVT flags 0
D/A2dpService( 5353): setA2dpService(): set to: null
D/BluetoothAdapterService( 5353): getAdapterService() - returning com.android.bluetooth.btservice.AdapterService@167dc37b
D/A2dpStateMachine( 5353): Enter Disconnected: -2
I/BluetoothHidServiceJni( 5353): classInitNative: succeeds
D/HidService( 5353): Received start request. Starting profile...
I/bluedroid( 5353): get_profile_interface hidhost
D/BluetoothAdapterService( 5353): getAdapterService() - returning com.android.bluetooth.btservice.AdapterService@167dc37b
I/BluetoothHealthServiceJni( 5353): classInitNative: succeeds
D/HealthService( 5353): Received start request. Starting profile...
I/bluedroid( 5353): get_profile_interface health
D/BluetoothAdapterService( 5353): getAdapterService() - returning com.android.bluetooth.btservice.AdapterService@167dc37b
V/BluetoothSapReceiver( 5353): SapReceiver onReceive
V/BluetoothSapReceiver( 5353): action = android.bluetooth.adapter.action.STATE_CHANGED
V/BluetoothSapReceiver( 5353): Bluetooth Adapter state = 11
I/BluetoothPanServiceJni( 5353): classInitNative(L105): succeeds
D/PanService( 5353): Received start request. Starting profile...
D/BluetoothPanServiceJni( 5353): initializeNative(L110): pan
I/bluedroid( 5353): get_profile_interface pan
D/BluetoothAdapterService( 5353): getAdapterService() - returning com.android.bluetooth.btservice.AdapterService@167dc37b
D/BtGatt.GattService( 5353): classInitNative called
I/BtGatt.JNI( 5353): classInitNative(L863): classInitNative: Success!
D/BtGatt.DebugUtils( 5353): handleDebugAction() action=null
D/BtGatt.GattService( 5353): Received start request. Starting profile...
D/BtGatt.GattService( 5353): start()
I/bluedroid( 5353): get_profile_interface gatt
D/BtGatt.AdvertiseManager( 5353): advertise manager created
D/BluetoothAdapterService( 5353): getAdapterService() - returning com.android.bluetooth.btservice.AdapterService@167dc37b
D/BluetoothMapService( 5353): inside BluetoothMapObexConnection
D/BluetoothMapService( 5353): supportedMessageTypes 14
D/BluetoothMapService( 5353): masId 0
D/BluetoothMapService( 5353): inside BluetoothMapObexConnection
D/BluetoothMapService( 5353): supportedMessageTypes 1
D/BluetoothMapService( 5353): masId 1
D/BluetoothMapService( 5353): Inside initBinder
D/BluetoothMapService( 5353): Received start request. Starting profile...
D/BluetoothMapService( 5353): start()
D/BluetoothMapService( 5353): Registering observer
D/BluetoothAdapterService( 5353): getAdapterService() - returning com.android.bluetooth.btservice.AdapterService@167dc37b
D/HeadsetPhoneState( 5353): sendDeviceStateChanged. mService=1 mSignal=0 mRoam=0 mBatteryCharge=0
D/HeadsetStateMachine( 5353): Disconnected process message: 11, size: 0
D/HeadsetStateMachine( 5353): Disconnected process message: 10, size: 0
D/HeadsetPhoneState( 5353): sendDeviceStateChanged. mService=1 mSignal=5 mRoam=0 mBatteryCharge=1
D/HeadsetPhoneState( 5353): sendDeviceStateChanged. mService=1 mSignal=0 mRoam=0 mBatteryCharge=1
D/HeadsetStateMachine( 5353): Disconnected process message: 11, size: 0
D/HeadsetStateMachine( 5353): Disconnected process message: 11, size: 0
V/BluetoothMapService( 5353): Handler(): got msg=1
I/Telecom ( 1284): BluetoothPhoneService: queryPhoneState
D/Telecom ( 1284): BluetoothPhoneService: handleMessage(7) w/ param 0
W/BroadcastQueueInjector( 844): Unable to launch app com.rhapsody.napster/10104 for broadcast Intent { act=android.bluetooth.adapter.action.STATE_CHANGED flg=0x14000010 (has extras) }: process is not permitted to autostart
D/BluetoothAdapterState( 5353): CURRENT_STATE=PENDING, MESSAGE = STARTED, isTurningOn=true, isTurningOff=false
I/bluedroid( 5353): enable
I/bt_hci_bdroid( 5353): init
D/AuthorizationBluetoothService( 1530): Received Bluetooth event: Intent { act=android.bluetooth.adapter.action.STATE_CHANGED flg=0x14000010 cmp=com.google.android.gms/.auth.be.proximity.authorization.bt.AuthorizationBluetoothService$BluetoothStateChangeReceiver (has extras) }.
I/bt_vendor( 5353): bt-vendor : init
I/bt_vendor( 5353): bt-vendor : get_bt_soc_type
E/bt_vendor( 5353): get_bt_soc_type: Failed to get soc type
I/bt_vendor( 5353): init: Local BD Address : 23:67:02:5f:a4:f8
D/bt_userial_mct( 5353): userial_init
I/GKI_LINUX( 5353): gki_task_entry task_id=0 [BTU] starting
I/bt-btu ( 5353): btu_task pending for preload complete event
I/bt_vendor( 5353): bt-vendor : BT_VND_OP_POWER_CTRL: On
I/bt_vendor( 5353): bluetooth satus is on
I/bt_vendor( 5353): bt-vendor : resetting BT status
I/bt_vendor( 5353): Starting hciattach daemon
I/bt_vendor( 5353): try to set false
I/bt_vendor( 5353): Starting hciattach daemon
I/bt_vendor( 5353): try to set true
W/BroadcastQueue( 844): Permission Denial: receiving Intent { act=android.bluetooth.adapter.action.STATE_CHANGED flg=0x14000010 (has extras) } to com.mi4ever.app.mi4everblog/com.appyet.receiver.CommonReceiver requires android.permission.BLUETOOTH due to sender android (uid 1000)
I/qcom-bluetooth( 5390): /system/etc/init.qcom.bt.sh: init.qcom.bt.sh config =
I/qcom-bluetooth( 5396): /system/etc/init.qcom.bt.sh: Transport : smd
I/qcom-bluetooth( 5397): /system/etc/init.qcom.bt.sh: ** Bluedroid stack **
I/qcom-bluetooth( 5399): /system/etc/init.qcom.bt.sh: Power Class: Ignored. Default(1) used (1-CLASS1/2-CLASS2/3-CUSTOM)
I/qcom-bluetooth( 5400): /system/etc/init.qcom.bt.sh: Power Class: To override, Before turning BT ON; setprop qcom.bt.dev_power_class <1 or 2 or 3>
I/qcom-bluetooth( 5401): /system/etc/init.qcom.bt.sh: LE Power Class: Ignored. Default(2) used (1-CLASS1/2-CLASS2/3-CUSTOM)
I/qcom-bluetooth( 5402): /system/etc/init.qcom.bt.sh: LE Power Class: To override, Before turning BT ON; setprop qcom.bt.le_dev_pwr_class <1 or 2 or 3>
E/Diag_Lib( 5404): Diag_LSM_Init: Failed to open handle to diag driver, error = 13
E/QMI_FW ( 5404): QMUXD: Service_id=228 not found over conn_id=0
E/QMI_FW ( 5404): QMUXD: Service_id=228 not found over conn_id=37
E/QMI_FW ( 5404): QMUXD: Service_id=228 not found over conn_id=0
E/QMI_FW ( 5404): QMUXD: Service_id=228 not found over conn_id=37
E/QMI_FW ( 5404): QMUXD: Service_id=228 not found over conn_id=0
E/QMI_FW ( 5404): QMUXD: Service_id=228 not found over conn_id=37
E/QMI_FW ( 5404): QMUXD: Service_id=228 not found over conn_id=0
E/QMI_FW ( 5404): QMUXD: Service_id=228 not found over conn_id=37
E/QMI_FW ( 5404): QMUXD: Service_id=228 not found over conn_id=0
E/QMI_FW ( 5404): QMUXD: Service_id=228 not found over conn_id=37
I/qcom-bluetooth( 5411): /system/etc/init.qcom.bt.sh: Bluetooth QSoC firmware download succeeded, /dev/ttyHS0 qualcomm-ibs 3000000 f8:a4:5f:02:67:23
I/qcom-bluetooth( 5412): /system/etc/init.qcom.bt.sh: ** Bluedroid stack **
I/bt_vendor( 5353): bluetooth satus is on
D/bt_userial_mct( 5353): userial_open(port:0)
I/bt_vendor( 5353): bt-vendor : BT_VND_OP_USERIAL_OPEN
I/bt_vendor( 5353): Done intiailizing UART
I/bt_vendor( 5353): Done intiailizing UART
I/bt_userial_mct( 5353): CMD=72, EVT=72, ACL_Out=73, ACL_In=73
I/bt_vendor( 5353): Bluetooth Firmware and transport layer are initialized
I/bt-btu ( 5353): btu_task received preload complete event
W/bt-l2cap( 5353): L2CAP - L2CA_Register() called for PSM: 0x0001
W/bt-l2cap( 5353): L2CAP - L2CA_Register() called for PSM: 0x001f
W/bt-l2cap( 5353): L2CAP - L2CA_Register() called for PSM: 0x0003
W/bt-l2cap( 5353): L2CAP - L2CA_Register() called for PSM: 0x1487
F/libc ( 5353): Fatal signal 11 (SIGSEGV), code 1, fault addr 0x8 in tid 5387 (BTU)
D/bt_userial_mct( 5353): Entering userial_read_thread()
I/DEBUG ( 5170): *** *** *** *** *** *** *** *** *** *** *** *** *** *** *** ***
I/DEBUG ( 5170): Build fingerprint: 'Xiaomi/aries/aries:5.0.2/LRX22G/5.8.20:user/release-keys'
I/DEBUG ( 5170): Revision: '0'
I/DEBUG ( 5170): ABI: 'arm'
I/DEBUG ( 5170): pid: 5353, tid: 5387, name: BTU >>> com.android.bluetooth <<<
I/DEBUG ( 5170): signal 11 (SIGSEGV), code 1 (SEGV_MAPERR), fault addr 0x8
I/DEBUG ( 5170): r0 a533fa48 r1 fffffae8 r2 a53665b8 r3 00000000
I/DEBUG ( 5170): r4 000003e8 r5 00000000 r6 000003e8 r7 a5375318
I/DEBUG ( 5170): r8 a5365d30 r9 a5034308 sl b6f1e785 fp a3deddb0
I/DEBUG ( 5170): ip 7ffffffe sp a3dedce0 lr a52b956f pc a52b95e2 cpsr 200f0030
I/DEBUG ( 5170):
I/DEBUG ( 5170): backtrace:
I/DEBUG ( 5170): #00 pc 000a45e2 /system/lib/hw/bluetooth.default.so (alarm_service_reschedule+125)
I/DEBUG ( 5170): #01 pc 000a445b /system/lib/hw/bluetooth.default.so (GKI_start_timer+150)
I/DEBUG ( 5170): #02 pc 000d96eb /system/lib/hw/bluetooth.default.so (btu_start_timer+66)
I/DEBUG ( 5170): #03 pc 0003a3a3 /system/lib/hw/bluetooth.default.so (BTE_InitStack+10)
I/DEBUG ( 5170): #04 pc 000d9a6b /system/lib/hw/bluetooth.default.so (btu_task+82)
I/DEBUG ( 5170): #05 pc 000a44c1 /system/lib/hw/bluetooth.default.so
I/DEBUG ( 5170): #06 pc 000137a3 /system/lib/libc.so (__pthread_start(void*)+30)
I/DEBUG ( 5170): #07 pc 00011883 /system/lib/libc.so (__start_thread+6)
D/TelephonyNetworkFactory1( 1302): update networkCapabilites for subId = 1
D/TelephonyNetworkFactory1( 1302): INTERNET capability is with subId = 1
D/TelephonyNetworkFactory1( 1302): Ready to handle network requests
D/PhoneApp( 1302): mReceiver: ACTION_ANY_DATA_CONNECTION_STATE_CHANGED- state: DISCONNECTED- reason: nwTypeChanged
D/PhoneApp( 1302): mReceiver: ACTION_ANY_DATA_CONNECTION_STATE_CHANGED- state: DISCONNECTED- reason: nwTypeChanged
D/PhoneApp( 1302): mReceiver: ACTION_ANY_DATA_CONNECTION_STATE_CHANGED- state: DISCONNECTED- reason: nwTypeChanged
D/PhoneApp( 1302): mReceiver: ACTION_ANY_DATA_CONNECTION_STATE_CHANGED- state: DISCONNECTED- reason: nwTypeChanged
D/PhoneApp( 1302): mReceiver: ACTION_ANY_DATA_CONNECTION_STATE_CHANGED- state: DISCONNECTED- reason: nwTypeChanged
D/PhoneApp( 1302): mReceiver: ACTION_ANY_DATA_CONNECTION_STATE_CHANGED- state: DISCONNECTED- reason: nwTypeChanged
D/PhoneApp( 1302): mReceiver: ACTION_ANY_DATA_CONNECTION_STATE_CHANGED- state: DISCONNECTED- reason: nwTypeChanged
D/PhoneApp( 1302): mReceiver: ACTION_ANY_DATA_CONNECTION_STATE_CHANGED- state: DISCONNECTED- reason: nwTypeChanged
D/PhoneApp( 1302): mReceiver: ACTION_ANY_DATA_CONNECTION_STATE_CHANGED- state: DISCONNECTED- reason: dataAttached
D/PhoneApp( 1302): mReceiver: ACTION_ANY_DATA_CONNECTION_STATE_CHANGED- state: DISCONNECTED- reason: dataAttached
D/PhoneApp( 1302): mReceiver: ACTION_ANY_DATA_CONNECTION_STATE_CHANGED- state: DISCONNECTED- reason: dataAttached
D/PhoneApp( 1302): mReceiver: ACTION_ANY_DATA_CONNECTION_STATE_CHANGED- state: DISCONNECTED- reason: dataAttached
D/PhoneApp( 1302): mReceiver: ACTION_ANY_DATA_CONNECTION_STATE_CHANGED- state: DISCONNECTED- reason: dataAttached
D/PhoneApp( 1302): mReceiver: ACTION_ANY_DATA_CONNECTION_STATE_CHANGED- state: DISCONNECTED- reason: dataAttached
D/PhoneApp( 1302): mReceiver: ACTION_ANY_DATA_CONNECTION_STATE_CHANGED- state: DISCONNECTED- reason: dataAttached
D/PhoneApp( 1302): mReceiver: ACTION_ANY_DATA_CONNECTION_STATE_CHANGED- state: DISCONNECTED- reason: dataAttached
D/PhoneApp( 1302): mReceiver: ACTION_ANY_DATA_CONNECTION_STATE_CHANGED- state: DISCONNECTED- reason: roamingOff
D/PhoneApp( 1302): mReceiver: ACTION_ANY_DATA_CONNECTION_STATE_CHANGED- state: DISCONNECTED- reason: roamingOff
D/PhoneApp( 1302): mReceiver: ACTION_ANY_DATA_CONNECTION_STATE_CHANGED- state: DISCONNECTED- reason: roamingOff
D/PhoneApp( 1302): mReceiver: ACTION_ANY_DATA_CONNECTION_STATE_CHANGED- state: DISCONNECTED- reason: roamingOff
D/PhoneApp( 1302): mReceiver: ACTION_ANY_DATA_CONNECTION_STATE_CHANGED- state: DISCONNECTED- reason: roamingOff
D/PhoneApp( 1302): mReceiver: ACTION_ANY_DATA_CONNECTION_STATE_CHANGED- state: DISCONNECTED- reason: roamingOff
D/PhoneApp( 1302): mReceiver: ACTION_ANY_DATA_CONNECTION_STATE_CHANGED- state: DISCONNECTED- reason: roamingOff
D/PhoneApp( 1302): mReceiver: ACTION_ANY_DATA_CONNECTION_STATE_CHANGED- state: DISCONNECTED- reason: roamingOff
D/NotificationMgr( 1302): hideDataDisconnectedRoaming()...
D/NotificationMgr( 1302): hideDataDisconnectedRoaming()...
D/NotificationMgr( 1302): hideDataDisconnectedRoaming()...
D/NotificationMgr( 1302): hideDataDisconnectedRoaming()...
D/NotificationMgr( 1302): hideDataDisconnectedRoaming()...
D/NotificationMgr( 1302): hideDataDisconnectedRoaming()...
D/NotificationMgr( 1302): hideDataDisconnectedRoaming()...
D/NotificationMgr( 1302): hideDataDisconnectedRoaming()...
D/NotificationMgr( 1302): hideDataDisconnectedRoaming()...
D/NotificationMgr( 1302): hideDataDisconnectedRoaming()...
D/NotificationMgr( 1302): hideDataDisconnectedRoaming()...
D/NotificationMgr( 1302): hideDataDisconnectedRoaming()...
D/NotificationMgr( 1302): hideDataDisconnectedRoaming()...
D/NotificationMgr( 1302): hideDataDisconnectedRoaming()...
D/NotificationMgr( 1302): hideDataDisconnectedRoaming()...
D/NotificationMgr( 1302): hideDataDisconnectedRoaming()...
D/NotificationMgr( 1302): hideDataDisconnectedRoaming()...
D/NotificationMgr( 1302): hideDataDisconnectedRoaming()...
D/NotificationMgr( 1302): hideDataDisconnectedRoaming()...
D/NotificationMgr( 1302): hideDataDisconnectedRoaming()...
D/NotificationMgr( 1302): hideDataDisconnectedRoaming()...
D/NotificationMgr( 1302): hideDataDisconnectedRoaming()...
D/NotificationMgr( 1302): hideDataDisconnectedRoaming()...
D/NotificationMgr( 1302): hideDataDisconnectedRoaming()...
I/DEBUG ( 5170):
I/DEBUG ( 5170): Tombstone written to: /data/tombstones/tombstone_09
I/libmc ( 2269): received event[index:0,mask:0x8,name:tombstone_09]
I/BootReceiver( 844): Copying /data/tombstones/tombstone_09 to DropBox (SYSTEM_TOMBSTONE)
E/SharedPreferencesImpl( 844): Couldn't create directory for SharedPreferences file shared_prefs/log_files.xml
D/wpa_supplicant( 1134): wlan0: Control interface command 'SIGNAL_POLL'
D/BluetoothManagerService( 844): BluetoothServiceConnection, disconnected: com.android.bluetooth.btservice.AdapterService
D/BluetoothManagerService( 844): Message: 41
E/BluetoothManagerService( 844): MESSAGE_BLUETOOTH_SERVICE_DISCONNECTED: 1
D/BluetoothManagerService( 844): Calling onBluetoothServiceDown callbacks
D/BluetoothManagerService( 844): Broadcasting onBluetoothServiceDown() to 7 receivers.
D/BluetoothManagerService( 844): Calling onQBluetoothServiceDown callbacks
D/BluetoothManagerService( 844): Broadcasting onQBluetoothServiceDown() to 0 receivers.
D/BluetoothManagerService( 844): Bluetooth State Change Intent: 12 -> 13
D/ConnectivityService( 844): updateNetworkScore for NetworkAgentInfo [WIFI () - 100] to 56
D/ConnectivityService( 844): rematching NetworkAgentInfo [WIFI () - 100]
D/ConnectivityService( 844): Network NetworkAgentInfo [WIFI () - 100] was already satisfying request 1. No change.
D/ConnectivityService( 844): notifyType AVAILABLE for NetworkAgentInfo [WIFI () - 100]
I/WhetstoneService( 1322): Receive am_crash event for pid: 844
W/KloServer( 1322): Aborted broadcast does not supprt for: android
D/ConnectivityManager.CallbackHandler( 1063): CM callback handler got msg 524290
D/SecurityController( 1063): onAvailable 100 : [ Transports: WIFI Capabilities: INTERNET&NOT_RESTRICTED&TRUSTED&NOT_VPN LinkUpBandwidth>=1048576Kbps LinkDnBandwidth>=1048576Kbps]
D/ConnectivityManager.CallbackHandler( 1322): CM callback handler got msg 524290
D/ProcessObserver( 1640): onProcessDied, pid: 5353 uid: 1002
D/BluetoothManagerService( 844): Broadcasting onBluetoothStateChange(false) to 9 receivers.
D/BluetoothHeadset( 844): onBluetoothStateChange: up=false
E/BluetoothHeadset( 844):
E/BluetoothHeadset( 844): java.lang.IllegalArgumentException: Service not registered: android.bluetooth.BluetoothHeadset$2@1aac831b
E/BluetoothHeadset( 844): at android.app.LoadedApk.forgetServiceDispatcher(LoadedApk.java)
E/BluetoothHeadset( 844): at android.app.ContextImpl.unbindService(ContextImpl.java)
E/BluetoothHeadset( 844): at android.bluetooth.BluetoothHeadset$1.onBluetoothStateChange(BluetoothHeadset.java)
E/BluetoothHeadset( 844): at com.android.server.BluetoothManagerService.sendBluetoothStateCallback(BluetoothManagerService.java)
E/BluetoothHeadset( 844): at com.android.server.BluetoothManagerService.bluetoothStateChangeHandler(BluetoothManagerService.java)
E/BluetoothHeadset( 844): at com.android.server.BluetoothManagerService.access$3200(BluetoothManagerService.java)
E/BluetoothHeadset( 844): at com.android.server.BluetoothManagerService$BluetoothHandler.handleMessage(BluetoothManagerService.java)
E/BluetoothHeadset( 844): at android.os.Handler.dispatchMessage(Handler.java)
E/BluetoothHeadset( 844): at android.os.Looper.loop(Looper.java)
E/BluetoothHeadset( 844): at android.os.HandlerThread.run(HandlerThread.java)
E/BluetoothHeadset( 844): at com.android.server.ServiceThread.run(ServiceThread.java)
D/BluetoothHeadset( 1302): onBluetoothStateChange: up=false
I/ActivityManager( 844): Process com.android.bluetooth (pid 5353) has died
W/ActivityManager( 844): Scheduling restart of crashed service com.android.bluetooth/.hdp.HealthService in 1000ms
W/ActivityManager( 844): Scheduling restart of crashed service com.android.bluetooth/.a2dp.A2dpService in 1000ms
W/ActivityManager( 844): Scheduling restart of crashed service com.android.bluetooth/.btservice.AdapterService in 1000ms
W/ActivityManager( 844): Scheduling restart of crashed service com.android.bluetooth/.gatt.GattService in 10999ms
W/ActivityManager( 844): Scheduling restart of crashed service com.android.bluetooth/.pan.PanService in 10999ms
W/ActivityManager( 844): Scheduling restart of crashed service com.android.bluetooth/.hfp.HeadsetService in 10999ms
W/ActivityManager( 844): Scheduling restart of crashed service com.android.bluetooth/.map.BluetoothMapService in 10999ms
W/ActivityManager( 844): Scheduling restart of crashed service com.android.bluetooth/.hid.HidService in 10999ms
D/BluetoothAdapter( 1358): 173510713: getState() : mService = null. Returning STATE_OFF
E/BluetoothHeadset( 1302):
E/BluetoothHeadset( 1302): java.lang.IllegalArgumentException: Service not registered: android.bluetooth.BluetoothHeadset$2@171bdf46
E/BluetoothHeadset( 1302): at android.app.LoadedApk.forgetServiceDispatcher(LoadedApk.java)
E/BluetoothHeadset( 1302): at android.app.ContextImpl.unbindService(ContextImpl.java)
E/BluetoothHeadset( 1302): at android.content.ContextWrapper.unbindService(ContextWrapper.java)
E/BluetoothHeadset( 1302): at android.bluetooth.BluetoothHeadset$1.onBluetoothStateChange(BluetoothHeadset.java)
E/BluetoothHeadset( 1302): at android.bluetooth.IBluetoothStateChangeCallback$Stub.onTransact(IBluetoothStateChangeCallback.java)
E/BluetoothHeadset( 1302): at android.os.Binder.execTransact(Binder.java)
D/BluetoothAdapter( 1063): 517947889: getState() : mService = null. Returning STATE_OFF
D/BluetoothPan( 1219): onBluetoothStateChange on: false
E/BluetoothPan( 1219):
E/BluetoothPan( 1219): java.lang.IllegalArgumentException: Service not registered: android.bluetooth.BluetoothPan$2@3bf2533c
E/BluetoothPan( 1219): at android.app.LoadedApk.forgetServiceDispatcher(LoadedApk.java)
E/BluetoothPan( 1219): at android.app.ContextImpl.unbindService(ContextImpl.java)
E/BluetoothPan( 1219): at android.content.ContextWrapper.unbindService(ContextWrapper.java)
E/BluetoothPan( 1219): at android.bluetooth.BluetoothPan$1.onBluetoothStateChange(BluetoothPan.java)
E/BluetoothPan( 1219): at android.bluetooth.IBluetoothStateChangeCallback$Stub.onTransact(IBluetoothStateChangeCallback.java)
E/BluetoothPan( 1219): at android.os.Binder.execTransact(Binder.java)
D/BluetoothMap( 1219): onBluetoothStateChange: up=false
E/BluetoothMap( 1219):
E/BluetoothMap( 1219): java.lang.IllegalArgumentException: Service not registered: android.bluetooth.BluetoothMap$2@37f1e8c5
E/BluetoothMap( 1219): at android.app.LoadedApk.forgetServiceDispatcher(LoadedApk.java)
E/BluetoothMap( 1219): at android.app.ContextImpl.unbindService(ContextImpl.java)
E/BluetoothMap( 1219): at android.content.ContextWrapper.unbindService(ContextWrapper.java)
E/BluetoothMap( 1219): at android.bluetooth.BluetoothMap$1.onBluetoothStateChange(BluetoothMap.java)
E/BluetoothMap( 1219): at android.bluetooth.IBluetoothStateChangeCallback$Stub.onTransact(IBluetoothStateChangeCallback.java)
E/BluetoothMap( 1219): at android.os.Binder.execTransact(Binder.java)
D/KeyguardViewMediator( 1063): action name: android.bluetooth.adapter.action.STATE_CHANGED
D/BluetoothInputDevice( 1219): onBluetoothStateChange: up=false
E/BluetoothInputDevice( 1219):
E/BluetoothInputDevice( 1219): java.lang.IllegalArgumentException: Service not registered: android.bluetooth.BluetoothInputDevice$2@3d6912f
E/BluetoothInputDevice( 1219): at android.app.LoadedApk.forgetServiceDispatcher(LoadedApk.java)
E/BluetoothInputDevice( 1219): at android.app.ContextImpl.unbindService(ContextImpl.java)
E/BluetoothInputDevice( 1219): at android.content.ContextWrapper.unbindService(ContextWrapper.java)
E/BluetoothInputDevice( 1219): at android.bluetooth.BluetoothInputDevice$1.onBluetoothStateChange(BluetoothInputDevice.java)
E/BluetoothInputDevice( 1219): at android.bluetooth.IBluetoothStateChangeCallback$Stub.onTransact(IBluetoothStateChangeCallback.java)
E/BluetoothInputDevice( 1219): at android.os.Binder.execTransact(Binder.java)
D/BluetoothHeadset( 1284): onBluetoothStateChange: up=false
E/BluetoothHeadset( 1284):
E/BluetoothHeadset( 1284): java.lang.IllegalArgumentException: Service not registered: android.bluetooth.BluetoothHeadset$2@315b80fe
E/BluetoothHeadset( 1284): at android.app.LoadedApk.forgetServiceDispatcher(LoadedApk.java)
E/BluetoothHeadset( 1284): at android.app.ContextImpl.unbindService(ContextImpl.java)
E/BluetoothHeadset( 1284): at android.content.ContextWrapper.unbindService(ContextWrapper.java)
E/BluetoothHeadset( 1284): at android.content.ContextWrapper.unbindService(ContextWrapper.java)
E/BluetoothHeadset( 1284): at android.bluetooth.BluetoothHeadset$1.onBluetoothStateChange(BluetoothHeadset.java)
E/BluetoothHeadset( 1284): at android.bluetooth.IBluetoothStateChangeCallback$Stub.onTransact(IBluetoothStateChangeCallback.java)
E/BluetoothHeadset( 1284): at android.os.Binder.execTransact(Binder.java)
D/BluetoothPbap( 1219): onBluetoothStateChange: up=false
E/BluetoothPbap( 1219):
E/BluetoothPbap( 1219): java.lang.IllegalArgumentException: Service not registered: android.bluetooth.BluetoothPbap$2@144a521a
E/BluetoothPbap( 1219): at android.app.LoadedApk.forgetServiceDispatcher(LoadedApk.java)
E/BluetoothPbap( 1219): at android.app.ContextImpl.unbindService(ContextImpl.java)
E/BluetoothPbap( 1219): at android.content.ContextWrapper.unbindService(ContextWrapper.java)
E/BluetoothPbap( 1219): at android.bluetooth.BluetoothPbap$1.onBluetoothStateChange(BluetoothPbap.java)
E/BluetoothPbap( 1219): at android.bluetooth.IBluetoothStateChangeCallback$Stub.onTransact(IBluetoothStateChangeCallback.java)
E/BluetoothPbap( 1219): at android.os.Binder.execTransact(Binder.java)
D/BluetoothA2dp( 844): onBluetoothStateChange: up=false
E/BluetoothA2dp( 844):
E/BluetoothA2dp( 844): java.lang.IllegalArgumentException: Service not registered: android.bluetooth.BluetoothA2dp$2@1d8635f7
E/BluetoothA2dp( 844): at android.app.LoadedApk.forgetServiceDispatcher(LoadedApk.java)
E/BluetoothA2dp( 844): at android.app.ContextImpl.unbindService(ContextImpl.java)
E/BluetoothA2dp( 844): at android.bluetooth.BluetoothA2dp$1.onBluetoothStateChange(BluetoothA2dp.java)
E/BluetoothA2dp( 844): at com.android.server.BluetoothManagerService.sendBluetoothStateCallback(BluetoothManagerService.java)
E/BluetoothA2dp( 844): at com.android.server.BluetoothManagerService.bluetoothStateChangeHandler(BluetoothManagerService.java)
E/BluetoothA2dp( 844): at com.android.server.BluetoothManagerService.access$3200(BluetoothManagerService.java)
E/BluetoothA2dp( 844): at com.android.server.BluetoothManagerService$BluetoothHandler.handleMessage(BluetoothManagerService.java)
E/BluetoothA2dp( 844): at android.os.Handler.dispatchMessage(Handler.java)
E/BluetoothA2dp( 844): at android.os.Looper.loop(Looper.java)
E/BluetoothA2dp( 844): at android.os.HandlerThread.run(HandlerThread.java)
E/BluetoothA2dp( 844): at com.android.server.ServiceThread.run(ServiceThread.java)
D/BluetoothHeadset( 1284): onBluetoothStateChange: up=false
E/BluetoothHeadset( 1284):
E/BluetoothHeadset( 1284): java.lang.IllegalArgumentException: Service not registered: android.bluetooth.BluetoothHeadset$2@1845c947
E/BluetoothHeadset( 1284): at android.app.LoadedApk.forgetServiceDispatcher(LoadedApk.java)
E/BluetoothHeadset( 1284): at android.app.ContextImpl.unbindService(ContextImpl.java)
E/BluetoothHeadset( 1284): at android.content.ContextWrapper.unbindService(ContextWrapper.java)
E/BluetoothHeadset( 1284): at android.bluetooth.BluetoothHeadset$1.onBluetoothStateChange(BluetoothHeadset.java)
E/BluetoothHeadset( 1284): at android.bluetooth.IBluetoothStateChangeCallback$Stub.onTransact(IBluetoothStateChangeCallback.java)
E/BluetoothHeadset( 1284): at android.os.Binder.execTransact(Binder.java)
D/BluetoothManagerService( 844): Bluetooth State Change Intent: 13 -> 10
D/Telecom ( 1284): BluetoothPhoneService: Bluetooth Adapter state: 13
W/ContextImpl( 1219): Calling a method in the system process without a qualified user: android.app.ContextImpl.startService:-1 android.content.ContextWrapper.startService:-1 android.content.ContextWrapper.startService:-1 com.android.settings.bluetooth.DockEventReceiver.e:134 com.android.settings.bluetooth.DockEventReceiver.onReceive:115
I/Zygote ( 296): Process 5353 exited due to signal (11)
W/ResourcesManager( 844): Asset path '/system/framework/javax.btobex.jar' does not exist or contains no resources.
