D/BluetoothAdapterService( 4164): getAdapterService() - returning com.android.bluetooth.btservice.AdapterService@167dc37b
D/A2dpStateMachine( 4164): Enter Disconnected: -2
I/BluetoothHidServiceJni( 4164): classInitNative: succeeds
D/HidService( 4164): Received start request. Starting profile...
I/bluedroid( 4164): get_profile_interface hidhost
D/BluetoothAdapterService( 4164): getAdapterService() - returning com.android.bluetooth.btservice.AdapterService@167dc37b
I/BluetoothHealthServiceJni( 4164): classInitNative: succeeds
D/HealthService( 4164): Received start request. Starting profile...
I/bluedroid( 4164): get_profile_interface health
D/BluetoothAdapterService( 4164): getAdapterService() - returning com.android.bluetooth.btservice.AdapterService@167dc37b
I/BluetoothPanServiceJni( 4164): classInitNative(L105): succeeds
D/PanService( 4164): Received start request. Starting profile...
D/BluetoothPanServiceJni( 4164): initializeNative(L110): pan
I/bluedroid( 4164): get_profile_interface pan
I/GCoreUlr( 1184): WorldUpdater:android.intent.action.BOOT_COMPLETED: Ensuring that reporting is stopped because of reasons: {account#-6#=[InactiveReason{mVersionCode=0, mIdentifier=6, mName='ReportingNotEnabled'}]}
D/BluetoothAdapterService( 4164): getAdapterService() - returning com.android.bluetooth.btservice.AdapterService@167dc37b
D/BtGatt.GattService( 4164): classInitNative called
I/Telecom ( 1284): BluetoothPhoneService: queryPhoneState
D/Telecom ( 1284): BluetoothPhoneService: handleMessage(7) w/ param 0
I/BtGatt.JNI( 4164): classInitNative(L863): classInitNative: Success!
D/BtGatt.DebugUtils( 4164): handleDebugAction() action=null
D/BtGatt.GattService( 4164): Received start request. Starting profile...
D/BtGatt.GattService( 4164): start()
I/bluedroid( 4164): get_profile_interface gatt
D/BtGatt.AdvertiseManager( 4164): advertise manager created
I/MiuiPushMessageReceiver( 3411): onCommandResult is called. command={set-alias}, resultCode={0}, reason={null}, category={null}, commandArguments={[180c61849ba38cdf9bc587b2553854db2169cca7]}
I/ActivityManager( 844): Start proc com.xiaomi.account for broadcast com.xiaomi.account/.push.AccountPushMessageReceiver: pid=4209 uid=10055 gids={50055, 9997, 3003, 1028, 1015, 3002} abi=armeabi-v7a
D/wpa_supplicant( 1134): wlan0: Control interface command 'SIGNAL_POLL'
I/MiuiPushMessageReceiver( 3411): onCommandResult is called. command={set-alias}, resultCode={0}, reason={null}, category={null}, commandArguments={[com.xiaomi.miui.pushads.sdk180c61849ba38cdf9bc587b2553854db2169cca7]}
D/BluetoothAdapterService( 4164): getAdapterService() - returning com.android.bluetooth.btservice.AdapterService@167dc37b
I/MiuiPushMessageReceiver( 3411): onCommandResult is called. command={set-alias}, resultCode={0}, reason={null}, category={null}, commandArguments={[107351996]}
D/BluetoothMapService( 4164): inside BluetoothMapObexConnection
D/BluetoothMapService( 4164): supportedMessageTypes 14
D/BluetoothMapService( 4164): masId 0
D/BluetoothMapService( 4164): inside BluetoothMapObexConnection
D/BluetoothMapService( 4164): supportedMessageTypes 1
D/BluetoothMapService( 4164): masId 1
D/BluetoothMapService( 4164): Inside initBinder
I/MiuiPushMessageReceiver( 3411): onCommandResult is called. command={set-alias}, resultCode={0}, reason={null}, category={null}, commandArguments={[com.miui.player.push.prefix_107351996]}
D/BluetoothMapService( 4164): Received start request. Starting profile...
D/BluetoothMapService( 4164): start()
D/BluetoothMapService( 4164): Registering observer
D/BluetoothAdapterService( 4164): getAdapterService() - returning com.android.bluetooth.btservice.AdapterService@167dc37b
D/HeadsetPhoneState( 4164): sendDeviceStateChanged. mService=0 mSignal=0 mRoam=0 mBatteryCharge=0
V/BluetoothMapService( 4164): Handler(): got msg=1
D/HeadsetStateMachine( 4164): Disconnected process message: 11, size: 0
D/HeadsetStateMachine( 4164): Disconnected process message: 10, size: 0
I/MiuiPushMessageReceiver( 3411): onCommandResult is called. command={set-alias}, resultCode={0}, reason={null}, category={null}, commandArguments={[com.xiaomi.miui.pushads.sdk107351996]}
D/HeadsetPhoneState( 4164): sendDeviceStateChanged. mService=0 mSignal=0 mRoam=0 mBatteryCharge=1
D/HeadsetStateMachine( 4164): Disconnected process message: 11, size: 0
D/BluetoothAdapterState( 4164): CURRENT_STATE=PENDING, MESSAGE = STARTED, isTurningOn=true, isTurningOff=false
I/bluedroid( 4164): enable
I/bt_hci_bdroid( 4164): init
I/GKI_LINUX( 4164): gki_task_entry task_id=0 [BTU] starting
I/bt-btu ( 4164): btu_task pending for preload complete event
I/bt_vendor( 4164): bt-vendor : init
I/bt_vendor( 4164): bt-vendor : get_bt_soc_type
E/bt_vendor( 4164): get_bt_soc_type: Failed to get soc type
I/bt_vendor( 4164): init: Local BD Address : 23:67:02:5f:a4:f8
D/bt_userial_mct( 4164): userial_init
I/bt_vendor( 4164): bt-vendor : BT_VND_OP_POWER_CTRL: On
I/bt_vendor( 4164): bluetooth satus is on
I/bt_vendor( 4164): bt-vendor : resetting BT status
I/bt_vendor( 4164): Starting hciattach daemon
I/bt_vendor( 4164): try to set false
I/bt_vendor( 4164): Starting hciattach daemon
I/bt_vendor( 4164): try to set true
V/ProcessObserver( 1640): onProcessStateChanged
V/LocationPolicy( 844): onProcessStateChanged
W/ResourcesManager( 4164): Asset path '/system/framework/javax.obex.jar' does not exist or contains no resources.
I/qcom-bluetooth( 4234): /system/etc/init.qcom.bt.sh: init.qcom.bt.sh config =
I/GCoreUlr( 1184): Unbound from all location providers
V/BluetoothFtpService( 4164): Ftp Service onCreate
V/BluetoothFtpService( 4164): FTP service not started Adapter STATE: 11
V/BluetoothFtpService( 4164): Ftp Service onStartCommand
V/BluetoothFtpService( 4164): PARSE INTENT action: android.bluetooth.adapter.action.STATE_CHANGED
D/BluetoothFtpService( 4164): ACTION_STATE_CHANGED: state: 13 mHasStarted: false
V/BluetoothFtpService( 4164): Ftp Service closeService
V/BluetoothFtpService( 4164): successfully stopped ftp service
V/BluetoothSapReceiver( 4164): SapReceiver onReceive
V/BluetoothSapReceiver( 4164): action = android.bluetooth.adapter.action.STATE_CHANGED
V/BluetoothSapReceiver( 4164): Bluetooth Adapter state = 13
V/BluetoothSapReceiver( 4164): Calling SAP service start service with action = null
V/BluetoothFtpService( 4164): Ftp Service onDestroy
V/BluetoothFtpService( 4164): Ftp Service closeService
V/ProcessObserver( 1640): onProcessStateChanged
V/LocationPolicy( 844): onProcessStateChanged
V/BluetoothSapService( 4164): Sap Service onCreate
V/BluetoothSapService( 4164): initBinder
V/BluetoothSapService( 4164): BluetoothSapBinder: mService: org.codeaurora.bluetooth.sap.BluetoothSapService@13670509
V/BluetoothSapService( 4164): action: android.bluetooth.adapter.action.STATE_CHANGED
V/BluetoothSapService( 4164): state: 13
D/BluetoothDunService( 4164): parseIntent: action: android.bluetooth.adapter.action.STATE_CHANGED
D/AuthorizationBluetoothService( 1530): Received Bluetooth event: Intent { act=android.bluetooth.adapter.action.STATE_CHANGED flg=0x14000010 cmp=com.google.android.gms/.auth.be.proximity.authorization.bt.AuthorizationBluetoothService$BluetoothStateChangeReceiver (has extras) }.
W/BroadcastQueueInjector( 844): Unable to launch app com.rhapsody.napster/10104 for broadcast Intent { act=android.bluetooth.adapter.action.STATE_CHANGED flg=0x14000010 (has extras) }: process is not permitted to autostart
W/BroadcastQueue( 844): Permission Denial: receiving Intent { act=android.bluetooth.adapter.action.STATE_CHANGED flg=0x14000010 (has extras) } to com.mi4ever.app.mi4everblog/com.appyet.receiver.CommonReceiver requires android.permission.BLUETOOTH due to sender android (uid 1000)
W/ResourcesManager( 4209): Asset path '/system/framework/cloud-common.jar' does not exist or contains no resources.
W/ContextImpl( 1219): Calling a method in the system process without a qualified user: android.app.ContextImpl.startService:-1 android.content.ContextWrapper.startService:-1 android.content.ContextWrapper.startService:-1 com.android.settings.bluetooth.DockEventReceiver.e:134 com.android.settings.bluetooth.DockEventReceiver.onReceive:115
D/DockEventReceiver( 1219): finishStartingService: stopping service
E/BTEventHandler( 4164): A4WP is not supported
V/BluetoothSapReceiver( 4164): SapReceiver onReceive
V/BluetoothSapReceiver( 4164): action = android.bluetooth.adapter.action.STATE_CHANGED
V/BluetoothSapReceiver( 4164): Bluetooth Adapter state = 10
I/qcom-bluetooth( 4241): /system/etc/init.qcom.bt.sh: Transport : smd
D/AuthorizationBluetoothService( 1530): Received Bluetooth event: Intent { act=android.bluetooth.adapter.action.STATE_CHANGED flg=0x14000010 cmp=com.google.android.gms/.auth.be.proximity.authorization.bt.AuthorizationBluetoothService$BluetoothStateChangeReceiver (has extras) }.
W/BroadcastQueueInjector( 844): Unable to launch app com.rhapsody.napster/10104 for broadcast Intent { act=android.bluetooth.adapter.action.STATE_CHANGED flg=0x14000010 (has extras) }: process is not permitted to autostart
W/BroadcastQueue( 844): Permission Denial: receiving Intent { act=android.bluetooth.adapter.action.STATE_CHANGED flg=0x14000010 (has extras) } to com.mi4ever.app.mi4everblog/com.appyet.receiver.CommonReceiver requires android.permission.BLUETOOTH due to sender android (uid 1000)
I/qcom-bluetooth( 4242): /system/etc/init.qcom.bt.sh: ** Bluedroid stack **
E/BTEventHandler( 4164): A4WP is not supported
V/BluetoothSapReceiver( 4164): SapReceiver onReceive
V/BluetoothSapReceiver( 4164): action = android.bluetooth.adapter.action.STATE_CHANGED
V/BluetoothSapReceiver( 4164): Bluetooth Adapter state = 11
I/qcom-bluetooth( 4244): /system/etc/init.qcom.bt.sh: Power Class: Ignored. Default(1) used (1-CLASS1/2-CLASS2/3-CUSTOM)
D/miuisdk ( 4209): current sdk level is 2
D/AuthorizationBluetoothService( 1530): Received Bluetooth event: Intent { act=android.bluetooth.adapter.action.STATE_CHANGED flg=0x14000010 cmp=com.google.android.gms/.auth.be.proximity.authorization.bt.AuthorizationBluetoothService$BluetoothStateChangeReceiver (has extras) }.
W/BroadcastQueueInjector( 844): Unable to launch app com.rhapsody.napster/10104 for broadcast Intent { act=android.bluetooth.adapter.action.STATE_CHANGED flg=0x14000010 (has extras) }: process is not permitted to autostart
W/BroadcastQueue( 844): Permission Denial: receiving Intent { act=android.bluetooth.adapter.action.STATE_CHANGED flg=0x14000010 (has extras) } to com.mi4ever.app.mi4everblog/com.appyet.receiver.CommonReceiver requires android.permission.BLUETOOTH due to sender android (uid 1000)
I/qcom-bluetooth( 4245): /system/etc/init.qcom.bt.sh: Power Class: To override, Before turning BT ON; setprop qcom.bt.dev_power_class <1 or 2 or 3>
I/qcom-bluetooth( 4246): /system/etc/init.qcom.bt.sh: LE Power Class: Ignored. Default(2) used (1-CLASS1/2-CLASS2/3-CUSTOM)
I/qcom-bluetooth( 4247): /system/etc/init.qcom.bt.sh: LE Power Class: To override, Before turning BT ON; setprop qcom.bt.le_dev_pwr_class <1 or 2 or 3>
E/Diag_Lib( 4249): Diag_LSM_Init: Failed to open handle to diag driver, error = 13
I/ActivityManager( 844): Start proc com.android.updater for service com.android.updater/.UpdateService: pid=4252 uid=9802 gids={49802, 9997, 3003, 1028, 1015, 2001, 1007} abi=armeabi-v7a
I/art ( 296): Explicit concurrent mark sweep GC freed 706(30KB) AllocSpace objects, 0(0B) LOS objects, 39% free, 7MB/13MB, paused 244us total 14.343ms
I/art ( 296): Explicit concurrent mark sweep GC freed 5(160B) AllocSpace objects, 0(0B) LOS objects, 39% free, 7MB/13MB, paused 213us total 13.702ms
I/art ( 296): Explicit concurrent mark sweep GC freed 5(160B) AllocSpace objects, 0(0B) LOS objects, 39% free, 7MB/13MB, paused 244us total 13.671ms
E/QMI_FW ( 4249): QMUXD: Service_id=228 not found over conn_id=0
E/QMI_FW ( 4249): QMUXD: Service_id=228 not found over conn_id=37
E/QMI_FW ( 4249): QMUXD: Service_id=228 not found over conn_id=0
E/QMI_FW ( 4249): QMUXD: Service_id=228 not found over conn_id=37
E/QMI_FW ( 4249): QMUXD: Service_id=228 not found over conn_id=0
E/QMI_FW ( 4249): QMUXD: Service_id=228 not found over conn_id=37
I/ActivityManager( 844): Start proc com.miui.cleanmaster for service com.miui.cleanmaster/com.miui.optimizecenter.AutoUpdateCLeanupDBService: pid=4272 uid=1000 gids={41000, 9997, 3003, 1007, 1028, 1015, 3002, 1035, 3001, 1021, 3004, 3005, 1000, 3009, 1023, 1010, 3006, 3007, 2001} abi=armeabi-v7a
E/QMI_FW ( 4249): QMUXD: Service_id=228 not found over conn_id=0
V/LocationPolicy( 844): onProcessStateChanged
E/QMI_FW ( 4249): QMUXD: Service_id=228 not found over conn_id=37
E/QMI_FW ( 4249): QMUXD: Service_id=228 not found over conn_id=0
E/QMI_FW ( 4249): QMUXD: Service_id=228 not found over conn_id=37
V/ProcessObserver( 1640): onProcessStateChanged
V/ProcessObserver( 1640): onProcessStateChanged
V/ProcessObserver( 1640): onProcessStateChanged
W/ContextImpl( 2102): Calling a method in the system process without a qualified user: android.app.ContextImpl.startService:-1 android.content.ContextWrapper.startService:-1 com.miui.securitycenter.CloudDataUpdateService.onHandleIntent:-1 android.app.IntentService$ServiceHandler.handleMessage:-1 android.os.Handler.dispatchMessage:-1
V/LocationPolicy( 844): onProcessStateChanged
V/LocationPolicy( 844): onProcessStateChanged
V/LocationPolicy( 844): onProcessStateChanged
V/ProcessObserver( 1640): onProcessStateChanged
W/ResourcesManager( 4252): Asset path '/system/framework/cloud-common.jar' does not exist or contains no resources.
W/ActivityThread( 2102): ClassLoader.loadClass: The class loader returned by Thread.getContextClassLoader() may fail for processes that host multiple applications. You should explicitly specify a context class loader. For example: Thread.setContextClassLoader(getClass().getClassLoader());
V/ProcessObserver( 1640): onProcessStateChanged
V/ProcessObserver( 1640): onProcessStateChanged
V/ProcessObserver( 1640): onProcessStateChanged
V/LocationPolicy( 844): onProcessStateChanged
V/LocationPolicy( 844): onProcessStateChanged
V/LocationPolicy( 844): onProcessStateChanged
V/ProcessObserver( 1640): onProcessStateChanged
V/ProcessObserver( 1640): onProcessStateChanged
V/LocationPolicy( 844): onProcessStateChanged
V/LocationPolicy( 844): onProcessStateChanged
V/LocationPolicy( 844): onProcessStateChanged
V/ProcessObserver( 1640): onProcessStateChanged
D/miuisdk ( 4252): current sdk level is 2
D/MediaScannerService( 1040): done scanning volume external: [/storage/emulated/0, /storage/usbdisk]
I/qcom-bluetooth( 4295): /system/etc/init.qcom.bt.sh: Bluetooth QSoC firmware download succeeded, /dev/ttyHS0 qualcomm-ibs 3000000 f8:a4:5f:02:67:23
V/ProcessObserver( 1640): onProcessStateChanged
I/qcom-bluetooth( 4297): /system/etc/init.qcom.bt.sh: ** Bluedroid stack **
V/LocationPolicy( 844): onProcessStateChanged
I/lh ( 1040): jobIntent is not null
W/ResourcesManager( 4272): Asset path '/system/framework/android-support-v13.jar' does not exist or contains no resources.
W/ResourcesManager( 4272): Asset path '/system/framework/cloud-common.jar' does not exist or contains no resources.
I/GCoreUlr( 1184): WorldUpdater received intent Intent { act=com.google.android.location.reporting.ACTION_UPDATE_WORLD cmp=com.google.android.gms/com.google.android.location.reporting.service.DispatchingService (has extras) } with receiverAction com.google.android.location.internal.server.ACTION_RESTARTED
I/lh ( 4209): jobIntent is not null
I/bt_vendor( 4164): bluetooth satus is on
D/bt_userial_mct( 4164): userial_open(port:0)
I/bt_vendor( 4164): bt-vendor : BT_VND_OP_USERIAL_OPEN
I/bt_vendor( 4164): Done intiailizing UART
I/bt_vendor( 4164): Done intiailizing UART
I/bt_userial_mct( 4164): CMD=72, EVT=72, ACL_Out=73, ACL_In=73
I/bt_vendor( 4164): Bluetooth Firmware and transport layer are initialized
D/bt_userial_mct( 4164): Entering userial_read_thread()
I/bt-btu ( 4164): btu_task received preload complete event
W/bt-l2cap( 4164): L2CAP - L2CA_Register() called for PSM: 0x0001
W/bt-l2cap( 4164): L2CAP - L2CA_Register() called for PSM: 0x001f
I/XiaomiFirewall( 1987): firewall pkgName:com.miui.securitycenter, result:0
W/bt-l2cap( 4164): L2CAP - L2CA_Register() called for PSM: 0x0003
W/bt-l2cap( 4164): L2CAP - L2CA_Register() called for PSM: 0x1487
F/libc ( 4164): Fatal signal 11 (SIGSEGV), code 1, fault addr 0x8 in tid 4230 (BTU)
V/MiPushMessageReceiver( 4209): onCommandResult is called, command: register, resultCode: 0, reason: null, category: null
I/Sensors ( 418): sns_pwr.c(417):sns_pwr_set_cpu_latency: hz 50
D/UpdateService( 4252): onCreate
I/Sensors ( 418): DSPS file:sns_smgr_sol.c(1338):SMGR: One val: 2
E/qcom_sensors_hal( 844): hal_process_report_ind: Bad item quality: 11
D/miuisdk ( 4272): current sdk level is 2
I/art ( 1813): Explicit concurrent mark sweep GC freed 18967(1404KB) AllocSpace objects, 20(320KB) LOS objects, 25% free, 13MB/17MB, paused 854us total 102.935ms
D/Updater2( 4252): lastInstallVersion null
E/qcom_sensors_hal( 844): hal_process_report_ind: Bad item quality: 11
D/aw ( 4252): UserLeftTime: 0
V/LocationPolicy( 844): onProcessStateChanged
V/LocationPolicy( 844): onProcessStateChanged
V/ProcessObserver( 1640): onProcessStateChanged
V/ProcessObserver( 1640): onProcessStateChanged
D/UpdateService( 4252): onStartCommand: 1
D/Updater2( 4252): checkNewVersion by 2 ob: null
D/Updater2( 4252): No need to check
W/PushService( 1290): 2015-08-25 15:41:03,961 - [WARN::PushService] - [Thread:1] onStart() with intent.Action = null
V/ProcessObserver( 1640): onProcessStateChanged
V/ProcessObserver( 1640): onProcessStateChanged
V/LocationPolicy( 844): onProcessStateChanged
V/LocationPolicy( 844): onProcessStateChanged
I/Process ( 4252): Sending signal. PID: 4252 SIG: 9
E/qcom_sensors_hal( 844): hal_process_report_ind: Bad item quality: 11
D/CloudTelephonyManager( 4209): blockingGetDeviceId is called by com.xiaomi.account with timeout: 300000
I/ActivityManager( 844): Killing 3150:com.miui.backup/9800 (adj 15): empty #17
V/LocationPolicy( 844): onProcessStateChanged
V/ProcessObserver( 1640): onProcessStateChanged
E/qcom_sensors_hal( 844): hal_process_report_ind: Bad item quality: 11
I/GolbalReceiver( 1987): onReceive, action:android.intent.action.SIM_STATE_CHANGED
I/ImsiMonitor( 1987): invoked:android.intent.action.SIM_STATE_CHANGED
E/qcom_sensors_hal( 844): hal_process_report_ind: Bad item quality: 11
I/DEBUG ( 3636): *** *** *** *** *** *** *** *** *** *** *** *** *** *** *** ***
I/DEBUG ( 3636): Build fingerprint: 'Xiaomi/aries/aries:5.0.2/LRX22G/5.8.20:user/release-keys'
I/DEBUG ( 3636): Revision: '0'
I/DEBUG ( 3636): ABI: 'arm'
I/DEBUG ( 3636): pid: 4164, tid: 4230, name: BTU >>> com.android.bluetooth <<<
I/DEBUG ( 3636): signal 11 (SIGSEGV), code 1 (SEGV_MAPERR), fault addr 0x8
I/DEBUG ( 3636): r0 a563fa48 r1 fffffae8 r2 a56665b8 r3 00000000
I/DEBUG ( 3636): r4 000003e8 r5 00000000 r6 000003e8 r7 a5675318
I/DEBUG ( 3636): r8 a5665d30 r9 a5334308 sl b6f1e785 fp a42e9db0
I/DEBUG ( 3636): ip 7ffffffe sp a42e9ce0 lr a55b956f pc a55b95e2 cpsr 200f0030
I/DEBUG ( 3636):
I/DEBUG ( 3636): backtrace:
I/DEBUG ( 3636): #00 pc 000a45e2 /system/lib/hw/bluetooth.default.so (alarm_service_reschedule+125)
I/DEBUG ( 3636): #01 pc 000a445b /system/lib/hw/bluetooth.default.so (GKI_start_timer+150)
I/DEBUG ( 3636): #02 pc 000d96eb /system/lib/hw/bluetooth.default.so (btu_start_timer+66)
I/DEBUG ( 3636): #03 pc 0003a3a3 /system/lib/hw/bluetooth.default.so (BTE_InitStack+10)
I/DEBUG ( 3636): #04 pc 000d9a6b /system/lib/hw/bluetooth.default.so (btu_task+82)
I/DEBUG ( 3636): #05 pc 000a44c1 /system/lib/hw/bluetooth.default.so
I/DEBUG ( 3636): #06 pc 000137a3 /system/lib/libc.so (__pthread_start(void*)+30)
I/DEBUG ( 3636): #07 pc 00011883 /system/lib/libc.so (__start_thread+6)
D/ProcessObserver( 1640): onProcessDied, pid: 4252 uid: 9802
I/ActivityManager( 844): Process com.android.updater (pid 4252) has died
D/ProcessObserver( 1640): onProcessDied, pid: 3150 uid: 9800
W/BroadcastQueueInjector( 844): Unable to launch app com.google.android.partnersetup/10066 for broadcast Intent { act=android.intent.action.SIM_STATE_CHANGED flg=0x20000010 (has extras) }: process is not permitted to autostart
W/ContextImpl( 4272): Calling a method in the system process without a qualified user: android.app.ContextImpl.bindService:-1 android.content.ContextWrapper.bindService:-1 android.content.ContextWrapper.bindService:-1 com.miui.cleanmaster.a.a:-1 com.miui.cleanmaster.b.d:-1
D/WhetstoneStrategy( 1322): [ALLOW] [service] callerPackage com.xiaomi.account start process with Intent { cmp=com.cleanmaster.sdk/com.cleanmaster.CleanService }
I/ActivityManager( 844): Start proc com.cleanmaster.sdk for service com.cleanmaster.sdk/com.cleanmaster.CleanService: pid=4307 uid=10040 gids={50040, 9997, 1028, 1015, 3003} abi=armeabi-v7a
V/LocationPolicy( 844): onProcessStateChanged
V/LocationPolicy( 844): onProcessStateChanged
V/ProcessObserver( 1640): onProcessStateChanged
V/ProcessObserver( 1640): onProcessStateChanged
D/MicloudPushService( 2771): push service action : com.xiaomi.push.channel_opened sBindStatus:1
D/MicloudPushService( 2771): bind succeeded, subscribe push
W/BroadcastQueueInjector( 844): System app: "com.android.cellbroadcastreceiver" started by broadcast Intent { act=android.intent.action.SERVICE_STATE flg=0x10 (has extras) }
E/Detf ( 4272): memoryCacheSize : 12582912
W/ContextImpl( 4272): Calling a method in the system process without a qualified user: android.app.ContextImpl.bindService:-1 android.content.ContextWrapper.bindService:-1 com.miui.cleanmaster.a.a:-1 com.miui.optimizecenter.AutoUpdateCLeanupDBService.onCreate:-1 android.app.ActivityThread.handleCreateService:-1
V/SyncTagCacheProvider( 2771): SyncTagCacheProvider: query content://com.miui.cloudservice.SyncTagCacheProvider
V/SyncTagCacheProvider( 2771): SyncTagCacheProvider: query content://com.miui.cloudservice.SyncTagCacheProvider
V/SyncTagCacheProvider( 2771): SyncTagCacheProvider: query content://com.miui.cloudservice.SyncTagCacheProvider
I/ActivityManager( 844): Start proc com.android.cellbroadcastreceiver for broadcast com.android.cellbroadcastreceiver/.CellBroadcastReceiver: pid=4328 uid=10005 gids={50005, 9997} abi=armeabi-v7a
I/Analytics( 4272): start session(com.miui.cleanmaster)
V/LocationPolicy( 844): onProcessStateChanged
I/Analytics( 4272): end session(com.miui.cleanmaster)
W/ContextImpl( 4272): Calling a method in the system process without a qualified user: android.app.ContextImpl.bindService:-1 android.content.ContextWrapper.bindService:-1 miui.analytics.Analytics.endSession:120 com.miui.a.a.a:-1 com.miui.a.a.a:-1
V/ProcessObserver( 1640): onProcessStateChanged
W/ContextImpl( 4272): Calling a method in the system process without a qualified user: android.app.ContextImpl.bindService:-1 android.content.ContextWrapper.bindService:-1 com.miui.cleanmaster.a.a:-1 com.miui.optimizecenter.CheckGarbageCleanupService.onCreate:-1 android.app.ActivityThread.handleCreateService:-1
W/ContextImpl( 4272): Calling a method in the system process without a qualified user: android.app.ContextImpl.startService:-1 android.content.ContextWrapper.startService:-1 miui.core.SdkManager$1.run:189 android.os.Handler.handleCallback:-1 android.os.Handler.dispatchMessage:-1
V/LocationPolicy( 844): onProcessStateChanged
V/ProcessObserver( 1640): onProcessStateChanged
V/SyncTagCacheProvider( 2771): SyncTagCacheProvider: query content://com.miui.cloudservice.SyncTagCacheProvider
V/SyncTagCacheProvider( 2771): SyncTagCacheProvider: query content://com.miui.cloudservice.SyncTagCacheProvider
V/ProcessObserver( 1640): onProcessStateChanged
V/SyncTagCacheProvider( 2771): SyncTagCacheProvider: query content://com.miui.cloudservice.SyncTagCacheProvider
V/SyncTagCacheProvider( 2771): SyncTagCacheProvider: query content://com.miui.cloudservice.SyncTagCacheProvider
V/SyncTagCacheProvider( 2771): SyncTagCacheProvider: query content://com.miui.cloudservice.SyncTagCacheProvider
V/SyncTagCacheProvider( 2771): SyncTagCacheProvider: query content://com.miui.cloudservice.SyncTagCacheProvider
V/SyncTagCacheProvider( 2771): SyncTagCacheProvider: query content://com.miui.cloudservice.SyncTagCacheProvider
V/LocationPolicy( 844): onProcessStateChanged
V/SyncTagCacheProvider( 2771): SyncTagCacheProvider: query content://com.miui.cloudservice.SyncTagCacheProvider
V/SyncTagCacheProvider( 2771): SyncTagCacheProvider: query content://com.miui.cloudservice.SyncTagCacheProvider
V/SyncTagCacheProvider( 2771): SyncTagCacheProvider: query content://com.miui.cloudservice.SyncTagCacheProvider
V/SyncTagCacheProvider( 2771): SyncTagCacheProvider: query content://com.miui.cloudservice.SyncTagCacheProvider
V/SyncTagCacheProvider( 2771): SyncTagCacheProvider: query content://com.miui.cloudservice.SyncTagCacheProvider
V/SyncTagCacheProvider( 2771): SyncTagCacheProvider: query content://com.miui.cloudservice.SyncTagCacheProvider
V/SyncTagCacheProvider( 2771): SyncTagCacheProvider: query content://com.miui.cloudservice.SyncTagCacheProvider
V/SyncTagCacheProvider( 2771): SyncTagCacheProvider: query content://com.miui.cloudservice.SyncTagCacheProvider
W/ActivityThread( 4272): ClassLoader.loadClass: The class loader returned by Thread.getContextClassLoader() may fail for processes that host multiple applications. You should explicitly specify a context class loader. For example: Thread.setContextClassLoader(getClass().getClassLoader());
V/LocationPolicy( 844): onProcessStateChanged
V/ProcessObserver( 1640): onProcessStateChanged
V/SyncTagCacheProvider( 2771): SyncTagCacheProvider: query content://com.miui.cloudservice.SyncTagCacheProvider
I/iu.UploadsManager( 1813): End new media; added: 0, uploading: 0, time: 610 ms
V/SyncTagCacheProvider( 2771): SyncTagCacheProvider: query content://com.miui.cloudservice.SyncTagCacheProvider
V/ProcessObserver( 1640): onProcessStateChanged
V/SyncTagCacheProvider( 2771): SyncTagCacheProvider: query content://com.miui.cloudservice.SyncTagCacheProvider
V/SyncTagCacheProvider( 2771): SyncTagCacheProvider: query content://com.miui.cloudservice.SyncTagCacheProvider
V/SyncTagCacheProvider( 2771): SyncTagCacheProvider: query content://com.miui.cloudservice.SyncTagCacheProvider
V/LocationPolicy( 844): onProcessStateChanged
D/MicloudPushService( 2771): CloudPushType=MicloudPushType {packageName=com.miui.cloudservice, contentAuthority=com.miui.cloudservice, pushType=cmd, pushName=micloud.find.cmd, watermarkType=p, watermark=0}
D/MicloudPushService( 2771): CloudPushType=MicloudPushType {packageName=com.miui.cloudservice, contentAuthority=com.miui.cloudservice, pushType=cmd, pushName=micloud.sms.cmd, watermarkType=p, watermark=0}
D/MicloudPushService( 2771): CloudPushType=MicloudPushType {packageName=com.miui.cloudservice, contentAuthority=com.miui.cloudservice, pushType=watermark, pushName=micloud.contact.sync, watermarkType=p, watermark=0}
D/MicloudPushService( 2771): CloudPushType=MicloudPushType {packageName=com.miui.cloudservice, contentAuthority=com.miui.cloudservice, pushType=watermark, pushName=micloud.micard.default.sync, watermarkType=p, watermark=0}
D/MicloudPushService( 2771): CloudPushType=MicloudPushType {packageName=com.miui.cloudservice, contentAuthority=com.miui.cloudservice, pushType=watermark, pushName=micloud.sms.sync, watermarkType=p, watermark=0}
D/MicloudPushService( 2771): CloudPushType=MicloudPushType {packageName=com.miui.cloudservice, contentAuthority=com.miui.cloudservice, pushType=watermark, pushName=micloud.priaddr.sync, watermarkType=p, watermark=0}
D/MicloudPushService( 2771): CloudPushType=MicloudPushType {packageName=com.miui.cloudservice, contentAuthority=com.miui.cloudservice, pushType=watermark, pushName=micloud.stkthrd.sync, watermarkType=p, watermark=0}
D/MicloudPushService( 2771): CloudPushType=MicloudPushType {packageName=com.miui.cloudservice, contentAuthority=com.miui.cloudservice, pushType=watermark, pushName=micloud.wifi.sync, watermarkType=p, watermark=0}
D/MicloudPushService( 2771): CloudPushType=MicloudPushType {packageName=com.miui.cloudservice, contentAuthority=com.miui.cloudservice, pushType=watermark, pushName=micloud.note.sync, watermarkType=p, watermark=5982901336146592}
D/MicloudPushService( 2771): CloudPushType=MicloudPushType {packageName=com.miui.cloudservice, contentAuthority=com.miui.cloudservice, pushType=watermark, pushName=micloud.calllog.sync, watermarkType=p, watermark=0}
D/MicloudPushService( 2771): CloudPushType=MicloudPushType {packageName=com.miui.cloudservice, contentAuthority=com.miui.cloudservice, pushType=watermark, pushName=micloud.browser.bookmark.sync, watermarkType=p, watermark=0}
D/MicloudPushService( 2771): CloudPushType=MicloudPushType {packageName=com.miui.cloudservice, contentAuthority=com.miui.cloudservice, pushType=watermark, pushName=micloud.browser.history.sync, watermarkType=p, watermark=0}
D/MicloudPushService( 2771): CloudPushType=MicloudPushType {packageName=com.miui.cloudservice, contentAuthority=com.miui.cloudservice, pushType=watermark, pushName=micloud.browser.tab.sync, watermarkType=p, watermark=0}
D/MicloudPushService( 2771): CloudPushType=MicloudPushType {packageName=com.miui.cloudservice, contentAuthority=com.miui.cloudservice, pushType=watermark, pushName=micloud.browser.novel.sync, watermarkType=p, watermark=0}
D/MicloudPushService( 2771): CloudPushType=MicloudPushType {packageName=com.miui.cloudservice, contentAuthority=com.miui.cloudservice, pushType=watermark, pushName=micloud.kit.bvf.vfavor.sync, watermarkType=p, watermark=0}
D/MicloudPushService( 2771): CloudPushType=MicloudPushType {packageName=com.miui.cloudservice, contentAuthority=com.miui.cloudservice, pushType=watermark, pushName=micloud.kit.bvh.vhistory.sync, watermarkType=p, watermark=0}
D/MicloudPushService( 2771): CloudPushType=MicloudPushType {packageName=com.miui.cloudservice, contentAuthority=com.miui.cloudservice, pushType=watermark, pushName=micloud.kit.bhp.hp.sync, watermarkType=p, watermark=0}
D/MicloudPushService( 2771): CloudPushType=MicloudPushType {packageName=com.miui.cloudservice, contentAuthority=com.miui.cloudservice, pushType=watermark, pushName=micloud.kit.bup.up.sync, watermarkType=p, watermark=0}
D/MicloudPushService( 2771): CloudPushType=MicloudPushType {packageName=com.miui.cloudservice, contentAuthority=com.miui.cloudservice, pushType=watermark, pushName=micloud.gallery.sync, watermarkType=p, watermark=0}
D/MicloudPushService( 2771): CloudPushType=MicloudPushType {packageName=com.miui.cloudservice, contentAuthority=com.miui.cloudservice, pushType=watermark, pushName=micloud.gallery.albumlist.sync, watermarkType=p, watermark=0}
D/MicloudPushService( 2771): CloudPushType=MicloudPushType {packageName=com.miui.cloudservice, contentAuthority=com.miui.cloudservice, pushType=watermark, pushName=micloud.gallery.albuminfo.sync, watermarkType=p, watermark=0}
D/MicloudPushService( 2771): CloudPushType=MicloudPushType {packageName=com.miui.cloudservice, contentAuthority=com.miui.cloudservice, pushType=watermark, pushName=micloud.gallery.sharerlist.sync, watermarkType=p, watermark=0}
D/MicloudPushService( 2771): CloudPushType=MicloudPushType {packageName=com.miui.cloudservice, contentAuthority=com.miui.cloudservice, pushType=watermark, pushName=micloud.gallery.imagelist.sync, watermarkType=p, watermark=0}
D/MicloudPushService( 2771): CloudPushType=MicloudPushType {packageName=com.miui.cloudservice, contentAuthority=com.miui.cloudservice, pushType=watermark, pushName=micloud.music.playlist.sync, watermarkType=p, watermark=0}
D/MicloudPushService( 2771): CloudPushType=MicloudPushType {packageName=com.miui.cloudservice, contentAuthority=com.miui.cloudservice, pushType=watermark, pushName=micloud.kit.pcb.default.sync, watermarkType=p, watermark=0}
D/MicloudPushService( 2771): CloudPushType=MicloudPushType {packageName=com.miui.cloudservice, contentAuthority=com.miui.cloudservice, pushType=watermark, pushName=micloud.kit.arm.default.sync, watermarkType=p, watermark=0}
D/MicloudPushService( 2771): CloudPushType=MicloudPushType {packageName=com.miui.cloudservice, contentAuthority=com.miui.cloudservice, pushType=watermark, pushName=micloud.kit.calendar.default.sync, watermarkType=p, watermark=0}
D/MicloudPushService( 2771): CloudPushType=MicloudPushType {packageName=com.miui.cloudservice, contentAuthority=com.miui.cloudservice, pushType=watermark, pushName=micloud.kit.cloudcard.mycard.sync, watermarkType=p, watermark=0}
D/MicloudPushService( 2771): CloudPushType=MicloudPushType {packageName=com.miui.cloudservice, contentAuthority=com.miui.cloudservice, pushType=watermark, pushName=micloud.kit.cloudcard.message.sync, watermarkType=p, watermark=0}
D/MicloudPushService( 2771): CloudPushType=MicloudPushType {packageName=com.miui.cloudservice, contentAuthority=com.miui.cloudservice, pushType=watermark, pushName=micloud.kit.cloudcard.relation.sync, watermarkType=p, watermark=0}
D/MicloudPushService( 2771): CloudPushType=MicloudPushType {packageName=com.android.thememanager, contentAuthority=com.android.thememanager, pushType=cmd, pushName=micloud.theme.cmd, watermarkType=p, watermark=0}
D/MicloudPushService( 2771): subscribe push 0000005982901336146592000000000000000000000
V/ProcessObserver( 1640): onProcessStateChanged
W/PushService( 1290): 2015-08-25 15:41:04,436 - [WARN::PushService] - [Thread:1] onStart() with intent.Action = com.xiaomi.push.SEND_IQ
W/PushService( 1290): 2015-08-25 15:41:04,442 - [WARN::PushService] - [Thread:80] SMACK 03:41:04 PM SENT (204313143): 0000005982901336146592000000000000000000000
W/PushService( 1290):
I/ActivityManager( 844): Killing 3173:com.android.providers.calendar/u0a4 (adj 15): empty #17
V/LocationPolicy( 844): onProcessStateChanged
I/XiaomiFirewall( 1987): firewall pkgName:com.miui.cleanmaster, result:0
I/GCoreUlr( 1184): WorldUpdater:com.google.android.location.internal.server.ACTION_RESTARTED: Ensuring that reporting is stopped because of reasons: {account#-6#=[InactiveReason{mVersionCode=0, mIdentifier=6, mName='ReportingNotEnabled'}]}
D/ProcessObserver( 1640): onProcessDied, pid: 3173 uid: 10004
I/GCoreUlr( 1184): Unbound from all location providers
D/CellBroadcastReceiver( 4328): onReceive Intent { act=android.intent.action.SERVICE_STATE flg=0x10 cmp=com.android.cellbroadcastreceiver/.CellBroadcastReceiver (has extras) }
D/CellBroadcastReceiver( 4328): Intent ACTION_SERVICE_STATE_CHANGED
D/CellBroadcastReceiver( 4328): Service state changed! 1 Full: 1 1 home null null null Unknown Unknown CSS not supported -1 -1 RoamInd=-1 DefRoamInd=-1 EmergOnly=true Current state=-1
D/CellBroadcastReceiver( 4328): onReceive Intent { act=android.intent.action.SERVICE_STATE flg=0x10 cmp=com.android.cellbroadcastreceiver/.CellBroadcastReceiver (has extras) }
D/CellBroadcastReceiver( 4328): Intent ACTION_SERVICE_STATE_CHANGED
V/LocationPolicy( 844): onProcessStateChanged
V/ProcessObserver( 1640): onProcessStateChanged
I/ActivityManager( 844): Killing 3199:com.android.managedprovisioning/u0a12 (adj 15): empty #17
V/LocationPolicy( 844): onProcessStateChanged
V/ProcessObserver( 1640): onProcessStateChanged
D/ActivateManager( 2771): onServiceConnected, component:ComponentInfo{com.xiaomi.xmsf/com.xiaomi.activate.ActivateService}
D/ActivateManager( 2771): service unbinded
V/SmsReceiverService( 3342): onStart: #1 mResultCode: -1 = Activity.RESULT_OK
V/ActivateStatusReceiver( 2771): Updating activate info for sim 0 inserted=true status=3
V/CloudActivateStatusListener( 2771): event inserted
V/CloudActivateStatusListener( 2771): sim id : OaU8oZh1Z_cmNI_Z
V/ProcessObserver( 1640): onProcessStateChanged
V/CloudActivateStatusListener( 2771): has xiaomi account
V/LocationPolicy( 844): onProcessStateChanged
I/MiuiPushMessageReceiver( 3411): onCommandResult is called. command={register}, resultCode={0}, reason={null}, category={null}, commandArguments={[d//igwEhgBGCI2TG6lWqlIpoRgObMYnpNlwpnfbHTHQSdeCTNgKXAsYfed2+dX6N2katUnDIE9BT/z+gzjPq+3eYZH+qRf6Ud5Aw0Xg/rj4=]}
I/PushManager( 3411): set alias for push ===
D/ProcessObserver( 1640): onProcessDied, pid: 3199 uid: 10012
I/GCoreUlr( 1184): DispatchingService.onDestroy()
V/SmsReceiverService( 3342): onStart: #1 mResultCode: -1 = Activity.RESULT_OK
W/BroadcastQueueInjector( 844): System app: "com.android.providers.calendar" started by broadcast Intent { act=com.android.providers.calendar.intent.CalendarProvider2 flg=0x14 (has extras) }
I/ActivityManager( 844): Start proc com.android.providers.calendar for broadcast com.android.providers.calendar/.CalendarProviderBroadcastReceiver: pid=4364 uid=10004 gids={50004, 9997, 3003, 1028, 1015, 2001} abi=armeabi-v7a
I/art ( 844): Explicit concurrent mark sweep GC freed 14009(696KB) AllocSpace objects, 4(64KB) LOS objects, 33% free, 23MB/34MB, paused 1.800ms total 129.028ms
I/GCoreUlr( 1184): Unbound from all location providers
V/ProcessObserver( 1640): onProcessStateChanged
V/LocationPolicy( 844): onProcessStateChanged
W/ResourcesManager( 4364): Asset path '/system/framework/android.test.runner.jar' does not exist or contains no resources.
D/miuisdk ( 4364): current sdk level is 2
D/CalendarProvider2( 4364): onCreate()
D/CalendarAlarmManager( 4364): initializeWithContext()
I/CalendarProvider2( 4364): Created com.android.providers.calendar.CalendarAlarmManager@3ab8caac(com.android.providers.calendar.CalendarProvider2@3b76e375)
D/CalendarProviderBroadcastReceiver( 4364): onReceive(): intent:Intent { act=com.android.providers.calendar.intent.CalendarProvider2 flg=0x14 cmp=com.android.providers.calendar/.CalendarProviderBroadcastReceiver (has extras) }
D/CalendarProvider2( 4364): verifyAccounts()
D/CalendarAlarmManager( 4364): acquireScheduleNextAlarmWakeLock()
V/CloudActivateStatusListener( 2771): EVENT_INSERTED
D/ActivateManager( 2771): onServiceConnected, component:ComponentInfo{com.xiaomi.xmsf/com.xiaomi.activate.ActivateService}
D/ActivateManager( 2771): service unbinded
V/ActivateStatusReceiver( 2771): Updating activate info for sim 0 inserted=true status=3
V/CloudActivateStatusListener( 2771): EVENT_ACTIVATING
V/ProcessObserver( 1640): onProcessStateChanged
D/CalendarProvider2( 4364): removeStaleAccounts()
I/MiuiPushMessageReceiver( 3411): onCommandResult is called. command={set-alias}, resultCode={0}, reason={null}, category={null}, commandArguments={[180c61849ba38cdf9bc587b2553854db2169cca7]}
D/CalendarProvider2( 4364): verifyCalendar()
V/ProcessObserver( 1640): onProcessStateChanged
V/LocationPolicy( 844): onProcessStateChanged
V/LocationPolicy( 844): onProcessStateChanged
I/MiuiPushMessageReceiver( 3411): onCommandResult is called. command={set-alias}, resultCode={0}, reason={null}, category={null}, commandArguments={[com.xiaomi.miui.pushads.sdk180c61849ba38cdf9bc587b2553854db2169cca7]}
V/ProcessObserver( 1640): onProcessStateChanged
I/MiuiPushMessageReceiver( 3411): onCommandResult is called. command={set-alias}, resultCode={0}, reason={null}, category={null}, commandArguments={[107351996]}
D/ActivateManager( 2771): onServiceConnected, component:ComponentInfo{com.xiaomi.xmsf/com.xiaomi.activate.ActivateService}
D/CalendarProvider2( 4364): Received Intent: Intent { act=com.android.providers.calendar.intent.CalendarProvider2 flg=0x14 cmp=com.android.providers.calendar/.CalendarProviderIntentService (has extras) }
D/CalendarProvider2( 4364): removing scheduled alarms
D/ActivateManager( 2771): service unbinded
D/GCM ( 1530): GcmService start Intent { act=com.google.android.gms.INITIALIZE flg=0x10 pkg=com.google.android.gms cmp=com.google.android.gms/.gcm.GcmService } com.google.android.gms.INITIALIZE
V/ActivateStatusReceiver( 2771): Updating activate info for sim 0 inserted=true status=3
V/CloudActivateStatusListener( 2771): event activated
V/LocationPolicy( 844): onProcessStateChanged
I/MiuiPushMessageReceiver( 3411): onCommandResult is called. command={set-alias}, resultCode={0}, reason={null}, category={null}, commandArguments={[com.miui.player.push.prefix_107351996]}
I/MiuiPushMessageReceiver( 3411): onCommandResult is called. command={set-alias}, resultCode={0}, reason={null}, category={null}, commandArguments={[com.xiaomi.miui.pushads.sdk107351996]}
D/AuthorizationBluetoothService( 1530): Received GmsCore event: Intent { act=com.google.android.gms.INITIALIZE flg=0x10 pkg=com.google.android.gms cmp=com.google.android.gms/.auth.be.proximity.authorization.bt.AuthorizationBluetoothService$AutoStarter }.
D/CalendarProvider2( 4364): runScheduleNextAlarm() start search: mar., août 25, 2015 01:41pm
E/SQLiteLog( 4364): (284) automatic index on view_events(_id)
V/ProcessObserver( 1640): onProcessStateChanged
V/LocationPolicy( 844): onProcessStateChanged
V/GmsCoreStatsServiceLauncher( 1813): Received broadcast intent Intent { act=com.google.android.gms.INITIALIZE flg=0x10 pkg=com.google.android.gms cmp=com.google.android.gms/.common.stats.GmsCoreStatsServiceLauncher }
D/CalendarProvider2( 4364): cursor results: 0 nextAlarmTime: mer., août 26, 2015 01:41pm
V/ProcessObserver( 1640): onProcessStateChanged
D/WearableService( 2029): callingUid 10036, callindPid: 2029
V/LocationPolicy( 844): onProcessStateChanged
V/ProcessObserver( 1640): onProcessStateChanged
D/LocationInitializer( 1813): Restart initialization of location
D/CalendarProvider2( 4364): scheduleNextAlarmCheck at: 1440589324907 mer., août 26, 2015 01:42pm
D/CalendarAlarmManager( 4364): set(): type:0, triggerAtTime:1440589324907, operation:PendingIntent{1c8cb1d6: android.os.BinderProxy@279b1c57}
D/CalendarAlarmManager( 4364): releaseScheduleNextAlarmWakeLock()
D/CalendarProvider2( 4364): verifyCalendar(): miAccount:Account {name=107351996, type=com.xiaomi}
V/LocationPolicy( 844): onProcessStateChanged
D/CloudActivateStatusListener( 2771): request sync sms & call log when activated
V/CloudActivateStatusListener( 2771): EVENT_ACTIVATED
V/ProcessObserver( 1640): onProcessStateChanged
E/MDM ( 1184): [88] b.run: Couldn't connect to Google API client: ConnectionResult{statusCode=API_UNAVAILABLE, resolution=null}
D/CalendarAlarmManager( 4364): rescheduleMissedAlarms()
V/LocationPolicy( 844): onProcessStateChanged
I/FindDeviceSettingService( 2771): com.miui.cloudservice.finddevice.FindDeviceSettingService: SourceFile(111): intent: Intent { act=com.xiaomi.action.ENABLE_FIND_DEVICE pkg=com.miui.cloudservice (has extras) }, with action: com.xiaomi.action.ENABLE_FIND_DEVICE
D/FindDeviceSettingService( 2771): com.miui.cloudservice.finddevice.FindDeviceSettingService: SourceFile(143): handleModifyFindDeviceState: enable=true notifyUser=false V/com.miui.cloudservice.mms.WebMessagingService( 2771): SourceFile(303): simCount=1 mainSyncEnabled=false
D/CloudTelephonyManager( 2771): blockingGetDeviceId is called by com.miui.cloudservice with timeout: 300000
W/PushService( 1290): 2015-08-25 15:41:04,994 - [WARN::PushService] - [Thread:81] SMACK 03:41:04 PM RCV (204313143):
I/CloudManager( 2771): connectivity resumed
V/FindDeviceSettingService( 2771): com.miui.cloudservice.finddevice.FindDeviceSettingService: SourceFile(148): lastUploadedSimInfos: 1 phone entries
D/FindDeviceSettingService( 2771): com.miui.cloudservice.finddevice.FindDeviceSettingService: SourceFile(150): lastUploadedSimInfos item: simId: OaU8oZh1Z_cm????, phone: +3366545????
V/FindDeviceSettingService( 2771): com.miui.cloudservice.finddevice.FindDeviceSettingService: SourceFile(161): handleModifyFindDeviceState: got 1 activated phone entries
D/FindDeviceSettingService( 2771): com.miui.cloudservice.finddevice.FindDeviceSettingService: SourceFile(163): new phoneInfoItem: simId: OaU8oZh1Z_cm????, phone: +3366545????
D/FindDeviceSettingService( 2771): com.miui.cloudservice.finddevice.FindDeviceSettingService: SourceFile(167): handleModifyFindDeviceState: same phone info as last uploaded.
D/GCM ( 1530): GcmService start Intent { act=com.google.android.checkin.CHECKIN_COMPLETE flg=0x10 cmp=com.google.android.gms/.gcm.GcmService (has extras) } com.google.android.checkin.CHECKIN_COMPLETE
D/ChimeraCfgMgr( 1813): Loading module com.google.android.gms.kids from APK com.google.android.gms
D/ChimeraCfgMgr( 1813): Loading module com.google.android.gms.kids from APK com.google.android.gms
I/DEBUG ( 3636):
I/DEBUG ( 3636): Tombstone written to: /data/tombstones/tombstone_08
I/WhetstoneService( 1322): Receive am_crash event for pid: 844
W/KloServer( 1322): Aborted broadcast does not supprt for: android
I/libmc ( 2269): received event[index:0,mask:0x8,name:tombstone_08]
E/SharedPreferencesImpl( 844): Couldn't create directory for SharedPreferences file shared_prefs/log_files.xml
I/BootReceiver( 844): Copying /data/tombstones/tombstone_08 to DropBox (SYSTEM_TOMBSTONE)
W/ActivityManager( 844): Process com.android.bluetooth has crashed too many times: killing!
D/BluetoothManagerService( 844): BluetoothServiceConnection, disconnected: com.android.bluetooth.btservice.AdapterService
D/BluetoothManagerService( 844): Message: 41
E/BluetoothManagerService( 844): MESSAGE_BLUETOOTH_SERVICE_DISCONNECTED: 1
D/BluetoothManagerService( 844): Calling onBluetoothServiceDown callbacks
D/BluetoothManagerService( 844): Broadcasting onBluetoothServiceDown() to 8 receivers.
D/ProcessObserver( 1640): onProcessDied, pid: 4164 uid: 1002
I/ActivityManager( 844): Killing 4164:com.android.bluetooth/1002 (adj -11): crash
E/BluetoothManagerService( 844): Unable to call onBluetoothServiceDown() on callback #2
E/BluetoothManagerService( 844): android.os.DeadObjectException
E/BluetoothManagerService( 844): at android.os.BinderProxy.transactNative(Native Method)
E/BluetoothManagerService( 844): at android.os.BinderProxy.transact(Binder.java)
E/BluetoothManagerService( 844): at android.bluetooth.IBluetoothManagerCallback$Stub$Proxy.onBluetoothServiceDown(IBluetoothManagerCallback.java)
E/BluetoothManagerService( 844): at com.android.server.BluetoothManagerService.sendBluetoothServiceDownCallback(BluetoothManagerService.java)
E/BluetoothManagerService( 844): at com.android.server.BluetoothManagerService.access$3500(BluetoothManagerService.java)
E/BluetoothManagerService( 844): at com.android.server.BluetoothManagerService$BluetoothHandler.handleMessage(BluetoothManagerService.java)
E/BluetoothManagerService( 844): at android.os.Handler.dispatchMessage(Handler.java)
E/BluetoothManagerService( 844): at android.os.Looper.loop(Looper.java)
E/BluetoothManagerService( 844): at android.os.HandlerThread.run(HandlerThread.java)
E/BluetoothManagerService( 844): at com.android.server.ServiceThread.run(ServiceThread.java)
I/libmc ( 2269): received event[index:0,mask:0x80,name:system_app_native_crash@1440510065106.txt]
D/BluetoothManagerService( 844): Calling onQBluetoothServiceDown callbacks
D/BluetoothManagerService( 844): Broadcasting onQBluetoothServiceDown() to 0 receivers.
D/BluetoothManagerService( 844): Bluetooth State Change Intent: 12 -> 13
I/libmc ( 2269): received event[index:0,mask:0x80,name:SYSTEM_TOMBSTONE@1440510065120.txt.gz]
I/KLO_Stability( 2269): start gathering logcat log...
I/KLO_Stability( 2269): gethering logcat log done
I/Zygote ( 296): Process 4164 exited due to signal (11)
E/WhetstoneService( 1322): the pacakge name not found
D/BluetoothManagerService( 844): Broadcasting onBluetoothStateChange(false) to 9 receivers.
D/BluetoothHeadset( 844): onBluetoothStateChange: up=false
E/BluetoothHeadset( 844):
E/BluetoothHeadset( 844): java.lang.IllegalArgumentException: Service not registered: android.bluetooth.BluetoothHeadset$2@1aac831b
E/BluetoothHeadset( 844): at android.app.LoadedApk.forgetServiceDispatcher(LoadedApk.java)
E/BluetoothHeadset( 844): at android.app.ContextImpl.unbindService(ContextImpl.java)
E/BluetoothHeadset( 844): at android.bluetooth.BluetoothHeadset$1.onBluetoothStateChange(BluetoothHeadset.java)
E/BluetoothHeadset( 844): at com.android.server.BluetoothManagerService.sendBluetoothStateCallback(BluetoothManagerService.java)
E/BluetoothHeadset( 844): at com.android.server.BluetoothManagerService.bluetoothStateChangeHandler(BluetoothManagerService.java)
E/BluetoothHeadset( 844): at com.android.server.BluetoothManagerService.access$3200(BluetoothManagerService.java)
E/BluetoothHeadset( 844): at com.android.server.BluetoothManagerService$BluetoothHandler.handleMessage(BluetoothManagerService.java)
E/BluetoothHeadset( 844): at android.os.Handler.dispatchMessage(Handler.java)
E/BluetoothHeadset( 844): at android.os.Looper.loop(Looper.java)
E/BluetoothHeadset( 844): at android.os.HandlerThread.run(HandlerThread.java)
E/BluetoothHeadset( 844): at com.android.server.ServiceThread.run(ServiceThread.java)
I/ActivityManager( 844): Start proc com.android.bluetooth for restart com.android.bluetooth: pid=4404 uid=1002 gids={41002, 9997, 3003, 3002, 3001, 1028, 1015, 3005, 1016, 3008, 1023} abi=armeabi-v7a
D/BluetoothHeadset( 1302): onBluetoothStateChange: up=false
E/BluetoothHeadset( 1302):
E/BluetoothHeadset( 1302): java.lang.IllegalArgumentException: Service not registered: android.bluetooth.BluetoothHeadset$2@171bdf46
E/BluetoothHeadset( 1302): at android.app.LoadedApk.forgetServiceDispatcher(LoadedApk.java)
E/BluetoothHeadset( 1302): at android.app.ContextImpl.unbindService(ContextImpl.java)
E/BluetoothHeadset( 1302): at android.content.ContextWrapper.unbindService(ContextWrapper.java)
E/BluetoothHeadset( 1302): at android.bluetooth.BluetoothHeadset$1.onBluetoothStateChange(BluetoothHeadset.java)
E/BluetoothHeadset( 1302): at android.bluetooth.IBluetoothStateChangeCallback$Stub.onTransact(IBluetoothStateChangeCallback.java)
E/BluetoothHeadset( 1302): at android.os.Binder.execTransact(Binder.java)
D/BluetoothPan( 1219): onBluetoothStateChange on: false
D/BluetoothAdapter( 1063): 517947889: getState() : mService = null. Returning STATE_OFF
E/BluetoothPan( 1219):
E/BluetoothPan( 1219): java.lang.IllegalArgumentException: Service not registered: android.bluetooth.BluetoothPan$2@3bf2533c
E/BluetoothPan( 1219): at android.app.LoadedApk.forgetServiceDispatcher(LoadedApk.java)
E/BluetoothPan( 1219): at android.app.ContextImpl.unbindService(ContextImpl.java)
