E/RemoteController( 5524): Cannot set synchronization mode on an unregistered RemoteController
I/BluetoothA2dpServiceJni( 5524): classInitNative: succeeds
D/A2dpStateMachine( 5524): make
I/bluedroid( 5524): get_profile_interface a2dp
I/GKI_LINUX( 5524): gki_task_entry task_id=2 [A2DP-MEDIA] starting
D/bt-btif ( 5524): btif_av_state_idle_handler event:BTIF_SM_ENTER_EVT flags 0
D/A2dpService( 5524): setA2dpService(): set to: null
D/A2dpStateMachine( 5524): Enter Disconnected: -2
D/BluetoothAdapterService( 5524): getAdapterService() - returning com.android.bluetooth.btservice.AdapterService@167dc37b
I/BluetoothHidServiceJni( 5524): classInitNative: succeeds
D/HidService( 5524): Received start request. Starting profile...
I/bluedroid( 5524): get_profile_interface hidhost
D/BluetoothAdapterService( 5524): getAdapterService() - returning com.android.bluetooth.btservice.AdapterService@167dc37b
I/BluetoothHealthServiceJni( 5524): classInitNative: succeeds
D/HealthService( 5524): Received start request. Starting profile...
I/bluedroid( 5524): get_profile_interface health
D/BluetoothAdapterService( 5524): getAdapterService() - returning com.android.bluetooth.btservice.AdapterService@167dc37b
I/BluetoothPanServiceJni( 5524): classInitNative(L105): succeeds
D/PanService( 5524): Received start request. Starting profile...
D/BluetoothPanServiceJni( 5524): initializeNative(L110): pan
I/bluedroid( 5524): get_profile_interface pan
D/BluetoothAdapterService( 5524): getAdapterService() - returning com.android.bluetooth.btservice.AdapterService@167dc37b
D/BtGatt.GattService( 5524): classInitNative called
I/BtGatt.JNI( 5524): classInitNative(L863): classInitNative: Success!
D/BtGatt.DebugUtils( 5524): handleDebugAction() action=null
D/BtGatt.GattService( 5524): Received start request. Starting profile...
D/BtGatt.GattService( 5524): start()
I/bluedroid( 5524): get_profile_interface gatt
D/BtGatt.AdvertiseManager( 5524): advertise manager created
D/BluetoothAdapterService( 5524): getAdapterService() - returning com.android.bluetooth.btservice.AdapterService@167dc37b
D/BluetoothMapService( 5524): inside BluetoothMapObexConnection
D/BluetoothMapService( 5524): supportedMessageTypes 14
D/BluetoothMapService( 5524): masId 0
D/BluetoothMapService( 5524): inside BluetoothMapObexConnection
D/BluetoothMapService( 5524): supportedMessageTypes 1
D/BluetoothMapService( 5524): masId 1
D/BluetoothMapService( 5524): Inside initBinder
D/BluetoothMapService( 5524): Received start request. Starting profile...
D/BluetoothMapService( 5524): start()
D/BluetoothMapService( 5524): Registering observer
D/BluetoothAdapterService( 5524): getAdapterService() - returning com.android.bluetooth.btservice.AdapterService@167dc37b
D/HeadsetPhoneState( 5524): sendDeviceStateChanged. mService=1 mSignal=0 mRoam=0 mBatteryCharge=0
D/HeadsetPhoneState( 5524): sendDeviceStateChanged. mService=1 mSignal=5 mRoam=0 mBatteryCharge=0
D/HeadsetStateMachine( 5524): Disconnected process message: 11, size: 0
D/HeadsetStateMachine( 5524): Disconnected process message: 11, size: 0
D/HeadsetStateMachine( 5524): Disconnected process message: 10, size: 0
D/HeadsetPhoneState( 5524): sendDeviceStateChanged. mService=1 mSignal=5 mRoam=0 mBatteryCharge=1
D/HeadsetStateMachine( 5524): Disconnected process message: 11, size: 0
V/BluetoothSapReceiver( 5524): SapReceiver onReceive
V/BluetoothSapReceiver( 5524): action = android.bluetooth.adapter.action.STATE_CHANGED
V/BluetoothSapReceiver( 5524): Bluetooth Adapter state = 11
V/BluetoothMapService( 5524): Handler(): got msg=1
I/Telecom ( 1284): BluetoothPhoneService: queryPhoneState
D/Telecom ( 1284): BluetoothPhoneService: handleMessage(7) w/ param 0
D/BluetoothAdapterState( 5524): CURRENT_STATE=PENDING, MESSAGE = STARTED, isTurningOn=true, isTurningOff=false
I/bluedroid( 5524): enable
I/bt_hci_bdroid( 5524): init
I/GKI_LINUX( 5524): gki_task_entry task_id=0 [BTU] starting
I/bt_vendor( 5524): bt-vendor : init
I/bt_vendor( 5524): bt-vendor : get_bt_soc_type
E/bt_vendor( 5524): get_bt_soc_type: Failed to get soc type
I/bt_vendor( 5524): init: Local BD Address : 23:67:02:5f:a4:f8
D/bt_userial_mct( 5524): userial_init
I/bt-btu ( 5524): btu_task pending for preload complete event
I/bt_vendor( 5524): bt-vendor : BT_VND_OP_POWER_CTRL: On
I/bt_vendor( 5524): bluetooth satus is on
I/bt_vendor( 5524): bt-vendor : resetting BT status
I/bt_vendor( 5524): Starting hciattach daemon
I/bt_vendor( 5524): try to set false
I/bt_vendor( 5524): Starting hciattach daemon
I/bt_vendor( 5524): try to set true
W/BroadcastQueueInjector( 844): Unable to launch app com.rhapsody.napster/10104 for broadcast Intent { act=android.bluetooth.adapter.action.STATE_CHANGED flg=0x14000010 (has extras) }: process is not permitted to autostart
D/AuthorizationBluetoothService( 1530): Received Bluetooth event: Intent { act=android.bluetooth.adapter.action.STATE_CHANGED flg=0x14000010 cmp=com.google.android.gms/.auth.be.proximity.authorization.bt.AuthorizationBluetoothService$BluetoothStateChangeReceiver (has extras) }.
W/BroadcastQueue( 844): Permission Denial: receiving Intent { act=android.bluetooth.adapter.action.STATE_CHANGED flg=0x14000010 (has extras) } to com.mi4ever.app.mi4everblog/com.appyet.receiver.CommonReceiver requires android.permission.BLUETOOTH due to sender android (uid 1000)
I/qcom-bluetooth( 5564): /system/etc/init.qcom.bt.sh: init.qcom.bt.sh config =
I/qcom-bluetooth( 5570): /system/etc/init.qcom.bt.sh: Transport : smd
I/qcom-bluetooth( 5571): /system/etc/init.qcom.bt.sh: ** Bluedroid stack **
I/qcom-bluetooth( 5573): /system/etc/init.qcom.bt.sh: Power Class: Ignored. Default(1) used (1-CLASS1/2-CLASS2/3-CUSTOM)
I/qcom-bluetooth( 5574): /system/etc/init.qcom.bt.sh: Power Class: To override, Before turning BT ON; setprop qcom.bt.dev_power_class <1 or 2 or 3>
I/qcom-bluetooth( 5575): /system/etc/init.qcom.bt.sh: LE Power Class: Ignored. Default(2) used (1-CLASS1/2-CLASS2/3-CUSTOM)
I/qcom-bluetooth( 5576): /system/etc/init.qcom.bt.sh: LE Power Class: To override, Before turning BT ON; setprop qcom.bt.le_dev_pwr_class <1 or 2 or 3>
D/wpa_supplicant( 1134): wlan0: Control interface command 'SIGNAL_POLL'
E/Diag_Lib( 5578): Diag_LSM_Init: Failed to open handle to diag driver, error = 13
W/ProcessCpuTracker( 844): Skipping unknown process pid 5580
E/QMI_FW ( 5578): QMUXD: Service_id=228 not found over conn_id=0
E/QMI_FW ( 5578): QMUXD: Service_id=228 not found over conn_id=37
E/QMI_FW ( 5578): QMUXD: Service_id=228 not found over conn_id=0
E/QMI_FW ( 5578): QMUXD: Service_id=228 not found over conn_id=37
E/QMI_FW ( 5578): QMUXD: Service_id=228 not found over conn_id=0
E/QMI_FW ( 5578): QMUXD: Service_id=228 not found over conn_id=37
E/QMI_FW ( 5578): QMUXD: Service_id=228 not found over conn_id=0
E/QMI_FW ( 5578): QMUXD: Service_id=228 not found over conn_id=37
E/QMI_FW ( 5578): QMUXD: Service_id=228 not found over conn_id=0
E/QMI_FW ( 5578): QMUXD: Service_id=228 not found over conn_id=37
I/qcom-bluetooth( 5585): /system/etc/init.qcom.bt.sh: Bluetooth QSoC firmware download succeeded, /dev/ttyHS0 qualcomm-ibs 3000000 f8:a4:5f:02:67:23
I/qcom-bluetooth( 5586): /system/etc/init.qcom.bt.sh: ** Bluedroid stack **
I/bt_vendor( 5524): bluetooth satus is on
D/bt_userial_mct( 5524): userial_open(port:0)
I/bt_vendor( 5524): bt-vendor : BT_VND_OP_USERIAL_OPEN
I/bt_vendor( 5524): Done intiailizing UART
I/bt_vendor( 5524): Done intiailizing UART
I/bt_userial_mct( 5524): CMD=72, EVT=72, ACL_Out=73, ACL_In=73
I/bt_vendor( 5524): Bluetooth Firmware and transport layer are initialized
I/bt-btu ( 5524): btu_task received preload complete event
W/bt-l2cap( 5524): L2CAP - L2CA_Register() called for PSM: 0x0001
W/bt-l2cap( 5524): L2CAP - L2CA_Register() called for PSM: 0x001f
W/bt-l2cap( 5524): L2CAP - L2CA_Register() called for PSM: 0x0003
W/bt-l2cap( 5524): L2CAP - L2CA_Register() called for PSM: 0x1487
F/libc ( 5524): Fatal signal 11 (SIGSEGV), code 1, fault addr 0x8 in tid 5561 (BTU)
D/bt_userial_mct( 5524): Entering userial_read_thread()
I/DEBUG ( 5170): *** *** *** *** *** *** *** *** *** *** *** *** *** *** *** ***
I/DEBUG ( 5170): Build fingerprint: 'Xiaomi/aries/aries:5.0.2/LRX22G/5.8.20:user/release-keys'
I/DEBUG ( 5170): Revision: '0'
I/DEBUG ( 5170): ABI: 'arm'
I/DEBUG ( 5170): pid: 5524, tid: 5561, name: BTU >>> com.android.bluetooth <<<
I/DEBUG ( 5170): signal 11 (SIGSEGV), code 1 (SEGV_MAPERR), fault addr 0x8
I/DEBUG ( 5170): r0 a533fa48 r1 fffffae8 r2 a53665b8 r3 00000000
I/DEBUG ( 5170): r4 000003e8 r5 00000000 r6 000003e8 r7 a5375318
I/DEBUG ( 5170): r8 a5365d30 r9 a5034308 sl b6f1e785 fp a3deddb0
I/DEBUG ( 5170): ip 7ffffffe sp a3dedce0 lr a52b956f pc a52b95e2 cpsr 200f0030
I/DEBUG ( 5170):
I/DEBUG ( 5170): backtrace:
I/DEBUG ( 5170): #00 pc 000a45e2 /system/lib/hw/bluetooth.default.so (alarm_service_reschedule+125)
I/DEBUG ( 5170): #01 pc 000a445b /system/lib/hw/bluetooth.default.so (GKI_start_timer+150)
I/DEBUG ( 5170): #02 pc 000d96eb /system/lib/hw/bluetooth.default.so (btu_start_timer+66)
I/DEBUG ( 5170): #03 pc 0003a3a3 /system/lib/hw/bluetooth.default.so (BTE_InitStack+10)
I/DEBUG ( 5170): #04 pc 000d9a6b /system/lib/hw/bluetooth.default.so (btu_task+82)
I/DEBUG ( 5170): #05 pc 000a44c1 /system/lib/hw/bluetooth.default.so
I/DEBUG ( 5170): #06 pc 000137a3 /system/lib/libc.so (__pthread_start(void*)+30)
I/DEBUG ( 5170): #07 pc 00011883 /system/lib/libc.so (__start_thread+6)
W/PushService( 1290): 2015-08-25 15:41:31,255 - [WARN::PushService] - [Thread:80] JOB: check the ping-pong.
I/DEBUG ( 5170):
I/DEBUG ( 5170): Tombstone written to: /data/tombstones/tombstone_01
I/libmc ( 2269): received event[index:0,mask:0x8,name:tombstone_01]
I/WhetstoneService( 1322): Receive am_crash event for pid: 844
W/KloServer( 1322): Aborted broadcast does not supprt for: android
I/BootReceiver( 844): Copying /data/tombstones/tombstone_01 to DropBox (SYSTEM_TOMBSTONE)
E/SharedPreferencesImpl( 844): Couldn't create directory for SharedPreferences file shared_prefs/log_files.xml
D/BluetoothManagerService( 844): BluetoothServiceConnection, disconnected: com.android.bluetooth.btservice.AdapterService
D/BluetoothManagerService( 844): Message: 41
E/BluetoothManagerService( 844): MESSAGE_BLUETOOTH_SERVICE_DISCONNECTED: 1
D/BluetoothManagerService( 844): Calling onBluetoothServiceDown callbacks
D/BluetoothManagerService( 844): Broadcasting onBluetoothServiceDown() to 7 receivers.
D/BluetoothManagerService( 844): Calling onQBluetoothServiceDown callbacks
D/BluetoothManagerService( 844): Broadcasting onQBluetoothServiceDown() to 0 receivers.
D/BluetoothManagerService( 844): Bluetooth State Change Intent: 12 -> 13
I/KLO_Stability( 2269): start gathering logcat log...
I/Zygote ( 296): Process 5524 exited due to signal (11)
I/KLO_Stability( 2269): gethering logcat log done
I/libmc ( 2269): received event[index:0,mask:0x80,name:SYSTEM_TOMBSTONE@1440510091993.txt.gz]
D/ProcessObserver( 1640): onProcessDied, pid: 5524 uid: 1002
D/BluetoothManagerService( 844): Broadcasting onBluetoothStateChange(false) to 9 receivers.
D/BluetoothHeadset( 844): onBluetoothStateChange: up=false
E/BluetoothHeadset( 844):
E/BluetoothHeadset( 844): java.lang.IllegalArgumentException: Service not registered: android.bluetooth.BluetoothHeadset$2@1aac831b
E/BluetoothHeadset( 844): at android.app.LoadedApk.forgetServiceDispatcher(LoadedApk.java)
E/BluetoothHeadset( 844): at android.app.ContextImpl.unbindService(ContextImpl.java)
E/BluetoothHeadset( 844): at android.bluetooth.BluetoothHeadset$1.onBluetoothStateChange(BluetoothHeadset.java)
E/BluetoothHeadset( 844): at com.android.server.BluetoothManagerService.sendBluetoothStateCallback(BluetoothManagerService.java)
E/BluetoothHeadset( 844): at com.android.server.BluetoothManagerService.bluetoothStateChangeHandler(BluetoothManagerService.java)
E/BluetoothHeadset( 844): at com.android.server.BluetoothManagerService.access$3200(BluetoothManagerService.java)
E/BluetoothHeadset( 844): at com.android.server.BluetoothManagerService$BluetoothHandler.handleMessage(BluetoothManagerService.java)
E/BluetoothHeadset( 844): at android.os.Handler.dispatchMessage(Handler.java)
E/BluetoothHeadset( 844): at android.os.Looper.loop(Looper.java)
E/BluetoothHeadset( 844): at android.os.HandlerThread.run(HandlerThread.java)
E/BluetoothHeadset( 844): at com.android.server.ServiceThread.run(ServiceThread.java)
D/BluetoothHeadset( 1302): onBluetoothStateChange: up=false
E/BluetoothHeadset( 1302):
E/BluetoothHeadset( 1302): java.lang.IllegalArgumentException: Service not registered: android.bluetooth.BluetoothHeadset$2@171bdf46
E/BluetoothHeadset( 1302): at android.app.LoadedApk.forgetServiceDispatcher(LoadedApk.java)
E/BluetoothHeadset( 1302): at android.app.ContextImpl.unbindService(ContextImpl.java)
E/BluetoothHeadset( 1302): at android.content.ContextWrapper.unbindService(ContextWrapper.java)
E/BluetoothHeadset( 1302): at android.bluetooth.BluetoothHeadset$1.onBluetoothStateChange(BluetoothHeadset.java)
E/BluetoothHeadset( 1302): at android.bluetooth.IBluetoothStateChangeCallback$Stub.onTransact(IBluetoothStateChangeCallback.java)
E/BluetoothHeadset( 1302): at android.os.Binder.execTransact(Binder.java)
D/BluetoothAdapter( 1358): 173510713: getState() : mService = null. Returning STATE_OFF
D/BluetoothPan( 1219): onBluetoothStateChange on: false
D/BluetoothAdapter( 1063): 517947889: getState() : mService = null. Returning STATE_OFF
E/BluetoothPan( 1219):
E/BluetoothPan( 1219): java.lang.IllegalArgumentException: Service not registered: android.bluetooth.BluetoothPan$2@3bf2533c
E/BluetoothPan( 1219): at android.app.LoadedApk.forgetServiceDispatcher(LoadedApk.java)
E/BluetoothPan( 1219): at android.app.ContextImpl.unbindService(ContextImpl.java)
E/BluetoothPan( 1219): at android.content.ContextWrapper.unbindService(ContextWrapper.java)
E/BluetoothPan( 1219): at android.bluetooth.BluetoothPan$1.onBluetoothStateChange(BluetoothPan.java)
E/BluetoothPan( 1219): at android.bluetooth.IBluetoothStateChangeCallback$Stub.onTransact(IBluetoothStateChangeCallback.java)
E/BluetoothPan( 1219): at android.os.Binder.execTransact(Binder.java)
D/BluetoothMap( 1219): onBluetoothStateChange: up=false
E/BluetoothMap( 1219):
E/BluetoothMap( 1219): java.lang.IllegalArgumentException: Service not registered: android.bluetooth.BluetoothMap$2@37f1e8c5
E/BluetoothMap( 1219): at android.app.LoadedApk.forgetServiceDispatcher(LoadedApk.java)
E/BluetoothMap( 1219): at android.app.ContextImpl.unbindService(ContextImpl.java)
E/BluetoothMap( 1219): at android.content.ContextWrapper.unbindService(ContextWrapper.java)
E/BluetoothMap( 1219): at android.bluetooth.BluetoothMap$1.onBluetoothStateChange(BluetoothMap.java)
E/BluetoothMap( 1219): at android.bluetooth.IBluetoothStateChangeCallback$Stub.onTransact(IBluetoothStateChangeCallback.java)
E/BluetoothMap( 1219): at android.os.Binder.execTransact(Binder.java)
D/KeyguardViewMediator( 1063): action name: android.bluetooth.adapter.action.STATE_CHANGED
D/BluetoothInputDevice( 1219): onBluetoothStateChange: up=false
E/BluetoothInputDevice( 1219):
E/BluetoothInputDevice( 1219): java.lang.IllegalArgumentException: Service not registered: android.bluetooth.BluetoothInputDevice$2@3d6912f
E/BluetoothInputDevice( 1219): at android.app.LoadedApk.forgetServiceDispatcher(LoadedApk.java)
E/BluetoothInputDevice( 1219): at android.app.ContextImpl.unbindService(ContextImpl.java)
E/BluetoothInputDevice( 1219): at android.content.ContextWrapper.unbindService(ContextWrapper.java)
E/BluetoothInputDevice( 1219): at android.bluetooth.BluetoothInputDevice$1.onBluetoothStateChange(BluetoothInputDevice.java)
E/BluetoothInputDevice( 1219): at android.bluetooth.IBluetoothStateChangeCallback$Stub.onTransact(IBluetoothStateChangeCallback.java)
E/BluetoothInputDevice( 1219): at android.os.Binder.execTransact(Binder.java)
D/BluetoothHeadset( 1284): onBluetoothStateChange: up=false
E/BluetoothHeadset( 1284):
E/BluetoothHeadset( 1284): java.lang.IllegalArgumentException: Service not registered: android.bluetooth.BluetoothHeadset$2@315b80fe
E/BluetoothHeadset( 1284): at android.app.LoadedApk.forgetServiceDispatcher(LoadedApk.java)
E/BluetoothHeadset( 1284): at android.app.ContextImpl.unbindService(ContextImpl.java)
E/BluetoothHeadset( 1284): at android.content.ContextWrapper.unbindService(ContextWrapper.java)
E/BluetoothHeadset( 1284): at android.content.ContextWrapper.unbindService(ContextWrapper.java)
E/BluetoothHeadset( 1284): at android.bluetooth.BluetoothHeadset$1.onBluetoothStateChange(BluetoothHeadset.java)
E/BluetoothHeadset( 1284): at android.bluetooth.IBluetoothStateChangeCallback$Stub.onTransact(IBluetoothStateChangeCallback.java)
E/BluetoothHeadset( 1284): at android.os.Binder.execTransact(Binder.java)
D/BluetoothPbap( 1219): onBluetoothStateChange: up=false
I/ActivityManager( 844): Process com.android.bluetooth (pid 5524) has died
W/ActivityManager( 844): Scheduling restart of crashed service com.android.bluetooth/.hfp.HeadsetService in 1000ms
W/ActivityManager( 844): Scheduling restart of crashed service com.android.bluetooth/.hid.HidService in 1000ms
W/ActivityManager( 844): Scheduling restart of crashed service com.android.bluetooth/.btservice.AdapterService in 1000ms
W/ActivityManager( 844): Scheduling restart of crashed service com.android.bluetooth/.gatt.GattService in 11000ms
W/ActivityManager( 844): Scheduling restart of crashed service com.android.bluetooth/.hdp.HealthService in 10999ms
W/ActivityManager( 844): Scheduling restart of crashed service com.android.bluetooth/.pan.PanService in 10999ms
W/ActivityManager( 844): Scheduling restart of crashed service com.android.bluetooth/.a2dp.A2dpService in 10999ms
W/ActivityManager( 844): Scheduling restart of crashed service com.android.bluetooth/.map.BluetoothMapService in 10999ms
D/Telecom ( 1284): BluetoothPhoneService: Bluetooth Adapter state: 13
E/BluetoothPbap( 1219):
E/BluetoothPbap( 1219): java.lang.IllegalArgumentException: Service not registered: android.bluetooth.BluetoothPbap$2@144a521a
E/BluetoothPbap( 1219): at android.app.LoadedApk.forgetServiceDispatcher(LoadedApk.java)
E/BluetoothPbap( 1219): at android.app.ContextImpl.unbindService(ContextImpl.java)
E/BluetoothPbap( 1219): at android.content.ContextWrapper.unbindService(ContextWrapper.java)
E/BluetoothPbap( 1219): at android.bluetooth.BluetoothPbap$1.onBluetoothStateChange(BluetoothPbap.java)
E/BluetoothPbap( 1219): at android.bluetooth.IBluetoothStateChangeCallback$Stub.onTransact(IBluetoothStateChangeCallback.java)
E/BluetoothPbap( 1219): at android.os.Binder.execTransact(Binder.java)
D/BluetoothA2dp( 844): onBluetoothStateChange: up=false
E/BluetoothA2dp( 844):
E/BluetoothA2dp( 844): java.lang.IllegalArgumentException: Service not registered: android.bluetooth.BluetoothA2dp$2@1d8635f7
E/BluetoothA2dp( 844): at android.app.LoadedApk.forgetServiceDispatcher(LoadedApk.java)
E/BluetoothA2dp( 844): at android.app.ContextImpl.unbindService(ContextImpl.java)
E/BluetoothA2dp( 844): at android.bluetooth.BluetoothA2dp$1.onBluetoothStateChange(BluetoothA2dp.java)
E/BluetoothA2dp( 844): at com.android.server.BluetoothManagerService.sendBluetoothStateCallback(BluetoothManagerService.java)
E/BluetoothA2dp( 844): at com.android.server.BluetoothManagerService.bluetoothStateChangeHandler(BluetoothManagerService.java)
E/BluetoothA2dp( 844): at com.android.server.BluetoothManagerService.access$3200(BluetoothManagerService.java)
E/BluetoothA2dp( 844): at com.android.server.BluetoothManagerService$BluetoothHandler.handleMessage(BluetoothManagerService.java)
E/BluetoothA2dp( 844): at android.os.Handler.dispatchMessage(Handler.java)
E/BluetoothA2dp( 844): at android.os.Looper.loop(Looper.java)
E/BluetoothA2dp( 844): at android.os.HandlerThread.run(HandlerThread.java)
E/BluetoothA2dp( 844): at com.android.server.ServiceThread.run(ServiceThread.java)
D/BluetoothHeadset( 1284): onBluetoothStateChange: up=false
E/BluetoothHeadset( 1284):
E/BluetoothHeadset( 1284): java.lang.IllegalArgumentException: Service not registered: android.bluetooth.BluetoothHeadset$2@1845c947
E/BluetoothHeadset( 1284): at android.app.LoadedApk.forgetServiceDispatcher(LoadedApk.java)
E/BluetoothHeadset( 1284): at android.app.ContextImpl.unbindService(ContextImpl.java)
E/BluetoothHeadset( 1284): at android.content.ContextWrapper.unbindService(ContextWrapper.java)
E/BluetoothHeadset( 1284): at android.bluetooth.BluetoothHeadset$1.onBluetoothStateChange(BluetoothHeadset.java)
E/BluetoothHeadset( 1284): at android.bluetooth.IBluetoothStateChangeCallback$Stub.onTransact(IBluetoothStateChangeCallback.java)
E/BluetoothHeadset( 1284): at android.os.Binder.execTransact(Binder.java)
D/BluetoothManagerService( 844): Bluetooth State Change Intent: 13 -> 10
W/ContextImpl( 1219): Calling a method in the system process without a qualified user: android.app.ContextImpl.startService:-1 android.content.ContextWrapper.startService:-1 android.content.ContextWrapper.startService:-1 com.android.settings.bluetooth.DockEventReceiver.e:134 com.android.settings.bluetooth.DockEventReceiver.onReceive:115
I/libmc ( 2269): received event[index:0,mask:0x80,name:system_app_native_crash@1440510092025.txt]
D/BluetoothAdapter( 1063): 517947889: getState() : mService = null. Returning STATE_OFF
D/BluetoothAdapter( 1358): 173510713: getState() : mService = null. Returning STATE_OFF
D/KeyguardViewMediator( 1063): action name: android.bluetooth.adapter.action.STATE_CHANGED
D/Telecom ( 1284): BluetoothPhoneService: Bluetooth Adapter state: 10
W/BroadcastQueueInjector( 844): System app: "com.android.bluetooth" started by broadcast Intent { act=android.bluetooth.adapter.action.STATE_CHANGED flg=0x14000010 (has extras) }
I/ActivityManager( 844): Start proc com.android.bluetooth for broadcast com.android.bluetooth/.pbap.BluetoothPbapReceiver: pid=5598 uid=1002 gids={41002, 9997, 3003, 3002, 3001, 1028, 1015, 3005, 1016, 3008, 1023} abi=armeabi-v7a
D/DockEventReceiver( 1219): finishStartingService: stopping service
I/art ( 296): Explicit concurrent mark sweep GC freed 707(30KB) AllocSpace objects, 0(0B) LOS objects, 40% free, 7MB/13MB, paused 244us total 21.057ms
I/art ( 296): Explicit concurrent mark sweep GC freed 7(240B) AllocSpace objects, 0(0B) LOS objects, 39% free, 7MB/13MB, paused 213us total 14.526ms
I/art ( 296): Explicit concurrent mark sweep GC freed 5(160B) AllocSpace objects, 0(0B) LOS objects, 39% free, 7MB/13MB, paused 213us total 13.916ms
D/BluetoothManagerService( 844): Message: 42
D/BluetoothManagerService( 844): MESSAGE_RESTART_BLUETOOTH_SERVICE: Restart IBluetooth service
V/ProcessObserver( 1640): onProcessStateChanged
V/LocationPolicy( 844): onProcessStateChanged
W/ResourcesManager( 5598): Asset path '/system/framework/javax.btobex.jar' does not exist or contains no resources.
D/miuisdk ( 5598): current sdk level is 2
W/ActivityManager( 844): Unable to start service Intent { act=com.xiaomi.xmsf.push.SCAN pkg=com.miui.fmradio } U=0: not found
D/AdapterServiceConfig( 5598): Adding HeadsetService
D/AdapterServiceConfig( 5598): Adding A2dpService
D/AdapterServiceConfig( 5598): Adding HidService
D/AdapterServiceConfig( 5598): Adding HealthService
D/AdapterServiceConfig( 5598): Adding PanService
D/AdapterServiceConfig( 5598): Adding GattService
D/AdapterServiceConfig( 5598): Adding BluetoothMapService
D/BluetoothManagerService( 844): Message: 20
D/BluetoothManagerService( 844): Added callback: android.bluetooth.IBluetoothManagerCallback$Stub$Proxy@17f0f280:true
D/BluetoothAdapterState( 5598): make
I/bluedroid( 5598): init
I/BluetoothAdapterState( 5598): Entering OffState
I/bte_conf( 5598): bte_load_conf attempt to load stack conf from /etc/bluetooth/bt_stack.conf
I/bte_conf( 5598): bte_load_ble_conf attempt to load ble stack conf from /etc/bluetooth/ble_stack.conf
E/bt_osi_config( 5598): config_new unable to open file '/etc/bluetooth/ble_stack.conf': No such file or directory
I/bte_conf( 5598): bte_load_ble_conf file >/etc/bluetooth/ble_stack.conf< not found
I/GKI_LINUX( 5598): gki_task_entry task_id=1 [BTIF] starting
E/GKI_LINUX( 5598): GKI_exception(): Task State Table
E/GKI_LINUX( 5598): TASK ID [0] task name [(null)] state [0]
E/GKI_LINUX( 5598): TASK ID [1] task name [BTIF] state [1]
E/GKI_LINUX( 5598): TASK ID [2] task name [(null)] state [0]
E/GKI_LINUX( 5598): GKI_exception 65531 Sending to unknown dest
E/GKI_LINUX( 5598): ********************************************************************
E/GKI_LINUX( 5598): * GKI_exception(): 65531 Sending to unknown dest
E/GKI_LINUX( 5598): ********************************************************************
I/bluedroid( 5598): get_profile_interface socket
I/bluedroid( 5598): get_profile_interface map_client
D/BluetoothAdapterProperties( 5598): Address is:F8:A4:5F:02:67:23
D/BluetoothManagerService( 844): BluetoothServiceConnection: com.android.bluetooth.btservice.AdapterService
D/BluetoothManagerService( 844): Message: 40
D/BluetoothManagerService( 844): MESSAGE_BLUETOOTH_SERVICE_CONNECTED: 1
D/BluetoothAdapterProperties( 5598): Name is: Mi Phone
I/bluedroid( 5598): config_hci_snoop_log
D/BluetoothManagerService( 844): Calling onBluetoothServiceUp callbacks
D/BluetoothManagerService( 844): Broadcasting onBluetoothServiceUp() to 8 receivers.
D/BluetoothManagerService( 844): Bluetooth Adapter name changed to Mi Phone
D/BluetoothManagerService( 844): Stored Bluetooth name: Mi Phone
D/BluetoothAdapterState( 5598): CURRENT_STATE=OFF, MESSAGE = USER_TURN_ON
D/BluetoothAdapterProperties( 5598): Setting state to 11
I/BluetoothAdapterState( 5598): Bluetooth adapter state changed: 10-> 11
D/BluetoothManagerService( 844): Message: 60
D/BluetoothManagerService( 844): MESSAGE_BLUETOOTH_STATE_CHANGE: prevState = 10, newState=11
D/BluetoothManagerService( 844): Bluetooth State Change Intent: 10 -> 11
D/KeyguardViewMediator( 1063): action name: android.bluetooth.adapter.action.STATE_CHANGED
D/BluetoothBondStateMachine( 5598): make
D/BluetoothAdapterService( 5598): checkA2dpState: isA2dpSinkEnabled = false
E/BluetoothAdapterService( 5598): checkA2dpState: returning
D/BluetoothAdapterService( 5598): checkHidState: isHidDev = false
E/BluetoothAdapterService( 5598): checkHidState: returning
D/BluetoothAdapterService( 5598): checkHfpState: isHfpClientEnabled = false
E/BluetoothAdapterService( 5598): checkHfpState: returning
D/Telecom ( 1284): BluetoothPhoneService: Bluetooth Adapter state: 11
I/BluetoothBondStateMachine( 5598): StableState(): Entering Off State
I/BluetoothAdapterState( 5598): Entering PendingCommandState State: isTurningOn()=true, isTurningOff()=false
D/HeadsetService( 5598): Received start request. Starting profile...
I/BluetoothHeadsetServiceJni( 5598): classInitNative: succeeds
D/HeadsetStateMachine( 5598): Version 1.6
D/HeadsetStateMachine( 5598): make
E/HeadsetStateMachine( 5598): Could not bind to Bluetooth Headset Voip Phone Service
D/HeadsetStateMachine( 5598): max_hf_connections = 1
I/bluedroid( 5598): get_profile_interface handsfree
D/BluetoothAdapterService( 5598): getAdapterService() - returning com.android.bluetooth.btservice.AdapterService@167dc37b
D/HeadsetStateMachine( 5598): Enter Disconnected: -2, size: 0
D/A2dpService( 5598): Received start request. Starting profile...
I/BluetoothAvrcpServiceJni( 5598): classInitNative: succeeds
V/Avrcp ( 5598): make
V/Avrcp ( 5598): Avrcp
I/bluedroid( 5598): get_profile_interface avrcp
V/Avrcp ( 5598): start
V/Avrcp ( 5598): registerMediaPlayers
V/Avrcp ( 5598): MediaPlayerInfo: mPlayerId = 1
V/Avrcp ( 5598): mMajorPlayerType = 1 mPlayerSubType = 0
V/Avrcp ( 5598): mPlayState = 2 mCharsetId = 106
V/Avrcp ( 5598): mPlayerPackageName = com.android.music mDisplayableNameLength = 5
V/Avrcp ( 5598): mItemLength = 33 mEntryLength = 34
V/Avrcp ( 5598): mFeatureMask =
V/Avrcp ( 5598): mFeatureMask[0] = 0
V/Avrcp ( 5598): mFeatureMask[1] = 0
V/Avrcp ( 5598): mFeatureMask[2] = 0
V/Avrcp ( 5598): mFeatureMask[3] = 0
V/Avrcp ( 5598): mFeatureMask[4] = 12
V/Avrcp ( 5598): mFeatureMask[5] = 55
V/Avrcp ( 5598): mFeatureMask[6] = 0
V/Avrcp ( 5598): mFeatureMask[7] = 141
V/Avrcp ( 5598): mFeatureMask[8] = 2
V/Avrcp ( 5598): mFeatureMask[9] = 0
V/Avrcp ( 5598): mFeatureMask[10] = 0
V/Avrcp ( 5598): mFeatureMask[11] = 0
V/Avrcp ( 5598): mFeatureMask[12] = 0
V/Avrcp ( 5598): mFeatureMask[13] = 0
V/Avrcp ( 5598): mFeatureMask[14] = 0
V/Avrcp ( 5598): mFeatureMask[15] = 0
V/Avrcp ( 5598): mDisplayableName=
V/Avrcp ( 5598): mDisplayableName[0] = 77
V/Avrcp ( 5598): mDisplayableName[1] = 117
V/Avrcp ( 5598): mDisplayableName[2] = 115
V/Avrcp ( 5598): mDisplayableName[3] = 105
V/Avrcp ( 5598): mDisplayableName[4] = 99
V/Avrcp ( 5598): MediaPlayerInfo: mPlayerId = 2
V/Avrcp ( 5598): mMajorPlayerType = 1 mPlayerSubType = 0
V/Avrcp ( 5598): mPlayState = 2 mCharsetId = 106
V/Avrcp ( 5598): mPlayerPackageName = com.google.android.music mDisplayableNameLength = 6
V/Avrcp ( 5598): mItemLength = 34 mEntryLength = 35
V/Avrcp ( 5598): mFeatureMask =
V/Avrcp ( 5598): mFeatureMask[0] = 0
V/Avrcp ( 5598): mFeatureMask[1] = 0
V/Avrcp ( 5598): mFeatureMask[2] = 0
V/Avrcp ( 5598): mFeatureMask[3] = 0
V/Avrcp ( 5598): mFeatureMask[4] = 12
V/Avrcp ( 5598): mFeatureMask[5] = 55
V/Avrcp ( 5598): mFeatureMask[6] = 0
V/Avrcp ( 5598): mFeatureMask[7] = 5
V/Avrcp ( 5598): mFeatureMask[8] = 0
V/Avrcp ( 5598): mFeatureMask[9] = 0
V/Avrcp ( 5598): mFeatureMask[10] = 0
V/Avrcp ( 5598): mFeatureMask[11] = 0
V/Avrcp ( 5598): mFeatureMask[12] = 0
V/Avrcp ( 5598): mFeatureMask[13] = 0
V/Avrcp ( 5598): mFeatureMask[14] = 0
V/Avrcp ( 5598): mFeatureMask[15] = 0
V/Avrcp ( 5598): mDisplayableName=
V/Avrcp ( 5598): mDisplayableName[0] = 77
V/Avrcp ( 5598): mDisplayableName[1] = 117
V/Avrcp ( 5598): mDisplayableName[2] = 115
V/Avrcp ( 5598): mDisplayableName[3] = 105
V/Avrcp ( 5598): mDisplayableName[4] = 99
V/Avrcp ( 5598): mDisplayableName[5] = 50
V/AudioService( 844): updateRemoteControllerOnExistingMediaPlayers: size of Player list: 0
E/AudioService( 844): No RCC entry present to update
E/RemoteController( 5598): Cannot set synchronization mode on an unregistered RemoteController
I/BluetoothA2dpServiceJni( 5598): classInitNative: succeeds
D/A2dpStateMachine( 5598): make
I/bluedroid( 5598): get_profile_interface a2dp
I/GKI_LINUX( 5598): gki_task_entry task_id=2 [A2DP-MEDIA] starting
D/bt-btif ( 5598): btif_av_state_idle_handler event:BTIF_SM_ENTER_EVT flags 0
D/A2dpService( 5598): setA2dpService(): set to: null
D/A2dpStateMachine( 5598): Enter Disconnected: -2
D/BluetoothAdapterService( 5598): getAdapterService() - returning com.android.bluetooth.btservice.AdapterService@167dc37b
I/BluetoothHidServiceJni( 5598): classInitNative: succeeds
D/HidService( 5598): Received start request. Starting profile...
I/bluedroid( 5598): get_profile_interface hidhost
D/BluetoothAdapterService( 5598): getAdapterService() - returning com.android.bluetooth.btservice.AdapterService@167dc37b
I/BluetoothHealthServiceJni( 5598): classInitNative: succeeds
D/HealthService( 5598): Received start request. Starting profile...
I/bluedroid( 5598): get_profile_interface health
D/BluetoothAdapterService( 5598): getAdapterService() - returning com.android.bluetooth.btservice.AdapterService@167dc37b
I/BluetoothPanServiceJni( 5598): classInitNative(L105): succeeds
D/PanService( 5598): Received start request. Starting profile...
D/BluetoothPanServiceJni( 5598): initializeNative(L110): pan
I/bluedroid( 5598): get_profile_interface pan
D/BluetoothAdapterService( 5598): getAdapterService() - returning com.android.bluetooth.btservice.AdapterService@167dc37b
D/BtGatt.GattService( 5598): classInitNative called
I/BtGatt.JNI( 5598): classInitNative(L863): classInitNative: Success!
D/BtGatt.DebugUtils( 5598): handleDebugAction() action=null
D/BtGatt.GattService( 5598): Received start request. Starting profile...
D/BtGatt.GattService( 5598): start()
I/bluedroid( 5598): get_profile_interface gatt
D/BtGatt.AdvertiseManager( 5598): advertise manager created
D/BluetoothAdapterService( 5598): getAdapterService() - returning com.android.bluetooth.btservice.AdapterService@167dc37b
D/BluetoothMapService( 5598): inside BluetoothMapObexConnection
D/BluetoothMapService( 5598): supportedMessageTypes 14
D/BluetoothMapService( 5598): masId 0
D/BluetoothMapService( 5598): inside BluetoothMapObexConnection
D/BluetoothMapService( 5598): supportedMessageTypes 1
D/BluetoothMapService( 5598): masId 1
D/BluetoothMapService( 5598): Inside initBinder
D/BluetoothMapService( 5598): Received start request. Starting profile...
D/BluetoothMapService( 5598): start()
D/BluetoothMapService( 5598): Registering observer
D/BluetoothAdapterService( 5598): getAdapterService() - returning com.android.bluetooth.btservice.AdapterService@167dc37b
E/BTEventHandler( 5598): A4WP is not supported
D/HeadsetPhoneState( 5598): sendDeviceStateChanged. mService=1 mSignal=0 mRoam=0 mBatteryCharge=0
D/HeadsetPhoneState( 5598): sendDeviceStateChanged. mService=1 mSignal=5 mRoam=0 mBatteryCharge=0
D/HeadsetStateMachine( 5598): Disconnected process message: 11, size: 0
D/HeadsetStateMachine( 5598): Disconnected process message: 11, size: 0
D/HeadsetStateMachine( 5598): Disconnected process message: 10, size: 0
D/HeadsetPhoneState( 5598): sendDeviceStateChanged. mService=1 mSignal=5 mRoam=0 mBatteryCharge=1
D/HeadsetStateMachine( 5598): Disconnected process message: 11, size: 0
V/BluetoothMapService( 5598): Handler(): got msg=1
D/BluetoothAdapterState( 5598): CURRENT_STATE=PENDING, MESSAGE = STARTED, isTurningOn=true, isTurningOff=false
I/bluedroid( 5598): enable
I/bt_hci_bdroid( 5598): init
I/GKI_LINUX( 5598): gki_task_entry task_id=0 [BTU] starting
I/bt-btu ( 5598): btu_task pending for preload complete event
I/bt_vendor( 5598): bt-vendor : init
I/bt_vendor( 5598): bt-vendor : get_bt_soc_type
E/bt_vendor( 5598): get_bt_soc_type: Failed to get soc type
I/bt_vendor( 5598): init: Local BD Address : 23:67:02:5f:a4:f8
D/bt_userial_mct( 5598): userial_init
I/Telecom ( 1284): BluetoothPhoneService: queryPhoneState
D/Telecom ( 1284): BluetoothPhoneService: handleMessage(7) w/ param 0
I/bt_vendor( 5598): bt-vendor : BT_VND_OP_POWER_CTRL: On
I/bt_vendor( 5598): bluetooth satus is on
I/bt_vendor( 5598): bt-vendor : resetting BT status
I/bt_vendor( 5598): Starting hciattach daemon
I/bt_vendor( 5598): try to set false
I/bt_vendor( 5598): Starting hciattach daemon
I/bt_vendor( 5598): try to set true
W/ResourcesManager( 5598): Asset path '/system/framework/javax.obex.jar' does not exist or contains no resources.
I/qcom-bluetooth( 5643): /system/etc/init.qcom.bt.sh: init.qcom.bt.sh config =
V/BluetoothFtpService( 5598): Ftp Service onCreate
V/BluetoothFtpService( 5598): FTP service not started Adapter STATE: 11
V/BluetoothFtpService( 5598): Ftp Service onStartCommand
V/BluetoothFtpService( 5598): PARSE INTENT action: android.bluetooth.adapter.action.STATE_CHANGED
D/BluetoothFtpService( 5598): ACTION_STATE_CHANGED: state: 13 mHasStarted: false
V/BluetoothFtpService( 5598): Ftp Service closeService
V/BluetoothFtpService( 5598): successfully stopped ftp service
V/BluetoothSapReceiver( 5598): SapReceiver onReceive
V/BluetoothSapReceiver( 5598): action = android.bluetooth.adapter.action.STATE_CHANGED
V/BluetoothSapReceiver( 5598): Bluetooth Adapter state = 13
V/BluetoothSapReceiver( 5598): Calling SAP service start service with action = null
V/BluetoothFtpService( 5598): Ftp Service onDestroy
V/BluetoothFtpService( 5598): Ftp Service closeService
V/BluetoothSapService( 5598): Sap Service onCreate
V/BluetoothSapService( 5598): initBinder
V/BluetoothSapService( 5598): BluetoothSapBinder: mService: org.codeaurora.bluetooth.sap.BluetoothSapService@13670509
V/BluetoothSapService( 5598): action: android.bluetooth.adapter.action.STATE_CHANGED
V/BluetoothSapService( 5598): state: 13
D/BluetoothDunService( 5598): parseIntent: action: android.bluetooth.adapter.action.STATE_CHANGED
D/AuthorizationBluetoothService( 1530): Received Bluetooth event: Intent { act=android.bluetooth.adapter.action.STATE_CHANGED flg=0x14000010 cmp=com.google.android.gms/.auth.be.proximity.authorization.bt.AuthorizationBluetoothService$BluetoothStateChangeReceiver (has extras) }.
W/BroadcastQueueInjector( 844): Unable to launch app com.rhapsody.napster/10104 for broadcast Intent { act=android.bluetooth.adapter.action.STATE_CHANGED flg=0x14000010 (has extras) }: process is not permitted to autostart
W/BroadcastQueue( 844): Permission Denial: receiving Intent { act=android.bluetooth.adapter.action.STATE_CHANGED flg=0x14000010 (has extras) } to com.mi4ever.app.mi4everblog/com.appyet.receiver.CommonReceiver requires android.permission.BLUETOOTH due to sender android (uid 1000)
E/BTEventHandler( 5598): A4WP is not supported
D/DockEventReceiver( 1219): finishStartingService: stopping service
W/ContextImpl( 1219): Calling a method in the system process without a qualified user: android.app.ContextImpl.startService:-1 android.content.ContextWrapper.startService:-1 android.content.ContextWrapper.startService:-1 com.android.settings.bluetooth.DockEventReceiver.e:134 com.android.settings.bluetooth.DockEventReceiver.onReceive:115
V/BluetoothSapReceiver( 5598): SapReceiver onReceive
V/BluetoothSapReceiver( 5598): action = android.bluetooth.adapter.action.STATE_CHANGED
V/BluetoothSapReceiver( 5598): Bluetooth Adapter state = 10
I/qcom-bluetooth( 5650): /system/etc/init.qcom.bt.sh: Transport : smd
W/BroadcastQueueInjector( 844): Unable to launch app com.rhapsody.napster/10104 for broadcast Intent { act=android.bluetooth.adapter.action.STATE_CHANGED flg=0x14000010 (has extras) }: process is not permitted to autostart
W/BroadcastQueue( 844): Permission Denial: receiving Intent { act=android.bluetooth.adapter.action.STATE_CHANGED flg=0x14000010 (has extras) } to com.mi4ever.app.mi4everblog/com.appyet.receiver.CommonReceiver requires android.permission.BLUETOOTH due to sender android (uid 1000)
D/AuthorizationBluetoothService( 1530): Received Bluetooth event: Intent { act=android.bluetooth.adapter.action.STATE_CHANGED flg=0x14000010 cmp=com.google.android.gms/.auth.be.proximity.authorization.bt.AuthorizationBluetoothService$BluetoothStateChangeReceiver (has extras) }.
I/qcom-bluetooth( 5651): /system/etc/init.qcom.bt.sh: ** Bluedroid stack **
D/Finsky ( 3933): [1] DailyHygiene.onStartCommand: Beginning daily hygiene
E/BTEventHandler( 5598): A4WP is not supported
E/WifiStateMachine( 844): WifiStateMachine CMD_START_SCAN source -2 txSuccessRate=1,30 rxSuccessRate=1,33 targetRoamBSSID=any RSSI=-74
D/wpa_supplicant( 1134): wlan0: Control interface command 'SCAN TYPE=ONLY'
D/wpa_supplicant( 1134): wlan0: Setting scan request: 0.000000 sec
D/wpa_supplicant( 1134): wlan0: Starting AP scan for wildcard SSID
D/wpa_supplicant( 1134): wlan0: Add radio work 'scan'@0xb67181f0
D/wpa_supplicant( 1134): wlan0: First radio work item in the queue - schedule start immediately
D/wpa_supplicant( 1134): wlan0: Starting radio work 'scan'@0xb67181f0 after 0.000031 second wait
D/wpa_supplicant( 1134): wlan0: nl80211: scan request
D/wpa_supplicant( 1134): nl80211: Scan SSID - hexdump(len=0): [NULL]
D/wpa_supplicant( 1134): Scan requested (ret=0) - scan timeout 30 seconds
D/wpa_supplicant( 1134): nl80211: Event message available
D/wpa_supplicant( 1134): nl80211: Drv Event 33 (NL80211_CMD_TRIGGER_SCAN) received for wlan0
D/wpa_supplicant( 1134): wlan0: nl80211: Scan trigger
D/wpa_supplicant( 1134): wlan0: Event SCAN_STARTED (49) received
D/wpa_supplicant( 1134): wlan0: Own scan request started a scan in 0.000061 seconds
I/wpa_supplicant( 1134): wlan0: CTRL-EVENT-SCAN-STARTED
D/wpa_supplicant( 1134): CTRL_IFACE monitor sent successfully to /data/misc/wifi/sockets/wpa_ctrl_307-1\x00
D/wpa_supplicant( 1134): CTRL_IFACE monitor sent successfully to /data/misc/wifi/sockets/wpa_ctrl_844-2\x00
I/WifiHAL ( 844): Poll result = 1
I/WifiHAL ( 844): Found some events!!!
D/WifiHAL ( 844): no_seq_check received
I/WifiHAL ( 844): event received NL80211_CMD_TRIGGER_SCAN
I/WifiHAL ( 844): event received NL80211_CMD_TRIGGER_SCAN, vendor_id = 0x0
I/WifiHAL ( 844): event ignored!!
V/ProcessObserver( 1640): onProcessStateChanged
V/LocationPolicy( 844): onProcessStateChanged
I/qcom-bluetooth( 5653): /system/etc/init.qcom.bt.sh: Power Class: Ignored. Default(1) used (1-CLASS1/2-CLASS2/3-CUSTOM)
V/BluetoothSapReceiver( 5598): SapReceiver onReceive
V/BluetoothSapReceiver( 5598): action = android.bluetooth.adapter.action.STATE_CHANGED
V/BluetoothSapReceiver( 5598): Bluetooth Adapter state = 11
V/GLSActivity( 1530): AuthDelegateWrapperCreated with selected intent: Intent { cmp=com.google.android.gms/.auth.DefaultAuthDelegateService }
D/AuthorizationBluetoothService( 1530): Received Bluetooth event: Intent { act=android.bluetooth.adapter.action.STATE_CHANGED flg=0x14000010 cmp=com.google.android.gms/.auth.be.proximity.authorization.bt.AuthorizationBluetoothService$BluetoothStateChangeReceiver (has extras) }.
W/BroadcastQueueInjector( 844): Unable to launch app com.rhapsody.napster/10104 for broadcast Intent { act=android.bluetooth.adapter.action.STATE_CHANGED flg=0x14000010 (has extras) }: process is not permitted to autostart
W/BroadcastQueue( 844): Permission Denial: receiving Intent { act=android.bluetooth.adapter.action.STATE_CHANGED flg=0x14000010 (has extras) } to com.mi4ever.app.mi4everblog/com.appyet.receiver.CommonReceiver requires android.permission.BLUETOOTH due to sender android (uid 1000)
I/qcom-bluetooth( 5654): /system/etc/init.qcom.bt.sh: Power Class: To override, Before turning BT ON; setprop qcom.bt.dev_power_class <1 or 2 or 3>
E/WifiStateMachine( 844): WifiStateMachine CMD_START_SCAN source 10036 txSuccessRate=1,30 rxSuccessRate=1,33 targetRoamBSSID=any RSSI=-74
D/wpa_supplicant( 1134): wlan0: Control interface command 'SCAN TYPE=ONLY'
D/wpa_supplicant( 1134): Pending scan scheduled - reject new request
D/WifiService( 844): acquireWifiLockLocked: WifiLock{NlpWifiLock type=2 binder=android.os.BinderProxy@ed91210}
I/qcom-bluetooth( 5658): /system/etc/init.qcom.bt.sh: LE Power Class: Ignored. Default(2) used (1-CLASS1/2-CLASS2/3-CUSTOM)
I/qcom-bluetooth( 5660): /system/etc/init.qcom.bt.sh: LE Power Class: To override, Before turning BT ON; setprop qcom.bt.le_dev_pwr_class <1 or 2 or 3>
V/ProcessObserver( 1640): onProcessStateChanged
E/Diag_Lib( 5662): Diag_LSM_Init: Failed to open handle to diag driver, error = 13
V/LocationPolicy( 844): onProcessStateChanged
E/QMI_FW ( 5662): QMUXD: Service_id=228 not found over conn_id=0
E/QMI_FW ( 5662): QMUXD: Service_id=228 not found over conn_id=37
E/QMI_FW ( 5662): QMUXD: Service_id=228 not found over conn_id=0
E/QMI_FW ( 5662): QMUXD: Service_id=228 not found over conn_id=37
E/QMI_FW ( 5662): QMUXD: Service_id=228 not found over conn_id=0
E/QMI_FW ( 5662): QMUXD: Service_id=228 not found over conn_id=37
E/QMI_FW ( 5662): QMUXD: Service_id=228 not found over conn_id=0
E/QMI_FW ( 5662): QMUXD: Service_id=228 not found over conn_id=37
E/QMI_FW ( 5662): QMUXD: Service_id=228 not found over conn_id=0
E/QMI_FW ( 5662): QMUXD: Service_id=228 not found over conn_id=37
I/qcom-bluetooth( 5668): /system/etc/init.qcom.bt.sh: Bluetooth QSoC firmware download succeeded, /dev/ttyHS0 qualcomm-ibs 3000000 f8:a4:5f:02:67:23
I/qcom-bluetooth( 5669): /system/etc/init.qcom.bt.sh: ** Bluedroid stack **
I/bt_vendor( 5598): bluetooth satus is on
D/bt_userial_mct( 5598): userial_open(port:0)
I/bt_vendor( 5598): bt-vendor : BT_VND_OP_USERIAL_OPEN
I/bt_vendor( 5598): Done intiailizing UART
I/bt_vendor( 5598): Done intiailizing UART
I/bt_userial_mct( 5598): CMD=72, EVT=72, ACL_Out=73, ACL_In=73
I/bt_vendor( 5598): Bluetooth Firmware and transport layer are initialized
D/bt_userial_mct( 5598): Entering userial_read_thread()
I/bt-btu ( 5598): btu_task received preload complete event
W/bt-l2cap( 5598): L2CAP - L2CA_Register() called for PSM: 0x0001
W/bt-l2cap( 5598): L2CAP - L2CA_Register() called for PSM: 0x001f
W/bt-l2cap( 5598): L2CAP - L2CA_Register() called for PSM: 0x0003
W/bt-l2cap( 5598): L2CAP - L2CA_Register() called for PSM: 0x1487
F/libc ( 5598): Fatal signal 11 (SIGSEGV), code 1, fault addr 0x8 in tid 5640 (BTU)
E/KLO_Stability( 2269): Not get wanted event from the watchset in 5000ms
I/KLO_Stability( 2269): start gathering logcat log...
I/KLO_Stability( 2269): gathering logcat log done
I/KLO_Stability( 2269): [am_crash][1440510068]:[844,0,com.android.bluetooth,13155909,Native crash,Segmentation fault,unknown,0]
I/qtaguid ( 3933): Failed write_ctrl(u 54) res=-1 errno=22
I/qtaguid ( 3933): Untagging socket 54 failed errno=-22
W/NetworkManagementSocketTagger( 3933): untagSocket(54) failed with errno -22
D/Finsky ( 3933): [1] SelfUpdateScheduler.checkForSelfUpdate: Skipping DFE self-update. Local Version [80380800] >= Server Version [-1]
I/DEBUG ( 5170): *** *** *** *** *** *** *** *** *** *** *** *** *** *** *** ***
I/DEBUG ( 5170): Build fingerprint: 'Xiaomi/aries/aries:5.0.2/LRX22G/5.8.20:user/release-keys'
I/DEBUG ( 5170): Revision: '0'
I/DEBUG ( 5170): ABI: 'arm'
I/DEBUG ( 5170): pid: 5598, tid: 5640, name: BTU >>> com.android.bluetooth <<<
I/DEBUG ( 5170): signal 11 (SIGSEGV), code 1 (SEGV_MAPERR), fault addr 0x8
I/DEBUG ( 5170): r0 a563fa48 r1 fffffae8 r2 a56665b8 r3 00000000
I/DEBUG ( 5170): r4 000003e8 r5 00000000 r6 000003e8 r7 a5675318
I/DEBUG ( 5170): r8 a5665d30 r9 a5334308 sl b6f1e785 fp a40eddb0
I/DEBUG ( 5170): ip 7ffffffe sp a40edce0 lr a55b956f pc a55b95e2 cpsr 200f0030
I/DEBUG ( 5170):
I/DEBUG ( 5170): backtrace:
I/DEBUG ( 5170): #00 pc 000a45e2 /system/lib/hw/bluetooth.default.so (alarm_service_reschedule+125)
I/DEBUG ( 5170): #01 pc 000a445b /system/lib/hw/bluetooth.default.so (GKI_start_timer+150)
I/DEBUG ( 5170): #02 pc 000d96eb /system/lib/hw/bluetooth.default.so (btu_start_timer+66)
I/DEBUG ( 5170): #03 pc 0003a3a3 /system/lib/hw/bluetooth.default.so (BTE_InitStack+10)
I/DEBUG ( 5170): #04 pc 000d9a6b /system/lib/hw/bluetooth.default.so (btu_task+82)
I/DEBUG ( 5170): #05 pc 000a44c1 /system/lib/hw/bluetooth.default.so
I/DEBUG ( 5170): #06 pc 000137a3 /system/lib/libc.so (__pthread_start(void*)+30)
I/DEBUG ( 5170): #07 pc 00011883 /system/lib/libc.so (__start_thread+6)
I/art ( 844): Explicit concurrent mark sweep GC freed 44027(3MB) AllocSpace objects, 35(4MB) LOS objects, 33% free, 23MB/35MB, paused 1.861ms total 117.492ms
V/GLSActivity( 1530): AuthDelegateWrapperCreated with selected intent: Intent { cmp=com.google.android.gms/.auth.DefaultAuthDelegateService }
V/ProcessObserver( 1640): onProcessStateChanged
V/LocationPolicy( 844): onProcessStateChanged
V/ProcessObserver( 1640): onProcessStateChanged
V/LocationPolicy( 844): onProcessStateChanged
D/wpa_supplicant( 1134): nl80211: Event message available
D/wpa_supplicant( 1134): nl80211: Drv Event 34 (NL80211_CMD_NEW_SCAN_RESULTS) received for wlan0
D/wpa_supplicant( 1134): wlan0: nl80211: New scan results available
D/wpa_supplicant( 1134): nl80211: Scan included frequencies: 2412 2417 2422 2427 2432 2437 2442 2447 2452 2457 2462 2467 2472
D/wpa_supplicant( 1134): wlan0: Event SCAN_RESULTS (3) received
D/wpa_supplicant( 1134): wlan0: Scan completed in 0.691040 seconds
D/wpa_supplicant( 1134): nl80211: Associated on 2412 MHz
D/wpa_supplicant( 1134): nl80211: Associated with f8:d1:11:bf:92:fa
D/wpa_supplicant( 1134): nl80211: Received scan results (1 BSSes)
D/wpa_supplicant( 1134): nl80211: Scan results indicate BSS status with f8:d1:11:bf:92:fa as associated
D/wpa_supplicant( 1134): wlan0: BSS: Start scan result update 6
D/wpa_supplicant( 1134): BSS: last_scan_res_used=1/32
D/wpa_supplicant( 1134): wlan0: Scan-only results received
D/wpa_supplicant( 1134): CTRL_IFACE monitor sent successfully to /data/misc/wifi/sockets/wpa_ctrl_307-1\x00
D/wpa_supplicant( 1134): CTRL_IFACE monitor sent successfully to /data/misc/wifi/sockets/wpa_ctrl_844-2\x00
D/wpa_supplicant( 1134): wlan0: Radio work 'scan'@0xb67181f0 done in 0.691803 seconds
I/WifiHAL ( 844): Poll result = 1
I/WifiHAL ( 844): Found some events!!!
D/WifiHAL ( 844): no_seq_check received
I/WifiHAL ( 844): event received NL80211_CMD_NEW_SCAN_RESULTS
I/WifiHAL ( 844): event received NL80211_CMD_NEW_SCAN_RESULTS, vendor_id = 0x0
I/WifiHAL ( 844): event ignored!!
D/wpa_supplicant( 1134): wlan0: Control interface command 'BSS RANGE=0- MASK=0x23987'
D/wpa_supplicant( 1134): wlan0: Control interface command 'STATUS-NO_EVENTS'
D/LocSvc_java( 844): onReceive
D/LBSSystemMonitorService( 844): handleMessage what - 4
D/Wiper_jni( 844): Send Network Location.
W/ContextImpl( 1219): Calling a method in the system process without a qualified user: android.app.ContextImpl.startService:-1 android.content.ContextWrapper.startService:-1 android.content.ContextWrapper.startService:-1 com.android.settings.MiuiSettingsReceiver.onReceive:106 android.app.ActivityThread.handleReceiver:-1
D/LBSSystemMonitorService( 844): handleMessage what - 7
D/Wiper_jni( 844): Send Passive Location.
D/WifiService( 844): releaseWifiLockLocked: WifiLock{NlpWifiLock type=2 binder=android.os.BinderProxy@ed91210}
I/qtaguid ( 3933): Failed write_ctrl(u 54) res=-1 errno=22
I/qtaguid ( 3933): Untagging socket 54 failed errno=-22
W/NetworkManagementSocketTagger( 3933): untagSocket(54) failed with errno -22
D/wpa_supplicant( 1134): wlan0: Control interface command 'SIGNAL_POLL'
D/ConnectivityManager.CallbackHandler( 1322): CM callback handler got msg 524290
D/ConnectivityManager.CallbackHandler( 1063): CM callback handler got msg 524290
D/SecurityController( 1063): onAvailable 100 : [ Transports: WIFI Capabilities: INTERNET&NOT_RESTRICTED&TRUSTED&NOT_VPN LinkUpBandwidth>=1048576Kbps LinkDnBandwidth>=1048576Kbps]
D/ConnectivityService( 844): updateNetworkScore for NetworkAgentInfo [WIFI () - 100] to 60
D/ConnectivityService( 844): rematching NetworkAgentInfo [WIFI () - 100]
D/ConnectivityService( 844): Network NetworkAgentInfo [WIFI () - 100] was already satisfying request 1. No change.
D/ConnectivityService( 844): notifyType AVAILABLE for NetworkAgentInfo [WIFI () - 100]
I/DEBUG ( 5170):
I/DEBUG ( 5170): Tombstone written to: /data/tombstones/tombstone_02
