V/Avrcp ( 6039): mDisplayableName[4] = 99
V/Avrcp ( 6039): MediaPlayerInfo: mPlayerId = 2
V/Avrcp ( 6039): mMajorPlayerType = 1 mPlayerSubType = 0
V/Avrcp ( 6039): mPlayState = 2 mCharsetId = 106
V/Avrcp ( 6039): mPlayerPackageName = com.google.android.music mDisplayableNameLength = 6
V/Avrcp ( 6039): mItemLength = 34 mEntryLength = 35
V/Avrcp ( 6039): mFeatureMask =
V/Avrcp ( 6039): mFeatureMask[0] = 0
V/Avrcp ( 6039): mFeatureMask[1] = 0
V/Avrcp ( 6039): mFeatureMask[2] = 0
V/Avrcp ( 6039): mFeatureMask[3] = 0
V/Avrcp ( 6039): mFeatureMask[4] = 12
V/Avrcp ( 6039): mFeatureMask[5] = 55
V/Avrcp ( 6039): mFeatureMask[6] = 0
V/Avrcp ( 6039): mFeatureMask[7] = 5
V/Avrcp ( 6039): mFeatureMask[8] = 0
V/Avrcp ( 6039): mFeatureMask[9] = 0
V/Avrcp ( 6039): mFeatureMask[10] = 0
V/Avrcp ( 6039): mFeatureMask[11] = 0
V/Avrcp ( 6039): mFeatureMask[12] = 0
V/Avrcp ( 6039): mFeatureMask[13] = 0
V/Avrcp ( 6039): mFeatureMask[14] = 0
V/Avrcp ( 6039): mFeatureMask[15] = 0
V/Avrcp ( 6039): mDisplayableName=
V/Avrcp ( 6039): mDisplayableName[0] = 77
V/Avrcp ( 6039): mDisplayableName[1] = 117
V/Avrcp ( 6039): mDisplayableName[2] = 115
V/Avrcp ( 6039): mDisplayableName[3] = 105
V/Avrcp ( 6039): mDisplayableName[4] = 99
V/Avrcp ( 6039): mDisplayableName[5] = 50
V/AudioService( 844): updateRemoteControllerOnExistingMediaPlayers: size of Player list: 0
E/AudioService( 844): No RCC entry present to update
E/RemoteController( 6039): Cannot set synchronization mode on an unregistered RemoteController
I/BluetoothA2dpServiceJni( 6039): classInitNative: succeeds
D/A2dpStateMachine( 6039): make
I/bluedroid( 6039): get_profile_interface a2dp
I/GKI_LINUX( 6039): gki_task_entry task_id=2 [A2DP-MEDIA] starting
D/bt-btif ( 6039): btif_av_state_idle_handler event:BTIF_SM_ENTER_EVT flags 0
D/A2dpService( 6039): setA2dpService(): set to: null
D/BluetoothAdapterService( 6039): getAdapterService() - returning com.android.bluetooth.btservice.AdapterService@167dc37b
D/A2dpStateMachine( 6039): Enter Disconnected: -2
I/BluetoothHidServiceJni( 6039): classInitNative: succeeds
D/HidService( 6039): Received start request. Starting profile...
I/bluedroid( 6039): get_profile_interface hidhost
D/BluetoothAdapterService( 6039): getAdapterService() - returning com.android.bluetooth.btservice.AdapterService@167dc37b
I/BluetoothHealthServiceJni( 6039): classInitNative: succeeds
I/Telecom ( 1284): BluetoothPhoneService: queryPhoneState
D/Telecom ( 1284): BluetoothPhoneService: handleMessage(7) w/ param 0
D/HealthService( 6039): Received start request. Starting profile...
I/bluedroid( 6039): get_profile_interface health
D/BluetoothAdapterService( 6039): getAdapterService() - returning com.android.bluetooth.btservice.AdapterService@167dc37b
I/BluetoothPanServiceJni( 6039): classInitNative(L105): succeeds
D/PanService( 6039): Received start request. Starting profile...
D/BluetoothPanServiceJni( 6039): initializeNative(L110): pan
I/bluedroid( 6039): get_profile_interface pan
D/BluetoothAdapterService( 6039): getAdapterService() - returning com.android.bluetooth.btservice.AdapterService@167dc37b
D/HeadsetPhoneState( 6039): sendDeviceStateChanged. mService=1 mSignal=0 mRoam=0 mBatteryCharge=0
D/HeadsetPhoneState( 6039): sendDeviceStateChanged. mService=1 mSignal=5 mRoam=0 mBatteryCharge=0
D/HeadsetStateMachine( 6039): Disconnected process message: 11, size: 0
D/HeadsetStateMachine( 6039): Disconnected process message: 11, size: 0
D/BtGatt.GattService( 6039): classInitNative called
I/BtGatt.JNI( 6039): classInitNative(L863): classInitNative: Success!
D/BtGatt.DebugUtils( 6039): handleDebugAction() action=null
D/BtGatt.GattService( 6039): Received start request. Starting profile...
D/BtGatt.GattService( 6039): start()
I/bluedroid( 6039): get_profile_interface gatt
D/BtGatt.AdvertiseManager( 6039): advertise manager created
D/BluetoothAdapterService( 6039): getAdapterService() - returning com.android.bluetooth.btservice.AdapterService@167dc37b
D/HeadsetStateMachine( 6039): Disconnected process message: 10, size: 0
D/HeadsetPhoneState( 6039): sendDeviceStateChanged. mService=1 mSignal=5 mRoam=0 mBatteryCharge=1
D/HeadsetStateMachine( 6039): Disconnected process message: 11, size: 0
D/PowerKeeperEventLogManager( 1640): notifyForegroundCompomentChanged ComponentInfo{com.ttxapps.wifiadb/com.ttxapps.wifiadb.MainActivity}
D/WhetstoneService( 1322): set foreground process size 1 pid:6065pacakgeName:com.ttxapps.wifiadb
W/WhetstoneService( 1322): {WhetstonePackageInfo#PacakgeName:com.ttxapps.wifiadbFlag:1024 [,SOFT_RESET] Type:0[] }not support ZRAM
D/BluetoothMapService( 6039): inside BluetoothMapObexConnection
D/BluetoothMapService( 6039): supportedMessageTypes 14
D/BluetoothMapService( 6039): masId 0
D/BluetoothMapService( 6039): inside BluetoothMapObexConnection
D/BluetoothMapService( 6039): supportedMessageTypes 1
D/BluetoothMapService( 6039): masId 1
D/BluetoothMapService( 6039): Inside initBinder
D/BluetoothMapService( 6039): Received start request. Starting profile...
D/BluetoothMapService( 6039): start()
I/Timeline( 844): Timeline: App_transition_ready time:112619
D/BluetoothMapService( 6039): Registering observer
V/ProcessObserver( 1640): onProcessStateChanged
V/ProcessObserver( 1640): onProcessStateChanged
D/BluetoothAdapterService( 6039): getAdapterService() - returning com.android.bluetooth.btservice.AdapterService@167dc37b
V/LocationPolicy( 844): onProcessStateChanged
V/LocationPolicy( 844): onProcessStateChanged
W/ResourcesManager( 6039): Asset path '/system/framework/javax.obex.jar' does not exist or contains no resources.
V/BluetoothMapService( 6039): Handler(): got msg=1
D/BluetoothAdapterState( 6039): CURRENT_STATE=PENDING, MESSAGE = STARTED, isTurningOn=true, isTurningOff=false
I/bluedroid( 6039): enable
I/bt_hci_bdroid( 6039): init
I/GKI_LINUX( 6039): gki_task_entry task_id=0 [BTU] starting
I/bt_vendor( 6039): bt-vendor : init
I/bt_vendor( 6039): bt-vendor : get_bt_soc_type
E/bt_vendor( 6039): get_bt_soc_type: Failed to get soc type
I/bt_vendor( 6039): init: Local BD Address : 23:67:02:5f:a4:f8
D/bt_userial_mct( 6039): userial_init
I/bt_vendor( 6039): bt-vendor : BT_VND_OP_POWER_CTRL: On
I/bt_vendor( 6039): bluetooth satus is on
I/bt_vendor( 6039): bt-vendor : resetting BT status
I/bt_vendor( 6039): Starting hciattach daemon
I/bt_vendor( 6039): try to set false
I/bt_vendor( 6039): Starting hciattach daemon
I/bt_vendor( 6039): try to set true
I/bt-btu ( 6039): btu_task pending for preload complete event
V/BluetoothFtpService( 6039): Ftp Service onCreate
V/BluetoothFtpService( 6039): FTP service not started Adapter STATE: 11
V/BluetoothFtpService( 6039): Ftp Service onStartCommand
V/BluetoothFtpService( 6039): PARSE INTENT action: android.bluetooth.adapter.action.STATE_CHANGED
D/BluetoothFtpService( 6039): ACTION_STATE_CHANGED: state: 13 mHasStarted: false
V/BluetoothFtpService( 6039): Ftp Service closeService
V/BluetoothFtpService( 6039): successfully stopped ftp service
V/BluetoothSapReceiver( 6039): SapReceiver onReceive
V/BluetoothSapReceiver( 6039): action = android.bluetooth.adapter.action.STATE_CHANGED
V/BluetoothSapReceiver( 6039): Bluetooth Adapter state = 13
V/BluetoothSapReceiver( 6039): Calling SAP service start service with action = null
V/BluetoothFtpService( 6039): Ftp Service onDestroy
V/BluetoothFtpService( 6039): Ftp Service closeService
I/qcom-bluetooth( 6095): /system/etc/init.qcom.bt.sh: init.qcom.bt.sh config =
V/BluetoothSapService( 6039): Sap Service onCreate
V/BluetoothSapService( 6039): initBinder
V/BluetoothSapService( 6039): BluetoothSapBinder: mService: org.codeaurora.bluetooth.sap.BluetoothSapService@13670509
V/BluetoothSapService( 6039): action: android.bluetooth.adapter.action.STATE_CHANGED
V/BluetoothSapService( 6039): state: 13
D/BluetoothDunService( 6039): parseIntent: action: android.bluetooth.adapter.action.STATE_CHANGED
W/BroadcastQueueInjector( 844): Unable to launch app com.rhapsody.napster/10104 for broadcast Intent { act=android.bluetooth.adapter.action.STATE_CHANGED flg=0x14000010 (has extras) }: process is not permitted to autostart
W/BroadcastQueue( 844): Permission Denial: receiving Intent { act=android.bluetooth.adapter.action.STATE_CHANGED flg=0x14000010 (has extras) } to com.mi4ever.app.mi4everblog/com.appyet.receiver.CommonReceiver requires android.permission.BLUETOOTH due to sender android (uid 1000)
D/AuthorizationBluetoothService( 1530): Received Bluetooth event: Intent { act=android.bluetooth.adapter.action.STATE_CHANGED flg=0x14000010 cmp=com.google.android.gms/.auth.be.proximity.authorization.bt.AuthorizationBluetoothService$BluetoothStateChangeReceiver (has extras) }.
W/ContextImpl( 1219): Calling a method in the system process without a qualified user: android.app.ContextImpl.startService:-1 android.content.ContextWrapper.startService:-1 android.content.ContextWrapper.startService:-1 com.android.settings.bluetooth.DockEventReceiver.e:134 com.android.settings.bluetooth.DockEventReceiver.onReceive:115
E/BTEventHandler( 6039): A4WP is not supported
D/DockEventReceiver( 1219): finishStartingService: stopping service
V/BluetoothSapReceiver( 6039): SapReceiver onReceive
V/BluetoothSapReceiver( 6039): action = android.bluetooth.adapter.action.STATE_CHANGED
V/BluetoothSapReceiver( 6039): Bluetooth Adapter state = 10
D/AuthorizationBluetoothService( 1530): Received Bluetooth event: Intent { act=android.bluetooth.adapter.action.STATE_CHANGED flg=0x14000010 cmp=com.google.android.gms/.auth.be.proximity.authorization.bt.AuthorizationBluetoothService$BluetoothStateChangeReceiver (has extras) }.
W/BroadcastQueueInjector( 844): Unable to launch app com.rhapsody.napster/10104 for broadcast Intent { act=android.bluetooth.adapter.action.STATE_CHANGED flg=0x14000010 (has extras) }: process is not permitted to autostart
W/BroadcastQueue( 844): Permission Denial: receiving Intent { act=android.bluetooth.adapter.action.STATE_CHANGED flg=0x14000010 (has extras) } to com.mi4ever.app.mi4everblog/com.appyet.receiver.CommonReceiver requires android.permission.BLUETOOTH due to sender android (uid 1000)
E/BTEventHandler( 6039): A4WP is not supported
V/BluetoothSapReceiver( 6039): SapReceiver onReceive
V/BluetoothSapReceiver( 6039): action = android.bluetooth.adapter.action.STATE_CHANGED
V/BluetoothSapReceiver( 6039): Bluetooth Adapter state = 11
W/BroadcastQueueInjector( 844): Unable to launch app com.rhapsody.napster/10104 for broadcast Intent { act=android.bluetooth.adapter.action.STATE_CHANGED flg=0x14000010 (has extras) }: process is not permitted to autostart
W/BroadcastQueue( 844): Permission Denial: receiving Intent { act=android.bluetooth.adapter.action.STATE_CHANGED flg=0x14000010 (has extras) } to com.mi4ever.app.mi4everblog/com.appyet.receiver.CommonReceiver requires android.permission.BLUETOOTH due to sender android (uid 1000)
D/AuthorizationBluetoothService( 1530): Received Bluetooth event: Intent { act=android.bluetooth.adapter.action.STATE_CHANGED flg=0x14000010 cmp=com.google.android.gms/.auth.be.proximity.authorization.bt.AuthorizationBluetoothService$BluetoothStateChangeReceiver (has extras) }.
I/qcom-bluetooth( 6102): /system/etc/init.qcom.bt.sh: Transport : smd
D/ACRA ( 6065): ACRA is enabled for com.ttxapps.wifiadb, initializing...
I/qcom-bluetooth( 6103): /system/etc/init.qcom.bt.sh: ** Bluedroid stack **
D/ACRA ( 6065): Using custom Report Fields
I/qcom-bluetooth( 6106): /system/etc/init.qcom.bt.sh: Power Class: Ignored. Default(1) used (1-CLASS1/2-CLASS2/3-CUSTOM)
D/ACRA ( 6065): Looking for error files in /data/data/com.ttxapps.wifiadb/files
I/qcom-bluetooth( 6107): /system/etc/init.qcom.bt.sh: Power Class: To override, Before turning BT ON; setprop qcom.bt.dev_power_class <1 or 2 or 3>
I/qcom-bluetooth( 6108): /system/etc/init.qcom.bt.sh: LE Power Class: Ignored. Default(2) used (1-CLASS1/2-CLASS2/3-CUSTOM)
I/qcom-bluetooth( 6109): /system/etc/init.qcom.bt.sh: LE Power Class: To override, Before turning BT ON; setprop qcom.bt.le_dev_pwr_class <1 or 2 or 3>
E/Diag_Lib( 6111): Diag_LSM_Init: Failed to open handle to diag driver, error = 13
E/QMI_FW ( 6111): QMUXD: Service_id=228 not found over conn_id=0
E/QMI_FW ( 6111): QMUXD: Service_id=228 not found over conn_id=37
E/QMI_FW ( 6111): QMUXD: Service_id=228 not found over conn_id=0
E/QMI_FW ( 6111): QMUXD: Service_id=228 not found over conn_id=37
E/QMI_FW ( 6111): QMUXD: Service_id=228 not found over conn_id=0
E/QMI_FW ( 6111): QMUXD: Service_id=228 not found over conn_id=37
E/QMI_FW ( 6111): QMUXD: Service_id=228 not found over conn_id=0
E/QMI_FW ( 6111): QMUXD: Service_id=228 not found over conn_id=37
E/QMI_FW ( 6111): QMUXD: Service_id=228 not found over conn_id=0
E/QMI_FW ( 6111): QMUXD: Service_id=228 not found over conn_id=37
I/qcom-bluetooth( 6124): /system/etc/init.qcom.bt.sh: Bluetooth QSoC firmware download succeeded, /dev/ttyHS0 qualcomm-ibs 3000000 f8:a4:5f:02:67:23
I/Timeline( 844): Timeline: App_transition_stopped time:113090
I/qcom-bluetooth( 6125): /system/etc/init.qcom.bt.sh: ** Bluedroid stack **
I/bt_vendor( 6039): bluetooth satus is on
D/bt_userial_mct( 6039): userial_open(port:0)
I/bt_vendor( 6039): bt-vendor : BT_VND_OP_USERIAL_OPEN
I/bt_vendor( 6039): Done intiailizing UART
I/bt_vendor( 6039): Done intiailizing UART
I/bt_userial_mct( 6039): CMD=72, EVT=72, ACL_Out=73, ACL_In=73
I/bt_vendor( 6039): Bluetooth Firmware and transport layer are initialized
I/bt-btu ( 6039): btu_task received preload complete event
D/bt_userial_mct( 6039): Entering userial_read_thread()
W/bt-l2cap( 6039): L2CAP - L2CA_Register() called for PSM: 0x0001
W/bt-l2cap( 6039): L2CAP - L2CA_Register() called for PSM: 0x001f
W/bt-l2cap( 6039): L2CAP - L2CA_Register() called for PSM: 0x0003
W/bt-l2cap( 6039): L2CAP - L2CA_Register() called for PSM: 0x1487
F/libc ( 6039): Fatal signal 11 (SIGSEGV), code 1, fault addr 0x8 in tid 6092 (BTU)
I/WifiADB ( 6065): maxLogLevel is INFO
V/ProcessObserver( 1640): onProcessStateChanged
V/LocationPolicy( 844): onProcessStateChanged
I/DEBUG ( 5170): *** *** *** *** *** *** *** *** *** *** *** *** *** *** *** ***
I/DEBUG ( 5170): Build fingerprint: 'Xiaomi/aries/aries:5.0.2/LRX22G/5.8.20:user/release-keys'
I/DEBUG ( 5170): Revision: '0'
I/DEBUG ( 5170): ABI: 'arm'
I/DEBUG ( 5170): pid: 6039, tid: 6092, name: BTU >>> com.android.bluetooth <<<
I/DEBUG ( 5170): signal 11 (SIGSEGV), code 1 (SEGV_MAPERR), fault addr 0x8
I/DEBUG ( 5170): r0 a533fa48 r1 fffffae8 r2 a53665b8 r3 00000000
I/DEBUG ( 5170): r4 000003e8 r5 00000000 r6 000003e8 r7 a5375318
I/DEBUG ( 5170): r8 a5365d30 r9 a5034308 sl b6f1e785 fp a3dffdb0
I/DEBUG ( 5170): ip 7ffffffe sp a3dffce0 lr a52b956f pc a52b95e2 cpsr 200f0030
I/DEBUG ( 5170):
I/DEBUG ( 5170): backtrace:
I/DEBUG ( 5170): #00 pc 000a45e2 /system/lib/hw/bluetooth.default.so (alarm_service_reschedule+125)
I/DEBUG ( 5170): #01 pc 000a445b /system/lib/hw/bluetooth.default.so (GKI_start_timer+150)
I/DEBUG ( 5170): #02 pc 000d96eb /system/lib/hw/bluetooth.default.so (btu_start_timer+66)
I/DEBUG ( 5170): #03 pc 0003a3a3 /system/lib/hw/bluetooth.default.so (BTE_InitStack+10)
I/DEBUG ( 5170): #04 pc 000d9a6b /system/lib/hw/bluetooth.default.so (btu_task+82)
I/DEBUG ( 5170): #05 pc 000a44c1 /system/lib/hw/bluetooth.default.so
I/DEBUG ( 5170): #06 pc 000137a3 /system/lib/libc.so (__pthread_start(void*)+30)
I/DEBUG ( 5170): #07 pc 00011883 /system/lib/libc.so (__start_thread+6)
I/XiaomiFirewall( 1987): firewall pkgName:com.ttxapps.wifiadb, result:0
D/wpa_supplicant( 1134): wlan0: Control interface command 'SIGNAL_POLL'
D/OpenGLRenderer( 6065): Render dirty regions requested: true
E/KLO_Stability( 2269): Not get wanted event from the watchset in 5000ms
I/KLO_Stability( 2269): start gathering logcat log...
I/KLO_Stability( 2269): gathering logcat log done
I/KLO_Stability( 2269): [am_crash][1440510072]:[844,0,com.android.bluetooth,13155909,Native crash,Segmentation fault,unknown,0]
D/Atlas ( 6065): Validating map...
D/Finsky ( 3933): [438] InAppBillingUtils.pickAccount: com.ttxapps.wifiadb: Account determined from installer data - [hiN3nMNffmtMxH-r_oWy_JUyk4o]
D/Finsky ( 3933): [433] InAppBillingUtils.pickAccount: com.ttxapps.wifiadb: Account determined from installer data - [hiN3nMNffmtMxH-r_oWy_JUyk4o]
D/Finsky ( 3933): [410] InAppBillingUtils.pickAccount: com.ttxapps.wifiadb: Account determined from installer data - [hiN3nMNffmtMxH-r_oWy_JUyk4o]
D/Finsky ( 3933): [411] InAppBillingUtils.pickAccount: com.ttxapps.wifiadb: Account determined from installer data - [hiN3nMNffmtMxH-r_oWy_JUyk4o]
V/ProcessObserver( 1640): onProcessStateChanged
V/ProcessObserver( 1640): onProcessStateChanged
V/GLSActivity( 1530): AuthDelegateWrapperCreated with selected intent: Intent { cmp=com.google.android.gms/.auth.DefaultAuthDelegateService }
D/TelephonyNetworkFactory1( 1302): update networkCapabilites for subId = 1
V/LocationPolicy( 844): onProcessStateChanged
V/LocationPolicy( 844): onProcessStateChanged
D/TelephonyNetworkFactory1( 1302): INTERNET capability is with subId = 1
D/TelephonyNetworkFactory1( 1302): Ready to handle network requests
D/PhoneApp( 1302): mReceiver: ACTION_ANY_DATA_CONNECTION_STATE_CHANGED- state: DISCONNECTED- reason: nwTypeChanged
D/PhoneApp( 1302): mReceiver: ACTION_ANY_DATA_CONNECTION_STATE_CHANGED- state: DISCONNECTED- reason: nwTypeChanged
D/PhoneApp( 1302): mReceiver: ACTION_ANY_DATA_CONNECTION_STATE_CHANGED- state: DISCONNECTED- reason: nwTypeChanged
D/PhoneApp( 1302): mReceiver: ACTION_ANY_DATA_CONNECTION_STATE_CHANGED- state: DISCONNECTED- reason: nwTypeChanged
I/Adreno-EGL( 6065): : EGL 1.4 QUALCOMM build: C_BHUSH_AU_LINUX_ANDROID_LA.AF.1.1_RB1.05.00.02.006.020+PATCH[ES]_msm8960_refs/tags/AU_LINUX_ANDROID_LA.AF.1.1_RB1.05.00.02.006.020__release_ENGG ()
I/Adreno-EGL( 6065): OpenGL ES Shader Compiler Version: E031.25.03.06
I/Adreno-EGL( 6065): Build Date: 06/17/15 Wed I/Adreno-EGL( 6065): Local Branch:
I/Adreno-EGL( 6065): Remote Branch: refs/tags/AU_LINUX_ANDROID_LA.AF.1.1_RB1.05.00.02.006.020
I/Adreno-EGL( 6065): Local Patches: 3c2e57b3adbc73f968451c2fa01bb8033d91cf9c Revert "Fixes wobbly boolean return code."
I/Adreno-EGL( 6065): 4b7526a1059d940e4b6d4c6ab96389010918de6e rb: fix shadow cach
D/PhoneApp( 1302): mReceiver: ACTION_ANY_DATA_CONNECTION_STATE_CHANGED- state: DISCONNECTED- reason: nwTypeChanged
D/PhoneApp( 1302): mReceiver: ACTION_ANY_DATA_CONNECTION_STATE_CHANGED- state: DISCONNECTED- reason: nwTypeChanged
D/PhoneApp( 1302): mReceiver: ACTION_ANY_DATA_CONNECTION_STATE_CHANGED- state: DISCONNECTED- reason: nwTypeChanged
I/OpenGLRenderer( 6065): Initialized EGL, version 1.4
D/PhoneApp( 1302): mReceiver: ACTION_ANY_DATA_CONNECTION_STATE_CHANGED- state: DISCONNECTED- reason: nwTypeChanged
D/PhoneApp( 1302): mReceiver: ACTION_ANY_DATA_CONNECTION_STATE_CHANGED- state: DISCONNECTED- reason: dataAttached
D/PhoneApp( 1302): mReceiver: ACTION_ANY_DATA_CONNECTION_STATE_CHANGED- state: DISCONNECTED- reason: dataAttached
D/PhoneApp( 1302): mReceiver: ACTION_ANY_DATA_CONNECTION_STATE_CHANGED- state: DISCONNECTED- reason: dataAttached
D/PhoneApp( 1302): mReceiver: ACTION_ANY_DATA_CONNECTION_STATE_CHANGED- state: DISCONNECTED- reason: dataAttached
D/PhoneApp( 1302): mReceiver: ACTION_ANY_DATA_CONNECTION_STATE_CHANGED- state: DISCONNECTED- reason: dataAttached
D/PhoneApp( 1302): mReceiver: ACTION_ANY_DATA_CONNECTION_STATE_CHANGED- state: DISCONNECTED- reason: dataAttached
D/PhoneApp( 1302): mReceiver: ACTION_ANY_DATA_CONNECTION_STATE_CHANGED- state: DISCONNECTED- reason: dataAttached
D/PhoneApp( 1302): mReceiver: ACTION_ANY_DATA_CONNECTION_STATE_CHANGED- state: DISCONNECTED- reason: dataAttached
D/PhoneApp( 1302): mReceiver: ACTION_ANY_DATA_CONNECTION_STATE_CHANGED- state: DISCONNECTED- reason: roamingOff
D/PhoneApp( 1302): mReceiver: ACTION_ANY_DATA_CONNECTION_STATE_CHANGED- state: DISCONNECTED- reason: roamingOff
D/PhoneApp( 1302): mReceiver: ACTION_ANY_DATA_CONNECTION_STATE_CHANGED- state: DISCONNECTED- reason: roamingOff
D/PhoneApp( 1302): mReceiver: ACTION_ANY_DATA_CONNECTION_STATE_CHANGED- state: DISCONNECTED- reason: roamingOff
D/PhoneApp( 1302): mReceiver: ACTION_ANY_DATA_CONNECTION_STATE_CHANGED- state: DISCONNECTED- reason: roamingOff
D/PhoneApp( 1302): mReceiver: ACTION_ANY_DATA_CONNECTION_STATE_CHANGED- state: DISCONNECTED- reason: roamingOff
D/PhoneApp( 1302): mReceiver: ACTION_ANY_DATA_CONNECTION_STATE_CHANGED- state: DISCONNECTED- reason: roamingOff
D/PhoneApp( 1302): mReceiver: ACTION_ANY_DATA_CONNECTION_STATE_CHANGED- state: DISCONNECTED- reason: roamingOff
D/NotificationMgr( 1302): hideDataDisconnectedRoaming()...
D/NotificationMgr( 1302): hideDataDisconnectedRoaming()...
D/NotificationMgr( 1302): hideDataDisconnectedRoaming()...
D/NotificationMgr( 1302): hideDataDisconnectedRoaming()...
D/NotificationMgr( 1302): hideDataDisconnectedRoaming()...
D/NotificationMgr( 1302): hideDataDisconnectedRoaming()...
D/NotificationMgr( 1302): hideDataDisconnectedRoaming()...
D/NotificationMgr( 1302): hideDataDisconnectedRoaming()...
D/NotificationMgr( 1302): hideDataDisconnectedRoaming()...
D/NotificationMgr( 1302): hideDataDisconnectedRoaming()...
D/NotificationMgr( 1302): hideDataDisconnectedRoaming()...
I/Sensors ( 418): sns_pwr.c(279):acquiring wakelock
D/NotificationMgr( 1302): hideDataDisconnectedRoaming()...
D/NotificationMgr( 1302): hideDataDisconnectedRoaming()...
D/NotificationMgr( 1302): hideDataDisconnectedRoaming()...
D/NotificationMgr( 1302): hideDataDisconnectedRoaming()...
D/NotificationMgr( 1302): hideDataDisconnectedRoaming()...
D/NotificationMgr( 1302): hideDataDisconnectedRoaming()...
D/NotificationMgr( 1302): hideDataDisconnectedRoaming()...
D/NotificationMgr( 1302): hideDataDisconnectedRoaming()...
D/NotificationMgr( 1302): hideDataDisconnectedRoaming()...
D/NotificationMgr( 1302): hideDataDisconnectedRoaming()...
D/OpenGLRenderer( 6065): Enabling debug mode 0
D/NotificationMgr( 1302): hideDataDisconnectedRoaming()...
D/NotificationMgr( 1302): hideDataDisconnectedRoaming()...
D/NotificationMgr( 1302): hideDataDisconnectedRoaming()...
V/ProcessObserver( 1640): onProcessStateChanged
V/LocationPolicy( 844): onProcessStateChanged
V/ProcessObserver( 1640): onProcessStateChanged
V/LocationPolicy( 844): onProcessStateChanged
I/Timeline( 6065): Timeline: Activity_idle id: android.os.BinderProxy@26795bbe time:114564
I/ActivityManager( 844): Displayed com.ttxapps.wifiadb/.MainActivity: +2s118ms
I/Timeline( 844): Timeline: Activity_windows_visible id: ActivityRecord{3793eee9 u0 com.ttxapps.wifiadb/.MainActivity t193} time:114571
I/qtaguid ( 3933): Failed write_ctrl(u 54) res=-1 errno=22
I/qtaguid ( 3933): Untagging socket 54 failed errno=-22
W/NetworkManagementSocketTagger( 3933): untagSocket(54) failed with errno -22
D/Finsky ( 3933): [438] InAppBillingUtils.pickAccount: com.ttxapps.wifiadb: Account determined from installer data - [hiN3nMNffmtMxH-r_oWy_JUyk4o]
D/Finsky ( 3933): [433] InAppBillingUtils.pickAccount: com.ttxapps.wifiadb: Account determined from installer data - [hiN3nMNffmtMxH-r_oWy_JUyk4o]
V/GLSActivity( 1530): AuthDelegateWrapperCreated with selected intent: Intent { cmp=com.google.android.gms/.auth.DefaultAuthDelegateService }
V/ProcessObserver( 1640): onProcessStateChanged
V/LocationPolicy( 844): onProcessStateChanged
V/ProcessObserver( 1640): onProcessStateChanged
V/LocationPolicy( 844): onProcessStateChanged
I/qtaguid ( 3933): Failed write_ctrl(u 54) res=-1 errno=22
I/qtaguid ( 3933): Untagging socket 54 failed errno=-22
W/NetworkManagementSocketTagger( 3933): untagSocket(54) failed with errno -22
I/WifiADB ( 6065): In-app purchases confirmed: []
I/DEBUG ( 5170):
I/DEBUG ( 5170): Tombstone written to: /data/tombstones/tombstone_06
I/libmc ( 2269): received event[index:0,mask:0x8,name:tombstone_06]
I/WhetstoneService( 1322): Receive am_crash event for pid: 844
W/KloServer( 1322): Aborted broadcast does not supprt for: android
I/BootReceiver( 844): Copying /data/tombstones/tombstone_06 to DropBox (SYSTEM_TOMBSTONE)
E/SharedPreferencesImpl( 844): Couldn't create directory for SharedPreferences file shared_prefs/log_files.xml
I/KLO_Stability( 2269): start gathering logcat log...
D/BluetoothManagerService( 844): BluetoothServiceConnection, disconnected: com.android.bluetooth.btservice.AdapterService
D/BluetoothManagerService( 844): Message: 41
E/BluetoothManagerService( 844): MESSAGE_BLUETOOTH_SERVICE_DISCONNECTED: 1
D/BluetoothManagerService( 844): Calling onBluetoothServiceDown callbacks
D/BluetoothManagerService( 844): Broadcasting onBluetoothServiceDown() to 7 receivers.
I/KLO_Stability( 2269): gethering logcat log done
D/BluetoothManagerService( 844): Calling onQBluetoothServiceDown callbacks
D/BluetoothManagerService( 844): Broadcasting onQBluetoothServiceDown() to 0 receivers.
D/BluetoothManagerService( 844): Bluetooth State Change Intent: 12 -> 13
I/ActivityManager( 844): Process com.android.bluetooth (pid 6039) has died
W/ActivityManager( 844): Scheduling restart of crashed service com.android.bluetooth/.pan.PanService in 1000ms
W/ActivityManager( 844): Scheduling restart of crashed service com.android.bluetooth/.hfp.HeadsetService in 1000ms
W/ActivityManager( 844): Scheduling restart of crashed service org.codeaurora.bluetooth/.dun.BluetoothDunService in 1000ms
W/ActivityManager( 844): Scheduling restart of crashed service com.android.bluetooth/.hid.HidService in 1000ms
W/ActivityManager( 844): Scheduling restart of crashed service org.codeaurora.bluetooth/.sap.BluetoothSapService in 1000ms
W/ActivityManager( 844): Scheduling restart of crashed service com.android.bluetooth/.gatt.GattService in 1000ms
W/ActivityManager( 844): Scheduling restart of crashed service com.android.bluetooth/.a2dp.A2dpService in 1000ms
W/ActivityManager( 844): Scheduling restart of crashed service com.android.bluetooth/.hdp.HealthService in 1000ms
W/ActivityManager( 844): Scheduling restart of crashed service com.android.bluetooth/.map.BluetoothMapService in 1000ms
W/ActivityManager( 844): Scheduling restart of crashed service com.android.bluetooth/.btservice.AdapterService in 1000ms
I/Zygote ( 296): Process 6039 exited due to signal (11)
I/Adreno-EGL( 844): : EGL 1.4 QUALCOMM build: C_BHUSH_AU_LINUX_ANDROID_LA.AF.1.1_RB1.05.00.02.006.020+PATCH[ES]_msm8960_refs/tags/AU_LINUX_ANDROID_LA.AF.1.1_RB1.05.00.02.006.020__release_ENGG ()
I/Adreno-EGL( 844): OpenGL ES Shader Compiler Version: E031.25.03.06
I/Adreno-EGL( 844): Build Date: 06/17/15 Wed I/Adreno-EGL( 844): Local Branch:
I/Adreno-EGL( 844): Remote Branch: refs/tags/AU_LINUX_ANDROID_LA.AF.1.1_RB1.05.00.02.006.020
I/Adreno-EGL( 844): Local Patches: 3c2e57b3adbc73f968451c2fa01bb8033d91cf9c Revert "Fixes wobbly boolean return code."
I/Adreno-EGL( 844): 4b7526a1059d940e4b6d4c6ab96389010918de6e rb: fix shadow cach
I/OpenGLRenderer( 844): Initialized EGL, version 1.4
D/ProcessObserver( 1640): onProcessDied, pid: 6039 uid: 1002
I/libmc ( 2269): received event[index:0,mask:0x80,name:system_app_native_crash@1440510103893.txt]
E/WhetstoneService( 1322): the pacakge name not found
I/ActivityManager( 844): Start proc com.android.bluetooth for restart com.android.bluetooth: pid=6171 uid=1002 gids={41002, 9997, 3003, 3002, 3001, 1028, 1015, 3005, 1016, 3008, 1023} abi=armeabi-v7a
D/BluetoothManagerService( 844): Broadcasting onBluetoothStateChange(false) to 9 receivers.
D/BluetoothHeadset( 844): onBluetoothStateChange: up=false
E/BluetoothHeadset( 844):
E/BluetoothHeadset( 844): java.lang.IllegalArgumentException: Service not registered: android.bluetooth.BluetoothHeadset$2@1aac831b
E/BluetoothHeadset( 844): at android.app.LoadedApk.forgetServiceDispatcher(LoadedApk.java)
E/BluetoothHeadset( 844): at android.app.ContextImpl.unbindService(ContextImpl.java)
E/BluetoothHeadset( 844): at android.bluetooth.BluetoothHeadset$1.onBluetoothStateChange(BluetoothHeadset.java)
E/BluetoothHeadset( 844): at com.android.server.BluetoothManagerService.sendBluetoothStateCallback(BluetoothManagerService.java)
E/BluetoothHeadset( 844): at com.android.server.BluetoothManagerService.bluetoothStateChangeHandler(BluetoothManagerService.java)
E/BluetoothHeadset( 844): at com.android.server.BluetoothManagerService.access$3200(BluetoothManagerService.java)
E/BluetoothHeadset( 844): at com.android.server.BluetoothManagerService$BluetoothHandler.handleMessage(BluetoothManagerService.java)
E/BluetoothHeadset( 844): at android.os.Handler.dispatchMessage(Handler.java)
E/BluetoothHeadset( 844): at android.os.Looper.loop(Looper.java)
E/BluetoothHeadset( 844): at android.os.HandlerThread.run(HandlerThread.java)
E/BluetoothHeadset( 844): at com.android.server.ServiceThread.run(ServiceThread.java)
I/libmc ( 2269): received event[index:0,mask:0x80,name:SYSTEM_TOMBSTONE@1440510103913.txt.gz]
D/BluetoothHeadset( 1302): onBluetoothStateChange: up=false
E/BluetoothHeadset( 1302):
E/BluetoothHeadset( 1302): java.lang.IllegalArgumentException: Service not registered: android.bluetooth.BluetoothHeadset$2@171bdf46
E/BluetoothHeadset( 1302): at android.app.LoadedApk.forgetServiceDispatcher(LoadedApk.java)
E/BluetoothHeadset( 1302): at android.app.ContextImpl.unbindService(ContextImpl.java)
E/BluetoothHeadset( 1302): at android.content.ContextWrapper.unbindService(ContextWrapper.java)
E/BluetoothHeadset( 1302): at android.bluetooth.BluetoothHeadset$1.onBluetoothStateChange(BluetoothHeadset.java)
E/BluetoothHeadset( 1302): at android.bluetooth.IBluetoothStateChangeCallback$Stub.onTransact(IBluetoothStateChangeCallback.java)
E/BluetoothHeadset( 1302): at android.os.Binder.execTransact(Binder.java)
D/BluetoothPan( 1219): onBluetoothStateChange on: false
E/BluetoothPan( 1219):
E/BluetoothPan( 1219): java.lang.IllegalArgumentException: Service not registered: android.bluetooth.BluetoothPan$2@3bf2533c
E/BluetoothPan( 1219): at android.app.LoadedApk.forgetServiceDispatcher(LoadedApk.java)
E/BluetoothPan( 1219): at android.app.ContextImpl.unbindService(ContextImpl.java)
E/BluetoothPan( 1219): at android.content.ContextWrapper.unbindService(ContextWrapper.java)
E/BluetoothPan( 1219): at android.bluetooth.BluetoothPan$1.onBluetoothStateChange(BluetoothPan.java)
E/BluetoothPan( 1219): at android.bluetooth.IBluetoothStateChangeCallback$Stub.onTransact(IBluetoothStateChangeCallback.java)
E/BluetoothPan( 1219): at android.os.Binder.execTransact(Binder.java)
D/BluetoothMap( 1219): onBluetoothStateChange: up=false
E/BluetoothMap( 1219):
E/BluetoothMap( 1219): java.lang.IllegalArgumentException: Service not registered: android.bluetooth.BluetoothMap$2@37f1e8c5
E/BluetoothMap( 1219): at android.app.LoadedApk.forgetServiceDispatcher(LoadedApk.java)
E/BluetoothMap( 1219): at android.app.ContextImpl.unbindService(ContextImpl.java)
E/BluetoothMap( 1219): at android.content.ContextWrapper.unbindService(ContextWrapper.java)
E/BluetoothMap( 1219): at android.bluetooth.BluetoothMap$1.onBluetoothStateChange(BluetoothMap.java)
E/BluetoothMap( 1219): at android.bluetooth.IBluetoothStateChangeCallback$Stub.onTransact(IBluetoothStateChangeCallback.java)
E/BluetoothMap( 1219): at android.os.Binder.execTransact(Binder.java)
D/BluetoothInputDevice( 1219): onBluetoothStateChange: up=false
E/BluetoothInputDevice( 1219):
E/BluetoothInputDevice( 1219): java.lang.IllegalArgumentException: Service not registered: android.bluetooth.BluetoothInputDevice$2@3d6912f
E/BluetoothInputDevice( 1219): at android.app.LoadedApk.forgetServiceDispatcher(LoadedApk.java)
E/BluetoothInputDevice( 1219): at android.app.ContextImpl.unbindService(ContextImpl.java)
E/BluetoothInputDevice( 1219): at android.content.ContextWrapper.unbindService(ContextWrapper.java)
E/BluetoothInputDevice( 1219): at android.bluetooth.BluetoothInputDevice$1.onBluetoothStateChange(BluetoothInputDevice.java)
E/BluetoothInputDevice( 1219): at android.bluetooth.IBluetoothStateChangeCallback$Stub.onTransact(IBluetoothStateChangeCallback.java)
E/BluetoothInputDevice( 1219): at android.os.Binder.execTransact(Binder.java)
D/BluetoothHeadset( 1284): onBluetoothStateChange: up=false
E/BluetoothHeadset( 1284):
E/BluetoothHeadset( 1284): java.lang.IllegalArgumentException: Service not registered: android.bluetooth.BluetoothHeadset$2@315b80fe
E/BluetoothHeadset( 1284): at android.app.LoadedApk.forgetServiceDispatcher(LoadedApk.java)
E/BluetoothHeadset( 1284): at android.app.ContextImpl.unbindService(ContextImpl.java)
E/BluetoothHeadset( 1284): at android.content.ContextWrapper.unbindService(ContextWrapper.java)
E/BluetoothHeadset( 1284): at android.content.ContextWrapper.unbindService(ContextWrapper.java)
E/BluetoothHeadset( 1284): at android.bluetooth.BluetoothHeadset$1.onBluetoothStateChange(BluetoothHeadset.java)
E/BluetoothHeadset( 1284): at android.bluetooth.IBluetoothStateChangeCallback$Stub.onTransact(IBluetoothStateChangeCallback.java)
E/BluetoothHeadset( 1284): at android.os.Binder.execTransact(Binder.java)
D/BluetoothAdapter( 1063): 517947889: getState() : mService = null. Returning STATE_OFF
D/BluetoothAdapter( 1358): 173510713: getState() : mService = null. Returning STATE_OFF
D/BluetoothPbap( 1219): onBluetoothStateChange: up=false
E/BluetoothPbap( 1219):
E/BluetoothPbap( 1219): java.lang.IllegalArgumentException: Service not registered: android.bluetooth.BluetoothPbap$2@144a521a
E/BluetoothPbap( 1219): at android.app.LoadedApk.forgetServiceDispatcher(LoadedApk.java)
E/BluetoothPbap( 1219): at android.app.ContextImpl.unbindService(ContextImpl.java)
E/BluetoothPbap( 1219): at android.content.ContextWrapper.unbindService(ContextWrapper.java)
E/BluetoothPbap( 1219): at android.bluetooth.BluetoothPbap$1.onBluetoothStateChange(BluetoothPbap.java)
E/BluetoothPbap( 1219): at android.bluetooth.IBluetoothStateChangeCallback$Stub.onTransact(IBluetoothStateChangeCallback.java)
E/BluetoothPbap( 1219): at android.os.Binder.execTransact(Binder.java)
D/BluetoothA2dp( 844): onBluetoothStateChange: up=false
E/BluetoothA2dp( 844):
E/BluetoothA2dp( 844): java.lang.IllegalArgumentException: Service not registered: android.bluetooth.BluetoothA2dp$2@1d8635f7
E/BluetoothA2dp( 844): at android.app.LoadedApk.forgetServiceDispatcher(LoadedApk.java)
E/BluetoothA2dp( 844): at android.app.ContextImpl.unbindService(ContextImpl.java)
E/BluetoothA2dp( 844): at android.bluetooth.BluetoothA2dp$1.onBluetoothStateChange(BluetoothA2dp.java)
E/BluetoothA2dp( 844): at com.android.server.BluetoothManagerService.sendBluetoothStateCallback(BluetoothManagerService.java)
E/BluetoothA2dp( 844): at com.android.server.BluetoothManagerService.bluetoothStateChangeHandler(BluetoothManagerService.java)
E/BluetoothA2dp( 844): at com.android.server.BluetoothManagerService.access$3200(BluetoothManagerService.java)
E/BluetoothA2dp( 844): at com.android.server.BluetoothManagerService$BluetoothHandler.handleMessage(BluetoothManagerService.java)
E/BluetoothA2dp( 844): at android.os.Handler.dispatchMessage(Handler.java)
E/BluetoothA2dp( 844): at android.os.Looper.loop(Looper.java)
E/BluetoothA2dp( 844): at android.os.HandlerThread.run(HandlerThread.java)
E/BluetoothA2dp( 844): at com.android.server.ServiceThread.run(ServiceThread.java)
D/BluetoothHeadset( 1284): onBluetoothStateChange: up=false
E/BluetoothHeadset( 1284):
E/BluetoothHeadset( 1284): java.lang.IllegalArgumentException: Service not registered: android.bluetooth.BluetoothHeadset$2@1845c947
E/BluetoothHeadset( 1284): at android.app.LoadedApk.forgetServiceDispatcher(LoadedApk.java)
E/BluetoothHeadset( 1284): at android.app.ContextImpl.unbindService(ContextImpl.java)
E/BluetoothHeadset( 1284): at android.content.ContextWrapper.unbindService(ContextWrapper.java)
E/BluetoothHeadset( 1284): at android.bluetooth.BluetoothHeadset$1.onBluetoothStateChange(BluetoothHeadset.java)
E/BluetoothHeadset( 1284): at android.bluetooth.IBluetoothStateChangeCallback$Stub.onTransact(IBluetoothStateChangeCallback.java)
E/BluetoothHeadset( 1284): at android.os.Binder.execTransact(Binder.java)
D/Telecom ( 1284): BluetoothPhoneService: Bluetooth Adapter state: 13
D/BluetoothManagerService( 844): Bluetooth State Change Intent: 13 -> 10
D/KeyguardViewMediator( 1063): action name: android.bluetooth.adapter.action.STATE_CHANGED
D/BluetoothAdapter( 1358): 173510713: getState() : mService = null. Returning STATE_OFF
D/BluetoothAdapter( 1063): 517947889: getState() : mService = null. Returning STATE_OFF
D/KeyguardViewMediator( 1063): action name: android.bluetooth.adapter.action.STATE_CHANGED
W/ContextImpl( 1219): Calling a method in the system process without a qualified user: android.app.ContextImpl.startService:-1 android.content.ContextWrapper.startService:-1 android.content.ContextWrapper.startService:-1 com.android.settings.bluetooth.DockEventReceiver.e:134 com.android.settings.bluetooth.DockEventReceiver.onReceive:115
D/Telecom ( 1284): BluetoothPhoneService: Bluetooth Adapter state: 10
W/BroadcastQueueInjector( 844): System app: "com.android.bluetooth" started by broadcast Intent { act=android.bluetooth.adapter.action.STATE_CHANGED flg=0x14000010 (has extras) }
D/DockEventReceiver( 1219): finishStartingService: stopping service
V/ProcessObserver( 1640): onProcessStateChanged
V/LocationPolicy( 844): onProcessStateChanged
W/ResourcesManager( 6171): Asset path '/system/framework/javax.btobex.jar' does not exist or contains no resources.
D/BluetoothManagerService( 844): Message: 42
D/BluetoothManagerService( 844): MESSAGE_RESTART_BLUETOOTH_SERVICE: Restart IBluetooth service
D/miuisdk ( 6171): current sdk level is 2
D/AdapterServiceConfig( 6171): Adding HeadsetService
D/AdapterServiceConfig( 6171): Adding A2dpService
D/AdapterServiceConfig( 6171): Adding HidService
D/AdapterServiceConfig( 6171): Adding HealthService
D/AdapterServiceConfig( 6171): Adding PanService
D/AdapterServiceConfig( 6171): Adding GattService
D/AdapterServiceConfig( 6171): Adding BluetoothMapService
D/BluetoothManagerService( 844): Message: 20
D/BluetoothManagerService( 844): Added callback: android.bluetooth.IBluetoothManagerCallback$Stub$Proxy@29d37f45:true
D/BluetoothAdapterState( 6171): make
I/bluedroid( 6171): init
I/BluetoothAdapterState( 6171): Entering OffState
I/bte_conf( 6171): bte_load_conf attempt to load stack conf from /etc/bluetooth/bt_stack.conf
I/bte_conf( 6171): bte_load_ble_conf attempt to load ble stack conf from /etc/bluetooth/ble_stack.conf
E/bt_osi_config( 6171): config_new unable to open file '/etc/bluetooth/ble_stack.conf': No such file or directory
I/bte_conf( 6171): bte_load_ble_conf file >/etc/bluetooth/ble_stack.conf< not found
I/GKI_LINUX( 6171): gki_task_entry task_id=1 [BTIF] starting
E/GKI_LINUX( 6171): GKI_exception(): Task State Table
E/GKI_LINUX( 6171): TASK ID [0] task name [(null)] state [0]
E/GKI_LINUX( 6171): TASK ID [1] task name [BTIF] state [1]
E/GKI_LINUX( 6171): TASK ID [2] task name [(null)] state [0]
E/GKI_LINUX( 6171): GKI_exception 65531 Sending to unknown dest
E/GKI_LINUX( 6171): ********************************************************************
E/GKI_LINUX( 6171): * GKI_exception(): 65531 Sending to unknown dest
E/GKI_LINUX( 6171): ********************************************************************
I/bluedroid( 6171): get_profile_interface socket
I/bluedroid( 6171): get_profile_interface map_client
D/BluetoothAdapterProperties( 6171): Address is:F8:A4:5F:02:67:23
D/BluetoothManagerService( 844): BluetoothServiceConnection: com.android.bluetooth.btservice.AdapterService
D/BluetoothManagerService( 844): Message: 40
D/BluetoothManagerService( 844): MESSAGE_BLUETOOTH_SERVICE_CONNECTED: 1
D/BluetoothManagerService( 844): Bluetooth Adapter name changed to Mi Phone
D/BluetoothAdapterProperties( 6171): Name is: Mi Phone
I/bluedroid( 6171): config_hci_snoop_log
D/BluetoothManagerService( 844): Stored Bluetooth name: Mi Phone
D/BluetoothManagerService( 844): Calling onBluetoothServiceUp callbacks
D/BluetoothManagerService( 844): Broadcasting onBluetoothServiceUp() to 8 receivers.
D/BluetoothAdapterState( 6171): CURRENT_STATE=OFF, MESSAGE = USER_TURN_ON
D/BluetoothAdapterProperties( 6171): Setting state to 11
I/BluetoothAdapterState( 6171): Bluetooth adapter state changed: 10-> 11
D/BluetoothManagerService( 844): Message: 60
D/BluetoothManagerService( 844): MESSAGE_BLUETOOTH_STATE_CHANGE: prevState = 10, newState=11
D/BluetoothManagerService( 844): Bluetooth State Change Intent: 10 -> 11
D/BluetoothBondStateMachine( 6171): make
D/Telecom ( 1284): BluetoothPhoneService: Bluetooth Adapter state: 11
D/KeyguardViewMediator( 1063): action name: android.bluetooth.adapter.action.STATE_CHANGED
I/BluetoothBondStateMachine( 6171): StableState(): Entering Off State
D/BluetoothAdapterService( 6171): checkA2dpState: isA2dpSinkEnabled = false
E/BluetoothAdapterService( 6171): checkA2dpState: returning
D/BluetoothAdapterService( 6171): checkHidState: isHidDev = false
E/BluetoothAdapterService( 6171): checkHidState: returning
D/BluetoothAdapterService( 6171): checkHfpState: isHfpClientEnabled = false
E/BluetoothAdapterService( 6171): checkHfpState: returning
D/HeadsetService( 6171): Received start request. Starting profile...
I/BluetoothHeadsetServiceJni( 6171): classInitNative: succeeds
D/HeadsetStateMachine( 6171): Version 1.6
D/HeadsetStateMachine( 6171): make
I/BluetoothAdapterState( 6171): Entering PendingCommandState State: isTurningOn()=true, isTurningOff()=false
E/HeadsetStateMachine( 6171): Could not bind to Bluetooth Headset Voip Phone Service
D/HeadsetStateMachine( 6171): max_hf_connections = 1
I/bluedroid( 6171): get_profile_interface handsfree
D/HeadsetStateMachine( 6171): Enter Disconnected: -2, size: 0
D/BluetoothAdapterService( 6171): getAdapterService() - returning com.android.bluetooth.btservice.AdapterService@167dc37b
D/A2dpService( 6171): Received start request. Starting profile...
I/BluetoothAvrcpServiceJni( 6171): classInitNative: succeeds
V/Avrcp ( 6171): make
V/Avrcp ( 6171): Avrcp
I/bluedroid( 6171): get_profile_interface avrcp
V/Avrcp ( 6171): start
V/Avrcp ( 6171): registerMediaPlayers
V/Avrcp ( 6171): MediaPlayerInfo: mPlayerId = 1
V/Avrcp ( 6171): mMajorPlayerType = 1 mPlayerSubType = 0
V/Avrcp ( 6171): mPlayState = 2 mCharsetId = 106
V/Avrcp ( 6171): mPlayerPackageName = com.android.music mDisplayableNameLength = 5
V/Avrcp ( 6171): mItemLength = 33 mEntryLength = 34
V/Avrcp ( 6171): mFeatureMask =
V/Avrcp ( 6171): mFeatureMask[0] = 0
V/Avrcp ( 6171): mFeatureMask[1] = 0
V/Avrcp ( 6171): mFeatureMask[2] = 0
V/Avrcp ( 6171): mFeatureMask[3] = 0
V/Avrcp ( 6171): mFeatureMask[4] = 12
V/Avrcp ( 6171): mFeatureMask[5] = 55
V/Avrcp ( 6171): mFeatureMask[6] = 0
V/Avrcp ( 6171): mFeatureMask[7] = 141
V/Avrcp ( 6171): mFeatureMask[8] = 2
V/Avrcp ( 6171): mFeatureMask[9] = 0
V/Avrcp ( 6171): mFeatureMask[10] = 0
V/Avrcp ( 6171): mFeatureMask[11] = 0
V/Avrcp ( 6171): mFeatureMask[12] = 0
V/Avrcp ( 6171): mFeatureMask[13] = 0
V/Avrcp ( 6171): mFeatureMask[14] = 0
V/Avrcp ( 6171): mFeatureMask[15] = 0
V/Avrcp ( 6171): mDisplayableName=
V/Avrcp ( 6171): mDisplayableName[0] = 77
V/Avrcp ( 6171): mDisplayableName[1] = 117
V/Avrcp ( 6171): mDisplayableName[2] = 115
V/Avrcp ( 6171): mDisplayableName[3] = 105
V/Avrcp ( 6171): mDisplayableName[4] = 99
V/Avrcp ( 6171): MediaPlayerInfo: mPlayerId = 2
V/Avrcp ( 6171): mMajorPlayerType = 1 mPlayerSubType = 0
V/Avrcp ( 6171): mPlayState = 2 mCharsetId = 106
V/Avrcp ( 6171): mPlayerPackageName = com.google.android.music mDisplayableNameLength = 6
V/Avrcp ( 6171): mItemLength = 34 mEntryLength = 35
V/Avrcp ( 6171): mFeatureMask =
V/Avrcp ( 6171): mFeatureMask[0] = 0
V/Avrcp ( 6171): mFeatureMask[1] = 0
V/Avrcp ( 6171): mFeatureMask[2] = 0
V/Avrcp ( 6171): mFeatureMask[3] = 0
V/Avrcp ( 6171): mFeatureMask[4] = 12
V/Avrcp ( 6171): mFeatureMask[5] = 55
V/Avrcp ( 6171): mFeatureMask[6] = 0
V/Avrcp ( 6171): mFeatureMask[7] = 5
V/Avrcp ( 6171): mFeatureMask[8] = 0
V/Avrcp ( 6171): mFeatureMask[9] = 0
V/Avrcp ( 6171): mFeatureMask[10] = 0
V/Avrcp ( 6171): mFeatureMask[11] = 0
V/Avrcp ( 6171): mFeatureMask[12] = 0
V/Avrcp ( 6171): mFeatureMask[13] = 0
V/Avrcp ( 6171): mFeatureMask[14] = 0
V/Avrcp ( 6171): mFeatureMask[15] = 0
V/Avrcp ( 6171): mDisplayableName=
V/Avrcp ( 6171): mDisplayableName[0] = 77
V/Avrcp ( 6171): mDisplayableName[1] = 117
V/Avrcp ( 6171): mDisplayableName[2] = 115
V/Avrcp ( 6171): mDisplayableName[3] = 105
V/Avrcp ( 6171): mDisplayableName[4] = 99
V/Avrcp ( 6171): mDisplayableName[5] = 50
V/AudioService( 844): updateRemoteControllerOnExistingMediaPlayers: size of Player list: 0
E/AudioService( 844): No RCC entry present to update
E/RemoteController( 6171): Cannot set synchronization mode on an unregistered RemoteController
I/BluetoothA2dpServiceJni( 6171): classInitNative: succeeds
D/A2dpStateMachine( 6171): make
I/bluedroid( 6171): get_profile_interface a2dp
I/GKI_LINUX( 6171): gki_task_entry task_id=2 [A2DP-MEDIA] starting
D/bt-btif ( 6171): btif_av_state_idle_handler event:BTIF_SM_ENTER_EVT flags 0
D/A2dpService( 6171): setA2dpService(): set to: null
D/A2dpStateMachine( 6171): Enter Disconnected: -2
D/BluetoothAdapterService( 6171): getAdapterService() - returning com.android.bluetooth.btservice.AdapterService@167dc37b
I/BluetoothHidServiceJni( 6171): classInitNative: succeeds
D/HidService( 6171): Received start request. Starting profile...
I/bluedroid( 6171): get_profile_interface hidhost
D/BluetoothAdapterService( 6171): getAdapterService() - returning com.android.bluetooth.btservice.AdapterService@167dc37b
E/BTEventHandler( 6171): A4WP is not supported
I/BluetoothHealthServiceJni( 6171): classInitNative: succeeds
D/HealthService( 6171): Received start request. Starting profile...
I/bluedroid( 6171): get_profile_interface health
D/BluetoothAdapterService( 6171): getAdapterService() - returning com.android.bluetooth.btservice.AdapterService@167dc37b
I/BluetoothPanServiceJni( 6171): classInitNative(L105): succeeds
D/PanService( 6171): Received start request. Starting profile...
D/BluetoothPanServiceJni( 6171): initializeNative(L110): pan
I/bluedroid( 6171): get_profile_interface pan
D/BluetoothAdapterService( 6171): getAdapterService() - returning com.android.bluetooth.btservice.AdapterService@167dc37b
D/BtGatt.GattService( 6171): classInitNative called
I/BtGatt.JNI( 6171): classInitNative(L863): classInitNative: Success!
D/BtGatt.DebugUtils( 6171): handleDebugAction() action=null
D/BtGatt.GattService( 6171): Received start request. Starting profile...
D/BtGatt.GattService( 6171): start()
I/bluedroid( 6171): get_profile_interface gatt
D/BtGatt.AdvertiseManager( 6171): advertise manager created
D/BluetoothAdapterService( 6171): getAdapterService() - returning com.android.bluetooth.btservice.AdapterService@167dc37b
D/BluetoothMapService( 6171): inside BluetoothMapObexConnection
D/BluetoothMapService( 6171): supportedMessageTypes 14
D/BluetoothMapService( 6171): masId 0
D/BluetoothMapService( 6171): inside BluetoothMapObexConnection
D/BluetoothMapService( 6171): supportedMessageTypes 1
D/BluetoothMapService( 6171): masId 1
D/BluetoothMapService( 6171): Inside initBinder
D/BluetoothMapService( 6171): Received start request. Starting profile...
D/BluetoothMapService( 6171): start()
D/BluetoothMapService( 6171): Registering observer
D/BluetoothAdapterService( 6171): getAdapterService() - returning com.android.bluetooth.btservice.AdapterService@167dc37b
D/HeadsetPhoneState( 6171): sendDeviceStateChanged. mService=1 mSignal=0 mRoam=0 mBatteryCharge=0
D/HeadsetPhoneState( 6171): sendDeviceStateChanged. mService=1 mSignal=5 mRoam=0 mBatteryCharge=0
D/HeadsetStateMachine( 6171): Disconnected process message: 11, size: 0
D/HeadsetStateMachine( 6171): Disconnected process message: 11, size: 0
D/HeadsetStateMachine( 6171): Disconnected process message: 10, size: 0
D/HeadsetPhoneState( 6171): sendDeviceStateChanged. mService=1 mSignal=5 mRoam=0 mBatteryCharge=1
D/HeadsetStateMachine( 6171): Disconnected process message: 11, size: 0
I/Telecom ( 1284): BluetoothPhoneService: queryPhoneState
D/Telecom ( 1284): BluetoothPhoneService: handleMessage(7) w/ param 0
V/BluetoothMapService( 6171): Handler(): got msg=1
D/BluetoothAdapterState( 6171): CURRENT_STATE=PENDING, MESSAGE = STARTED, isTurningOn=true, isTurningOff=false
I/bluedroid( 6171): enable
I/bt_hci_bdroid( 6171): init
I/GKI_LINUX( 6171): gki_task_entry task_id=0 [BTU] starting
I/bt-btu ( 6171): btu_task pending for preload complete event
I/bt_vendor( 6171): bt-vendor : init
I/bt_vendor( 6171): bt-vendor : get_bt_soc_type
E/bt_vendor( 6171): get_bt_soc_type: Failed to get soc type
I/bt_vendor( 6171): init: Local BD Address : 23:67:02:5f:a4:f8
D/bt_userial_mct( 6171): userial_init
I/bt_vendor( 6171): bt-vendor : BT_VND_OP_POWER_CTRL: On
I/bt_vendor( 6171): bluetooth satus is on
I/bt_vendor( 6171): bt-vendor : resetting BT status
I/bt_vendor( 6171): Starting hciattach daemon
I/bt_vendor( 6171): try to set false
I/bt_vendor( 6171): Starting hciattach daemon
I/bt_vendor( 6171): try to set true
W/ResourcesManager( 6171): Asset path '/system/framework/javax.obex.jar' does not exist or contains no resources.
V/BluetoothFtpService( 6171): Ftp Service onCreate
V/BluetoothFtpService( 6171): FTP service not started Adapter STATE: 11
V/BluetoothFtpService( 6171): Ftp Service onStartCommand
V/BluetoothFtpService( 6171): PARSE INTENT action: android.bluetooth.adapter.action.STATE_CHANGED
I/qcom-bluetooth( 6224): /system/etc/init.qcom.bt.sh: init.qcom.bt.sh config =
D/BluetoothFtpService( 6171): ACTION_STATE_CHANGED: state: 13 mHasStarted: false
V/BluetoothFtpService( 6171): Ftp Service closeService
V/BluetoothFtpService( 6171): successfully stopped ftp service
V/BluetoothSapReceiver( 6171): SapReceiver onReceive
V/BluetoothSapReceiver( 6171): action = android.bluetooth.adapter.action.STATE_CHANGED
V/BluetoothSapReceiver( 6171): Bluetooth Adapter state = 13
V/BluetoothSapReceiver( 6171): Calling SAP service start service with action = null
V/BluetoothFtpService( 6171): Ftp Service onDestroy
V/BluetoothFtpService( 6171): Ftp Service closeService
V/BluetoothSapService( 6171): Sap Service onCreate
V/BluetoothSapService( 6171): initBinder
