D/HealthService( 5172): Received start request. Starting profile...
I/bluedroid( 5172): get_profile_interface health
D/BluetoothAdapterService( 5172): getAdapterService() - returning com.android.bluetooth.btservice.AdapterService@167dc37b
I/BluetoothPanServiceJni( 5172): classInitNative(L105): succeeds
D/PanService( 5172): Received start request. Starting profile...
D/BluetoothPanServiceJni( 5172): initializeNative(L110): pan
I/bluedroid( 5172): get_profile_interface pan
D/BluetoothAdapterService( 5172): getAdapterService() - returning com.android.bluetooth.btservice.AdapterService@167dc37b
D/BtGatt.GattService( 5172): classInitNative called
I/BtGatt.JNI( 5172): classInitNative(L863): classInitNative: Success!
D/BtGatt.DebugUtils( 5172): handleDebugAction() action=null
D/BtGatt.GattService( 5172): Received start request. Starting profile...
D/BtGatt.GattService( 5172): start()
I/bluedroid( 5172): get_profile_interface gatt
D/BtGatt.AdvertiseManager( 5172): advertise manager created
D/BluetoothAdapterService( 5172): getAdapterService() - returning com.android.bluetooth.btservice.AdapterService@167dc37b
D/BluetoothMapService( 5172): inside BluetoothMapObexConnection
D/BluetoothMapService( 5172): supportedMessageTypes 14
D/BluetoothMapService( 5172): masId 0
D/BluetoothMapService( 5172): inside BluetoothMapObexConnection
D/BluetoothMapService( 5172): supportedMessageTypes 1
D/BluetoothMapService( 5172): masId 1
D/BluetoothMapService( 5172): Inside initBinder
D/BluetoothMapService( 5172): Received start request. Starting profile...
D/BluetoothMapService( 5172): start()
D/BluetoothMapService( 5172): Registering observer
D/BluetoothAdapterService( 5172): getAdapterService() - returning com.android.bluetooth.btservice.AdapterService@167dc37b
V/BluetoothFtpService( 5172): Ftp Service onCreate
V/BluetoothFtpService( 5172): FTP service not started Adapter STATE: 11
V/BluetoothFtpService( 5172): Ftp Service onStartCommand
V/BluetoothFtpService( 5172): PARSE INTENT action: android.bluetooth.adapter.action.STATE_CHANGED
D/BluetoothFtpService( 5172): ACTION_STATE_CHANGED: state: 13 mHasStarted: false
V/BluetoothFtpService( 5172): Ftp Service closeService
V/BluetoothFtpService( 5172): successfully stopped ftp service
V/BluetoothSapReceiver( 5172): SapReceiver onReceive
V/BluetoothSapReceiver( 5172): action = android.bluetooth.adapter.action.STATE_CHANGED
V/BluetoothSapReceiver( 5172): Bluetooth Adapter state = 13
V/BluetoothSapReceiver( 5172): Calling SAP service start service with action = null
D/HeadsetPhoneState( 5172): sendDeviceStateChanged. mService=1 mSignal=0 mRoam=0 mBatteryCharge=0
D/HeadsetPhoneState( 5172): sendDeviceStateChanged. mService=1 mSignal=5 mRoam=0 mBatteryCharge=0
D/HeadsetStateMachine( 5172): Disconnected process message: 11, size: 0
D/HeadsetStateMachine( 5172): Disconnected process message: 11, size: 0
D/HeadsetStateMachine( 5172): Disconnected process message: 10, size: 0
D/HeadsetPhoneState( 5172): sendDeviceStateChanged. mService=1 mSignal=5 mRoam=0 mBatteryCharge=1
V/BluetoothMapService( 5172): Handler(): got msg=1
D/HeadsetStateMachine( 5172): Disconnected process message: 11, size: 0
V/BluetoothFtpService( 5172): Ftp Service onDestroy
V/BluetoothFtpService( 5172): Ftp Service closeService
D/BluetoothAdapterState( 5172): CURRENT_STATE=PENDING, MESSAGE = STARTED, isTurningOn=true, isTurningOff=false
I/bluedroid( 5172): enable
I/bt_hci_bdroid( 5172): init
V/BluetoothSapService( 5172): Sap Service onCreate
V/BluetoothSapService( 5172): initBinder
I/bt_vendor( 5172): bt-vendor : init
I/bt_vendor( 5172): bt-vendor : get_bt_soc_type
E/bt_vendor( 5172): get_bt_soc_type: Failed to get soc type
I/bt_vendor( 5172): init: Local BD Address : 23:67:02:5f:a4:f8
D/bt_userial_mct( 5172): userial_init
V/BluetoothSapService( 5172): BluetoothSapBinder: mService: org.codeaurora.bluetooth.sap.BluetoothSapService@13670509
I/GKI_LINUX( 5172): gki_task_entry task_id=0 [BTU] starting
I/bt_vendor( 5172): bt-vendor : BT_VND_OP_POWER_CTRL: On
I/bt_vendor( 5172): bluetooth satus is on
I/bt_vendor( 5172): bt-vendor : resetting BT status
I/bt_vendor( 5172): Starting hciattach daemon
I/bt_vendor( 5172): try to set false
V/BluetoothSapService( 5172): action: android.bluetooth.adapter.action.STATE_CHANGED
V/BluetoothSapService( 5172): state: 13
I/bt_vendor( 5172): Starting hciattach daemon
I/bt_vendor( 5172): try to set true
I/Telecom ( 1284): BluetoothPhoneService: queryPhoneState
D/Telecom ( 1284): BluetoothPhoneService: handleMessage(7) w/ param 0
I/bt-btu ( 5172): btu_task pending for preload complete event
I/qcom-bluetooth( 5210): /system/etc/init.qcom.bt.sh: init.qcom.bt.sh config =
D/AuthorizationBluetoothService( 1530): Received Bluetooth event: Intent { act=android.bluetooth.adapter.action.STATE_CHANGED flg=0x14000010 cmp=com.google.android.gms/.auth.be.proximity.authorization.bt.AuthorizationBluetoothService$BluetoothStateChangeReceiver (has extras) }.
W/BroadcastQueueInjector( 844): Unable to launch app com.rhapsody.napster/10104 for broadcast Intent { act=android.bluetooth.adapter.action.STATE_CHANGED flg=0x14000010 (has extras) }: process is not permitted to autostart
W/BroadcastQueue( 844): Permission Denial: receiving Intent { act=android.bluetooth.adapter.action.STATE_CHANGED flg=0x14000010 (has extras) } to com.mi4ever.app.mi4everblog/com.appyet.receiver.CommonReceiver requires android.permission.BLUETOOTH due to sender android (uid 1000)
D/BluetoothDunService( 5172): parseIntent: action: android.bluetooth.adapter.action.STATE_CHANGED
E/BTEventHandler( 5172): A4WP is not supported
W/ContextImpl( 1219): Calling a method in the system process without a qualified user: android.app.ContextImpl.startService:-1 android.content.ContextWrapper.startService:-1 android.content.ContextWrapper.startService:-1 com.android.settings.bluetooth.DockEventReceiver.e:134 com.android.settings.bluetooth.DockEventReceiver.onReceive:115
V/BluetoothSapReceiver( 5172): SapReceiver onReceive
V/BluetoothSapReceiver( 5172): action = android.bluetooth.adapter.action.STATE_CHANGED
V/BluetoothSapReceiver( 5172): Bluetooth Adapter state = 10
D/DockEventReceiver( 1219): finishStartingService: stopping service
W/BroadcastQueueInjector( 844): Unable to launch app com.rhapsody.napster/10104 for broadcast Intent { act=android.bluetooth.adapter.action.STATE_CHANGED flg=0x14000010 (has extras) }: process is not permitted to autostart
W/BroadcastQueue( 844): Permission Denial: receiving Intent { act=android.bluetooth.adapter.action.STATE_CHANGED flg=0x14000010 (has extras) } to com.mi4ever.app.mi4everblog/com.appyet.receiver.CommonReceiver requires android.permission.BLUETOOTH due to sender android (uid 1000)
D/AuthorizationBluetoothService( 1530): Received Bluetooth event: Intent { act=android.bluetooth.adapter.action.STATE_CHANGED flg=0x14000010 cmp=com.google.android.gms/.auth.be.proximity.authorization.bt.AuthorizationBluetoothService$BluetoothStateChangeReceiver (has extras) }.
E/BTEventHandler( 5172): A4WP is not supported
I/qcom-bluetooth( 5217): /system/etc/init.qcom.bt.sh: Transport : smd
I/qcom-bluetooth( 5222): /system/etc/init.qcom.bt.sh: ** Bluedroid stack **
V/BluetoothSapReceiver( 5172): SapReceiver onReceive
V/BluetoothSapReceiver( 5172): action = android.bluetooth.adapter.action.STATE_CHANGED
V/BluetoothSapReceiver( 5172): Bluetooth Adapter state = 11
D/AuthorizationBluetoothService( 1530): Received Bluetooth event: Intent { act=android.bluetooth.adapter.action.STATE_CHANGED flg=0x14000010 cmp=com.google.android.gms/.auth.be.proximity.authorization.bt.AuthorizationBluetoothService$BluetoothStateChangeReceiver (has extras) }.
W/BroadcastQueueInjector( 844): Unable to launch app com.rhapsody.napster/10104 for broadcast Intent { act=android.bluetooth.adapter.action.STATE_CHANGED flg=0x14000010 (has extras) }: process is not permitted to autostart
W/BroadcastQueue( 844): Permission Denial: receiving Intent { act=android.bluetooth.adapter.action.STATE_CHANGED flg=0x14000010 (has extras) } to com.mi4ever.app.mi4everblog/com.appyet.receiver.CommonReceiver requires android.permission.BLUETOOTH due to sender android (uid 1000)
I/qcom-bluetooth( 5224): /system/etc/init.qcom.bt.sh: Power Class: Ignored. Default(1) used (1-CLASS1/2-CLASS2/3-CUSTOM)
I/qcom-bluetooth( 5225): /system/etc/init.qcom.bt.sh: Power Class: To override, Before turning BT ON; setprop qcom.bt.dev_power_class <1 or 2 or 3>
I/qcom-bluetooth( 5226): /system/etc/init.qcom.bt.sh: LE Power Class: Ignored. Default(2) used (1-CLASS1/2-CLASS2/3-CUSTOM)
I/qcom-bluetooth( 5227): /system/etc/init.qcom.bt.sh: LE Power Class: To override, Before turning BT ON; setprop qcom.bt.le_dev_pwr_class <1 or 2 or 3>
E/Diag_Lib( 5229): Diag_LSM_Init: Failed to open handle to diag driver, error = 13
E/QMI_FW ( 5229): QMUXD: Service_id=228 not found over conn_id=0
E/QMI_FW ( 5229): QMUXD: Service_id=228 not found over conn_id=37
E/QMI_FW ( 5229): QMUXD: Service_id=228 not found over conn_id=0
E/QMI_FW ( 5229): QMUXD: Service_id=228 not found over conn_id=37
E/QMI_FW ( 5229): QMUXD: Service_id=228 not found over conn_id=0
E/QMI_FW ( 5229): QMUXD: Service_id=228 not found over conn_id=37
E/QMI_FW ( 5229): QMUXD: Service_id=228 not found over conn_id=0
E/QMI_FW ( 5229): QMUXD: Service_id=228 not found over conn_id=37
E/QMI_FW ( 5229): QMUXD: Service_id=228 not found over conn_id=0
E/QMI_FW ( 5229): QMUXD: Service_id=228 not found over conn_id=37
I/qcom-bluetooth( 5238): /system/etc/init.qcom.bt.sh: Bluetooth QSoC firmware download succeeded, /dev/ttyHS0 qualcomm-ibs 3000000 f8:a4:5f:02:67:23
I/qcom-bluetooth( 5239): /system/etc/init.qcom.bt.sh: ** Bluedroid stack **
I/bt_vendor( 5172): bluetooth satus is on
D/bt_userial_mct( 5172): userial_open(port:0)
I/bt_vendor( 5172): bt-vendor : BT_VND_OP_USERIAL_OPEN
I/bt_vendor( 5172): Done intiailizing UART
I/bt_vendor( 5172): Done intiailizing UART
I/bt_userial_mct( 5172): CMD=72, EVT=72, ACL_Out=73, ACL_In=73
I/bt_vendor( 5172): Bluetooth Firmware and transport layer are initialized
I/bt-btu ( 5172): btu_task received preload complete event
W/bt-l2cap( 5172): L2CAP - L2CA_Register() called for PSM: 0x0001
W/bt-l2cap( 5172): L2CAP - L2CA_Register() called for PSM: 0x001f
W/bt-l2cap( 5172): L2CAP - L2CA_Register() called for PSM: 0x0003
W/bt-l2cap( 5172): L2CAP - L2CA_Register() called for PSM: 0x1487
F/libc ( 5172): Fatal signal 11 (SIGSEGV), code 1, fault addr 0x8 in tid 5207 (BTU)
D/bt_userial_mct( 5172): Entering userial_read_thread()
I/DEBUG ( 5170): *** *** *** *** *** *** *** *** *** *** *** *** *** *** *** ***
I/DEBUG ( 5170): Build fingerprint: 'Xiaomi/aries/aries:5.0.2/LRX22G/5.8.20:user/release-keys'
I/DEBUG ( 5170): Revision: '0'
I/DEBUG ( 5170): ABI: 'arm'
I/DEBUG ( 5170): pid: 5172, tid: 5207, name: BTU >>> com.android.bluetooth <<<
I/DEBUG ( 5170): signal 11 (SIGSEGV), code 1 (SEGV_MAPERR), fault addr 0x8
I/DEBUG ( 5170): r0 a533fa48 r1 fffffae8 r2 a53665b8 r3 00000000
I/DEBUG ( 5170): r4 000003e8 r5 00000000 r6 000003e8 r7 a5375318
I/DEBUG ( 5170): r8 a5365d30 r9 a5034308 sl b6f1e785 fp a3eebdb0
I/DEBUG ( 5170): ip 7ffffffe sp a3eebce0 lr a52b956f pc a52b95e2 cpsr 200f0030
I/DEBUG ( 5170):
I/DEBUG ( 5170): backtrace:
I/DEBUG ( 5170): #00 pc 000a45e2 /system/lib/hw/bluetooth.default.so (alarm_service_reschedule+125)
I/DEBUG ( 5170): #01 pc 000a445b /system/lib/hw/bluetooth.default.so (GKI_start_timer+150)
I/DEBUG ( 5170): #02 pc 000d96eb /system/lib/hw/bluetooth.default.so (btu_start_timer+66)
I/DEBUG ( 5170): #03 pc 0003a3a3 /system/lib/hw/bluetooth.default.so (BTE_InitStack+10)
I/DEBUG ( 5170): #04 pc 000d9a6b /system/lib/hw/bluetooth.default.so (btu_task+82)
I/DEBUG ( 5170): #05 pc 000a44c1 /system/lib/hw/bluetooth.default.so
I/DEBUG ( 5170): #06 pc 000137a3 /system/lib/libc.so (__pthread_start(void*)+30)
I/DEBUG ( 5170): #07 pc 00011883 /system/lib/libc.so (__start_thread+6)
I/CheckinService( 1813): Done disabling old GoogleServicesFramework version
I/ServiceManager( 316): Waiting for service AtCmdFwd...
E/KLO_Stability( 2269): Not get wanted event from the watchset in 5000ms
I/KLO_Stability( 2269): start gathering logcat log...
I/KLO_Stability( 2269): gathering logcat log done
I/KLO_Stability( 2269): [am_crash][1440510065]:[844,0,com.android.bluetooth,13155909,Native crash,Segmentation fault,unknown,0]
I/DEBUG ( 5170):
I/DEBUG ( 5170): Tombstone written to: /data/tombstones/tombstone_07
I/WhetstoneService( 1322): Receive am_crash event for pid: 844
W/KloServer( 1322): Aborted broadcast does not supprt for: android
E/SharedPreferencesImpl( 844): Couldn't create directory for SharedPreferences file shared_prefs/log_files.xml
I/libmc ( 2269): received event[index:0,mask:0x8,name:tombstone_07]
I/BootReceiver( 844): Copying /data/tombstones/tombstone_07 to DropBox (SYSTEM_TOMBSTONE)
D/BluetoothManagerService( 844): BluetoothServiceConnection, disconnected: com.android.bluetooth.btservice.AdapterService
D/BluetoothManagerService( 844): Message: 41
E/BluetoothManagerService( 844): MESSAGE_BLUETOOTH_SERVICE_DISCONNECTED: 1
D/BluetoothManagerService( 844): Calling onBluetoothServiceDown callbacks
D/BluetoothManagerService( 844): Broadcasting onBluetoothServiceDown() to 7 receivers.
D/BluetoothManagerService( 844): Calling onQBluetoothServiceDown callbacks
D/BluetoothManagerService( 844): Broadcasting onQBluetoothServiceDown() to 0 receivers.
D/BluetoothManagerService( 844): Bluetooth State Change Intent: 12 -> 13
I/libmc ( 2269): received event[index:0,mask:0x80,name:system_app_native_crash@1440510083205.txt]
I/KLO_Stability( 2269): start gathering logcat log...
I/KLO_Stability( 2269): gethering logcat log done
I/libmc ( 2269): received event[index:0,mask:0x80,name:SYSTEM_TOMBSTONE@1440510083218.txt.gz]
I/Zygote ( 296): Process 5172 exited due to signal (11)
D/ProcessObserver( 1640): onProcessDied, pid: 5172 uid: 1002
I/ActivityManager( 844): Process com.android.bluetooth (pid 5172) has died
W/ActivityManager( 844): Scheduling restart of crashed service com.android.bluetooth/.hfp.HeadsetService in 1000ms
W/ActivityManager( 844): Scheduling restart of crashed service com.android.bluetooth/.hdp.HealthService in 1000ms
W/ActivityManager( 844): Scheduling restart of crashed service org.codeaurora.bluetooth/.dun.BluetoothDunService in 1000ms
W/ActivityManager( 844): Scheduling restart of crashed service com.android.bluetooth/.gatt.GattService in 1000ms
W/ActivityManager( 844): Scheduling restart of crashed service com.android.bluetooth/.btservice.AdapterService in 1000ms
W/ActivityManager( 844): Scheduling restart of crashed service com.android.bluetooth/.hid.HidService in 11000ms
W/ActivityManager( 844): Scheduling restart of crashed service com.android.bluetooth/.a2dp.A2dpService in 10999ms
W/ActivityManager( 844): Scheduling restart of crashed service org.codeaurora.bluetooth/.sap.BluetoothSapService in 10999ms
W/ActivityManager( 844): Scheduling restart of crashed service com.android.bluetooth/.map.BluetoothMapService in 10999ms
W/ActivityManager( 844): Scheduling restart of crashed service com.android.bluetooth/.pan.PanService in 10999ms
E/WhetstoneService( 1322): the pacakge name not found
I/ActivityManager( 844): Start proc com.android.bluetooth for restart com.android.bluetooth: pid=5251 uid=1002 gids={41002, 9997, 3003, 3002, 3001, 1028, 1015, 3005, 1016, 3008, 1023} abi=armeabi-v7a
D/BluetoothManagerService( 844): Broadcasting onBluetoothStateChange(false) to 9 receivers.
D/BluetoothHeadset( 844): onBluetoothStateChange: up=false
E/BluetoothHeadset( 844):
E/BluetoothHeadset( 844): java.lang.IllegalArgumentException: Service not registered: android.bluetooth.BluetoothHeadset$2@1aac831b
E/BluetoothHeadset( 844): at android.app.LoadedApk.forgetServiceDispatcher(LoadedApk.java)
E/BluetoothHeadset( 844): at android.app.ContextImpl.unbindService(ContextImpl.java)
E/BluetoothHeadset( 844): at android.bluetooth.BluetoothHeadset$1.onBluetoothStateChange(BluetoothHeadset.java)
E/BluetoothHeadset( 844): at com.android.server.BluetoothManagerService.sendBluetoothStateCallback(BluetoothManagerService.java)
E/BluetoothHeadset( 844): at com.android.server.BluetoothManagerService.bluetoothStateChangeHandler(BluetoothManagerService.java)
E/BluetoothHeadset( 844): at com.android.server.BluetoothManagerService.access$3200(BluetoothManagerService.java)
E/BluetoothHeadset( 844): at com.android.server.BluetoothManagerService$BluetoothHandler.handleMessage(BluetoothManagerService.java)
E/BluetoothHeadset( 844): at android.os.Handler.dispatchMessage(Handler.java)
E/BluetoothHeadset( 844): at android.os.Looper.loop(Looper.java)
E/BluetoothHeadset( 844): at android.os.HandlerThread.run(HandlerThread.java)
E/BluetoothHeadset( 844): at com.android.server.ServiceThread.run(ServiceThread.java)
D/BluetoothHeadset( 1302): onBluetoothStateChange: up=false
E/BluetoothHeadset( 1302):
E/BluetoothHeadset( 1302): java.lang.IllegalArgumentException: Service not registered: android.bluetooth.BluetoothHeadset$2@171bdf46
E/BluetoothHeadset( 1302): at android.app.LoadedApk.forgetServiceDispatcher(LoadedApk.java)
E/BluetoothHeadset( 1302): at android.app.ContextImpl.unbindService(ContextImpl.java)
E/BluetoothHeadset( 1302): at android.content.ContextWrapper.unbindService(ContextWrapper.java)
E/BluetoothHeadset( 1302): at android.bluetooth.BluetoothHeadset$1.onBluetoothStateChange(BluetoothHeadset.java)
E/BluetoothHeadset( 1302): at android.bluetooth.IBluetoothStateChangeCallback$Stub.onTransact(IBluetoothStateChangeCallback.java)
E/BluetoothHeadset( 1302): at android.os.Binder.execTransact(Binder.java)
D/BluetoothPan( 1219): onBluetoothStateChange on: false
E/BluetoothPan( 1219):
E/BluetoothPan( 1219): java.lang.IllegalArgumentException: Service not registered: android.bluetooth.BluetoothPan$2@3bf2533c
E/BluetoothPan( 1219): at android.app.LoadedApk.forgetServiceDispatcher(LoadedApk.java)
E/BluetoothPan( 1219): at android.app.ContextImpl.unbindService(ContextImpl.java)
E/BluetoothPan( 1219): at android.content.ContextWrapper.unbindService(ContextWrapper.java)
E/BluetoothPan( 1219): at android.bluetooth.BluetoothPan$1.onBluetoothStateChange(BluetoothPan.java)
E/BluetoothPan( 1219): at android.bluetooth.IBluetoothStateChangeCallback$Stub.onTransact(IBluetoothStateChangeCallback.java)
E/BluetoothPan( 1219): at android.os.Binder.execTransact(Binder.java)
D/BluetoothMap( 1219): onBluetoothStateChange: up=false
E/BluetoothMap( 1219):
E/BluetoothMap( 1219): java.lang.IllegalArgumentException: Service not registered: android.bluetooth.BluetoothMap$2@37f1e8c5
E/BluetoothMap( 1219): at android.app.LoadedApk.forgetServiceDispatcher(LoadedApk.java)
E/BluetoothMap( 1219): at android.app.ContextImpl.unbindService(ContextImpl.java)
E/BluetoothMap( 1219): at android.content.ContextWrapper.unbindService(ContextWrapper.java)
E/BluetoothMap( 1219): at android.bluetooth.BluetoothMap$1.onBluetoothStateChange(BluetoothMap.java)
E/BluetoothMap( 1219): at android.bluetooth.IBluetoothStateChangeCallback$Stub.onTransact(IBluetoothStateChangeCallback.java)
E/BluetoothMap( 1219): at android.os.Binder.execTransact(Binder.java)
D/BluetoothInputDevice( 1219): onBluetoothStateChange: up=false
E/BluetoothInputDevice( 1219):
E/BluetoothInputDevice( 1219): java.lang.IllegalArgumentException: Service not registered: android.bluetooth.BluetoothInputDevice$2@3d6912f
E/BluetoothInputDevice( 1219): at android.app.LoadedApk.forgetServiceDispatcher(LoadedApk.java)
E/BluetoothInputDevice( 1219): at android.app.ContextImpl.unbindService(ContextImpl.java)
E/BluetoothInputDevice( 1219): at android.content.ContextWrapper.unbindService(ContextWrapper.java)
E/BluetoothInputDevice( 1219): at android.bluetooth.BluetoothInputDevice$1.onBluetoothStateChange(BluetoothInputDevice.java)
E/BluetoothInputDevice( 1219): at android.bluetooth.IBluetoothStateChangeCallback$Stub.onTransact(IBluetoothStateChangeCallback.java)
E/BluetoothInputDevice( 1219): at android.os.Binder.execTransact(Binder.java)
D/BluetoothHeadset( 1284): onBluetoothStateChange: up=false
E/BluetoothHeadset( 1284):
E/BluetoothHeadset( 1284): java.lang.IllegalArgumentException: Service not registered: android.bluetooth.BluetoothHeadset$2@315b80fe
E/BluetoothHeadset( 1284): at android.app.LoadedApk.forgetServiceDispatcher(LoadedApk.java)
E/BluetoothHeadset( 1284): at android.app.ContextImpl.unbindService(ContextImpl.java)
E/BluetoothHeadset( 1284): at android.content.ContextWrapper.unbindService(ContextWrapper.java)
E/BluetoothHeadset( 1284): at android.content.ContextWrapper.unbindService(ContextWrapper.java)
E/BluetoothHeadset( 1284): at android.bluetooth.BluetoothHeadset$1.onBluetoothStateChange(BluetoothHeadset.java)
E/BluetoothHeadset( 1284): at android.bluetooth.IBluetoothStateChangeCallback$Stub.onTransact(IBluetoothStateChangeCallback.java)
E/BluetoothHeadset( 1284): at android.os.Binder.execTransact(Binder.java)
D/BluetoothPbap( 1219): onBluetoothStateChange: up=false
E/BluetoothPbap( 1219):
E/BluetoothPbap( 1219): java.lang.IllegalArgumentException: Service not registered: android.bluetooth.BluetoothPbap$2@144a521a
E/BluetoothPbap( 1219): at android.app.LoadedApk.forgetServiceDispatcher(LoadedApk.java)
E/BluetoothPbap( 1219): at android.app.ContextImpl.unbindService(ContextImpl.java)
E/BluetoothPbap( 1219): at android.content.ContextWrapper.unbindService(ContextWrapper.java)
E/BluetoothPbap( 1219): at android.bluetooth.BluetoothPbap$1.onBluetoothStateChange(BluetoothPbap.java)
E/BluetoothPbap( 1219): at android.bluetooth.IBluetoothStateChangeCallback$Stub.onTransact(IBluetoothStateChangeCallback.java)
E/BluetoothPbap( 1219): at android.os.Binder.execTransact(Binder.java)
D/BluetoothA2dp( 844): onBluetoothStateChange: up=false
E/BluetoothA2dp( 844):
E/BluetoothA2dp( 844): java.lang.IllegalArgumentException: Service not registered: android.bluetooth.BluetoothA2dp$2@1d8635f7
E/BluetoothA2dp( 844): at android.app.LoadedApk.forgetServiceDispatcher(LoadedApk.java)
E/BluetoothA2dp( 844): at android.app.ContextImpl.unbindService(ContextImpl.java)
E/BluetoothA2dp( 844): at android.bluetooth.BluetoothA2dp$1.onBluetoothStateChange(BluetoothA2dp.java)
E/BluetoothA2dp( 844): at com.android.server.BluetoothManagerService.sendBluetoothStateCallback(BluetoothManagerService.java)
E/BluetoothA2dp( 844): at com.android.server.BluetoothManagerService.bluetoothStateChangeHandler(BluetoothManagerService.java)
E/BluetoothA2dp( 844): at com.android.server.BluetoothManagerService.access$3200(BluetoothManagerService.java)
E/BluetoothA2dp( 844): at com.android.server.BluetoothManagerService$BluetoothHandler.handleMessage(BluetoothManagerService.java)
E/BluetoothA2dp( 844): at android.os.Handler.dispatchMessage(Handler.java)
E/BluetoothA2dp( 844): at android.os.Looper.loop(Looper.java)
E/BluetoothA2dp( 844): at android.os.HandlerThread.run(HandlerThread.java)
E/BluetoothA2dp( 844): at com.android.server.ServiceThread.run(ServiceThread.java)
D/BluetoothHeadset( 1284): onBluetoothStateChange: up=false
E/BluetoothHeadset( 1284):
E/BluetoothHeadset( 1284): java.lang.IllegalArgumentException: Service not registered: android.bluetooth.BluetoothHeadset$2@1845c947
E/BluetoothHeadset( 1284): at android.app.LoadedApk.forgetServiceDispatcher(LoadedApk.java)
E/BluetoothHeadset( 1284): at android.app.ContextImpl.unbindService(ContextImpl.java)
E/BluetoothHeadset( 1284): at android.content.ContextWrapper.unbindService(ContextWrapper.java)
E/BluetoothHeadset( 1284): at android.bluetooth.BluetoothHeadset$1.onBluetoothStateChange(BluetoothHeadset.java)
E/BluetoothHeadset( 1284): at android.bluetooth.IBluetoothStateChangeCallback$Stub.onTransact(IBluetoothStateChangeCallback.java)
E/BluetoothHeadset( 1284): at android.os.Binder.execTransact(Binder.java)
D/BluetoothManagerService( 844): Bluetooth State Change Intent: 13 -> 10
D/BluetoothAdapter( 1063): 517947889: getState() : mService = null. Returning STATE_OFF
D/Telecom ( 1284): BluetoothPhoneService: Bluetooth Adapter state: 13
D/BluetoothAdapter( 1358): 173510713: getState() : mService = null. Returning STATE_OFF
D/KeyguardViewMediator( 1063): action name: android.bluetooth.adapter.action.STATE_CHANGED
D/BluetoothAdapter( 1063): 517947889: getState() : mService = null. Returning STATE_OFF
D/BluetoothAdapter( 1358): 173510713: getState() : mService = null. Returning STATE_OFF
D/KeyguardViewMediator( 1063): action name: android.bluetooth.adapter.action.STATE_CHANGED
D/Telecom ( 1284): BluetoothPhoneService: Bluetooth Adapter state: 10
W/ContextImpl( 1219): Calling a method in the system process without a qualified user: android.app.ContextImpl.startService:-1 android.content.ContextWrapper.startService:-1 android.content.ContextWrapper.startService:-1 com.android.settings.bluetooth.DockEventReceiver.e:134 com.android.settings.bluetooth.DockEventReceiver.onReceive:115
W/BroadcastQueueInjector( 844): System app: "com.android.bluetooth" started by broadcast Intent { act=android.bluetooth.adapter.action.STATE_CHANGED flg=0x14000010 (has extras) }
D/DockEventReceiver( 1219): finishStartingService: stopping service
D/BluetoothManagerService( 844): Message: 42
D/BluetoothManagerService( 844): MESSAGE_RESTART_BLUETOOTH_SERVICE: Restart IBluetooth service
W/ResourcesManager( 5251): Asset path '/system/framework/javax.btobex.jar' does not exist or contains no resources.
V/ProcessObserver( 1640): onProcessStateChanged
V/LocationPolicy( 844): onProcessStateChanged
D/miuisdk ( 5251): current sdk level is 2
W/Atfwd_Sendcmd( 316): AtCmdFwd service not published, waiting... retryCnt : 5
D/AdapterServiceConfig( 5251): Adding HeadsetService
D/AdapterServiceConfig( 5251): Adding A2dpService
D/AdapterServiceConfig( 5251): Adding HidService
D/AdapterServiceConfig( 5251): Adding HealthService
D/AdapterServiceConfig( 5251): Adding PanService
D/AdapterServiceConfig( 5251): Adding GattService
D/AdapterServiceConfig( 5251): Adding BluetoothMapService
D/BluetoothManagerService( 844): Message: 20
D/BluetoothManagerService( 844): Added callback: android.bluetooth.IBluetoothManagerCallback$Stub$Proxy@2610a8f8:true
D/BluetoothAdapterState( 5251): make
I/bluedroid( 5251): init
I/BluetoothAdapterState( 5251): Entering OffState
I/bte_conf( 5251): bte_load_conf attempt to load stack conf from /etc/bluetooth/bt_stack.conf
I/bte_conf( 5251): bte_load_ble_conf attempt to load ble stack conf from /etc/bluetooth/ble_stack.conf
E/bt_osi_config( 5251): config_new unable to open file '/etc/bluetooth/ble_stack.conf': No such file or directory
I/bte_conf( 5251): bte_load_ble_conf file >/etc/bluetooth/ble_stack.conf< not found
I/GKI_LINUX( 5251): gki_task_entry task_id=1 [BTIF] starting
E/GKI_LINUX( 5251): GKI_exception(): Task State Table
E/GKI_LINUX( 5251): TASK ID [0] task name [(null)] state [0]
E/GKI_LINUX( 5251): TASK ID [1] task name [BTIF] state [1]
E/GKI_LINUX( 5251): TASK ID [2] task name [(null)] state [0]
E/GKI_LINUX( 5251): GKI_exception 65531 Sending to unknown dest
E/GKI_LINUX( 5251): ********************************************************************
E/GKI_LINUX( 5251): * GKI_exception(): 65531 Sending to unknown dest
E/GKI_LINUX( 5251): ********************************************************************
I/bluedroid( 5251): get_profile_interface socket
I/bluedroid( 5251): get_profile_interface map_client
D/BluetoothAdapterProperties( 5251): Address is:F8:A4:5F:02:67:23
D/BluetoothManagerService( 844): Bluetooth Adapter name changed to Mi Phone
D/BluetoothAdapterProperties( 5251): Name is: Mi Phone
D/BluetoothManagerService( 844): Stored Bluetooth name: Mi Phone
D/BluetoothManagerService( 844): BluetoothServiceConnection: com.android.bluetooth.btservice.AdapterService
D/BluetoothManagerService( 844): Message: 40
D/BluetoothManagerService( 844): MESSAGE_BLUETOOTH_SERVICE_CONNECTED: 1
I/bluedroid( 5251): config_hci_snoop_log
D/BluetoothManagerService( 844): Calling onBluetoothServiceUp callbacks
D/BluetoothManagerService( 844): Broadcasting onBluetoothServiceUp() to 8 receivers.
D/BluetoothAdapterState( 5251): CURRENT_STATE=OFF, MESSAGE = USER_TURN_ON
D/BluetoothAdapterProperties( 5251): Setting state to 11
I/BluetoothAdapterState( 5251): Bluetooth adapter state changed: 10-> 11
D/BluetoothManagerService( 844): Message: 60
D/BluetoothManagerService( 844): MESSAGE_BLUETOOTH_STATE_CHANGE: prevState = 10, newState=11
D/BluetoothManagerService( 844): Bluetooth State Change Intent: 10 -> 11
D/KeyguardViewMediator( 1063): action name: android.bluetooth.adapter.action.STATE_CHANGED
D/BluetoothBondStateMachine( 5251): make
D/Telecom ( 1284): BluetoothPhoneService: Bluetooth Adapter state: 11
I/BluetoothBondStateMachine( 5251): StableState(): Entering Off State
D/BluetoothAdapterService( 5251): checkA2dpState: isA2dpSinkEnabled = false
E/BluetoothAdapterService( 5251): checkA2dpState: returning
D/BluetoothAdapterService( 5251): checkHidState: isHidDev = false
E/BluetoothAdapterService( 5251): checkHidState: returning
D/BluetoothAdapterService( 5251): checkHfpState: isHfpClientEnabled = false
E/BluetoothAdapterService( 5251): checkHfpState: returning
I/art ( 844): Explicit concurrent mark sweep GC freed 52169(3MB) AllocSpace objects, 42(6MB) LOS objects, 33% free, 23MB/35MB, paused 1.831ms total 133.239ms
D/HeadsetService( 5251): Received start request. Starting profile...
I/BluetoothHeadsetServiceJni( 5251): classInitNative: succeeds
D/HeadsetStateMachine( 5251): Version 1.6
D/HeadsetStateMachine( 5251): make
I/BluetoothAdapterState( 5251): Entering PendingCommandState State: isTurningOn()=true, isTurningOff()=false
E/HeadsetStateMachine( 5251): Could not bind to Bluetooth Headset Voip Phone Service
D/HeadsetStateMachine( 5251): max_hf_connections = 1
I/bluedroid( 5251): get_profile_interface handsfree
D/HeadsetStateMachine( 5251): Enter Disconnected: -2, size: 0
D/BluetoothAdapterService( 5251): getAdapterService() - returning com.android.bluetooth.btservice.AdapterService@167dc37b
D/A2dpService( 5251): Received start request. Starting profile...
I/BluetoothAvrcpServiceJni( 5251): classInitNative: succeeds
V/Avrcp ( 5251): make
W/BroadcastQueue( 844): Skipping deliver [background] BroadcastRecord{1282e427 u-1 android.intent.action.BATTERY_CHANGED} to ReceiverList{3063b141 5251 com.android.bluetooth/1002/u0 remote:1d7c4028}: process crashing
V/Avrcp ( 5251): Avrcp
I/bluedroid( 5251): get_profile_interface avrcp
V/Avrcp ( 5251): start
V/Avrcp ( 5251): registerMediaPlayers
V/Avrcp ( 5251): MediaPlayerInfo: mPlayerId = 1
V/Avrcp ( 5251): mMajorPlayerType = 1 mPlayerSubType = 0
V/Avrcp ( 5251): mPlayState = 2 mCharsetId = 106
V/Avrcp ( 5251): mPlayerPackageName = com.android.music mDisplayableNameLength = 5
V/Avrcp ( 5251): mItemLength = 33 mEntryLength = 34
V/Avrcp ( 5251): mFeatureMask =
V/Avrcp ( 5251): mFeatureMask[0] = 0
V/Avrcp ( 5251): mFeatureMask[1] = 0
V/Avrcp ( 5251): mFeatureMask[2] = 0
V/Avrcp ( 5251): mFeatureMask[3] = 0
V/Avrcp ( 5251): mFeatureMask[4] = 12
V/Avrcp ( 5251): mFeatureMask[5] = 55
V/Avrcp ( 5251): mFeatureMask[6] = 0
V/Avrcp ( 5251): mFeatureMask[7] = 141
V/Avrcp ( 5251): mFeatureMask[8] = 2
V/Avrcp ( 5251): mFeatureMask[9] = 0
V/Avrcp ( 5251): mFeatureMask[10] = 0
V/Avrcp ( 5251): mFeatureMask[11] = 0
V/Avrcp ( 5251): mFeatureMask[12] = 0
V/Avrcp ( 5251): mFeatureMask[13] = 0
V/Avrcp ( 5251): mFeatureMask[14] = 0
V/Avrcp ( 5251): mFeatureMask[15] = 0
V/Avrcp ( 5251): mDisplayableName=
V/Avrcp ( 5251): mDisplayableName[0] = 77
V/Avrcp ( 5251): mDisplayableName[1] = 117
V/Avrcp ( 5251): mDisplayableName[2] = 115
V/Avrcp ( 5251): mDisplayableName[3] = 105
V/Avrcp ( 5251): mDisplayableName[4] = 99
V/Avrcp ( 5251): MediaPlayerInfo: mPlayerId = 2
V/Avrcp ( 5251): mMajorPlayerType = 1 mPlayerSubType = 0
V/Avrcp ( 5251): mPlayState = 2 mCharsetId = 106
V/Avrcp ( 5251): mPlayerPackageName = com.google.android.music mDisplayableNameLength = 6
V/Avrcp ( 5251): mItemLength = 34 mEntryLength = 35
V/Avrcp ( 5251): mFeatureMask =
V/Avrcp ( 5251): mFeatureMask[0] = 0
V/Avrcp ( 5251): mFeatureMask[1] = 0
V/Avrcp ( 5251): mFeatureMask[2] = 0
V/Avrcp ( 5251): mFeatureMask[3] = 0
V/Avrcp ( 5251): mFeatureMask[4] = 12
V/Avrcp ( 5251): mFeatureMask[5] = 55
V/Avrcp ( 5251): mFeatureMask[6] = 0
V/Avrcp ( 5251): mFeatureMask[7] = 5
V/Avrcp ( 5251): mFeatureMask[8] = 0
V/Avrcp ( 5251): mFeatureMask[9] = 0
V/Avrcp ( 5251): mFeatureMask[10] = 0
V/Avrcp ( 5251): mFeatureMask[11] = 0
V/Avrcp ( 5251): mFeatureMask[12] = 0
V/Avrcp ( 5251): mFeatureMask[13] = 0
V/Avrcp ( 5251): mFeatureMask[14] = 0
V/Avrcp ( 5251): mFeatureMask[15] = 0
V/Avrcp ( 5251): mDisplayableName=
V/Avrcp ( 5251): mDisplayableName[0] = 77
V/Avrcp ( 5251): mDisplayableName[1] = 117
V/Avrcp ( 5251): mDisplayableName[2] = 115
V/Avrcp ( 5251): mDisplayableName[3] = 105
V/Avrcp ( 5251): mDisplayableName[4] = 99
V/Avrcp ( 5251): mDisplayableName[5] = 50
V/AudioService( 844): updateRemoteControllerOnExistingMediaPlayers: size of Player list: 0
E/AudioService( 844): No RCC entry present to update
E/RemoteController( 5251): Cannot set synchronization mode on an unregistered RemoteController
I/BluetoothA2dpServiceJni( 5251): classInitNative: succeeds
D/A2dpStateMachine( 5251): make
I/bluedroid( 5251): get_profile_interface a2dp
I/GKI_LINUX( 5251): gki_task_entry task_id=2 [A2DP-MEDIA] starting
D/bt-btif ( 5251): btif_av_state_idle_handler event:BTIF_SM_ENTER_EVT flags 0
D/A2dpService( 5251): setA2dpService(): set to: null
D/A2dpStateMachine( 5251): Enter Disconnected: -2
D/BluetoothAdapterService( 5251): getAdapterService() - returning com.android.bluetooth.btservice.AdapterService@167dc37b
E/BTEventHandler( 5251): A4WP is not supported
I/BluetoothHidServiceJni( 5251): classInitNative: succeeds
D/HidService( 5251): Received start request. Starting profile...
I/bluedroid( 5251): get_profile_interface hidhost
D/BluetoothAdapterService( 5251): getAdapterService() - returning com.android.bluetooth.btservice.AdapterService@167dc37b
I/BluetoothHealthServiceJni( 5251): classInitNative: succeeds
D/HealthService( 5251): Received start request. Starting profile...
I/bluedroid( 5251): get_profile_interface health
D/BluetoothAdapterService( 5251): getAdapterService() - returning com.android.bluetooth.btservice.AdapterService@167dc37b
I/BluetoothPanServiceJni( 5251): classInitNative(L105): succeeds
D/PanService( 5251): Received start request. Starting profile...
D/BluetoothPanServiceJni( 5251): initializeNative(L110): pan
I/bluedroid( 5251): get_profile_interface pan
D/BluetoothAdapterService( 5251): getAdapterService() - returning com.android.bluetooth.btservice.AdapterService@167dc37b
D/BtGatt.GattService( 5251): classInitNative called
I/BtGatt.JNI( 5251): classInitNative(L863): classInitNative: Success!
D/BtGatt.DebugUtils( 5251): handleDebugAction() action=null
D/BtGatt.GattService( 5251): Received start request. Starting profile...
D/BtGatt.GattService( 5251): start()
I/bluedroid( 5251): get_profile_interface gatt
D/BtGatt.AdvertiseManager( 5251): advertise manager created
D/BluetoothAdapterService( 5251): getAdapterService() - returning com.android.bluetooth.btservice.AdapterService@167dc37b
D/BluetoothMapService( 5251): inside BluetoothMapObexConnection
D/BluetoothMapService( 5251): supportedMessageTypes 14
D/BluetoothMapService( 5251): masId 0
D/BluetoothMapService( 5251): inside BluetoothMapObexConnection
D/BluetoothMapService( 5251): supportedMessageTypes 1
D/BluetoothMapService( 5251): masId 1
D/BluetoothMapService( 5251): Inside initBinder
D/BluetoothMapService( 5251): Received start request. Starting profile...
D/BluetoothMapService( 5251): start()
D/BluetoothMapService( 5251): Registering observer
D/BluetoothAdapterService( 5251): getAdapterService() - returning com.android.bluetooth.btservice.AdapterService@167dc37b
D/HeadsetPhoneState( 5251): sendDeviceStateChanged. mService=1 mSignal=0 mRoam=0 mBatteryCharge=0
I/Telecom ( 1284): BluetoothPhoneService: queryPhoneState
D/Telecom ( 1284): BluetoothPhoneService: handleMessage(7) w/ param 0
D/HeadsetPhoneState( 5251): sendDeviceStateChanged. mService=1 mSignal=5 mRoam=0 mBatteryCharge=0
D/HeadsetStateMachine( 5251): Disconnected process message: 11, size: 0
D/HeadsetStateMachine( 5251): Disconnected process message: 11, size: 0
V/BluetoothMapService( 5251): Handler(): got msg=1
D/BluetoothAdapterState( 5251): CURRENT_STATE=PENDING, MESSAGE = STARTED, isTurningOn=true, isTurningOff=false
I/bluedroid( 5251): enable
I/bt_hci_bdroid( 5251): init
I/GKI_LINUX( 5251): gki_task_entry task_id=0 [BTU] starting
I/bt_vendor( 5251): bt-vendor : init
I/bt_vendor( 5251): bt-vendor : get_bt_soc_type
I/bt-btu ( 5251): btu_task pending for preload complete event
E/bt_vendor( 5251): get_bt_soc_type: Failed to get soc type
I/bt_vendor( 5251): init: Local BD Address : 23:67:02:5f:a4:f8
D/bt_userial_mct( 5251): userial_init
I/bt_vendor( 5251): bt-vendor : BT_VND_OP_POWER_CTRL: On
I/bt_vendor( 5251): bluetooth satus is on
I/bt_vendor( 5251): bt-vendor : resetting BT status
I/bt_vendor( 5251): Starting hciattach daemon
I/bt_vendor( 5251): try to set false
I/bt_vendor( 5251): Starting hciattach daemon
I/bt_vendor( 5251): try to set true
W/ResourcesManager( 5251): Asset path '/system/framework/javax.obex.jar' does not exist or contains no resources.
I/qcom-bluetooth( 5301): /system/etc/init.qcom.bt.sh: init.qcom.bt.sh config =
V/BluetoothFtpService( 5251): Ftp Service onCreate
V/BluetoothFtpService( 5251): FTP service not started Adapter STATE: 11
V/BluetoothFtpService( 5251): Ftp Service onStartCommand
V/BluetoothFtpService( 5251): PARSE INTENT action: android.bluetooth.adapter.action.STATE_CHANGED
D/BluetoothFtpService( 5251): ACTION_STATE_CHANGED: state: 13 mHasStarted: false
V/BluetoothFtpService( 5251): Ftp Service closeService
V/BluetoothFtpService( 5251): successfully stopped ftp service
V/BluetoothSapReceiver( 5251): SapReceiver onReceive
V/BluetoothSapReceiver( 5251): action = android.bluetooth.adapter.action.STATE_CHANGED
V/BluetoothSapReceiver( 5251): Bluetooth Adapter state = 13
V/BluetoothSapReceiver( 5251): Calling SAP service start service with action = null
V/BluetoothFtpService( 5251): Ftp Service onDestroy
V/BluetoothFtpService( 5251): Ftp Service closeService
V/BluetoothSapService( 5251): Sap Service onCreate
V/BluetoothSapService( 5251): initBinder
V/BluetoothSapService( 5251): BluetoothSapBinder: mService: org.codeaurora.bluetooth.sap.BluetoothSapService@13670509
V/BluetoothSapService( 5251): action: android.bluetooth.adapter.action.STATE_CHANGED
V/BluetoothSapService( 5251): state: 13
D/BluetoothDunService( 5251): parseIntent: action: android.bluetooth.adapter.action.STATE_CHANGED
D/AuthorizationBluetoothService( 1530): Received Bluetooth event: Intent { act=android.bluetooth.adapter.action.STATE_CHANGED flg=0x14000010 cmp=com.google.android.gms/.auth.be.proximity.authorization.bt.AuthorizationBluetoothService$BluetoothStateChangeReceiver (has extras) }.
W/BroadcastQueueInjector( 844): Unable to launch app com.rhapsody.napster/10104 for broadcast Intent { act=android.bluetooth.adapter.action.STATE_CHANGED flg=0x14000010 (has extras) }: process is not permitted to autostart
W/BroadcastQueue( 844): Permission Denial: receiving Intent { act=android.bluetooth.adapter.action.STATE_CHANGED flg=0x14000010 (has extras) } to com.mi4ever.app.mi4everblog/com.appyet.receiver.CommonReceiver requires android.permission.BLUETOOTH due to sender android (uid 1000)
W/ContextImpl( 1219): Calling a method in the system process without a qualified user: android.app.ContextImpl.startService:-1 android.content.ContextWrapper.startService:-1 android.content.ContextWrapper.startService:-1 com.android.settings.bluetooth.DockEventReceiver.e:134 com.android.settings.bluetooth.DockEventReceiver.onReceive:115
E/BTEventHandler( 5251): A4WP is not supported
D/DockEventReceiver( 1219): finishStartingService: stopping service
V/BluetoothSapReceiver( 5251): SapReceiver onReceive
V/BluetoothSapReceiver( 5251): action = android.bluetooth.adapter.action.STATE_CHANGED
V/BluetoothSapReceiver( 5251): Bluetooth Adapter state = 10
D/AuthorizationBluetoothService( 1530): Received Bluetooth event: Intent { act=android.bluetooth.adapter.action.STATE_CHANGED flg=0x14000010 cmp=com.google.android.gms/.auth.be.proximity.authorization.bt.AuthorizationBluetoothService$BluetoothStateChangeReceiver (has extras) }.
W/BroadcastQueueInjector( 844): Unable to launch app com.rhapsody.napster/10104 for broadcast Intent { act=android.bluetooth.adapter.action.STATE_CHANGED flg=0x14000010 (has extras) }: process is not permitted to autostart
W/BroadcastQueue( 844): Permission Denial: receiving Intent { act=android.bluetooth.adapter.action.STATE_CHANGED flg=0x14000010 (has extras) } to com.mi4ever.app.mi4everblog/com.appyet.receiver.CommonReceiver requires android.permission.BLUETOOTH due to sender android (uid 1000)
I/qcom-bluetooth( 5308): /system/etc/init.qcom.bt.sh: Transport : smd
E/BTEventHandler( 5251): A4WP is not supported
V/BluetoothSapReceiver( 5251): SapReceiver onReceive
V/BluetoothSapReceiver( 5251): action = android.bluetooth.adapter.action.STATE_CHANGED
V/BluetoothSapReceiver( 5251): Bluetooth Adapter state = 11
I/qcom-bluetooth( 5309): /system/etc/init.qcom.bt.sh: ** Bluedroid stack **
D/AuthorizationBluetoothService( 1530): Received Bluetooth event: Intent { act=android.bluetooth.adapter.action.STATE_CHANGED flg=0x14000010 cmp=com.google.android.gms/.auth.be.proximity.authorization.bt.AuthorizationBluetoothService$BluetoothStateChangeReceiver (has extras) }.
W/BroadcastQueueInjector( 844): Unable to launch app com.rhapsody.napster/10104 for broadcast Intent { act=android.bluetooth.adapter.action.STATE_CHANGED flg=0x14000010 (has extras) }: process is not permitted to autostart
W/BroadcastQueue( 844): Permission Denial: receiving Intent { act=android.bluetooth.adapter.action.STATE_CHANGED flg=0x14000010 (has extras) } to com.mi4ever.app.mi4everblog/com.appyet.receiver.CommonReceiver requires android.permission.BLUETOOTH due to sender android (uid 1000)
I/qcom-bluetooth( 5311): /system/etc/init.qcom.bt.sh: Power Class: Ignored. Default(1) used (1-CLASS1/2-CLASS2/3-CUSTOM)
I/qcom-bluetooth( 5312): /system/etc/init.qcom.bt.sh: Power Class: To override, Before turning BT ON; setprop qcom.bt.dev_power_class <1 or 2 or 3>
I/qcom-bluetooth( 5313): /system/etc/init.qcom.bt.sh: LE Power Class: Ignored. Default(2) used (1-CLASS1/2-CLASS2/3-CUSTOM)
I/qcom-bluetooth( 5314): /system/etc/init.qcom.bt.sh: LE Power Class: To override, Before turning BT ON; setprop qcom.bt.le_dev_pwr_class <1 or 2 or 3>
E/Diag_Lib( 5316): Diag_LSM_Init: Failed to open handle to diag driver, error = 13
E/QMI_FW ( 5316): QMUXD: Service_id=228 not found over conn_id=0
E/QMI_FW ( 5316): QMUXD: Service_id=228 not found over conn_id=37
E/QMI_FW ( 5316): QMUXD: Service_id=228 not found over conn_id=0
E/QMI_FW ( 5316): QMUXD: Service_id=228 not found over conn_id=37
E/QMI_FW ( 5316): QMUXD: Service_id=228 not found over conn_id=0
E/QMI_FW ( 5316): QMUXD: Service_id=228 not found over conn_id=37
E/QMI_FW ( 5316): QMUXD: Service_id=228 not found over conn_id=0
E/QMI_FW ( 5316): QMUXD: Service_id=228 not found over conn_id=37
E/QMI_FW ( 5316): QMUXD: Service_id=228 not found over conn_id=0
E/QMI_FW ( 5316): QMUXD: Service_id=228 not found over conn_id=37
I/qcom-bluetooth( 5325): /system/etc/init.qcom.bt.sh: Bluetooth QSoC firmware download succeeded, /dev/ttyHS0 qualcomm-ibs 3000000 f8:a4:5f:02:67:23
I/qcom-bluetooth( 5326): /system/etc/init.qcom.bt.sh: ** Bluedroid stack **
I/bt_vendor( 5251): bluetooth satus is on
D/bt_userial_mct( 5251): userial_open(port:0)
I/bt_vendor( 5251): bt-vendor : BT_VND_OP_USERIAL_OPEN
I/bt_vendor( 5251): Done intiailizing UART
I/bt_vendor( 5251): Done intiailizing UART
I/bt_userial_mct( 5251): CMD=70, EVT=70, ACL_Out=73, ACL_In=73
I/bt_vendor( 5251): Bluetooth Firmware and transport layer are initialized
I/bt-btu ( 5251): btu_task received preload complete event
W/bt-l2cap( 5251): L2CAP - L2CA_Register() called for PSM: 0x0001
W/bt-l2cap( 5251): L2CAP - L2CA_Register() called for PSM: 0x001f
W/bt-l2cap( 5251): L2CAP - L2CA_Register() called for PSM: 0x0003
W/bt-l2cap( 5251): L2CAP - L2CA_Register() called for PSM: 0x1487
F/libc ( 5251): Fatal signal 11 (SIGSEGV), code 1, fault addr 0x8 in tid 5298 (BTU)
D/bt_userial_mct( 5251): Entering userial_read_thread()
W/ProcessCpuTracker( 844): Skipping unknown process pid 5244
W/ProcessCpuTracker( 844): Skipping unknown process pid 5246
W/ProcessCpuTracker( 844): Skipping unknown process pid 5278
W/ProcessCpuTracker( 844): Skipping unknown process pid 5300
W/ProcessCpuTracker( 844): Skipping unknown process pid 5323
W/ProcessCpuTracker( 844): Skipping unknown process pid 5325
I/DEBUG ( 5170): *** *** *** *** *** *** *** *** *** *** *** *** *** *** *** ***
I/DEBUG ( 5170): Build fingerprint: 'Xiaomi/aries/aries:5.0.2/LRX22G/5.8.20:user/release-keys'
I/DEBUG ( 5170): Revision: '0'
I/DEBUG ( 5170): ABI: 'arm'
I/DEBUG ( 5170): pid: 5251, tid: 5298, name: BTU >>> com.android.bluetooth <<<
I/DEBUG ( 5170): signal 11 (SIGSEGV), code 1 (SEGV_MAPERR), fault addr 0x8
I/DEBUG ( 5170): r0 a563fa48 r1 fffffae8 r2 a56665b8 r3 00000000
I/DEBUG ( 5170): r4 000003e8 r5 00000000 r6 000003e8 r7 a5675318
I/DEBUG ( 5170): r8 a5665d30 r9 a5334308 sl b6f1e785 fp a42e9db0
I/DEBUG ( 5170): ip 7ffffffe sp a42e9ce0 lr a55b956f pc a55b95e2 cpsr 200f0030
I/DEBUG ( 5170):
I/DEBUG ( 5170): backtrace:
I/DEBUG ( 5170): #00 pc 000a45e2 /system/lib/hw/bluetooth.default.so (alarm_service_reschedule+125)
I/DEBUG ( 5170): #01 pc 000a445b /system/lib/hw/bluetooth.default.so (GKI_start_timer+150)
I/DEBUG ( 5170): #02 pc 000d96eb /system/lib/hw/bluetooth.default.so (btu_start_timer+66)
I/DEBUG ( 5170): #03 pc 0003a3a3 /system/lib/hw/bluetooth.default.so (BTE_InitStack+10)
I/DEBUG ( 5170): #04 pc 000d9a6b /system/lib/hw/bluetooth.default.so (btu_task+82)
I/DEBUG ( 5170): #05 pc 000a44c1 /system/lib/hw/bluetooth.default.so
I/DEBUG ( 5170): #06 pc 000137a3 /system/lib/libc.so (__pthread_start(void*)+30)
I/DEBUG ( 5170): #07 pc 00011883 /system/lib/libc.so (__start_thread+6)
D/wpa_supplicant( 1134): wlan0: Control interface command 'SIGNAL_POLL'
I/Sensors ( 418): sns_pwr.c(279):acquiring wakelock
I/DEBUG ( 5170):
I/DEBUG ( 5170): Tombstone written to: /data/tombstones/tombstone_08
I/libmc ( 2269): received event[index:0,mask:0x8,name:tombstone_08]
E/SharedPreferencesImpl( 844): Couldn't create directory for SharedPreferences file shared_prefs/log_files.xml
I/BootReceiver( 844): Copying /data/tombstones/tombstone_08 to DropBox (SYSTEM_TOMBSTONE)
D/BluetoothManagerService( 844): BluetoothServiceConnection, disconnected: com.android.bluetooth.btservice.AdapterService
D/BluetoothManagerService( 844): Message: 41
E/BluetoothManagerService( 844): MESSAGE_BLUETOOTH_SERVICE_DISCONNECTED: 1
D/BluetoothManagerService( 844): Calling onBluetoothServiceDown callbacks
D/BluetoothManagerService( 844): Broadcasting onBluetoothServiceDown() to 7 receivers.
I/WhetstoneService( 1322): Receive am_crash event for pid: 844
W/KloServer( 1322): Aborted broadcast does not supprt for: android
I/KLO_Stability( 2269): start gathering logcat log...
D/BluetoothManagerService( 844): Calling onQBluetoothServiceDown callbacks
D/BluetoothManagerService( 844): Broadcasting onQBluetoothServiceDown() to 0 receivers.
D/BluetoothManagerService( 844): Bluetooth State Change Intent: 12 -> 13
I/KLO_Stability( 2269): gethering logcat log done
D/ProcessObserver( 1640): onProcessDied, pid: 5251 uid: 1002
I/ActivityManager( 844): Process com.android.bluetooth (pid 5251) has died
W/ActivityManager( 844): Scheduling restart of crashed service com.android.bluetooth/.gatt.GattService in 1000ms
W/ActivityManager( 844): Scheduling restart of crashed service com.android.bluetooth/.pan.PanService in 1000ms
W/ActivityManager( 844): Scheduling restart of crashed service com.android.bluetooth/.btservice.AdapterService in 1000ms
W/ActivityManager( 844): Scheduling restart of crashed service org.codeaurora.bluetooth/.dun.BluetoothDunService in 11000ms
W/ActivityManager( 844): Scheduling restart of crashed service com.android.bluetooth/.hid.HidService in 11000ms
W/ActivityManager( 844): Scheduling restart of crashed service com.android.bluetooth/.hdp.HealthService in 10999ms
W/ActivityManager( 844): Scheduling restart of crashed service com.android.bluetooth/.a2dp.A2dpService in 10999ms
W/ActivityManager( 844): Scheduling restart of crashed service com.android.bluetooth/.map.BluetoothMapService in 10999ms
W/ActivityManager( 844): Scheduling restart of crashed service com.android.bluetooth/.hfp.HeadsetService in 10999ms
W/ActivityManager( 844): Scheduling restart of crashed service org.codeaurora.bluetooth/.sap.BluetoothSapService in 10998ms
I/Zygote ( 296): Process 5251 exited due to signal (11)
I/libmc ( 2269): received event[index:0,mask:0x80,name:SYSTEM_TOMBSTONE@1440510085419.txt.gz]
E/WhetstoneService( 1322): the pacakge name not found
D/BluetoothManagerService( 844): Broadcasting onBluetoothStateChange(false) to 9 receivers.
D/BluetoothHeadset( 844): onBluetoothStateChange: up=false
I/ActivityManager( 844): Start proc com.android.bluetooth for restart com.android.bluetooth: pid=5344 uid=1002 gids={41002, 9997, 3003, 3002, 3001, 1028, 1015, 3005, 1016, 3008, 1023} abi=armeabi-v7a
W/ActivityManager( 844): Process com.android.bluetooth has crashed too many times: killing!
I/ActivityManager( 844): Killing 5344:com.android.bluetooth/1002 (adj -11): crash
E/BluetoothHeadset( 844):
E/BluetoothHeadset( 844): java.lang.IllegalArgumentException: Service not registered: android.bluetooth.BluetoothHeadset$2@1aac831b
E/BluetoothHeadset( 844): at android.app.LoadedApk.forgetServiceDispatcher(LoadedApk.java)
E/BluetoothHeadset( 844): at android.app.ContextImpl.unbindService(ContextImpl.java)
E/BluetoothHeadset( 844): at android.bluetooth.BluetoothHeadset$1.onBluetoothStateChange(BluetoothHeadset.java)
E/BluetoothHeadset( 844): at com.android.server.BluetoothManagerService.sendBluetoothStateCallback(BluetoothManagerService.java)
