D/wpa_supplicant( 1134): CTRL_IFACE: GET_NETWORK id=2 name='engine'
D/wpa_supplicant( 1134): wlan0: Control interface command 'GET_NETWORK 2 engine_id'
D/wpa_supplicant( 1134): CTRL_IFACE: GET_NETWORK id=2 name='engine_id'
D/wpa_supplicant( 1134): CTRL_IFACE: Failed to get network variable 'engine_id'
D/wpa_supplicant( 1134): wlan0: Control interface command 'GET_NETWORK 2 key_id'
D/wpa_supplicant( 1134): CTRL_IFACE: GET_NETWORK id=2 name='key_id'
D/wpa_supplicant( 1134): CTRL_IFACE: Failed to get network variable 'key_id'
D/wpa_supplicant( 1134): wlan0: Control interface command 'GET_NETWORK 2 private_key'
D/wpa_supplicant( 1134): CTRL_IFACE: GET_NETWORK id=2 name='private_key'
D/wpa_supplicant( 1134): CTRL_IFACE: Failed to get network variable 'private_key'
E/OMXNodeInstance( 289): getParameter(100663311) ERROR: 0x8000101a
E/OMXNodeInstance( 289): getParameter(100663297) ERROR: 0x8000101a
D/miuisdk ( 1040): current sdk level is 2
D/wpa_supplicant( 1134): wlan0: Control interface command 'GET_NETWORK 3 ssid'
D/wpa_supplicant( 1134): CTRL_IFACE: GET_NETWORK id=3 name='ssid'
D/wpa_supplicant( 1134): wlan0: Control interface command 'GET_NETWORK 3 bssid'
D/wpa_supplicant( 1134): CTRL_IFACE: GET_NETWORK id=3 name='bssid'
D/wpa_supplicant( 1134): CTRL_IFACE: Failed to get network variable 'bssid'
D/wpa_supplicant( 1134): wlan0: Control interface command 'GET_NETWORK 3 priority'
D/wpa_supplicant( 1134): CTRL_IFACE: GET_NETWORK id=3 name='priority'
D/wpa_supplicant( 1134): wlan0: Control interface command 'GET_NETWORK 3 sim_num'
D/wpa_supplicant( 1134): CTRL_IFACE: GET_NETWORK id=3 name='sim_num'
D/wpa_supplicant( 1134): wlan0: Control interface command 'GET_NETWORK 3 scan_ssid'
D/wpa_supplicant( 1134): CTRL_IFACE: GET_NETWORK id=3 name='scan_ssid'
D/wpa_supplicant( 1134): wlan0: Control interface command 'GET_NETWORK 3 wep_tx_keyidx'
D/wpa_supplicant( 1134): CTRL_IFACE: GET_NETWORK id=3 name='wep_tx_keyidx'
D/wpa_supplicant( 1134): wlan0: Control interface command 'GET_NETWORK 3 wep_key0'
D/wpa_supplicant( 1134): CTRL_IFACE: GET_NETWORK id=3 name='wep_key0'
D/wpa_supplicant( 1134): CTRL_IFACE: Failed to get network variable 'wep_key0'
D/wpa_supplicant( 1134): wlan0: Control interface command 'GET_NETWORK 3 wep_key1'
D/wpa_supplicant( 1134): CTRL_IFACE: GET_NETWORK id=3 name='wep_key1'
D/wpa_supplicant( 1134): CTRL_IFACE: Failed to get network variable 'wep_key1'
D/wpa_supplicant( 1134): wlan0: Control interface command 'GET_NETWORK 3 wep_key2'
D/wpa_supplicant( 1134): CTRL_IFACE: GET_NETWORK id=3 name='wep_key2'
D/wpa_supplicant( 1134): CTRL_IFACE: Failed to get network variable 'wep_key2'
D/wpa_supplicant( 1134): wlan0: Control interface command 'GET_NETWORK 3 wep_key3'
D/wpa_supplicant( 1134): CTRL_IFACE: GET_NETWORK id=3 name='wep_key3'
D/wpa_supplicant( 1134): CTRL_IFACE: Failed to get network variable 'wep_key3'
D/wpa_supplicant( 1134): wlan0: Control interface command 'GET_NETWORK 3 as_cert_file'
D/wpa_supplicant( 1134): CTRL_IFACE: GET_NETWORK id=3 name='as_cert_file'
D/wpa_supplicant( 1134): CTRL_IFACE: Failed to get network variable 'as_cert_file'
D/wpa_supplicant( 1134): wlan0: Control interface command 'GET_NETWORK 3 user_cert_file'
D/wpa_supplicant( 1134): CTRL_IFACE: GET_NETWORK id=3 name='user_cert_file'
D/wpa_supplicant( 1134): CTRL_IFACE: Failed to get network variable 'user_cert_file'
D/wpa_supplicant( 1134): wlan0: Control interface command 'GET_NETWORK 3 wapi_key_type'
D/wpa_supplicant( 1134): CTRL_IFACE: GET_NETWORK id=3 name='wapi_key_type'
D/wpa_supplicant( 1134): CTRL_IFACE: Failed to get network variable 'wapi_key_type'
D/wpa_supplicant( 1134): wlan0: Control interface command 'GET_NETWORK 3 wapi_psk'
D/wpa_supplicant( 1134): CTRL_IFACE: GET_NETWORK id=3 name='wapi_psk'
D/wpa_supplicant( 1134): CTRL_IFACE: Failed to get network variable 'wapi_psk'
D/wpa_supplicant( 1134): wlan0: Control interface command 'GET_NETWORK 3 psk'
D/wpa_supplicant( 1134): CTRL_IFACE: GET_NETWORK id=3 name='psk'
D/wpa_supplicant( 1134): CTRL_IFACE: Failed to get network variable 'psk'
D/wpa_supplicant( 1134): wlan0: Control interface command 'GET_NETWORK 3 proto'
D/wpa_supplicant( 1134): CTRL_IFACE: GET_NETWORK id=3 name='proto'
D/wpa_supplicant( 1134): wlan0: Control interface command 'GET_NETWORK 3 key_mgmt'
D/wpa_supplicant( 1134): CTRL_IFACE: GET_NETWORK id=3 name='key_mgmt'
D/wpa_supplicant( 1134): wlan0: Control interface command 'GET_NETWORK 3 auth_alg'
D/wpa_supplicant( 1134): CTRL_IFACE: GET_NETWORK id=3 name='auth_alg'
D/wpa_supplicant( 1134): CTRL_IFACE: Failed to get network variable 'auth_alg'
D/wpa_supplicant( 1134): wlan0: Control interface command 'GET_NETWORK 3 pairwise'
D/wpa_supplicant( 1134): CTRL_IFACE: GET_NETWORK id=3 name='pairwise'
D/wpa_supplicant( 1134): wlan0: Control interface command 'GET_NETWORK 3 group'
D/wpa_supplicant( 1134): CTRL_IFACE: GET_NETWORK id=3 name='group'
D/wpa_supplicant( 1134): wlan0: Control interface command 'GET_NETWORK 3 eap'
D/wpa_supplicant( 1134): CTRL_IFACE: GET_NETWORK id=3 name='eap'
D/wpa_supplicant( 1134): wlan0: Control interface command 'GET_NETWORK 3 phase2'
D/wpa_supplicant( 1134): CTRL_IFACE: GET_NETWORK id=3 name='phase2'
D/wpa_supplicant( 1134): CTRL_IFACE: Failed to get network variable 'phase2'
D/wpa_supplicant( 1134): wlan0: Control interface command 'GET_NETWORK 3 identity'
D/wpa_supplicant( 1134): CTRL_IFACE: GET_NETWORK id=3 name='identity'
D/wpa_supplicant( 1134): wlan0: Control interface command 'GET_NETWORK 3 anonymous_identity'
D/wpa_supplicant( 1134): CTRL_IFACE: GET_NETWORK id=3 name='anonymous_identity'
D/wpa_supplicant( 1134): CTRL_IFACE: Failed to get network variable 'anonymous_identity'
D/wpa_supplicant( 1134): wlan0: Control interface command 'GET_NETWORK 3 password'
D/wpa_supplicant( 1134): CTRL_IFACE: GET_NETWORK id=3 name='password'
D/wpa_supplicant( 1134): Do not allow key_data field to be exposed
D/wpa_supplicant( 1134): wlan0: Control interface command 'GET_NETWORK 3 client_cert'
D/wpa_supplicant( 1134): CTRL_IFACE: GET_NETWORK id=3 name='client_cert'
D/wpa_supplicant( 1134): CTRL_IFACE: Failed to get network variable 'client_cert'
D/wpa_supplicant( 1134): wlan0: Control interface command 'GET_NETWORK 3 ca_cert'
D/wpa_supplicant( 1134): CTRL_IFACE: GET_NETWORK id=3 name='ca_cert'
D/wpa_supplicant( 1134): CTRL_IFACE: Failed to get network variable 'ca_cert'
D/wpa_supplicant( 1134): wlan0: Control interface command 'GET_NETWORK 3 subject_match'
D/wpa_supplicant( 1134): CTRL_IFACE: GET_NETWORK id=3 name='subject_match'
D/wpa_supplicant( 1134): CTRL_IFACE: Failed to get network variable 'subject_match'
D/wpa_supplicant( 1134): wlan0: Control interface command 'GET_NETWORK 3 engine'
D/wpa_supplicant( 1134): CTRL_IFACE: GET_NETWORK id=3 name='engine'
E/OMXNodeInstance( 289): getParameter(100663311) ERROR: 0x8000101a
E/OMXNodeInstance( 289): getParameter(100663297) ERROR: 0x8000101a
I/art ( 296): Explicit concurrent mark sweep GC freed 707(30KB) AllocSpace objects, 0(0B) LOS objects, 40% free, 7MB/13MB, paused 244us total 19.775ms
D/wpa_supplicant( 1134): wlan0: Control interface command 'GET_NETWORK 3 engine_id'
D/wpa_supplicant( 1134): CTRL_IFACE: GET_NETWORK id=3 name='engine_id'
D/wpa_supplicant( 1134): CTRL_IFACE: Failed to get network variable 'engine_id'
D/wpa_supplicant( 1134): wlan0: Control interface command 'GET_NETWORK 3 key_id'
D/wpa_supplicant( 1134): CTRL_IFACE: GET_NETWORK id=3 name='key_id'
D/wpa_supplicant( 1134): CTRL_IFACE: Failed to get network variable 'key_id'
D/wpa_supplicant( 1134): wlan0: Control interface command 'GET_NETWORK 3 private_key'
D/wpa_supplicant( 1134): CTRL_IFACE: GET_NETWORK id=3 name='private_key'
D/wpa_supplicant( 1134): CTRL_IFACE: Failed to get network variable 'private_key'
I/art ( 296): Explicit concurrent mark sweep GC freed 7(240B) AllocSpace objects, 0(0B) LOS objects, 39% free, 7MB/13MB, paused 213us total 13.885ms
E/QMI_FW ( 844): QMUXD: Service_id=16 not found over conn_id=0
I/art ( 296): Explicit concurrent mark sweep GC freed 5(160B) AllocSpace objects, 0(0B) LOS objects, 39% free, 7MB/13MB, paused 244us total 14.434ms
E/OMXNodeInstance( 289): getParameter(100663311) ERROR: 0x8000101a
E/OMXNodeInstance( 289): getParameter(100663297) ERROR: 0x8000101a
E/QMI_FW ( 844): QMUXD: Service_id=16 not found over conn_id=37
E/QMI_FW ( 844): QMUXD: Service_id=16 not found over conn_id=0
E/OMXNodeInstance( 289): getParameter(100663311) ERROR: 0x8000101a
E/OMXNodeInstance( 289): getParameter(100663297) ERROR: 0x8000101a
E/QMI_FW ( 844): QMUXD: Service_id=16 not found over conn_id=37
E/QMI_FW ( 844): QMUXD: Service_id=16 not found over conn_id=0
E/OMXNodeInstance( 289): getParameter(100663311) ERROR: 0x8000101a
E/OMXNodeInstance( 289): getParameter(100663297) ERROR: 0x8000101a
D/wpa_supplicant( 1134): wlan0: Control interface command 'GET_NETWORK 4 ssid'
D/wpa_supplicant( 1134): CTRL_IFACE: GET_NETWORK id=4 name='ssid'
E/QMI_FW ( 844): QMUXD: Service_id=16 not found over conn_id=37
E/QMI_FW ( 844): QMUXD: Service_id=16 not found over conn_id=0
E/QMI_FW ( 844): QMUXD: Service_id=16 not found over conn_id=37
D/wpa_supplicant( 1134): wlan0: Control interface command 'GET_NETWORK 4 bssid'
D/wpa_supplicant( 1134): CTRL_IFACE: GET_NETWORK id=4 name='bssid'
D/wpa_supplicant( 1134): CTRL_IFACE: Failed to get network variable 'bssid'
D/wpa_supplicant( 1134): wlan0: Control interface command 'GET_NETWORK 4 priority'
D/wpa_supplicant( 1134): CTRL_IFACE: GET_NETWORK id=4 name='priority'
D/wpa_supplicant( 1134): wlan0: Control interface command 'GET_NETWORK 4 sim_num'
D/wpa_supplicant( 1134): CTRL_IFACE: GET_NETWORK id=4 name='sim_num'
D/wpa_supplicant( 1134): wlan0: Control interface command 'GET_NETWORK 4 scan_ssid'
D/wpa_supplicant( 1134): CTRL_IFACE: GET_NETWORK id=4 name='scan_ssid'
D/wpa_supplicant( 1134): wlan0: Control interface command 'GET_NETWORK 4 wep_tx_keyidx'
D/wpa_supplicant( 1134): CTRL_IFACE: GET_NETWORK id=4 name='wep_tx_keyidx'
D/wpa_supplicant( 1134): wlan0: Control interface command 'GET_NETWORK 4 wep_key0'
D/wpa_supplicant( 1134): CTRL_IFACE: GET_NETWORK id=4 name='wep_key0'
D/wpa_supplicant( 1134): CTRL_IFACE: Failed to get network variable 'wep_key0'
D/wpa_supplicant( 1134): wlan0: Control interface command 'GET_NETWORK 4 wep_key1'
D/wpa_supplicant( 1134): CTRL_IFACE: GET_NETWORK id=4 name='wep_key1'
D/wpa_supplicant( 1134): CTRL_IFACE: Failed to get network variable 'wep_key1'
D/wpa_supplicant( 1134): wlan0: Control interface command 'GET_NETWORK 4 wep_key2'
D/wpa_supplicant( 1134): CTRL_IFACE: GET_NETWORK id=4 name='wep_key2'
D/wpa_supplicant( 1134): CTRL_IFACE: Failed to get network variable 'wep_key2'
D/wpa_supplicant( 1134): wlan0: Control interface command 'GET_NETWORK 4 wep_key3'
D/wpa_supplicant( 1134): CTRL_IFACE: GET_NETWORK id=4 name='wep_key3'
D/wpa_supplicant( 1134): CTRL_IFACE: Failed to get network variable 'wep_key3'
D/wpa_supplicant( 1134): wlan0: Control interface command 'GET_NETWORK 4 as_cert_file'
D/wpa_supplicant( 1134): CTRL_IFACE: GET_NETWORK id=4 name='as_cert_file'
D/wpa_supplicant( 1134): CTRL_IFACE: Failed to get network variable 'as_cert_file'
D/wpa_supplicant( 1134): wlan0: Control interface command 'GET_NETWORK 4 user_cert_file'
D/wpa_supplicant( 1134): CTRL_IFACE: GET_NETWORK id=4 name='user_cert_file'
D/wpa_supplicant( 1134): CTRL_IFACE: Failed to get network variable 'user_cert_file'
D/wpa_supplicant( 1134): wlan0: Control interface command 'GET_NETWORK 4 wapi_key_type'
D/wpa_supplicant( 1134): CTRL_IFACE: GET_NETWORK id=4 name='wapi_key_type'
D/wpa_supplicant( 1134): CTRL_IFACE: Failed to get network variable 'wapi_key_type'
D/wpa_supplicant( 1134): wlan0: Control interface command 'GET_NETWORK 4 wapi_psk'
D/wpa_supplicant( 1134): CTRL_IFACE: GET_NETWORK id=4 name='wapi_psk'
D/wpa_supplicant( 1134): CTRL_IFACE: Failed to get network variable 'wapi_psk'
D/wpa_supplicant( 1134): wlan0: Control interface command 'GET_NETWORK 4 psk'
D/wpa_supplicant( 1134): CTRL_IFACE: GET_NETWORK id=4 name='psk'
D/wpa_supplicant( 1134): Do not allow key_data field to be exposed
D/wpa_supplicant( 1134): wlan0: Control interface command 'GET_NETWORK 4 proto'
D/wpa_supplicant( 1134): CTRL_IFACE: GET_NETWORK id=4 name='proto'
D/wpa_supplicant( 1134): wlan0: Control interface command 'GET_NETWORK 4 key_mgmt'
D/wpa_supplicant( 1134): CTRL_IFACE: GET_NETWORK id=4 name='key_mgmt'
D/wpa_supplicant( 1134): wlan0: Control interface command 'GET_NETWORK 4 auth_alg'
D/wpa_supplicant( 1134): CTRL_IFACE: GET_NETWORK id=4 name='auth_alg'
D/wpa_supplicant( 1134): CTRL_IFACE: Failed to get network variable 'auth_alg'
D/wpa_supplicant( 1134): wlan0: Control interface command 'GET_NETWORK 4 pairwise'
D/wpa_supplicant( 1134): CTRL_IFACE: GET_NETWORK id=4 name='pairwise'
D/wpa_supplicant( 1134): wlan0: Control interface command 'GET_NETWORK 4 group'
D/wpa_supplicant( 1134): CTRL_IFACE: GET_NETWORK id=4 name='group'
D/wpa_supplicant( 1134): wlan0: Control interface command 'GET_NETWORK 4 eap'
D/wpa_supplicant( 1134): CTRL_IFACE: GET_NETWORK id=4 name='eap'
D/wpa_supplicant( 1134): CTRL_IFACE: Failed to get network variable 'eap'
D/wpa_supplicant( 1134): wlan0: Control interface command 'GET_NETWORK 4 phase2'
D/wpa_supplicant( 1134): CTRL_IFACE: GET_NETWORK id=4 name='phase2'
D/wpa_supplicant( 1134): CTRL_IFACE: Failed to get network variable 'phase2'
D/wpa_supplicant( 1134): wlan0: Control interface command 'GET_NETWORK 4 identity'
D/wpa_supplicant( 1134): CTRL_IFACE: GET_NETWORK id=4 name='identity'
D/wpa_supplicant( 1134): CTRL_IFACE: Failed to get network variable 'identity'
D/wpa_supplicant( 1134): wlan0: Control interface command 'GET_NETWORK 4 anonymous_identity'
D/wpa_supplicant( 1134): CTRL_IFACE: GET_NETWORK id=4 name='anonymous_identity'
D/wpa_supplicant( 1134): CTRL_IFACE: Failed to get network variable 'anonymous_identity'
D/wpa_supplicant( 1134): wlan0: Control interface command 'GET_NETWORK 4 password'
D/wpa_supplicant( 1134): CTRL_IFACE: GET_NETWORK id=4 name='password'
D/wpa_supplicant( 1134): CTRL_IFACE: Failed to get network variable 'password'
D/wpa_supplicant( 1134): wlan0: Control interface command 'GET_NETWORK 4 client_cert'
D/wpa_supplicant( 1134): CTRL_IFACE: GET_NETWORK id=4 name='client_cert'
D/wpa_supplicant( 1134): CTRL_IFACE: Failed to get network variable 'client_cert'
D/wpa_supplicant( 1134): wlan0: Control interface command 'GET_NETWORK 4 ca_cert'
D/wpa_supplicant( 1134): CTRL_IFACE: GET_NETWORK id=4 name='ca_cert'
D/wpa_supplicant( 1134): CTRL_IFACE: Failed to get network variable 'ca_cert'
D/wpa_supplicant( 1134): wlan0: Control interface command 'GET_NETWORK 4 subject_match'
D/wpa_supplicant( 1134): CTRL_IFACE: GET_NETWORK id=4 name='subject_match'
D/wpa_supplicant( 1134): CTRL_IFACE: Failed to get network variable 'subject_match'
D/wpa_supplicant( 1134): wlan0: Control interface command 'GET_NETWORK 4 engine'
D/wpa_supplicant( 1134): CTRL_IFACE: GET_NETWORK id=4 name='engine'
D/wpa_supplicant( 1134): wlan0: Control interface command 'GET_NETWORK 4 engine_id'
D/wpa_supplicant( 1134): CTRL_IFACE: GET_NETWORK id=4 name='engine_id'
D/wpa_supplicant( 1134): CTRL_IFACE: Failed to get network variable 'engine_id'
D/wpa_supplicant( 1134): wlan0: Control interface command 'GET_NETWORK 4 key_id'
D/wpa_supplicant( 1134): CTRL_IFACE: GET_NETWORK id=4 name='key_id'
D/wpa_supplicant( 1134): CTRL_IFACE: Failed to get network variable 'key_id'
D/wpa_supplicant( 1134): wlan0: Control interface command 'GET_NETWORK 4 private_key'
D/wpa_supplicant( 1134): CTRL_IFACE: GET_NETWORK id=4 name='private_key'
D/wpa_supplicant( 1134): CTRL_IFACE: Failed to get network variable 'private_key'
E/LocSvc_api_v02( 844): E/locClientSupportMsgCheck:2213]: convertQmiResponseToLocStatus error: 11
E/LocSvc_ApiV02( 844): E/virtual loc_api_adapter_err LocApiV02::open(LOC_API_ADAPTER_EVENT_MASK_T):240]: Failed to checking QMI_LOC message supported.
D/wpa_supplicant( 1134): RTM_NEWLINK: ifi_index=29 ifname=p2p0 operstate=2 linkmode=1 ifi_flags=0x1003 ([UP])
E/LocSvc_LBSApiV02( 844): E/virtual void lbs_core::LBSApiV02::injectFeatureConfig(lbs_core::e_premium_mode, lbs_core::e_premium_mode):594]: Error : st = 11, ind.status = -1499324919
E/OMXNodeInstance( 289): getParameter(100663311) ERROR: 0x8000101a
E/OMXNodeInstance( 289): getParameter(100663297) ERROR: 0x8000101a
E/LocSvc_LBSApiV02( 844): E/virtual void lbs_core::LBSApiV02::injectFeatureConfig(lbs_core::e_premium_mode, lbs_core::e_premium_mode):612]: Error : st = 11, ind.status = -1499324919
D/wpa_supplicant( 1134): wlan0: Control interface command 'GET_NETWORK 5 ssid'
D/wpa_supplicant( 1134): CTRL_IFACE: GET_NETWORK id=5 name='ssid'
D/wpa_supplicant( 1134): wlan0: Control interface command 'GET_NETWORK 5 bssid'
D/wpa_supplicant( 1134): CTRL_IFACE: GET_NETWORK id=5 name='bssid'
D/wpa_supplicant( 1134): CTRL_IFACE: Failed to get network variable 'bssid'
D/wpa_supplicant( 1134): wlan0: Control interface command 'GET_NETWORK 5 priority'
D/wpa_supplicant( 1134): CTRL_IFACE: GET_NETWORK id=5 name='priority'
D/wpa_supplicant( 1134): wlan0: Control interface command 'GET_NETWORK 5 sim_num'
D/wpa_supplicant( 1134): CTRL_IFACE: GET_NETWORK id=5 name='sim_num'
D/wpa_supplicant( 1134): wlan0: Control interface command 'GET_NETWORK 5 scan_ssid'
D/wpa_supplicant( 1134): CTRL_IFACE: GET_NETWORK id=5 name='scan_ssid'
D/wpa_supplicant( 1134): wlan0: Control interface command 'GET_NETWORK 5 wep_tx_keyidx'
D/wpa_supplicant( 1134): CTRL_IFACE: GET_NETWORK id=5 name='wep_tx_keyidx'
D/wpa_supplicant( 1134): wlan0: Control interface command 'GET_NETWORK 5 wep_key0'
D/wpa_supplicant( 1134): CTRL_IFACE: GET_NETWORK id=5 name='wep_key0'
D/wpa_supplicant( 1134): CTRL_IFACE: Failed to get network variable 'wep_key0'
D/wpa_supplicant( 1134): wlan0: Control interface command 'GET_NETWORK 5 wep_key1'
D/wpa_supplicant( 1134): CTRL_IFACE: GET_NETWORK id=5 name='wep_key1'
D/wpa_supplicant( 1134): CTRL_IFACE: Failed to get network variable 'wep_key1'
D/wpa_supplicant( 1134): wlan0: Control interface command 'GET_NETWORK 5 wep_key2'
D/wpa_supplicant( 1134): CTRL_IFACE: GET_NETWORK id=5 name='wep_key2'
D/wpa_supplicant( 1134): CTRL_IFACE: Failed to get network variable 'wep_key2'
D/wpa_supplicant( 1134): wlan0: Control interface command 'GET_NETWORK 5 wep_key3'
D/wpa_supplicant( 1134): CTRL_IFACE: GET_NETWORK id=5 name='wep_key3'
D/wpa_supplicant( 1134): CTRL_IFACE: Failed to get network variable 'wep_key3'
D/wpa_supplicant( 1134): wlan0: Control interface command 'GET_NETWORK 5 as_cert_file'
D/wpa_supplicant( 1134): CTRL_IFACE: GET_NETWORK id=5 name='as_cert_file'
D/wpa_supplicant( 1134): CTRL_IFACE: Failed to get network variable 'as_cert_file'
D/wpa_supplicant( 1134): wlan0: Control interface command 'GET_NETWORK 5 user_cert_file'
D/wpa_supplicant( 1134): CTRL_IFACE: GET_NETWORK id=5 name='user_cert_file'
D/wpa_supplicant( 1134): CTRL_IFACE: Failed to get network variable 'user_cert_file'
D/wpa_supplicant( 1134): wlan0: Control interface command 'GET_NETWORK 5 wapi_key_type'
D/wpa_supplicant( 1134): CTRL_IFACE: GET_NETWORK id=5 name='wapi_key_type'
D/wpa_supplicant( 1134): CTRL_IFACE: Failed to get network variable 'wapi_key_type'
D/wpa_supplicant( 1134): wlan0: Control interface command 'GET_NETWORK 5 wapi_psk'
D/wpa_supplicant( 1134): CTRL_IFACE: GET_NETWORK id=5 name='wapi_psk'
D/wpa_supplicant( 1134): CTRL_IFACE: Failed to get network variable 'wapi_psk'
D/wpa_supplicant( 1134): wlan0: Control interface command 'GET_NETWORK 5 psk'
D/wpa_supplicant( 1134): CTRL_IFACE: GET_NETWORK id=5 name='psk'
D/wpa_supplicant( 1134): CTRL_IFACE: Failed to get network variable 'psk'
D/wpa_supplicant( 1134): wlan0: Control interface command 'GET_NETWORK 5 proto'
D/wpa_supplicant( 1134): CTRL_IFACE: GET_NETWORK id=5 name='proto'
D/wpa_supplicant( 1134): wlan0: Control interface command 'GET_NETWORK 5 key_mgmt'
D/wpa_supplicant( 1134): CTRL_IFACE: GET_NETWORK id=5 name='key_mgmt'
D/wpa_supplicant( 1134): wlan0: Control interface command 'GET_NETWORK 5 auth_alg'
D/wpa_supplicant( 1134): CTRL_IFACE: GET_NETWORK id=5 name='auth_alg'
D/wpa_supplicant( 1134): CTRL_IFACE: Failed to get network variable 'auth_alg'
D/wpa_supplicant( 1134): wlan0: Control interface command 'GET_NETWORK 5 pairwise'
D/wpa_supplicant( 1134): CTRL_IFACE: GET_NETWORK id=5 name='pairwise'
D/wpa_supplicant( 1134): wlan0: Control interface command 'GET_NETWORK 5 group'
D/wpa_supplicant( 1134): CTRL_IFACE: GET_NETWORK id=5 name='group'
D/wpa_supplicant( 1134): wlan0: Control interface command 'GET_NETWORK 5 eap'
D/wpa_supplicant( 1134): CTRL_IFACE: GET_NETWORK id=5 name='eap'
D/wpa_supplicant( 1134): CTRL_IFACE: Failed to get network variable 'eap'
D/wpa_supplicant( 1134): wlan0: Control interface command 'GET_NETWORK 5 phase2'
D/wpa_supplicant( 1134): CTRL_IFACE: GET_NETWORK id=5 name='phase2'
D/wpa_supplicant( 1134): CTRL_IFACE: Failed to get network variable 'phase2'
D/wpa_supplicant( 1134): wlan0: Control interface command 'GET_NETWORK 5 identity'
D/wpa_supplicant( 1134): CTRL_IFACE: GET_NETWORK id=5 name='identity'
D/wpa_supplicant( 1134): CTRL_IFACE: Failed to get network variable 'identity'
D/wpa_supplicant( 1134): wlan0: Control interface command 'GET_NETWORK 5 anonymous_identity'
D/wpa_supplicant( 1134): CTRL_IFACE: GET_NETWORK id=5 name='anonymous_identity'
D/wpa_supplicant( 1134): CTRL_IFACE: Failed to get network variable 'anonymous_identity'
D/wpa_supplicant( 1134): wlan0: Control interface command 'GET_NETWORK 5 password'
D/wpa_supplicant( 1134): CTRL_IFACE: GET_NETWORK id=5 name='password'
D/wpa_supplicant( 1134): CTRL_IFACE: Failed to get network variable 'password'
D/wpa_supplicant( 1134): wlan0: Control interface command 'GET_NETWORK 5 client_cert'
D/wpa_supplicant( 1134): CTRL_IFACE: GET_NETWORK id=5 name='client_cert'
D/wpa_supplicant( 1134): CTRL_IFACE: Failed to get network variable 'client_cert'
D/wpa_supplicant( 1134): wlan0: Control interface command 'GET_NETWORK 5 ca_cert'
D/wpa_supplicant( 1134): CTRL_IFACE: GET_NETWORK id=5 name='ca_cert'
D/wpa_supplicant( 1134): CTRL_IFACE: Failed to get network variable 'ca_cert'
D/wpa_supplicant( 1134): wlan0: Control interface command 'GET_NETWORK 5 subject_match'
D/wpa_supplicant( 1134): CTRL_IFACE: GET_NETWORK id=5 name='subject_match'
D/wpa_supplicant( 1134): CTRL_IFACE: Failed to get network variable 'subject_match'
D/wpa_supplicant( 1134): wlan0: Control interface command 'GET_NETWORK 5 engine'
D/wpa_supplicant( 1134): CTRL_IFACE: GET_NETWORK id=5 name='engine'
D/wpa_supplicant( 1134): wlan0: Control interface command 'GET_NETWORK 5 engine_id'
D/wpa_supplicant( 1134): CTRL_IFACE: GET_NETWORK id=5 name='engine_id'
D/wpa_supplicant( 1134): CTRL_IFACE: Failed to get network variable 'engine_id'
D/wpa_supplicant( 1134): wlan0: Control interface command 'GET_NETWORK 5 key_id'
D/wpa_supplicant( 1134): CTRL_IFACE: GET_NETWORK id=5 name='key_id'
D/wpa_supplicant( 1134): CTRL_IFACE: Failed to get network variable 'key_id'
D/wpa_supplicant( 1134): wlan0: Control interface command 'GET_NETWORK 5 private_key'
D/wpa_supplicant( 1134): CTRL_IFACE: GET_NETWORK id=5 name='private_key'
D/wpa_supplicant( 1134): CTRL_IFACE: Failed to get network variable 'private_key'
E/OMXNodeInstance( 289): getParameter(100663311) ERROR: 0x8000101a
E/OMXNodeInstance( 289): getParameter(100663297) ERROR: 0x8000101a
D/wpa_supplicant( 1134): wlan0: Control interface command 'GET_NETWORK 6 ssid'
D/wpa_supplicant( 1134): CTRL_IFACE: GET_NETWORK id=6 name='ssid'
D/wpa_supplicant( 1134): wlan0: Control interface command 'GET_NETWORK 6 bssid'
D/wpa_supplicant( 1134): CTRL_IFACE: GET_NETWORK id=6 name='bssid'
D/wpa_supplicant( 1134): CTRL_IFACE: Failed to get network variable 'bssid'
D/wpa_supplicant( 1134): wlan0: Control interface command 'GET_NETWORK 6 priority'
D/wpa_supplicant( 1134): CTRL_IFACE: GET_NETWORK id=6 name='priority'
D/wpa_supplicant( 1134): wlan0: Control interface command 'GET_NETWORK 6 sim_num'
D/wpa_supplicant( 1134): CTRL_IFACE: GET_NETWORK id=6 name='sim_num'
D/wpa_supplicant( 1134): wlan0: Control interface command 'GET_NETWORK 6 scan_ssid'
D/wpa_supplicant( 1134): CTRL_IFACE: GET_NETWORK id=6 name='scan_ssid'
D/wpa_supplicant( 1134): wlan0: Control interface command 'GET_NETWORK 6 wep_tx_keyidx'
D/wpa_supplicant( 1134): CTRL_IFACE: GET_NETWORK id=6 name='wep_tx_keyidx'
D/wpa_supplicant( 1134): wlan0: Control interface command 'GET_NETWORK 6 wep_key0'
D/wpa_supplicant( 1134): CTRL_IFACE: GET_NETWORK id=6 name='wep_key0'
D/wpa_supplicant( 1134): CTRL_IFACE: Failed to get network variable 'wep_key0'
D/wpa_supplicant( 1134): wlan0: Control interface command 'GET_NETWORK 6 wep_key1'
D/wpa_supplicant( 1134): CTRL_IFACE: GET_NETWORK id=6 name='wep_key1'
D/wpa_supplicant( 1134): CTRL_IFACE: Failed to get network variable 'wep_key1'
D/wpa_supplicant( 1134): wlan0: Control interface command 'GET_NETWORK 6 wep_key2'
D/wpa_supplicant( 1134): CTRL_IFACE: GET_NETWORK id=6 name='wep_key2'
D/wpa_supplicant( 1134): CTRL_IFACE: Failed to get network variable 'wep_key2'
D/wpa_supplicant( 1134): wlan0: Control interface command 'GET_NETWORK 6 wep_key3'
D/wpa_supplicant( 1134): CTRL_IFACE: GET_NETWORK id=6 name='wep_key3'
D/wpa_supplicant( 1134): CTRL_IFACE: Failed to get network variable 'wep_key3'
D/wpa_supplicant( 1134): wlan0: Control interface command 'GET_NETWORK 6 as_cert_file'
D/wpa_supplicant( 1134): CTRL_IFACE: GET_NETWORK id=6 name='as_cert_file'
D/wpa_supplicant( 1134): CTRL_IFACE: Failed to get network variable 'as_cert_file'
D/wpa_supplicant( 1134): wlan0: Control interface command 'GET_NETWORK 6 user_cert_file'
D/wpa_supplicant( 1134): CTRL_IFACE: GET_NETWORK id=6 name='user_cert_file'
D/wpa_supplicant( 1134): CTRL_IFACE: Failed to get network variable 'user_cert_file'
D/wpa_supplicant( 1134): wlan0: Control interface command 'GET_NETWORK 6 wapi_key_type'
D/wpa_supplicant( 1134): CTRL_IFACE: GET_NETWORK id=6 name='wapi_key_type'
D/wpa_supplicant( 1134): CTRL_IFACE: Failed to get network variable 'wapi_key_type'
D/wpa_supplicant( 1134): wlan0: Control interface command 'GET_NETWORK 6 wapi_psk'
D/wpa_supplicant( 1134): CTRL_IFACE: GET_NETWORK id=6 name='wapi_psk'
D/wpa_supplicant( 1134): CTRL_IFACE: Failed to get network variable 'wapi_psk'
D/wpa_supplicant( 1134): wlan0: Control interface command 'GET_NETWORK 6 psk'
D/wpa_supplicant( 1134): CTRL_IFACE: GET_NETWORK id=6 name='psk'
D/wpa_supplicant( 1134): CTRL_IFACE: Failed to get network variable 'psk'
D/wpa_supplicant( 1134): wlan0: Control interface command 'GET_NETWORK 6 proto'
D/wpa_supplicant( 1134): CTRL_IFACE: GET_NETWORK id=6 name='proto'
D/wpa_supplicant( 1134): wlan0: Control interface command 'GET_NETWORK 6 key_mgmt'
D/wpa_supplicant( 1134): CTRL_IFACE: GET_NETWORK id=6 name='key_mgmt'
D/wpa_supplicant( 1134): wlan0: Control interface command 'GET_NETWORK 6 auth_alg'
D/wpa_supplicant( 1134): CTRL_IFACE: GET_NETWORK id=6 name='auth_alg'
D/wpa_supplicant( 1134): CTRL_IFACE: Failed to get network variable 'auth_alg'
D/wpa_supplicant( 1134): wlan0: Control interface command 'GET_NETWORK 6 pairwise'
D/wpa_supplicant( 1134): CTRL_IFACE: GET_NETWORK id=6 name='pairwise'
D/wpa_supplicant( 1134): wlan0: Control interface command 'GET_NETWORK 6 group'
D/wpa_supplicant( 1134): CTRL_IFACE: GET_NETWORK id=6 name='group'
D/wpa_supplicant( 1134): wlan0: Control interface command 'GET_NETWORK 6 eap'
D/wpa_supplicant( 1134): CTRL_IFACE: GET_NETWORK id=6 name='eap'
D/wpa_supplicant( 1134): CTRL_IFACE: Failed to get network variable 'eap'
D/wpa_supplicant( 1134): wlan0: Control interface command 'GET_NETWORK 6 phase2'
D/wpa_supplicant( 1134): CTRL_IFACE: GET_NETWORK id=6 name='phase2'
D/wpa_supplicant( 1134): CTRL_IFACE: Failed to get network variable 'phase2'
D/wpa_supplicant( 1134): wlan0: Control interface command 'GET_NETWORK 6 identity'
D/wpa_supplicant( 1134): CTRL_IFACE: GET_NETWORK id=6 name='identity'
D/wpa_supplicant( 1134): CTRL_IFACE: Failed to get network variable 'identity'
D/wpa_supplicant( 1134): wlan0: Control interface command 'GET_NETWORK 6 anonymous_identity'
D/wpa_supplicant( 1134): CTRL_IFACE: GET_NETWORK id=6 name='anonymous_identity'
D/wpa_supplicant( 1134): CTRL_IFACE: Failed to get network variable 'anonymous_identity'
D/wpa_supplicant( 1134): wlan0: Control interface command 'GET_NETWORK 6 password'
D/wpa_supplicant( 1134): CTRL_IFACE: GET_NETWORK id=6 name='password'
D/wpa_supplicant( 1134): CTRL_IFACE: Failed to get network variable 'password'
D/wpa_supplicant( 1134): wlan0: Control interface command 'GET_NETWORK 6 client_cert'
D/wpa_supplicant( 1134): CTRL_IFACE: GET_NETWORK id=6 name='client_cert'
D/wpa_supplicant( 1134): CTRL_IFACE: Failed to get network variable 'client_cert'
D/wpa_supplicant( 1134): wlan0: Control interface command 'GET_NETWORK 6 ca_cert'
D/wpa_supplicant( 1134): CTRL_IFACE: GET_NETWORK id=6 name='ca_cert'
D/wpa_supplicant( 1134): CTRL_IFACE: Failed to get network variable 'ca_cert'
D/wpa_supplicant( 1134): wlan0: Control interface command 'GET_NETWORK 6 subject_match'
D/wpa_supplicant( 1134): CTRL_IFACE: GET_NETWORK id=6 name='subject_match'
D/wpa_supplicant( 1134): CTRL_IFACE: Failed to get network variable 'subject_match'
D/wpa_supplicant( 1134): wlan0: Control interface command 'GET_NETWORK 6 engine'
D/wpa_supplicant( 1134): CTRL_IFACE: GET_NETWORK id=6 name='engine'
D/wpa_supplicant( 1134): wlan0: Control interface command 'GET_NETWORK 6 engine_id'
D/wpa_supplicant( 1134): CTRL_IFACE: GET_NETWORK id=6 name='engine_id'
D/wpa_supplicant( 1134): CTRL_IFACE: Failed to get network variable 'engine_id'
D/wpa_supplicant( 1134): wlan0: Control interface command 'GET_NETWORK 6 key_id'
D/wpa_supplicant( 1134): CTRL_IFACE: GET_NETWORK id=6 name='key_id'
D/wpa_supplicant( 1134): CTRL_IFACE: Failed to get network variable 'key_id'
D/wpa_supplicant( 1134): wlan0: Control interface command 'GET_NETWORK 6 private_key'
D/wpa_supplicant( 1134): CTRL_IFACE: GET_NETWORK id=6 name='private_key'
D/wpa_supplicant( 1134): CTRL_IFACE: Failed to get network variable 'private_key'
E/LocSvc_ApiV02( 844): E/virtual loc_api_adapter_err LocApiV02::setAGLONASSProtocol(long unsigned int):1682]: Error status = eLOC_CLIENT_FAILURE_INVALID_PARAMETER, ind..status = eQMI_LOC_SUCCESS_V02
W/ProgressBarDelegate( 1063): Unknown Drawable subclass, src=android.graphics.drawable.ScaleDrawable@1f77ecc2
D/wpa_supplicant( 1134): wlan0: Control interface command 'GET_NETWORK 7 ssid'
D/wpa_supplicant( 1134): CTRL_IFACE: GET_NETWORK id=7 name='ssid'
D/wpa_supplicant( 1134): wlan0: Control interface command 'GET_NETWORK 7 bssid'
D/wpa_supplicant( 1134): CTRL_IFACE: GET_NETWORK id=7 name='bssid'
D/wpa_supplicant( 1134): CTRL_IFACE: Failed to get network variable 'bssid'
D/wpa_supplicant( 1134): wlan0: Control interface command 'GET_NETWORK 7 priority'
D/wpa_supplicant( 1134): CTRL_IFACE: GET_NETWORK id=7 name='priority'
D/wpa_supplicant( 1134): wlan0: Control interface command 'GET_NETWORK 7 sim_num'
D/wpa_supplicant( 1134): CTRL_IFACE: GET_NETWORK id=7 name='sim_num'
D/wpa_supplicant( 1134): wlan0: Control interface command 'GET_NETWORK 7 scan_ssid'
D/wpa_supplicant( 1134): CTRL_IFACE: GET_NETWORK id=7 name='scan_ssid'
D/wpa_supplicant( 1134): wlan0: Control interface command 'GET_NETWORK 7 wep_tx_keyidx'
D/wpa_supplicant( 1134): CTRL_IFACE: GET_NETWORK id=7 name='wep_tx_keyidx'
D/wpa_supplicant( 1134): wlan0: Control interface command 'GET_NETWORK 7 wep_key0'
D/wpa_supplicant( 1134): CTRL_IFACE: GET_NETWORK id=7 name='wep_key0'
D/wpa_supplicant( 1134): CTRL_IFACE: Failed to get network variable 'wep_key0'
D/wpa_supplicant( 1134): wlan0: Control interface command 'GET_NETWORK 7 wep_key1'
D/wpa_supplicant( 1134): CTRL_IFACE: GET_NETWORK id=7 name='wep_key1'
D/wpa_supplicant( 1134): CTRL_IFACE: Failed to get network variable 'wep_key1'
D/wpa_supplicant( 1134): wlan0: Control interface command 'GET_NETWORK 7 wep_key2'
D/wpa_supplicant( 1134): CTRL_IFACE: GET_NETWORK id=7 name='wep_key2'
D/wpa_supplicant( 1134): CTRL_IFACE: Failed to get network variable 'wep_key2'
D/wpa_supplicant( 1134): wlan0: Control interface command 'GET_NETWORK 7 wep_key3'
D/wpa_supplicant( 1134): CTRL_IFACE: GET_NETWORK id=7 name='wep_key3'
D/wpa_supplicant( 1134): CTRL_IFACE: Failed to get network variable 'wep_key3'
D/wpa_supplicant( 1134): wlan0: Control interface command 'GET_NETWORK 7 as_cert_file'
D/wpa_supplicant( 1134): CTRL_IFACE: GET_NETWORK id=7 name='as_cert_file'
D/wpa_supplicant( 1134): CTRL_IFACE: Failed to get network variable 'as_cert_file'
D/wpa_supplicant( 1134): wlan0: Control interface command 'GET_NETWORK 7 user_cert_file'
D/wpa_supplicant( 1134): CTRL_IFACE: GET_NETWORK id=7 name='user_cert_file'
D/wpa_supplicant( 1134): CTRL_IFACE: Failed to get network variable 'user_cert_file'
D/wpa_supplicant( 1134): wlan0: Control interface command 'GET_NETWORK 7 wapi_key_type'
D/wpa_supplicant( 1134): CTRL_IFACE: GET_NETWORK id=7 name='wapi_key_type'
D/wpa_supplicant( 1134): CTRL_IFACE: Failed to get network variable 'wapi_key_type'
D/wpa_supplicant( 1134): wlan0: Control interface command 'GET_NETWORK 7 wapi_psk'
D/wpa_supplicant( 1134): CTRL_IFACE: GET_NETWORK id=7 name='wapi_psk'
D/wpa_supplicant( 1134): CTRL_IFACE: Failed to get network variable 'wapi_psk'
D/wpa_supplicant( 1134): wlan0: Control interface command 'GET_NETWORK 7 psk'
D/wpa_supplicant( 1134): CTRL_IFACE: GET_NETWORK id=7 name='psk'
D/wpa_supplicant( 1134): CTRL_IFACE: Failed to get network variable 'psk'
D/wpa_supplicant( 1134): wlan0: Control interface command 'GET_NETWORK 7 proto'
D/wpa_supplicant( 1134): CTRL_IFACE: GET_NETWORK id=7 name='proto'
D/wpa_supplicant( 1134): wlan0: Control interface command 'GET_NETWORK 7 key_mgmt'
D/wpa_supplicant( 1134): CTRL_IFACE: GET_NETWORK id=7 name='key_mgmt'
D/wpa_supplicant( 1134): wlan0: Control interface command 'GET_NETWORK 7 auth_alg'
D/wpa_supplicant( 1134): CTRL_IFACE: GET_NETWORK id=7 name='auth_alg'
D/wpa_supplicant( 1134): CTRL_IFACE: Failed to get network variable 'auth_alg'
D/wpa_supplicant( 1134): wlan0: Control interface command 'GET_NETWORK 7 pairwise'
D/wpa_supplicant( 1134): CTRL_IFACE: GET_NETWORK id=7 name='pairwise'
D/wpa_supplicant( 1134): wlan0: Control interface command 'GET_NETWORK 7 group'
D/wpa_supplicant( 1134): CTRL_IFACE: GET_NETWORK id=7 name='group'
D/wpa_supplicant( 1134): wlan0: Control interface command 'GET_NETWORK 7 eap'
D/wpa_supplicant( 1134): CTRL_IFACE: GET_NETWORK id=7 name='eap'
D/wpa_supplicant( 1134): CTRL_IFACE: Failed to get network variable 'eap'
D/wpa_supplicant( 1134): wlan0: Control interface command 'GET_NETWORK 7 phase2'
D/wpa_supplicant( 1134): CTRL_IFACE: GET_NETWORK id=7 name='phase2'
D/wpa_supplicant( 1134): CTRL_IFACE: Failed to get network variable 'phase2'
D/wpa_supplicant( 1134): wlan0: Control interface command 'GET_NETWORK 7 identity'
D/wpa_supplicant( 1134): CTRL_IFACE: GET_NETWORK id=7 name='identity'
D/wpa_supplicant( 1134): CTRL_IFACE: Failed to get network variable 'identity'
D/wpa_supplicant( 1134): wlan0: Control interface command 'GET_NETWORK 7 anonymous_identity'
D/wpa_supplicant( 1134): CTRL_IFACE: GET_NETWORK id=7 name='anonymous_identity'
D/wpa_supplicant( 1134): CTRL_IFACE: Failed to get network variable 'anonymous_identity'
D/wpa_supplicant( 1134): wlan0: Control interface command 'GET_NETWORK 7 password'
D/wpa_supplicant( 1134): CTRL_IFACE: GET_NETWORK id=7 name='password'
D/wpa_supplicant( 1134): CTRL_IFACE: Failed to get network variable 'password'
D/wpa_supplicant( 1134): wlan0: Control interface command 'GET_NETWORK 7 client_cert'
D/wpa_supplicant( 1134): CTRL_IFACE: GET_NETWORK id=7 name='client_cert'
D/wpa_supplicant( 1134): CTRL_IFACE: Failed to get network variable 'client_cert'
D/wpa_supplicant( 1134): wlan0: Control interface command 'GET_NETWORK 7 ca_cert'
D/wpa_supplicant( 1134): CTRL_IFACE: GET_NETWORK id=7 name='ca_cert'
D/wpa_supplicant( 1134): CTRL_IFACE: Failed to get network variable 'ca_cert'
D/wpa_supplicant( 1134): wlan0: Control interface command 'GET_NETWORK 7 subject_match'
D/wpa_supplicant( 1134): CTRL_IFACE: GET_NETWORK id=7 name='subject_match'
D/wpa_supplicant( 1134): CTRL_IFACE: Failed to get network variable 'subject_match'
D/wpa_supplicant( 1134): wlan0: Control interface command 'GET_NETWORK 7 engine'
D/wpa_supplicant( 1134): CTRL_IFACE: GET_NETWORK id=7 name='engine'
D/wpa_supplicant( 1134): wlan0: Control interface command 'GET_NETWORK 7 engine_id'
D/wpa_supplicant( 1134): CTRL_IFACE: GET_NETWORK id=7 name='engine_id'
D/wpa_supplicant( 1134): CTRL_IFACE: Failed to get network variable 'engine_id'
D/wpa_supplicant( 1134): wlan0: Control interface command 'GET_NETWORK 7 key_id'
D/wpa_supplicant( 1134): CTRL_IFACE: GET_NETWORK id=7 name='key_id'
D/wpa_supplicant( 1134): CTRL_IFACE: Failed to get network variable 'key_id'
D/wpa_supplicant( 1134): wlan0: Control interface command 'GET_NETWORK 7 private_key'
D/wpa_supplicant( 1134): CTRL_IFACE: GET_NETWORK id=7 name='private_key'
D/wpa_supplicant( 1134): CTRL_IFACE: Failed to get network variable 'private_key'
E/LocSvc_ApiV02( 844): E/virtual loc_api_adapter_err LocApiV02::setXtraVersionCheck(loc_core::xtra_version_check):3165]: Set xtra version check failed. status: eLOC_CLIENT_FAILURE_INTERNAL, ind status:eQMI_LOC_SUCCESS_V02
D/GpsLocationProvider( 844): set_capabilities_callback: 55u
E/OMXNodeInstance( 289): getParameter(100663311) ERROR: 0x8000101a
E/OMXNodeInstance( 289): getParameter(100663297) ERROR: 0x8000101a
D/WifiScanningService( 844): SCAN_AVAILABLE : 1
D/RttService( 844): SCAN_AVAILABLE : 1
D/WifiScanningService( 844): DefaultState got{ when=0 what=160007 target=com.android.internal.util.StateMachine$SmHandler }
D/RttService( 844): DefaultState got{ when=0 what=160513 target=com.android.internal.util.StateMachine$SmHandler }
I/Choreographer( 844): Skipped 121 frames! The application may be doing too much work on its main thread.
D/wpa_supplicant( 1134): wlan0: Control interface command 'GET_NETWORK 8 ssid'
D/wpa_supplicant( 1134): CTRL_IFACE: GET_NETWORK id=8 name='ssid'
D/wpa_supplicant( 1134): wlan0: Control interface command 'GET_NETWORK 8 bssid'
D/wpa_supplicant( 1134): CTRL_IFACE: GET_NETWORK id=8 name='bssid'
D/wpa_supplicant( 1134): CTRL_IFACE: Failed to get network variable 'bssid'
D/wpa_supplicant( 1134): wlan0: Control interface command 'GET_NETWORK 8 priority'
D/wpa_supplicant( 1134): CTRL_IFACE: GET_NETWORK id=8 name='priority'
D/wpa_supplicant( 1134): wlan0: Control interface command 'GET_NETWORK 8 sim_num'
D/wpa_supplicant( 1134): CTRL_IFACE: GET_NETWORK id=8 name='sim_num'
D/wpa_supplicant( 1134): wlan0: Control interface command 'GET_NETWORK 8 scan_ssid'
D/wpa_supplicant( 1134): CTRL_IFACE: GET_NETWORK id=8 name='scan_ssid'
D/wpa_supplicant( 1134): wlan0: Control interface command 'GET_NETWORK 8 wep_tx_keyidx'
D/wpa_supplicant( 1134): CTRL_IFACE: GET_NETWORK id=8 name='wep_tx_keyidx'
D/wpa_supplicant( 1134): wlan0: Control interface command 'GET_NETWORK 8 wep_key0'
D/wpa_supplicant( 1134): CTRL_IFACE: GET_NETWORK id=8 name='wep_key0'
D/wpa_supplicant( 1134): CTRL_IFACE: Failed to get network variable 'wep_key0'
D/wpa_supplicant( 1134): wlan0: Control interface command 'GET_NETWORK 8 wep_key1'
D/wpa_supplicant( 1134): CTRL_IFACE: GET_NETWORK id=8 name='wep_key1'
D/wpa_supplicant( 1134): CTRL_IFACE: Failed to get network variable 'wep_key1'
D/wpa_supplicant( 1134): wlan0: Control interface command 'GET_NETWORK 8 wep_key2'
D/wpa_supplicant( 1134): CTRL_IFACE: GET_NETWORK id=8 name='wep_key2'
D/wpa_supplicant( 1134): CTRL_IFACE: Failed to get network variable 'wep_key2'
D/wpa_supplicant( 1134): wlan0: Control interface command 'GET_NETWORK 8 wep_key3'
D/wpa_supplicant( 1134): CTRL_IFACE: GET_NETWORK id=8 name='wep_key3'
D/wpa_supplicant( 1134): CTRL_IFACE: Failed to get network variable 'wep_key3'
D/wpa_supplicant( 1134): wlan0: Control interface command 'GET_NETWORK 8 as_cert_file'
D/wpa_supplicant( 1134): CTRL_IFACE: GET_NETWORK id=8 name='as_cert_file'
D/wpa_supplicant( 1134): CTRL_IFACE: Failed to get network variable 'as_cert_file'
D/wpa_supplicant( 1134): wlan0: Control interface command 'GET_NETWORK 8 user_cert_file'
D/wpa_supplicant( 1134): CTRL_IFACE: GET_NETWORK id=8 name='user_cert_file'
D/wpa_supplicant( 1134): CTRL_IFACE: Failed to get network variable 'user_cert_file'
D/wpa_supplicant( 1134): wlan0: Control interface command 'GET_NETWORK 8 wapi_key_type'
D/wpa_supplicant( 1134): CTRL_IFACE: GET_NETWORK id=8 name='wapi_key_type'
D/wpa_supplicant( 1134): CTRL_IFACE: Failed to get network variable 'wapi_key_type'
D/wpa_supplicant( 1134): wlan0: Control interface command 'GET_NETWORK 8 wapi_psk'
D/wpa_supplicant( 1134): CTRL_IFACE: GET_NETWORK id=8 name='wapi_psk'
D/wpa_supplicant( 1134): CTRL_IFACE: Failed to get network variable 'wapi_psk'
D/wpa_supplicant( 1134): wlan0: Control interface command 'GET_NETWORK 8 psk'
D/wpa_supplicant( 1134): CTRL_IFACE: GET_NETWORK id=8 name='psk'
D/wpa_supplicant( 1134): CTRL_IFACE: Failed to get network variable 'psk'
D/wpa_supplicant( 1134): wlan0: Control interface command 'GET_NETWORK 8 proto'
D/wpa_supplicant( 1134): CTRL_IFACE: GET_NETWORK id=8 name='proto'
D/wpa_supplicant( 1134): wlan0: Control interface command 'GET_NETWORK 8 key_mgmt'
D/wpa_supplicant( 1134): CTRL_IFACE: GET_NETWORK id=8 name='key_mgmt'
D/wpa_supplicant( 1134): wlan0: Control interface command 'GET_NETWORK 8 auth_alg'
D/wpa_supplicant( 1134): CTRL_IFACE: GET_NETWORK id=8 name='auth_alg'
D/wpa_supplicant( 1134): CTRL_IFACE: Failed to get network variable 'auth_alg'
D/wpa_supplicant( 1134): wlan0: Control interface command 'GET_NETWORK 8 pairwise'
D/wpa_supplicant( 1134): CTRL_IFACE: GET_NETWORK id=8 name='pairwise'
D/wpa_supplicant( 1134): wlan0: Control interface command 'GET_NETWORK 8 group'
D/wpa_supplicant( 1134): CTRL_IFACE: GET_NETWORK id=8 name='group'
D/wpa_supplicant( 1134): wlan0: Control interface command 'GET_NETWORK 8 eap'
D/wpa_supplicant( 1134): CTRL_IFACE: GET_NETWORK id=8 name='eap'
D/wpa_supplicant( 1134): CTRL_IFACE: Failed to get network variable 'eap'
D/wpa_supplicant( 1134): wlan0: Control interface command 'GET_NETWORK 8 phase2'
D/wpa_supplicant( 1134): CTRL_IFACE: GET_NETWORK id=8 name='phase2'
D/wpa_supplicant( 1134): CTRL_IFACE: Failed to get network variable 'phase2'
D/wpa_supplicant( 1134): wlan0: Control interface command 'GET_NETWORK 8 identity'
D/wpa_supplicant( 1134): CTRL_IFACE: GET_NETWORK id=8 name='identity'
D/wpa_supplicant( 1134): CTRL_IFACE: Failed to get network variable 'identity'
D/wpa_supplicant( 1134): wlan0: Control interface command 'GET_NETWORK 8 anonymous_identity'
D/wpa_supplicant( 1134): CTRL_IFACE: GET_NETWORK id=8 name='anonymous_identity'
D/wpa_supplicant( 1134): CTRL_IFACE: Failed to get network variable 'anonymous_identity'
D/wpa_supplicant( 1134): wlan0: Control interface command 'GET_NETWORK 8 password'
D/wpa_supplicant( 1134): CTRL_IFACE: GET_NETWORK id=8 name='password'
D/wpa_supplicant( 1134): CTRL_IFACE: Failed to get network variable 'password'
D/wpa_supplicant( 1134): wlan0: Control interface command 'GET_NETWORK 8 client_cert'
D/wpa_supplicant( 1134): CTRL_IFACE: GET_NETWORK id=8 name='client_cert'
D/wpa_supplicant( 1134): CTRL_IFACE: Failed to get network variable 'client_cert'
D/wpa_supplicant( 1134): wlan0: Control interface command 'GET_NETWORK 8 ca_cert'
D/wpa_supplicant( 1134): CTRL_IFACE: GET_NETWORK id=8 name='ca_cert'
D/wpa_supplicant( 1134): CTRL_IFACE: Failed to get network variable 'ca_cert'
D/wpa_supplicant( 1134): wlan0: Control interface command 'GET_NETWORK 8 subject_match'
D/wpa_supplicant( 1134): CTRL_IFACE: GET_NETWORK id=8 name='subject_match'
D/wpa_supplicant( 1134): CTRL_IFACE: Failed to get network variable 'subject_match'
D/wpa_supplicant( 1134): wlan0: Control interface command 'GET_NETWORK 8 engine'
D/wpa_supplicant( 1134): CTRL_IFACE: GET_NETWORK id=8 name='engine'
D/wpa_supplicant( 1134): wlan0: Control interface command 'GET_NETWORK 8 engine_id'
D/wpa_supplicant( 1134): CTRL_IFACE: GET_NETWORK id=8 name='engine_id'
D/wpa_supplicant( 1134): CTRL_IFACE: Failed to get network variable 'engine_id'
D/wpa_supplicant( 1134): wlan0: Control interface command 'GET_NETWORK 8 key_id'
D/wpa_supplicant( 1134): CTRL_IFACE: GET_NETWORK id=8 name='key_id'
D/wpa_supplicant( 1134): CTRL_IFACE: Failed to get network variable 'key_id'
D/wpa_supplicant( 1134): wlan0: Control interface command 'GET_NETWORK 8 private_key'
D/wpa_supplicant( 1134): CTRL_IFACE: GET_NETWORK id=8 name='private_key'
D/wpa_supplicant( 1134): CTRL_IFACE: Failed to get network variable 'private_key'
E/OMXNodeInstance( 289): getParameter(100663311) ERROR: 0x8000101a
E/OMXNodeInstance( 289): getParameter(100663297) ERROR: 0x8000101a
E/OMXNodeInstance( 289): getParameter(100663311) ERROR: 0x8000101a
E/OMXNodeInstance( 289): getParameter(100663297) ERROR: 0x8000101a
I/Sensors ( 418): sns_pwr.c(307):releasing wakelock
D/wpa_supplicant( 1134): EAPOL: disable timer tick
E/QC_EVRCENC( 289): component init: role = OMX.qcom.audio.encoder.evrc
I/QC_EVRCENC( 289): component init: role = OMX.qcom.audio.encoder.evrc
I/QC_EVRCENC( 289):
I/QC_EVRCENC( 289): component_init: Component OMX.qcom.audio.encoder.evrc LOADED
I/QC_EVRCENC( 289): Driver in Non Tunnel mode open
E/QC_EVRCENC( 289): unknown param 0600000f
E/OMXNodeInstance( 289): getParameter(100663311) ERROR: 0x8000101a
E/QC_EVRCENC( 289): unknown param 06000001
E/OMXNodeInstance( 289): getParameter(100663297) ERROR: 0x8000101a
I/QC_EVRCENC( 289): Returning the state 1
I/QC_EVRCENC( 289): Returning the state 1
I/QC_EVRCENC( 289): Component-deinit being processed
I/QC_EVRCENC( 289): ********************************
I/QC_EVRCENC( 289): STATS: in-buf-len[0]out-buf-len[0] tot-pb-time[0]
I/QC_EVRCENC( 289): STATS: fbd-cnt[0]ftb-cnt[0]etb-cnt[0]ebd-cnt[0]
I/QC_EVRCENC( 289): ************************************
I/QC_EVRCENC( 289): DEINIT COMPLETED
I/QC_EVRCENC( 289): ************************************
E/QC_EVRCENC( 289): component_deinit:COMPONENT DEINIT...
E/QC_EVRCENC( 289): EVRC Object getting destroyed comp-deinit=1
E/QC_EVRCENC( 289): OMX EVRC component destroyed
E/QC_QCELP13ENC( 289): component init: role = OMX.qcom.audio.encoder.qcelp13
I/QC_QCELP13ENC( 289): component init: role = OMX.qcom.audio.encoder.qcelp13
I/QC_QCELP13ENC( 289):
I/QC_QCELP13ENC( 289): component_init: Component OMX.qcom.audio.encoder.qcelp13 LOADED
I/QC_QCELP13ENC( 289): Driver in Non Tunnel mode open
E/QC_QCELP13ENC( 289): unknown param 0600000f
E/OMXNodeInstance( 289): getParameter(100663311) ERROR: 0x8000101a
E/QC_QCELP13ENC( 289): unknown param 06000001
E/OMXNodeInstance( 289): getParameter(100663297) ERROR: 0x8000101a
I/QC_QCELP13ENC( 289): Returning the state 1
I/QC_QCELP13ENC( 289): Returning the state 1
I/QC_QCELP13ENC( 289): Component-deinit being processed
I/QC_QCELP13ENC( 289): ********************************
I/QC_QCELP13ENC( 289): STATS: in-buf-len[0]out-buf-len[0] tot-pb-time[0]
I/QC_QCELP13ENC( 289): STATS: fbd-cnt[0]ftb-cnt[0]etb-cnt[0]ebd-cnt[0]
E/WifiConfigStore( 844): Error parsing configuration: java.io.FileNotFoundException: /data/misc/wifi/ipconfig.txt: open failed: ENOENT (No such file or directory)
I/QC_QCELP13ENC( 289): ************************************
I/QC_QCELP13ENC( 289): DEINIT COMPLETED
I/QC_QCELP13ENC( 289): ************************************
E/QC_QCELP13ENC( 289): component_deinit:COMPONENT DEINIT...
E/QC_QCELP13ENC( 289): QCELP13 Object getting destroyed comp-deinit=1
E/QC_QCELP13ENC( 289): OMX QCELP13 component destroyed
E/OMX-VENC-720p( 289):
E/OMX-VENC-720p( 289): omx_video(): Inside Constructor()
E/OMX-VENC-720p( 289): Successfully opened venc ion device fd = 38
E/OMX-VENC-720p( 289): Successfully created venc ionlock
E/OMX-VENC-720p( 289): Venc instance = 1, ion device fd = 38
E/OMX-VENC-720p( 289):
E/OMX-VENC-720p( 289): omx_venc(): Inside component_init()
E/OMX-VENC-720p( 289):
E/OMX-VENC-720p( 289): Is component secure 0
I/Timeline( 844): Timeline: App_transition_ready time:40502
I/Timeline( 844): Timeline: App_transition_stopped time:40502
D/wpa_supplicant( 1134): wlan0: Control interface command 'SET device_name aries'
D/wpa_supplicant( 1134): CTRL_IFACE SET 'device_name'='aries'
D/wpa_supplicant( 1134): device_name='aries'
D/wpa_supplicant( 1134): wlan0: Control interface command 'SET manufacturer Xiaomi'
D/wpa_supplicant( 1134): CTRL_IFACE SET 'manufacturer'='Xiaomi'
D/wpa_supplicant( 1134): manufacturer='Xiaomi'
D/wpa_supplicant( 1134): wlan0: Control interface command 'SET model_name MI 2'
D/wpa_supplicant( 1134): CTRL_IFACE SET 'model_name'='MI 2'
D/wpa_supplicant( 1134): model_name='MI 2'
D/wpa_supplicant( 1134): wlan0: Control interface command 'SET model_number MI 2'
D/wpa_supplicant( 1134): CTRL_IFACE SET 'model_number'='MI 2'
D/wpa_supplicant( 1134): model_number='MI 2'
D/wpa_supplicant( 1134): wlan0: Control interface command 'SET serial_number 434a451a'
D/wpa_supplicant( 1134): CTRL_IFACE SET 'serial_number'='434a451a'
D/wpa_supplicant( 1134): serial_number='434a451a'
D/wpa_supplicant( 1134): wlan0: Control interface command 'SET config_methods physical_display virtual_push_button'
D/wpa_supplicant( 1134): CTRL_IFACE SET 'config_methods'='physical_display virtual_push_button'
D/wpa_supplicant( 1134): config_methods='physical_display virtual_push_button'
D/wpa_supplicant( 1134): wlan0: Control interface command 'SET device_type 10-0050F204-5'
D/wpa_supplicant( 1134): CTRL_IFACE SET 'device_type'='10-0050F204-5'
D/wpa_supplicant( 1134): wlan0: Control interface command 'SCAN_INTERVAL 15'
D/wpa_supplicant( 1134): wlan0: Setting scan interval: 15 sec
D/WifiNative-HAL( 844): Setting external_sim to 1
D/wpa_supplicant( 1134): wlan0: Control interface command 'SET external_sim 1'
D/wpa_supplicant( 1134): CTRL_IFACE SET 'external_sim'='1'
D/wpa_supplicant( 1134): external_sim=1
D/WifiStateMachine( 844): Setting OUI to DA-A1-19
I/WifiNative-HAL( 844): startHal
E/wifi ( 844): getStaticLongField sWifiHalHandle 0xa2d1587c
I/WifiHAL ( 844): Initializing wifi
I/WifiHAL ( 844): Creating socket
I/WifiHAL ( 844): Socket Value:0xa0f58910
