I/WifiHAL ( 844): Socket Value:0xa0f58940
I/WifiHAL ( 844): wifi_error wifi_initialize(wifi_info**): family_id:17
I/WifiHAL ( 844): Found 2 interfaces
D/WifiHAL ( 844): WifihalGeneric 0xa2d157a8 constructed
I/WifiHAL ( 844): ******HexDump len:0*********
I/WifiHAL ( 844): ******HexDump End***********
E/WifiHAL ( 844): virtual int WifiVendorCommand::create() ifindex obtained:28
E/WifiHAL ( 844): virtual int WifiVendorCommand::set_iface_id(const char*) ifindex obtained:28
E/WifiHAL ( 844): wifi_error acquire_supported_features(wifi_interface_handle, feature_set*): requestResponse Error:-95
D/WifiHAL ( 844): WifihalGeneric 0xa2d157a8 destructor
I/WifiHAL ( 844): Failed to get supported feature set : -95
I/WifiHAL ( 844): Initialized Wifi HAL Successfully; vendor cmd = 103 Supported features : 0
D/wifi ( 844): Did set static halHandle = 0xa0f7f300
D/wifi ( 844): halHandle = 0xa0f7f300, mVM = 0xb4f5c280, mCls = 0x1009e6
E/wifi ( 844): getStaticLongField sWifiHalHandle 0xa2d1582c
D/wifi ( 844): array field set
I/WifiNative-HAL( 844): interface[0] = wlan0
I/WifiNative-HAL( 844): interface[1] = p2p0
D/wifi ( 844): setting scan oui 0xa0f716c0
I/WifiHAL ( 844): ******HexDump len:0*********
I/WifiHAL ( 844): ******HexDump End***********
E/WifiHAL ( 844): virtual int WifiVendorCommand::create() ifindex obtained:28
E/WifiHAL ( 844): virtual int WifiVendorCommand::set_iface_id(const char*) ifindex obtained:28
I/WifiHAL ( 844): MAC_OUI - da:a1:19
D/WifiHAL ( 844): virtual int WifiVendorCommand::requestResponse(): request a response
E/WifiHAL ( 844): wifi_error wifi_set_scanning_mac_oui(wifi_interface_handle, byte*): requestResponse Error:-95
D/wpa_supplicant( 1134): wlan0: Control interface command 'STA_AUTOCONNECT 0'
D/wpa_supplicant( 1134): wlan0: Control interface command 'DRIVER BTCOEXSCAN-STOP'
D/wpa_supplicant( 1134): wpa_driver_nl80211_driver_cmd BTCOEXSCAN-STOP len = 0, 4096
D/wpa_supplicant( 1134): wlan0: Control interface command 'DRIVER RXFILTER-STOP'
D/wpa_supplicant( 1134): wpa_driver_nl80211_driver_cmd RXFILTER-STOP len = 0, 4096
D/wpa_supplicant( 1134): wlan0: Control interface command 'DRIVER RXFILTER-ADD 3'
D/wpa_supplicant( 1134): wpa_driver_nl80211_driver_cmd RXFILTER-ADD 3 len = 0, 4096
D/wpa_supplicant( 1134): wlan0: Control interface command 'DRIVER RXFILTER-START'
D/wpa_supplicant( 1134): wpa_driver_nl80211_driver_cmd RXFILTER-START len = 0, 4096
E/OMX-VENC-720p( 289):
E/OMX-VENC-720p( 289): bool venc_dev::venc_open(OMX_U32)(): Init Profile/Level setting success
E/OMX-VENC-720p( 289): get_curr_perf_lvl = 0
D/wpa_supplicant( 1134): wlan0: Control interface command 'DRIVER RXFILTER-STOP'
D/wpa_supplicant( 1134): wpa_driver_nl80211_driver_cmd RXFILTER-STOP len = 0, 4096
E/OMX-VENC-720p( 289):
E/OMX-VENC-720p( 289): Component_init return value = 0x0
E/OMX-VENC-720p( 289): get_parameter: OMX_IndexParamVideoProfileLevelQuerySupported for Input port returned Profile:1, Level:128
E/OMX-VENC-720p( 289): get_parameter: OMX_IndexParamVideoProfileLevelQuerySupported for Input port returned Profile:32768, Level:128
E/OMX-VENC-720p( 289): get_parameter: OMX_IndexParamVideoProfileLevelQuerySupported nProfileIndex ret NoMore 2
E/OMX-VENC-720p( 289): get_parameter: OMX_IndexParamVideoProfileLevelQuerySupported for Input port returned Profile:32768, Level:128
E/OMX-VENC-720p( 289): Invalid entry returned from get_supported_profile_level 32768, 128
E/OMXNodeInstance( 289): getParameter(100663311) ERROR: 0x8000100e
W/ACodec ( 289): do not know color format 0x7fa30c06 = 2141391878
W/ACodec ( 289): do not know color format 0x7f000789 = 2130708361
W/ACodec ( 289): do not know color format 0xb42ff754 = -1271924908
E/OMXNodeInstance( 289): getParameter(100663297) ERROR: 0x8000100e
E/OMX-VENC-720p( 289):
E/OMX-VENC-720p( 289): omx_venc(): Inside component_deinit()
E/OMX-VENC-720p( 289): Calling m_heap_ptr.clear()
E/OMX-VENC-720p( 289): Calling venc_close()
E/OMX-VENC-720p( 289):
E/OMX-VENC-720p( 289): venc_close(): Calling VEN_IOCTL_CMD_STOP_READ_MSG
D/wpa_supplicant( 1134): wlan0: Control interface command 'DRIVER RXFILTER-REMOVE 2'
D/wpa_supplicant( 1134): wpa_driver_nl80211_driver_cmd RXFILTER-REMOVE 2 len = 0, 4096
I/WifiNative-HAL( 844): Waiting for HAL events mWifiHalHandle=-1594363136
D/wifi ( 844): waitForHalEvents called, vm = 0xb4f5c280, obj = 0x1009e6, env = 0xa63f82b0
E/wifi ( 844): getStaticLongField sWifiHalHandle 0x9e824b2c
D/wpa_supplicant( 1134): wlan0: Control interface command 'DRIVER RXFILTER-START'
D/wpa_supplicant( 1134): wpa_driver_nl80211_driver_cmd RXFILTER-START len = 0, 4096
D/wpa_supplicant( 1134): wlan0: Control interface command 'STATUS'
D/wpa_supplicant( 1134): CTRL_IFACE monitor sent successfully to /data/misc/wifi/sockets/wpa_ctrl_844-2\x00
E/OMX-VENC-720p( 289): omx_venc: Async Thread exit
I/WifiHAL ( 844): mVendor_id = 4980, Subcmd = 15 in virtual int LLStatsCommand::create():50
E/WifiHAL ( 844): virtual int WifiVendorCommand::set_iface_id(const char*) ifindex obtained:28
E/WifiHAL ( 844): wifi_error wifi_get_link_stats(wifi_request_id, wifi_interface_handle, wifi_stats_result_handler): requestResponse Error:-95
E/wifi ( 844): android_net_wifi_getLinkLayerStats: failed to get link statistics
D/wpa_supplicant( 1134): wlan0: Control interface command 'SET ps 1'
D/wpa_supplicant( 1134): CTRL_IFACE SET 'ps'='1'
D/wpa_supplicant( 1134): nl80211: set_p2p_powersave (legacy_ps=1 opp_ps=-1 ctwindow=-1)
D/CommandListener( 285): Setting iface cfg
D/CommandListener( 285): Trying to bring up p2p0
D/WifiMonitor( 844): startMonitoring(p2p0) with mConnected = true
E/OMX-VENC-720p( 289): Deleting HANDLE[0xb4114400]
E/OMX-VENC-720p( 289): OMX_Venc:Component Deinit
E/OMX-VENC-720p( 289): In OMX Venc Destructor() for instance = 1
E/OMX-VENC-720p( 289): omx_video: Waiting on Msg Thread exit
E/OMX-VENC-720p( 289): omx_video: Waiting on Async Thread exit
E/OMX-VENC-720p( 289): Calling close() on venc ion device fd = 38
E/OMX-VENC-720p( 289): Successfully destroyed venc ionlock
E/OMX-VENC-720p( 289): m_etb_count = 0, m_fbd_count = 0
E/OMX-VENC-720p( 289): Exiting OMX Video Encoder ...
E/OMX-VENC-720p( 289):
E/OMX-VENC-720p( 289): Destroy C2D instance
E/OMX-VENC-720p( 289):
E/OMX-VENC-720p( 289): omx_video(): Inside Constructor()
E/OMX-VENC-720p( 289): Successfully opened venc ion device fd = 38
E/OMX-VENC-720p( 289): Successfully created venc ionlock
E/OMX-VENC-720p( 289): Venc instance = 1, ion device fd = 38
E/OMX-VENC-720p( 289):
E/OMX-VENC-720p( 289): omx_venc(): Inside component_init()
E/OMX-VENC-720p( 289):
E/OMX-VENC-720p( 289): Is component secure 0
D/wpa_supplicant( 1134): RX global ctrl_iface - hexdump(len=26): 53 45 54 20 70 65 72 73 69 73 74 65 6e 74 5f 72 65 63 6f 6e 6e 65 63 74 20 31
D/wpa_supplicant( 1134): GLOBAL_CTRL_IFACE SET 'persistent_reconnect'='1'
D/wpa_supplicant( 1134): p2p0: Control interface command 'SET persistent_reconnect 1'
D/wpa_supplicant( 1134): CTRL_IFACE SET 'persistent_reconnect'='1'
D/wpa_supplicant( 1134): persistent_reconnect=1
D/wpa_supplicant( 1134): P2P: New SSID postfix: -Android_46f9
D/wpa_supplicant( 1134): RX global ctrl_iface - hexdump(len=28): 53 45 54 20 64 65 76 69 63 65 5f 6e 61 6d 65 20 41 6e 64 72 6f 69 64 5f 34 36 66 39
D/wpa_supplicant( 1134): GLOBAL_CTRL_IFACE SET 'device_name'='Android_46f9'
D/wpa_supplicant( 1134): p2p0: Control interface command 'SET device_name Android_46f9'
D/wpa_supplicant( 1134): CTRL_IFACE SET 'device_name'='Android_46f9'
D/wpa_supplicant( 1134): device_name='Android_46f9'
D/wpa_supplicant( 1134): RX global ctrl_iface - hexdump(len=34): 53 45 54 20 70 32 70 5f 73 73 69 64 5f 70 6f 73 74 66 69 78 20 2d 41 6e 64 72 6f 69 64 5f 34 36 ...
D/wpa_supplicant( 1134): GLOBAL_CTRL_IFACE SET 'p2p_ssid_postfix'='-Android_46f9'
D/wpa_supplicant( 1134): p2p0: Control interface command 'SET p2p_ssid_postfix -Android_46f9'
D/wpa_supplicant( 1134): CTRL_IFACE SET 'p2p_ssid_postfix'='-Android_46f9'
D/wpa_supplicant( 1134): p2p_ssid_postfix='-Android_46f9'
D/wpa_supplicant( 1134): P2P: New SSID postfix: -Android_46f9
D/wpa_supplicant( 1134): RX global ctrl_iface - hexdump(len=29): 53 45 54 20 64 65 76 69 63 65 5f 74 79 70 65 20 31 30 2d 30 30 35 30 46 32 30 34 2d 35
D/wpa_supplicant( 1134): GLOBAL_CTRL_IFACE SET 'device_type'='10-0050F204-5'
D/wpa_supplicant( 1134): p2p0: Control interface command 'SET device_type 10-0050F204-5'
D/wpa_supplicant( 1134): CTRL_IFACE SET 'device_type'='10-0050F204-5'
D/wpa_supplicant( 1134): RX global ctrl_iface - hexdump(len=62): 53 45 54 20 63 6f 6e 66 69 67 5f 6d 65 74 68 6f 64 73 20 76 69 72 74 75 61 6c 5f 70 75 73 68 5f ...
D/wpa_supplicant( 1134): GLOBAL_CTRL_IFACE SET 'config_methods'='virtual_push_button physical_display keypad'
D/wpa_supplicant( 1134): p2p0: Control interface command 'SET config_methods virtual_push_button physical_display keypad'
D/wpa_supplicant( 1134): CTRL_IFACE SET 'config_methods'='virtual_push_button physical_display keypad'
D/wpa_supplicant( 1134): config_methods='virtual_push_button physical_display keypad'
D/wpa_supplicant( 1134): p2p0: Control interface command 'P2P_SET conc_pref sta'
D/wpa_supplicant( 1134): Single channel concurrency preference: sta
D/WifiNative-HAL( 844): p2pGetDeviceAddress
D/wpa_supplicant( 1134): RX global ctrl_iface - hexdump(len=6): 53 54 41 54 55 53
D/WifiNative-HAL( 844): p2pGetDeviceAddress returning fa:a4:5f:12:67:23
D/wpa_supplicant( 1134): EAPOL: disable timer tick
E/OMX-VENC-720p( 289):
E/OMX-VENC-720p( 289): bool venc_dev::venc_open(OMX_U32)(): Init Profile/Level setting success
E/OMX-VENC-720p( 289): get_curr_perf_lvl = 0
E/OMX-VENC-720p( 289):
E/OMX-VENC-720p( 289): Component_init return value = 0x0
E/OMX-VENC-720p( 289): get_parameter: OMX_IndexParamVideoProfileLevelQuerySupported for Input port returned Profile:1, Level:128
E/OMX-VENC-720p( 289): get_parameter: OMX_IndexParamVideoProfileLevelQuerySupported nProfileIndex ret NoMore 1
E/OMX-VENC-720p( 289): get_parameter: OMX_IndexParamVideoProfileLevelQuerySupported for Input port returned Profile:1, Level:128
E/OMX-VENC-720p( 289): Invalid entry returned from get_supported_profile_level 1, 128
E/OMXNodeInstance( 289): getParameter(100663311) ERROR: 0x8000100e
W/ACodec ( 289): do not know color format 0x7fa30c06 = 2141391878
W/ACodec ( 289): do not know color format 0x7f000789 = 2130708361
W/ACodec ( 289): do not know color format 0xb42ff754 = -1271924908
E/OMXNodeInstance( 289): getParameter(100663297) ERROR: 0x8000100e
E/OMX-VENC-720p( 289):
E/OMX-VENC-720p( 289): omx_venc(): Inside component_deinit()
E/OMX-VENC-720p( 289): Calling m_heap_ptr.clear()
E/OMX-VENC-720p( 289): Calling venc_close()
E/OMX-VENC-720p( 289):
E/OMX-VENC-720p( 289): venc_close(): Calling VEN_IOCTL_CMD_STOP_READ_MSG
D/GeoFenceService( 844): onCreate
D/wpa_supplicant( 1134): p2p0: Control interface command 'P2P_FLUSH'
D/wpa_supplicant( 1134): P2P: Stopping find
D/wpa_supplicant( 1134): P2P: Clear timeout (state=IDLE)
D/wpa_supplicant( 1134): P2P: State IDLE -> IDLE
D/wpa_supplicant( 1134): wpa_driver_set_ap_wps_p2p_ie: Entry
D/wpa_supplicant( 1134): P2P: Stopping find
D/wpa_supplicant( 1134): P2P: Clear timeout (state=IDLE)
D/wpa_supplicant( 1134): P2P: State IDLE -> IDLE
D/wpa_supplicant( 1134): wpa_driver_set_ap_wps_p2p_ie: Entry
E/OMX-VENC-720p( 289): omx_venc: Async Thread exit
E/OMX-VENC-720p( 289): Deleting HANDLE[0xb4114400]
E/OMX-VENC-720p( 289): OMX_Venc:Component Deinit
E/OMX-VENC-720p( 289): In OMX Venc Destructor() for instance = 1
E/OMX-VENC-720p( 289): omx_video: Waiting on Msg Thread exit
D/wpa_supplicant( 1134): p2p0: Control interface command 'P2P_SERVICE_FLUSH'
D/wpa_supplicant( 1134): wlan0: Control interface command 'DRIVER COUNTRY FR'
D/wpa_supplicant( 1134): wpa_driver_nl80211_driver_cmd COUNTRY FR len = 0, 4096
D/wpa_supplicant( 1134): wlan0: Event CHANNEL_LIST_CHANGED (30) received
I/wpa_supplicant( 1134): wlan0: CTRL-EVENT-REGDOM-CHANGE init=USER type=COUNTRY alpha2=FR
D/wpa_supplicant( 1134): CTRL_IFACE monitor sent successfully to /data/misc/wifi/sockets/wpa_ctrl_844-2\x00
D/wpa_supplicant( 1134): nl80211: Regulatory information - country=00
D/wpa_supplicant( 1134): nl80211: 2402-2472 @ 40 MHz 20 mBm
D/wpa_supplicant( 1134): nl80211: 2457-2482 @ 40 MHz 20 mBm (no IR)
D/wpa_supplicant( 1134): nl80211: 2474-2494 @ 20 MHz 20 mBm (no OFDM) (no IR)
D/wpa_supplicant( 1134): nl80211: 5170-5250 @ 80 MHz 20 mBm (no IR)
D/wpa_supplicant( 1134): nl80211: 5735-5835 @ 80 MHz 20 mBm (no IR)
D/wpa_supplicant( 1134): nl80211: 57240-63720 @ 2160 MHz 0 mBm
D/wpa_supplicant( 1134): nl80211: Added 802.11b mode based on 802.11g information
D/wpa_supplicant( 1134): P2P: Add operating class 81
D/wpa_supplicant( 1134): P2P: Channels - hexdump(len=13): 01 02 03 04 05 06 07 08 09 0a 0b 0c 0d
D/wpa_supplicant( 1134): P2P: Update channel list
D/wpa_supplicant( 1134): P2P: channels: 81:1,2,3,4,5,6,7,8,9,10,11,12,13
D/wpa_supplicant( 1134): P2P: cli_channels:
D/wpa_supplicant( 1134): p2p0: Updating hw mode
D/wpa_supplicant( 1134): nl80211: Regulatory information - country=00
D/wpa_supplicant( 1134): nl80211: 2402-2472 @ 40 MHz 20 mBm
D/wpa_supplicant( 1134): nl80211: 2457-2482 @ 40 MHz 20 mBm (no IR)
D/wpa_supplicant( 1134): nl80211: 2474-2494 @ 20 MHz 20 mBm (no OFDM) (no IR)
D/wpa_supplicant( 1134): nl80211: 5170-5250 @ 80 MHz 20 mBm (no IR)
D/wpa_supplicant( 1134): nl80211: 5735-5835 @ 80 MHz 20 mBm (no IR)
D/wpa_supplicant( 1134): nl80211: 57240-63720 @ 2160 MHz 0 mBm
D/wpa_supplicant( 1134): nl80211: Added 802.11b mode based on 802.11g information
D/wpa_supplicant( 1134): nl80211: Event message available
D/wpa_supplicant( 1134): nl80211: Drv Event 36 (NL80211_CMD_REG_CHANGE) received for wlan0
D/wpa_supplicant( 1134): nl80211: Regulatory domain change
D/wpa_supplicant( 1134): * initiator=2
D/wpa_supplicant( 1134): * type=1
D/wpa_supplicant( 1134): wlan0: Event CHANNEL_LIST_CHANGED (30) received
I/wpa_supplicant( 1134): wlan0: CTRL-EVENT-REGDOM-CHANGE init=DRIVER type=WORLD
D/wpa_supplicant( 1134): CTRL_IFACE monitor sent successfully to /data/misc/wifi/sockets/wpa_ctrl_844-2\x00
D/wpa_supplicant( 1134): nl80211: Regulatory information - country=00
D/wpa_supplicant( 1134): nl80211: 2402-2472 @ 40 MHz 20 mBm
D/wpa_supplicant( 1134): nl80211: 2457-2482 @ 40 MHz 20 mBm (no IR)
D/wpa_supplicant( 1134): nl80211: 2474-2494 @ 20 MHz 20 mBm (no OFDM) (no IR)
D/wpa_supplicant( 1134): nl80211: 5170-5250 @ 80 MHz 20 mBm (no IR)
D/wpa_supplicant( 1134): nl80211: 5735-5835 @ 80 MHz 20 mBm (no IR)
D/wpa_supplicant( 1134): nl80211: 57240-63720 @ 2160 MHz 0 mBm
D/wpa_supplicant( 1134): nl80211: Added 802.11b mode based on 802.11g information
D/wpa_supplicant( 1134): P2P: Add operating class 81
D/wpa_supplicant( 1134): P2P: Channels - hexdump(len=13): 01 02 03 04 05 06 07 08 09 0a 0b 0c 0d
D/wpa_supplicant( 1134): P2P: Update channel list
D/wpa_supplicant( 1134): P2P: channels: 81:1,2,3,4,5,6,7,8,9,10,11,12,13
D/wpa_supplicant( 1134): P2P: cli_channels:
D/wpa_supplicant( 1134): p2p0: Updating hw mode
D/wpa_supplicant( 1134): nl80211: Regulatory information - country=00
D/wpa_supplicant( 1134): nl80211: 2402-2472 @ 40 MHz 20 mBm
D/wpa_supplicant( 1134): nl80211: 2457-2482 @ 40 MHz 20 mBm (no IR)
D/wpa_supplicant( 1134): nl80211: 2474-2494 @ 20 MHz 20 mBm (no OFDM) (no IR)
D/wpa_supplicant( 1134): nl80211: 5170-5250 @ 80 MHz 20 mBm (no IR)
D/wpa_supplicant( 1134): nl80211: 5735-5835 @ 80 MHz 20 mBm (no IR)
D/wpa_supplicant( 1134): nl80211: 57240-63720 @ 2160 MHz 0 mBm
D/wpa_supplicant( 1134): nl80211: Added 802.11b mode based on 802.11g information
D/wpa_supplicant( 1134): nl80211: Event message available
D/wpa_supplicant( 1134): nl80211: Drv Event 36 (NL80211_CMD_REG_CHANGE) received for wlan0
D/wpa_supplicant( 1134): nl80211: Regulatory domain change
D/wpa_supplicant( 1134): * initiator=2
D/wpa_supplicant( 1134): * type=1
D/wpa_supplicant( 1134): wlan0: Event CHANNEL_LIST_CHANGED (30) received
I/wpa_supplicant( 1134): wlan0: CTRL-EVENT-REGDOM-CHANGE init=DRIVER type=WORLD
D/wpa_supplicant( 1134): CTRL_IFACE monitor sent successfully to /data/misc/wifi/sockets/wpa_ctrl_844-2\x00
D/wpa_supplicant( 1134): nl80211: Regulatory information - country=00
D/wpa_supplicant( 1134): nl80211: 2402-2472 @ 40 MHz 20 mBm
D/wpa_supplicant( 1134): nl80211: 2457-2482 @ 40 MHz 20 mBm (no IR)
D/wpa_supplicant( 1134): nl80211: 2474-2494 @ 20 MHz 20 mBm (no OFDM) (no IR)
D/wpa_supplicant( 1134): nl80211: 5170-5250 @ 80 MHz 20 mBm (no IR)
D/wpa_supplicant( 1134): nl80211: 5735-5835 @ 80 MHz 20 mBm (no IR)
D/wpa_supplicant( 1134): nl80211: 57240-63720 @ 2160 MHz 0 mBm
D/wpa_supplicant( 1134): nl80211: Added 802.11b mode based on 802.11g information
D/wpa_supplicant( 1134): P2P: Add operating class 81
D/wpa_supplicant( 1134): P2P: Channels - hexdump(len=13): 01 02 03 04 05 06 07 08 09 0a 0b 0c 0d
D/wpa_supplicant( 1134): P2P: Update channel list
D/wpa_supplicant( 1134): P2P: channels: 81:1,2,3,4,5,6,7,8,9,10,11,12,13
D/wpa_supplicant( 1134): P2P: cli_channels:
D/wpa_supplicant( 1134): p2p0: Updating hw mode
D/wpa_supplicant( 1134): nl80211: Regulatory information - country=00
D/wpa_supplicant( 1134): nl80211: 2402-2472 @ 40 MHz 20 mBm
D/wpa_supplicant( 1134): nl80211: 2457-2482 @ 40 MHz 20 mBm (no IR)
D/wpa_supplicant( 1134): nl80211: 2474-2494 @ 20 MHz 20 mBm (no OFDM) (no IR)
D/wpa_supplicant( 1134): nl80211: 5170-5250 @ 80 MHz 20 mBm (no IR)
D/wpa_supplicant( 1134): nl80211: 5735-5835 @ 80 MHz 20 mBm (no IR)
D/wpa_supplicant( 1134): nl80211: 57240-63720 @ 2160 MHz 0 mBm
D/wpa_supplicant( 1134): nl80211: Added 802.11b mode based on 802.11g information
I/WifiHAL ( 844): Poll result = 1
I/WifiHAL ( 844): Found some events!!!
D/WifiHAL ( 844): no_seq_check received
I/WifiHAL ( 844): event received NL80211_CMD_REG_CHANGE
I/WifiHAL ( 844): event received NL80211_CMD_REG_CHANGE, vendor_id = 0x0
I/WifiHAL ( 844): event ignored!!
I/WifiHAL ( 844): Poll result = 1
I/WifiHAL ( 844): Found some events!!!
D/WifiHAL ( 844): no_seq_check received
I/WifiHAL ( 844): event received NL80211_CMD_REG_CHANGE
I/WifiHAL ( 844): event received NL80211_CMD_REG_CHANGE, vendor_id = 0x0
D/wpa_supplicant( 1134): wlan0: Control interface command 'DRIVER SETBAND 0'
D/wpa_supplicant( 1134): wpa_driver_nl80211_driver_cmd SETBAND 0 len = 0, 4096
D/wpa_supplicant( 1134): wlan0: Event CHANNEL_LIST_CHANGED (30) received
I/wpa_supplicant( 1134): wlan0: CTRL-EVENT-REGDOM-CHANGE init=USER type=UNKNOWN
D/wpa_supplicant( 1134): CTRL_IFACE monitor sent successfully to /data/misc/wifi/sockets/wpa_ctrl_844-2\x00
D/wpa_supplicant( 1134): nl80211: Regulatory information - country=00
D/wpa_supplicant( 1134): nl80211: 2402-2472 @ 40 MHz 20 mBm
D/wpa_supplicant( 1134): nl80211: 2457-2482 @ 40 MHz 20 mBm (no IR)
D/wpa_supplicant( 1134): nl80211: 2474-2494 @ 20 MHz 20 mBm (no OFDM) (no IR)
D/wpa_supplicant( 1134): nl80211: 5170-5250 @ 80 MHz 20 mBm (no IR)
D/wpa_supplicant( 1134): nl80211: 5735-5835 @ 80 MHz 20 mBm (no IR)
D/wpa_supplicant( 1134): nl80211: 57240-63720 @ 2160 MHz 0 mBm
D/wpa_supplicant( 1134): nl80211: Added 802.11b mode based on 802.11g information
D/wpa_supplicant( 1134): P2P: Add operating class 81
D/wpa_supplicant( 1134): P2P: Channels - hexdump(len=13): 01 02 03 04 05 06 07 08 09 0a 0b 0c 0d
D/wpa_supplicant( 1134): P2P: Update channel list
D/wpa_supplicant( 1134): P2P: channels: 81:1,2,3,4,5,6,7,8,9,10,11,12,13
D/wpa_supplicant( 1134): P2P: cli_channels:
D/wpa_supplicant( 1134): p2p0: Updating hw mode
D/wpa_supplicant( 1134): nl80211: Regulatory information - country=00
D/wpa_supplicant( 1134): nl80211: 2402-2472 @ 40 MHz 20 mBm
D/wpa_supplicant( 1134): nl80211: 2457-2482 @ 40 MHz 20 mBm (no IR)
D/wpa_supplicant( 1134): nl80211: 2474-2494 @ 20 MHz 20 mBm (no OFDM) (no IR)
D/wpa_supplicant( 1134): nl80211: 5170-5250 @ 80 MHz 20 mBm (no IR)
D/wpa_supplicant( 1134): nl80211: 5735-5835 @ 80 MHz 20 mBm (no IR)
D/wpa_supplicant( 1134): nl80211: 57240-63720 @ 2160 MHz 0 mBm
D/wpa_supplicant( 1134): nl80211: Added 802.11b mode based on 802.11g information
I/WifiHAL ( 844): event ignored!!
D/wpa_supplicant( 1134): wlan0: Control interface command 'BSS_FLUSH 0'
D/wpa_supplicant( 1134): wlan0: Control interface command 'SCAN TYPE=ONLY'
D/wpa_supplicant( 1134): wlan0: Setting scan request: 0.000000 sec
D/wpa_supplicant( 1134): wlan0: State: DISCONNECTED -> SCANNING
D/wpa_supplicant( 1134): CTRL_IFACE monitor sent successfully to /data/misc/wifi/sockets/wpa_ctrl_844-2\x00
D/wpa_supplicant( 1134): wlan0: Starting AP scan for wildcard SSID
D/wpa_supplicant( 1134): wlan0: Add radio work 'scan'@0xb67181f0
D/wpa_supplicant( 1134): wlan0: First radio work item in the queue - schedule start immediately
D/wpa_supplicant( 1134): wlan0: Starting radio work 'scan'@0xb67181f0 after 0.000061 second wait
D/wpa_supplicant( 1134): wlan0: nl80211: scan request
D/wpa_supplicant( 1134): nl80211: Scan SSID - hexdump(len=0): [NULL]
D/wpa_supplicant( 1134): nl80211: Add NL80211_SCAN_FLAG_FLUSH
D/wpa_supplicant( 1134): Scan requested (ret=0) - scan timeout 10 seconds
D/wpa_supplicant( 1134): nl80211: Event message available
D/wpa_supplicant( 1134): nl80211: Drv Event 33 (NL80211_CMD_TRIGGER_SCAN) received for wlan0
D/wpa_supplicant( 1134): wlan0: nl80211: Scan trigger
D/wpa_supplicant( 1134): wlan0: Event SCAN_STARTED (49) received
D/wpa_supplicant( 1134): wlan0: Own scan request started a scan in 0.000061 seconds
I/wpa_supplicant( 1134): wlan0: CTRL-EVENT-SCAN-STARTED
D/wpa_supplicant( 1134): CTRL_IFACE monitor sent successfully to /data/misc/wifi/sockets/wpa_ctrl_844-2\x00
I/WifiHAL ( 844): Poll result = 1
I/WifiHAL ( 844): Found some events!!!
D/WifiHAL ( 844): no_seq_check received
I/WifiHAL ( 844): event received NL80211_CMD_TRIGGER_SCAN
I/WifiHAL ( 844): event received NL80211_CMD_TRIGGER_SCAN, vendor_id = 0x0
I/WifiHAL ( 844): event ignored!!
D/wpa_supplicant( 1134): p2p0: Control interface command 'LIST_NETWORKS'
D/wpa_supplicant( 1134): RX global ctrl_iface - hexdump(len=11): 53 41 56 45 5f 43 4f 4e 46 49 47
D/wpa_supplicant( 1134): Writing configuration file '/data/misc/wifi/wpa_supplicant.conf'
D/wpa_supplicant( 1134): Configuration file '/data/misc/wifi/wpa_supplicant.conf' written successfully
D/wpa_supplicant( 1134): wlan0: CTRL_IFACE: SAVE_CONFIG - Configuration updated
D/wpa_supplicant( 1134): Writing configuration file '/data/misc/wifi/p2p_supplicant.conf'
D/wpa_supplicant( 1134): Configuration file '/data/misc/wifi/p2p_supplicant.conf' written successfully
D/wpa_supplicant( 1134): p2p0: CTRL_IFACE: SAVE_CONFIG - Configuration updated
D/ds1app ( 1269): screenLayoutSize: 2
D/ds1app ( 1269): densityDpi: 320
D/wpa_supplicant( 1134): p2p0: Control interface command 'DRIVER COUNTRY FR'
D/wpa_supplicant( 1134): wpa_driver_nl80211_driver_cmd COUNTRY FR len = 0, 4096
D/wpa_supplicant( 1134): p2p0: Event CHANNEL_LIST_CHANGED (30) received
I/wpa_supplicant( 1134): p2p0: CTRL-EVENT-REGDOM-CHANGE init=USER type=COUNTRY alpha2=FR
D/wpa_supplicant( 1134): CTRL_IFACE monitor sent successfully to /data/misc/wifi/sockets/wpa_ctrl_844-2\x00
D/wpa_supplicant( 1134): nl80211: Regulatory information - country=00
D/wpa_supplicant( 1134): nl80211: 2402-2472 @ 40 MHz 20 mBm
D/wpa_supplicant( 1134): nl80211: 2457-2482 @ 40 MHz 20 mBm (no IR)
D/wpa_supplicant( 1134): nl80211: 2474-2494 @ 20 MHz 20 mBm (no OFDM) (no IR)
D/wpa_supplicant( 1134): nl80211: 5170-5250 @ 80 MHz 20 mBm (no IR)
D/wpa_supplicant( 1134): nl80211: 5735-5835 @ 80 MHz 20 mBm (no IR)
D/wpa_supplicant( 1134): nl80211: 57240-63720 @ 2160 MHz 0 mBm
D/wpa_supplicant( 1134): nl80211: Added 802.11b mode based on 802.11g information
D/wpa_supplicant( 1134): P2P: Add operating class 81
D/wpa_supplicant( 1134): P2P: Channels - hexdump(len=13): 01 02 03 04 05 06 07 08 09 0a 0b 0c 0d
D/wpa_supplicant( 1134): P2P: Update channel list
D/wpa_supplicant( 1134): P2P: channels: 81:1,2,3,4,5,6,7,8,9,10,11,12,13
D/wpa_supplicant( 1134): P2P: cli_channels:
D/wpa_supplicant( 1134): wlan0: Updating hw mode
D/wpa_supplicant( 1134): nl80211: Regulatory information - country=00
D/wpa_supplicant( 1134): nl80211: 2402-2472 @ 40 MHz 20 mBm
D/wpa_supplicant( 1134): nl80211: 2457-2482 @ 40 MHz 20 mBm (no IR)
D/wpa_supplicant( 1134): nl80211: 2474-2494 @ 20 MHz 20 mBm (no OFDM) (no IR)
D/wpa_supplicant( 1134): nl80211: 5170-5250 @ 80 MHz 20 mBm (no IR)
D/wpa_supplicant( 1134): nl80211: 5735-5835 @ 80 MHz 20 mBm (no IR)
D/wpa_supplicant( 1134): nl80211: 57240-63720 @ 2160 MHz 0 mBm
D/wpa_supplicant( 1134): nl80211: Added 802.11b mode based on 802.11g information
D/wpa_supplicant( 1134): nl80211: Event message available
D/wpa_supplicant( 1134): nl80211: Drv Event 36 (NL80211_CMD_REG_CHANGE) received for wlan0
D/wpa_supplicant( 1134): nl80211: Regulatory domain change
D/wpa_supplicant( 1134): * initiator=2
D/wpa_supplicant( 1134): * type=1
D/wpa_supplicant( 1134): wlan0: Event CHANNEL_LIST_CHANGED (30) received
I/wpa_supplicant( 1134): wlan0: CTRL-EVENT-REGDOM-CHANGE init=DRIVER type=WORLD
D/wpa_supplicant( 1134): CTRL_IFACE monitor sent successfully to /data/misc/wifi/sockets/wpa_ctrl_844-2\x00
D/wpa_supplicant( 1134): nl80211: Regulatory information - country=00
D/wpa_supplicant( 1134): nl80211: 2402-2472 @ 40 MHz 20 mBm
D/wpa_supplicant( 1134): nl80211: 2457-2482 @ 40 MHz 20 mBm (no IR)
D/wpa_supplicant( 1134): nl80211: 2474-2494 @ 20 MHz 20 mBm (no OFDM) (no IR)
D/wpa_supplicant( 1134): nl80211: 5170-5250 @ 80 MHz 20 mBm (no IR)
D/wpa_supplicant( 1134): nl80211: 5735-5835 @ 80 MHz 20 mBm (no IR)
D/wpa_supplicant( 1134): nl80211: 57240-63720 @ 2160 MHz 0 mBm
D/wpa_supplicant( 1134): nl80211: Added 802.11b mode based on 802.11g information
D/wpa_supplicant( 1134): P2P: Add operating class 81
D/wpa_supplicant( 1134): P2P: Channels - hexdump(len=13): 01 02 03 04 05 06 07 08 09 0a 0b 0c 0d
D/wpa_supplicant( 1134): P2P: Update channel list
D/wpa_supplicant( 1134): P2P: channels: 81:1,2,3,4,5,6,7,8,9,10,11,12,13
D/wpa_supplicant( 1134): P2P: cli_channels:
D/wpa_supplicant( 1134): p2p0: Updating hw mode
D/wpa_supplicant( 1134): nl80211: Regulatory information - country=00
D/wpa_supplicant( 1134): nl80211: 2402-2472 @ 40 MHz 20 mBm
D/wpa_supplicant( 1134): nl80211: 2457-2482 @ 40 MHz 20 mBm (no IR)
D/wpa_supplicant( 1134): nl80211: 2474-2494 @ 20 MHz 20 mBm (no OFDM) (no IR)
D/wpa_supplicant( 1134): nl80211: 5170-5250 @ 80 MHz 20 mBm (no IR)
D/wpa_supplicant( 1134): nl80211: 5735-5835 @ 80 MHz 20 mBm (no IR)
D/wpa_supplicant( 1134): nl80211: 57240-63720 @ 2160 MHz 0 mBm
D/wpa_supplicant( 1134): nl80211: Added 802.11b mode based on 802.11g information
D/wpa_supplicant( 1134): nl80211: Event message available
D/wpa_supplicant( 1134): nl80211: Drv Event 36 (NL80211_CMD_REG_CHANGE) received for wlan0
D/wpa_supplicant( 1134): nl80211: Regulatory domain change
D/wpa_supplicant( 1134): * initiator=2
D/wpa_supplicant( 1134): * type=1
D/wpa_supplicant( 1134): wlan0: Event CHANNEL_LIST_CHANGED (30) received
I/wpa_supplicant( 1134): wlan0: CTRL-EVENT-REGDOM-CHANGE init=DRIVER type=WORLD
D/wpa_supplicant( 1134): CTRL_IFACE monitor sent successfully to /data/misc/wifi/sockets/wpa_ctrl_844-2\x00
D/wpa_supplicant( 1134): nl80211: Regulatory information - country=00
D/wpa_supplicant( 1134): nl80211: 2402-2472 @ 40 MHz 20 mBm
D/wpa_supplicant( 1134): nl80211: 2457-2482 @ 40 MHz 20 mBm (no IR)
D/wpa_supplicant( 1134): nl80211: 2474-2494 @ 20 MHz 20 mBm (no OFDM) (no IR)
D/wpa_supplicant( 1134): nl80211: 5170-5250 @ 80 MHz 20 mBm (no IR)
D/wpa_supplicant( 1134): nl80211: 5735-5835 @ 80 MHz 20 mBm (no IR)
D/wpa_supplicant( 1134): nl80211: 57240-63720 @ 2160 MHz 0 mBm
D/wpa_supplicant( 1134): nl80211: Added 802.11b mode based on 802.11g information
D/wpa_supplicant( 1134): P2P: Add operating class 81
D/wpa_supplicant( 1134): P2P: Channels - hexdump(len=13): 01 02 03 04 05 06 07 08 09 0a 0b 0c 0d
D/wpa_supplicant( 1134): P2P: Update channel list
D/wpa_supplicant( 1134): P2P: channels: 81:1,2,3,4,5,6,7,8,9,10,11,12,13
D/wpa_supplicant( 1134): P2P: cli_channels:
D/wpa_supplicant( 1134): p2p0: Updating hw mode
D/wpa_supplicant( 1134): nl80211: Regulatory information - country=00
D/wpa_supplicant( 1134): nl80211: 2402-2472 @ 40 MHz 20 mBm
D/wpa_supplicant( 1134): nl80211: 2457-2482 @ 40 MHz 20 mBm (no IR)
D/wpa_supplicant( 1134): nl80211: 2474-2494 @ 20 MHz 20 mBm (no OFDM) (no IR)
D/wpa_supplicant( 1134): nl80211: 5170-5250 @ 80 MHz 20 mBm (no IR)
D/wpa_supplicant( 1134): nl80211: 5735-5835 @ 80 MHz 20 mBm (no IR)
D/wpa_supplicant( 1134): nl80211: 57240-63720 @ 2160 MHz 0 mBm
D/wpa_supplicant( 1134): nl80211: Added 802.11b mode based on 802.11g information
I/WifiHAL ( 844): Poll result = 1
I/WifiHAL ( 844): Found some events!!!
D/WifiHAL ( 844): no_seq_check received
I/WifiHAL ( 844): event received NL80211_CMD_REG_CHANGE
I/WifiHAL ( 844): event received NL80211_CMD_REG_CHANGE, vendor_id = 0x0
I/WifiHAL ( 844): event ignored!!
I/WifiHAL ( 844): Poll result = 1
I/WifiHAL ( 844): Found some events!!!
D/WifiHAL ( 844): no_seq_check received
I/WifiHAL ( 844): event received NL80211_CMD_REG_CHANGE
I/WifiHAL ( 844): event received NL80211_CMD_REG_CHANGE, vendor_id = 0x0
I/WifiHAL ( 844): event ignored!!
E/native ( 844): do suspend false
D/wpa_supplicant( 1134): wlan0: Control interface command 'DRIVER SETSUSPENDMODE 0'
D/wpa_supplicant( 1134): wpa_driver_nl80211_driver_cmd SETSUSPENDMODE 0 len = 0, 4096
D/wpa_supplicant( 1134): wlan0: Control interface command 'BLACKLIST clear'
E/OMX-VENC-720p( 289): omx_video: Waiting on Async Thread exit
E/OMX-VENC-720p( 289): Calling close() on venc ion device fd = 38
E/OMX-VENC-720p( 289): Successfully destroyed venc ionlock
E/OMX-VENC-720p( 289): m_etb_count = 0, m_fbd_count = 0
E/OMX-VENC-720p( 289): Exiting OMX Video Encoder ...
E/OMX-VENC-720p( 289):
E/OMX-VENC-720p( 289): Destroy C2D instance
E/OMX-VENC-720p( 289):
E/OMX-VENC-720p( 289): omx_video(): Inside Constructor()
E/OMX-VENC-720p( 289): Successfully opened venc ion device fd = 38
E/OMX-VENC-720p( 289): Successfully created venc ionlock
E/OMX-VENC-720p( 289): Venc instance = 1, ion device fd = 38
E/OMX-VENC-720p( 289):
E/OMX-VENC-720p( 289): omx_venc(): Inside component_init()
E/OMX-VENC-720p( 289):
E/OMX-VENC-720p( 289): Is component secure 0
E/OMX-VENC-720p( 289):
E/OMX-VENC-720p( 289): bool venc_dev::venc_open(OMX_U32)(): Init Profile/Level setting success
E/OMX-VENC-720p( 289): get_curr_perf_lvl = 0
E/OMX-VENC-720p( 289): Set bistream_restrict in vui: 1
E/OMX-VENC-720p( 289):
E/OMX-VENC-720p( 289): Component_init return value = 0x0
E/OMX-VENC-720p( 289): get_parameter: OMX_IndexParamVideoProfileLevelQuerySupported for Input port returned Profile:1, Level:2048
E/OMX-VENC-720p( 289): get_parameter: OMX_IndexParamVideoProfileLevelQuerySupported for Input port returned Profile:2, Level:2048
E/OMX-VENC-720p( 289): get_parameter: OMX_IndexParamVideoProfileLevelQuerySupported for Input port returned Profile:8, Level:2048
E/OMX-VENC-720p( 289): get_parameter: OMX_IndexParamVideoProfileLevelQuerySupported for Input port returned Profile:8, Level:2048
E/OMX-VENC-720p( 289): Invalid entry returned from get_supported_profile_level 8, 2048
E/OMXNodeInstance( 289): getParameter(100663311) ERROR: 0x8000100e
W/ACodec ( 289): do not know color format 0x7fa30c06 = 2141391878
W/ACodec ( 289): do not know color format 0x7f000789 = 2130708361
W/ACodec ( 289): do not know color format 0xb42ff754 = -1271924908
E/OMXNodeInstance( 289): getParameter(100663297) ERROR: 0x8000100e
E/OMX-VENC-720p( 289):
E/OMX-VENC-720p( 289): omx_venc(): Inside component_deinit()
E/OMX-VENC-720p( 289): Calling m_heap_ptr.clear()
E/OMX-VENC-720p( 289): Calling venc_close()
E/OMX-VENC-720p( 289):
E/OMX-VENC-720p( 289): venc_close(): Calling VEN_IOCTL_CMD_STOP_READ_MSG
D/GeoFenceService( 844): onBind
E/Whetstone-JNI( 1322): on Load native Whetstone
E/OMX-VENC-720p( 289): omx_venc: Async Thread exit
D/MmsService( 1209): onCreate
D/GpsNetInitiatedHandler( 844): location enabled :true
E/WiredAccessoryManager( 844): No state change.
E/OMX-VENC-720p( 289): Deleting HANDLE[0xb4114400]
E/OMX-VENC-720p( 289): OMX_Venc:Component Deinit
E/OMX-VENC-720p( 289): In OMX Venc Destructor() for instance = 1
E/OMX-VENC-720p( 289): omx_video: Waiting on Msg Thread exit
E/OMX-VENC-720p( 289): omx_video: Waiting on Async Thread exit
E/OMX-VENC-720p( 289): Calling close() on venc ion device fd = 38
E/OMX-VENC-720p( 289): Successfully destroyed venc ionlock
E/OMX-VENC-720p( 289): m_etb_count = 0, m_fbd_count = 0
E/OMX-VENC-720p( 289): Exiting OMX Video Encoder ...
E/OMX-VENC-720p( 289):
E/OMX-VENC-720p( 289): Destroy C2D instance
D/CNEServiceApp( 1334): start cne
E/QC_EVRCENC( 289): component init: role = OMX.qcom.audio.decoder.wma
E/QC_EVRCENC( 289): unknown param 0600000f
E/OMXNodeInstance( 289): getParameter(100663311) ERROR: 0x8000101a
E/QC_EVRCENC( 289): unknown param 06000001
E/OMXNodeInstance( 289): getParameter(100663297) ERROR: 0x8000101a
I/MmsService( 1209): MmsConfigManager.loadInBackground(): mcc/mnc: 0/0
D/miuisdk ( 1239): current sdk level is 2
E/MmsService( 1209): MmsConfigManager.load -- empty getActiveSubInfoList
E/QC_EVRCENC( 289): INPUT_THREAD:message pipe read n=0xffffffff err=0x 9
D/miuisdk ( 1358): current sdk level is 2
E/QC_EVRCENC( 289): COMPONENT DEINIT...
E/QC_EVRCENC( 289): OMX WMA component destroyed
E/QC_EVRCENC( 289): component init: role = OMX.qcom.audio.decoder.wmaLossLess
E/QC_EVRCENC( 289): unknown param 0600000f
E/OMXNodeInstance( 289): getParameter(100663311) ERROR: 0x8000101a
E/QC_EVRCENC( 289): unknown param 06000001
E/OMXNodeInstance( 289): getParameter(100663297) ERROR: 0x8000101a
E/QC_EVRCENC( 289): INPUT_THREAD:message pipe read n=0xffffffff err=0x 9
E/QC_EVRCENC( 289): COMPONENT DEINIT...
E/QC_EVRCENC( 289): OMX WMA component destroyed
E/QC_EVRCENC( 289): component init: role = OMX.qcom.audio.decoder.wma10Pro
D/miuisdk ( 1302): current sdk level is 2
E/QC_EVRCENC( 289): unknown param 0600000f
E/OMXNodeInstance( 289): getParameter(100663311) ERROR: 0x8000101a
E/QC_EVRCENC( 289): unknown param 06000001
E/OMXNodeInstance( 289): getParameter(100663297) ERROR: 0x8000101a
W/System.err( 1429): java.lang.NullPointerException: Attempt to invoke interface method 'int com.miui.whetstone.strategy.IWhetstoneStrategy.getWhetstoneLevel()' on a null object reference
W/System.err( 1429): at android.os.Parcel.readException(Parcel.java)
W/System.err( 1429): at android.os.Parcel.readException(Parcel.java)
W/System.err( 1429): at com.miui.whetstone.IWhetstone$Stub$Proxy.getWhetstoneLevel(IWhetstone.java)
W/System.err( 1429): at com.miui.whetstone.WhetstoneManager.getWhetstoneLeve(WhetstoneManager.java)
W/System.err( 1429): at com.miui.whetstone.app.WhetstoneAppManager.checkInit(WhetstoneAppManager.java)
W/System.err( 1429): at com.miui.whetstone.app.WhetstoneAppManager.(WhetstoneAppManager.java)
W/System.err( 1429): at com.miui.whetstone.app.WhetstoneAppManager.getInstance(WhetstoneAppManager.java)
W/System.err( 1429): at android.app.ActivityThread.main(ActivityThread.java)
W/System.err( 1429): at java.lang.reflect.Method.invoke(Native Method)
W/System.err( 1429): at java.lang.reflect.Method.invoke(Method.java:372)
W/System.err( 1429): at com.android.internal.os.ZygoteInit$MethodAndArgsCaller.run(ZygoteInit.java)
W/System.err( 1429): at com.android.internal.os.ZygoteInit.main(ZygoteInit.java)
E/QC_EVRCENC( 289): INPUT_THREAD:message pipe read n=0xffffffff err=0x 9
E/QC_EVRCENC( 289): COMPONENT DEINIT...
E/QC_EVRCENC( 289): OMX WMA component destroyed
E/QC_EVRCENC( 289): unknown param 0600000f
E/OMXNodeInstance( 289): getParameter(100663311) ERROR: 0x8000101a
E/QC_EVRCENC( 289): unknown param 06000001
E/OMXNodeInstance( 289): getParameter(100663297) ERROR: 0x8000101a
E/QC_EVRCENC( 289): INPUT_THREAD:message pipe read n=0xffffffff err=0x 9
E/QC_EVRCENC( 289): COMMAND_THREAD:message pipe read n=0xffffffff err=0x 9
E/OMX_QCELP13_DEC( 289): COMPONENT INIT OMX.qcom.audio.decoder.Qcelp13
E/OMX_QCELP13_DEC( 289): unknown param 0600000f
E/OMXNodeInstance( 289): getParameter(100663311) ERROR: 0x8000101a
E/OMX_QCELP13_DEC( 289): unknown param 06000001
E/OMXNodeInstance( 289): getParameter(100663297) ERROR: 0x8000101a
E/WhetstoneService( 1322): 1429, packageName has not found
D/miuisdk ( 1284): current sdk level is 2
E/OMX_QCELP13_DEC( 289): COMPONENT DEINIT
E/OMX_EVRC_DEC( 289): COMPONENT INIT OMX.qcom.audio.decoder.evrc
E/OMX_EVRC_DEC( 289): unknown param 0600000f
E/OMXNodeInstance( 289): getParameter(100663311) ERROR: 0x8000101a
E/OMX_EVRC_DEC( 289): unknown param 06000001
E/OMXNodeInstance( 289): getParameter(100663297) ERROR: 0x8000101a
E/OMX_EVRC_DEC( 289): COMPONENT DEINIT
E/OMX-VDEC-1080P( 289): In OMX vdec Constructor
E/OMX-VDEC-1080P( 289): vidc.dec.debug.ts value is 0
E/OMX-VDEC-1080P( 289): vidc.dec.debug.concealedmb value is 0
E/OMX-VDEC-1080P( 289): vidc.dec.debug.extradata value is 0
E/OMX-VDEC-1080P( 289): Successfully opened vdec ion devicefd = 38
E/OMX-VDEC-1080P( 289): Successfully created vdec ionlock
E/OMX-VDEC-1080P( 289): Vdec instances = 1, ion device fd = 38
E/OMX-VDEC-1080P( 289): omx_vdec::component_init(): Start of New Playback : role = OMX.qcom.video.decoder.vc1 : DEVICE = /dev/msm_vidc_dec
E/OMX-VDEC-1080P( 289): omx_vdec::component_init(): Open returned fd 39, errno 2
E/OMX-VDEC-1080P( 289): component_init: current performance level = 0
E/OMX-VDEC-1080P( 289): omx_vdec::component_init() success
E/OMX-VDEC-1080P( 289): get_parameter: OMX_IndexParamVideoProfileLevelQuerySupported ret NoMore
D/miuisdk ( 1290): current sdk level is 2
E/OMXNodeInstance( 289): getParameter(100663311) ERROR: 0x8000100e
E/OMX-VDEC-1080P( 289): Get_parameter: OMX_IndexParamVideoPortFormat: nPortIndex (1), nIndex (0), eCompressionFormat (0x0), eColorFormat (0x7fa30c03), xFramerate (0xb42ff7ac)
E/OMX-VDEC-1080P( 289): Extension: OMX.google.android.index.describeColorFormat not implemented
W/ACodec ( 289): do not know color format 0x7fa30c03 = 2141391875
E/OMX-VDEC-1080P( 289): Get_parameter: OMX_IndexParamVideoPortFormat: nPortIndex (1), nIndex (1), eCompressionFormat (0x0), eColorFormat (0x15), xFramerate (0xb42ff7ac)
E/OMX-VDEC-1080P( 289): Extension: OMX.google.android.index.describeColorFormat not implemented
E/OMX-VDEC-1080P( 289): Get_parameter: OMX_IndexParamVideoPortFormat: nPortIndex (1), nIndex (2), eCompressionFormat (0x0), eColorFormat (0x13), xFramerate (0xb42ff7ac)
E/OMX-VDEC-1080P( 289): Extension: OMX.google.android.index.describeColorFormat not implemented
E/OMX-VDEC-1080P( 289): Get_parameter: OMX_IndexParamVideoPortFormat: nPortIndex (1), nIndex (3), eCompressionFormat (0x0), eColorFormat (0x13), xFramerate (0xb42ff7ac)
E/OMXNodeInstance( 289): getParameter(100663297) ERROR: 0x8000100e
E/OMX-VDEC-1080P( 289): Extension: OMX.google.android.index.storeMetaDataInBuffers not implemented
E/OMXNodeInstance( 289): OMX_GetExtensionIndex OMX.google.android.index.storeMetaDataInBuffers failed
E/OMX-VDEC-1080P( 289): set_parameter: OMX_GoogleAndroidIndexPrepareForAdaptivePlayback
E/OMX-VDEC-1080P( 289): Enabling Adaptive playback for 1280 x 720
E/OMX-VDEC-1080P( 289): Playback Ended - PASSED
E/OMX-VDEC-1080P( 289): ALL output buffers are freed/released
E/OMX-VDEC-1080P( 289): Calling VDEC_IOCTL_STOP_NEXT_MSG
E/OMX-VDEC-1080P( 289): omx_vdec::component_deinit() complete
E/OMX-VDEC-1080P( 289): In OMX Vdec Destructor(), Vdec instances = 1
E/OMX-VDEC-1080P( 289): Waiting on OMX Msg Thread exit
E/OMX-VDEC-1080P( 289): omx_vdec: Async thread start
E/OMX-VDEC-1080P( 289):
E/OMX-VDEC-1080P( 289): Error in ioctl read next msg
E/OMX-VDEC-1080P( 289): omx_vdec: Async thread stop
E/OMX-VDEC-1080P( 289): omx_vdec: message thread start
E/OMX-VDEC-1080P( 289):
E/OMX-VDEC-1080P( 289): ERROR: read from pipe failed, ret -1 errno 9
E/OMX-VDEC-1080P( 289): omx_vdec: message thread stop
E/OMX-VDEC-1080P( 289): Waiting on OMX Async Thread exit
E/OMX-VDEC-1080P( 289): Calling close() on Video Driver
E/OMX-VDEC-1080P( 289): Calling close() on vdec ion devicefd = 38
E/OMX-VDEC-1080P( 289): Successfully destroyed vdec ionlock
E/OMX-VDEC-1080P( 289): Exit OMX vdec Destructor
E/ ( 289):
E/ ( 289): Destroy C2D instance
E/ ( 289):
E/ ( 289): Destroy C2D instance
E/OMX-VDEC-1080P( 289): In OMX vdec Constructor
E/OMX-VDEC-1080P( 289): vidc.dec.debug.ts value is 0
E/OMX-VDEC-1080P( 289): vidc.dec.debug.concealedmb value is 0
E/OMX-VDEC-1080P( 289): vidc.dec.debug.extradata value is 0
E/OMX-VDEC-1080P( 289): Successfully opened vdec ion devicefd = 38
E/OMX-VDEC-1080P( 289): Successfully created vdec ionlock
E/OMX-VDEC-1080P( 289): Vdec instances = 1, ion device fd = 38
E/OMX-VDEC-1080P( 289): omx_vdec::component_init(): Start of New Playback : role = OMX.qcom.video.decoder.divx : DEVICE = /dev/msm_vidc_dec
E/OMX-VDEC-1080P( 289): omx_vdec::component_init(): Open returned fd 39, errno 0
E/OMX-VDEC-1080P( 289): component_init: current performance level = 0
E/OMX-VDEC-1080P( 289): DIVX 5/6 Decoder selected
E/OMX-VDEC-1080P( 289): omx_vdec::component_init() success
E/OMX-VDEC-1080P( 289): get_parameter: OMX_IndexParamVideoProfileLevelQuerySupported ret NoMore
E/OMXNodeInstance( 289): getParameter(100663311) ERROR: 0x8000100e
E/OMX-VDEC-1080P( 289): Get_parameter: OMX_IndexParamVideoPortFormat: nPortIndex (1), nIndex (0), eCompressionFormat (0x0), eColorFormat (0x7fa30c03), xFramerate (0xb42ff7ac)
E/OMX-VDEC-1080P( 289): Extension: OMX.google.android.index.describeColorFormat not implemented
W/ACodec ( 289): do not know color format 0x7fa30c03 = 2141391875
E/OMX-VDEC-1080P( 289): Get_parameter: OMX_IndexParamVideoPortFormat: nPortIndex (1), nIndex (1), eCompressionFormat (0x0), eColorFormat (0x15), xFramerate (0xb42ff7ac)
E/OMX-VDEC-1080P( 289): Extension: OMX.google.android.index.describeColorFormat not implemented
E/OMX-VDEC-1080P( 289): Get_parameter: OMX_IndexParamVideoPortFormat: nPortIndex (1), nIndex (2), eCompressionFormat (0x0), eColorFormat (0x13), xFramerate (0xb42ff7ac)
E/OMX-VDEC-1080P( 289): Extension: OMX.google.android.index.describeColorFormat not implemented
E/OMX-VDEC-1080P( 289): Get_parameter: OMX_IndexParamVideoPortFormat: nPortIndex (1), nIndex (3), eCompressionFormat (0x0), eColorFormat (0x13), xFramerate (0xb42ff7ac)
E/OMXNodeInstance( 289): getParameter(100663297) ERROR: 0x8000100e
E/OMX-VDEC-1080P( 289): Extension: OMX.google.android.index.storeMetaDataInBuffers not implemented
E/OMXNodeInstance( 289): OMX_GetExtensionIndex OMX.google.android.index.storeMetaDataInBuffers failed
E/OMX-VDEC-1080P( 289): set_parameter: OMX_GoogleAndroidIndexPrepareForAdaptivePlayback
E/OMX-VDEC-1080P( 289): Enabling Adaptive playback for 1280 x 720
E/OMX-VDEC-1080P( 289): Playback Ended - PASSED
E/OMX-VDEC-1080P( 289): ALL output buffers are freed/released
E/OMX-VDEC-1080P( 289): Calling VDEC_IOCTL_STOP_NEXT_MSG
E/OMX-VDEC-1080P( 289): omx_vdec::component_deinit() complete
E/OMX-VDEC-1080P( 289): In OMX Vdec Destructor(), Vdec instances = 1
E/OMX-VDEC-1080P( 289): Waiting on OMX Msg Thread exit
E/OMX-VDEC-1080P( 289): omx_vdec: Async thread start
E/OMX-VDEC-1080P( 289):
E/OMX-VDEC-1080P( 289): Error in ioctl read next msg
E/OMX-VDEC-1080P( 289): omx_vdec: Async thread stop
E/OMX-VDEC-1080P( 289): omx_vdec: message thread start
E/OMX-VDEC-1080P( 289):
E/OMX-VDEC-1080P( 289): ERROR: read from pipe failed, ret -1 errno 9
E/OMX-VDEC-1080P( 289): omx_vdec: message thread stop
E/OMX-VDEC-1080P( 289): Waiting on OMX Async Thread exit
E/OMX-VDEC-1080P( 289): Calling close() on Video Driver
I/QCNEJ ( 1334): |CORE:COM:RCVR| CNE creating socket
D/CNEServiceApp( 1334): broadcast cne started
I/QCNEJ ( 1334): |CORE:COM:RCVR| Connected to 'cnd' socket
D/WhetstoneStrategy( 1322): make engouthMemoryStrategy
I/WhetstoneStrategy( 1322): read file Name:phone-xhdpi-2048.xml
D/wpa_supplicant( 1134): nl80211: Event message available
D/wpa_supplicant( 1134): nl80211: Drv Event 34 (NL80211_CMD_NEW_SCAN_RESULTS) received for wlan0
D/wpa_supplicant( 1134): wlan0: nl80211: New scan results available
D/wpa_supplicant( 1134): nl80211: Scan included frequencies: 2412 2417 2422 2427 2432 2437 2442 2447 2452 2457 2462 2467 2472
D/wpa_supplicant( 1134): wlan0: Event SCAN_RESULTS (3) received
D/wpa_supplicant( 1134): wlan0: Scan completed in 0.326568 seconds
D/wpa_supplicant( 1134): nl80211: Received scan results (1 BSSes)
D/wpa_supplicant( 1134): wlan0: BSS: Start scan result update 1
D/wpa_supplicant( 1134): wlan0: BSS: Add new id 0 BSSID f8:d1:11:bf:92:fa SSID 'wifi'
D/wpa_supplicant( 1134): CTRL_IFACE monitor sent successfully to /data/misc/wifi/sockets/wpa_ctrl_844-2\x00
D/wpa_supplicant( 1134): BSS: last_scan_res_used=1/32
D/wpa_supplicant( 1134): wlan0: Scan-only results received
D/wpa_supplicant( 1134): CTRL_IFACE monitor sent successfully to /data/misc/wifi/sockets/wpa_ctrl_844-2\x00
D/wpa_supplicant( 1134): wlan0: Radio work 'scan'@0xb67181f0 done in 0.327088 seconds
I/WifiHAL ( 844): Poll result = 1
I/WifiHAL ( 844): Found some events!!!
D/WifiHAL ( 844): no_seq_check received
I/WifiHAL ( 844): event received NL80211_CMD_NEW_SCAN_RESULTS
I/WifiHAL ( 844): event received NL80211_CMD_NEW_SCAN_RESULTS, vendor_id = 0x0
I/WifiHAL ( 844): event ignored!!
I/WifiHAL ( 844): mVendor_id = 4980, Subcmd = 15 in virtual int LLStatsCommand::create():50
E/WifiHAL ( 844): virtual int WifiVendorCommand::set_iface_id(const char*) ifindex obtained:28
E/WifiHAL ( 844): wifi_error wifi_get_link_stats(wifi_request_id, wifi_interface_handle, wifi_stats_result_handler): requestResponse Error:-95
E/wifi ( 844): android_net_wifi_getLinkLayerStats: failed to get link statistics
D/wpa_supplicant( 1134): wlan0: Control interface command 'BSS RANGE=0- MASK=0x23987'
W/QCNEJ ( 1334): |CORE| UNKOWN Unsolicited Event 25
I/QCNEJ ( 1334): |CORE| CNE_REQUEST_GET_BROWSERS_INFO_LIST received
D/wpa_supplicant( 1134): wlan0: Control interface command 'STATUS-NO_EVENTS'
E/WifiStateMachine( 844): WifiStateMachine shouldSwitchNetwork txSuccessRate=0,00 rxSuccessRate=0,00 delta 1000 -> 1000
E/OMX-VDEC-1080P( 289): Calling close() on vdec ion devicefd = 38
E/OMX-VDEC-1080P( 289): Successfully destroyed vdec ionlock
E/OMX-VDEC-1080P( 289): Exit OMX vdec Destructor
E/ ( 289):
E/ ( 289): Destroy C2D instance
E/ ( 289):
E/ ( 289): Destroy C2D instance
E/OMX-VDEC-1080P( 289): In OMX vdec Constructor
E/OMX-VDEC-1080P( 289): vidc.dec.debug.ts value is 0
E/OMX-VDEC-1080P( 289): vidc.dec.debug.concealedmb value is 0
E/OMX-VDEC-1080P( 289): vidc.dec.debug.extradata value is 0
E/OMX-VDEC-1080P( 289): Successfully opened vdec ion devicefd = 38
E/OMX-VDEC-1080P( 289): Successfully created vdec ionlock
E/OMX-VDEC-1080P( 289): Vdec instances = 1, ion device fd = 38
E/OMX-VDEC-1080P( 289): omx_vdec::component_init(): Start of New Playback : role = OMX.qcom.video.decoder.divx311 : DEVICE = /dev/msm_vidc_dec
E/OMX-VDEC-1080P( 289): omx_vdec::component_init(): Open returned fd 39, errno 0
E/OMX-VDEC-1080P( 289): component_init: current performance level = 0
E/OMX-VDEC-1080P( 289): omx_vdec::component_init() success
E/OMX-VDEC-1080P( 289): get_parameter: OMX_IndexParamVideoProfileLevelQuerySupported ret NoMore
E/OMXNodeInstance( 289): getParameter(100663311) ERROR: 0x8000100e
E/OMX-VDEC-1080P( 289): Get_parameter: OMX_IndexParamVideoPortFormat: nPortIndex (1), nIndex (0), eCompressionFormat (0x0), eColorFormat (0x7fa30c03), xFramerate (0xb42ff7ac)
E/OMX-VDEC-1080P( 289): Extension: OMX.google.android.index.describeColorFormat not implemented
W/ACodec ( 289): do not know color format 0x7fa30c03 = 2141391875
E/OMX-VDEC-1080P( 289): Get_parameter: OMX_IndexParamVideoPortFormat: nPortIndex (1), nIndex (1), eCompressionFormat (0x0), eColorFormat (0x15), xFramerate (0xb42ff7ac)
E/OMX-VDEC-1080P( 289): Extension: OMX.google.android.index.describeColorFormat not implemented
E/OMX-VDEC-1080P( 289): Get_parameter: OMX_IndexParamVideoPortFormat: nPortIndex (1), nIndex (2), eCompressionFormat (0x0), eColorFormat (0x13), xFramerate (0xb42ff7ac)
E/OMX-VDEC-1080P( 289): Extension: OMX.google.android.index.describeColorFormat not implemented
E/OMX-VDEC-1080P( 289): Get_parameter: OMX_IndexParamVideoPortFormat: nPortIndex (1), nIndex (3), eCompressionFormat (0x0), eColorFormat (0x13), xFramerate (0xb42ff7ac)
E/OMXNodeInstance( 289): getParameter(100663297) ERROR: 0x8000100e
E/OMX-VDEC-1080P( 289): Extension: OMX.google.android.index.storeMetaDataInBuffers not implemented
E/OMXNodeInstance( 289): OMX_GetExtensionIndex OMX.google.android.index.storeMetaDataInBuffers failed
E/OMX-VDEC-1080P( 289): set_parameter: OMX_GoogleAndroidIndexPrepareForAdaptivePlayback
E/OMX-VDEC-1080P( 289): Enabling Adaptive playback for 1280 x 720
E/OMX-VDEC-1080P( 289): Playback Ended - PASSED
E/OMX-VDEC-1080P( 289): ALL output buffers are freed/released
E/OMX-VDEC-1080P( 289): Calling VDEC_IOCTL_STOP_NEXT_MSG
E/OMX-VDEC-1080P( 289): omx_vdec::component_deinit() complete
E/OMX-VDEC-1080P( 289): In OMX Vdec Destructor(), Vdec instances = 1
E/OMX-VDEC-1080P( 289): Waiting on OMX Msg Thread exit
E/OMX-VDEC-1080P( 289): omx_vdec: message thread start
E/OMX-VDEC-1080P( 289):
E/OMX-VDEC-1080P( 289): ERROR: read from pipe failed, ret -1 errno 9
E/OMX-VDEC-1080P( 289): omx_vdec: message thread stop
E/OMX-VDEC-1080P( 289): Waiting on OMX Async Thread exit
W/HapticFeedbackUtil( 1063): Immersion vibrate not support
E/OMX-VDEC-1080P( 289): omx_vdec: Async thread start
E/OMX-VDEC-1080P( 289):
E/OMX-VDEC-1080P( 289): Error in ioctl read next msg
E/OMX-VDEC-1080P( 289): omx_vdec: Async thread stop
E/OMX-VDEC-1080P( 289): Calling close() on Video Driver
I/QCNEJ ( 1334): |CORE| CNE_NOTIFY_FEATURE_STATUS received
I/QCNEJ ( 1334): |CORE| CNE_NOTIFY_FEATURE_STATUS received
E/WifiStateMachine( 844): CMD_AUTO_CONNECT sup state ScanState my state DisconnectedState nid=2 roam=3
E/WifiConfigStore( 844): saveWifiConfigBSSID Setting BSSID for "wifi"WPA_PSK to any
E/wifi_gbk2utf( 844): g_pItemList is NULL
D/wpa_supplicant( 1134): wlan0: Control interface command 'SET_NETWORK [REMOVED]'
D/wpa_supplicant( 1134): CTRL_IFACE: SET_NETWORK id=2 name='bssid'
D/wpa_supplicant( 1134): CTRL_IFACE: value - hexdump(len=3): [REMOVED]
D/wpa_supplicant( 1134): BSSID any
