W/ActivityManager( 844): Scheduling restart of crashed service com.android.bluetooth/.hdp.HealthService in 11000ms
W/ActivityManager( 844): Scheduling restart of crashed service org.codeaurora.bluetooth/.sap.BluetoothSapService in 11000ms
W/ActivityManager( 844): Scheduling restart of crashed service com.android.bluetooth/.map.BluetoothMapService in 11000ms
W/ActivityManager( 844): Scheduling restart of crashed service com.android.bluetooth/.hid.HidService in 11000ms
W/ActivityManager( 844): Scheduling restart of crashed service com.android.bluetooth/.hfp.HeadsetService in 10999ms
E/KLO_Stability( 2269): Not get wanted event from the watchset in 5000ms
I/KLO_Stability( 2269): start gathering logcat log...
I/KLO_Stability( 2269): gathering logcat log done
I/KLO_Stability( 2269): [am_crash][1440510074]:[844,0,com.android.bluetooth,13155909,Native crash,Segmentation fault,unknown,0]
E/WhetstoneService( 1322): the pacakge name not found
I/ActivityManager( 844): Start proc com.android.bluetooth for restart com.android.bluetooth: pid=6472 uid=1002 gids={41002, 9997, 3003, 3002, 3001, 1028, 1015, 3005, 1016, 3008, 1023} abi=armeabi-v7a
D/BluetoothManagerService( 844): Broadcasting onBluetoothStateChange(false) to 9 receivers.
D/BluetoothHeadset( 844): onBluetoothStateChange: up=false
E/BluetoothHeadset( 844):
E/BluetoothHeadset( 844): java.lang.IllegalArgumentException: Service not registered: android.bluetooth.BluetoothHeadset$2@1aac831b
E/BluetoothHeadset( 844): at android.app.LoadedApk.forgetServiceDispatcher(LoadedApk.java)
E/BluetoothHeadset( 844): at android.app.ContextImpl.unbindService(ContextImpl.java)
E/BluetoothHeadset( 844): at android.bluetooth.BluetoothHeadset$1.onBluetoothStateChange(BluetoothHeadset.java)
E/BluetoothHeadset( 844): at com.android.server.BluetoothManagerService.sendBluetoothStateCallback(BluetoothManagerService.java)
E/BluetoothHeadset( 844): at com.android.server.BluetoothManagerService.bluetoothStateChangeHandler(BluetoothManagerService.java)
E/BluetoothHeadset( 844): at com.android.server.BluetoothManagerService.access$3200(BluetoothManagerService.java)
E/BluetoothHeadset( 844): at com.android.server.BluetoothManagerService$BluetoothHandler.handleMessage(BluetoothManagerService.java)
E/BluetoothHeadset( 844): at android.os.Handler.dispatchMessage(Handler.java)
E/BluetoothHeadset( 844): at android.os.Looper.loop(Looper.java)
E/BluetoothHeadset( 844): at android.os.HandlerThread.run(HandlerThread.java)
E/BluetoothHeadset( 844): at com.android.server.ServiceThread.run(ServiceThread.java)
D/BluetoothHeadset( 1302): onBluetoothStateChange: up=false
E/BluetoothHeadset( 1302):
E/BluetoothHeadset( 1302): java.lang.IllegalArgumentException: Service not registered: android.bluetooth.BluetoothHeadset$2@171bdf46
E/BluetoothHeadset( 1302): at android.app.LoadedApk.forgetServiceDispatcher(LoadedApk.java)
E/BluetoothHeadset( 1302): at android.app.ContextImpl.unbindService(ContextImpl.java)
E/BluetoothHeadset( 1302): at android.content.ContextWrapper.unbindService(ContextWrapper.java)
E/BluetoothHeadset( 1302): at android.bluetooth.BluetoothHeadset$1.onBluetoothStateChange(BluetoothHeadset.java)
E/BluetoothHeadset( 1302): at android.bluetooth.IBluetoothStateChangeCallback$Stub.onTransact(IBluetoothStateChangeCallback.java)
E/BluetoothHeadset( 1302): at android.os.Binder.execTransact(Binder.java)
D/BluetoothPan( 1219): onBluetoothStateChange on: false
E/BluetoothPan( 1219):
E/BluetoothPan( 1219): java.lang.IllegalArgumentException: Service not registered: android.bluetooth.BluetoothPan$2@3bf2533c
E/BluetoothPan( 1219): at android.app.LoadedApk.forgetServiceDispatcher(LoadedApk.java)
E/BluetoothPan( 1219): at android.app.ContextImpl.unbindService(ContextImpl.java)
E/BluetoothPan( 1219): at android.content.ContextWrapper.unbindService(ContextWrapper.java)
E/BluetoothPan( 1219): at android.bluetooth.BluetoothPan$1.onBluetoothStateChange(BluetoothPan.java)
E/BluetoothPan( 1219): at android.bluetooth.IBluetoothStateChangeCallback$Stub.onTransact(IBluetoothStateChangeCallback.java)
E/BluetoothPan( 1219): at android.os.Binder.execTransact(Binder.java)
D/BluetoothMap( 1219): onBluetoothStateChange: up=false
E/BluetoothMap( 1219):
E/BluetoothMap( 1219): java.lang.IllegalArgumentException: Service not registered: android.bluetooth.BluetoothMap$2@37f1e8c5
E/BluetoothMap( 1219): at android.app.LoadedApk.forgetServiceDispatcher(LoadedApk.java)
E/BluetoothMap( 1219): at android.app.ContextImpl.unbindService(ContextImpl.java)
E/BluetoothMap( 1219): at android.content.ContextWrapper.unbindService(ContextWrapper.java)
E/BluetoothMap( 1219): at android.bluetooth.BluetoothMap$1.onBluetoothStateChange(BluetoothMap.java)
E/BluetoothMap( 1219): at android.bluetooth.IBluetoothStateChangeCallback$Stub.onTransact(IBluetoothStateChangeCallback.java)
E/BluetoothMap( 1219): at android.os.Binder.execTransact(Binder.java)
D/BluetoothInputDevice( 1219): onBluetoothStateChange: up=false
E/BluetoothInputDevice( 1219):
E/BluetoothInputDevice( 1219): java.lang.IllegalArgumentException: Service not registered: android.bluetooth.BluetoothInputDevice$2@3d6912f
E/BluetoothInputDevice( 1219): at android.app.LoadedApk.forgetServiceDispatcher(LoadedApk.java)
E/BluetoothInputDevice( 1219): at android.app.ContextImpl.unbindService(ContextImpl.java)
E/BluetoothInputDevice( 1219): at android.content.ContextWrapper.unbindService(ContextWrapper.java)
E/BluetoothInputDevice( 1219): at android.bluetooth.BluetoothInputDevice$1.onBluetoothStateChange(BluetoothInputDevice.java)
E/BluetoothInputDevice( 1219): at android.bluetooth.IBluetoothStateChangeCallback$Stub.onTransact(IBluetoothStateChangeCallback.java)
E/BluetoothInputDevice( 1219): at android.os.Binder.execTransact(Binder.java)
D/BluetoothHeadset( 1284): onBluetoothStateChange: up=false
E/BluetoothHeadset( 1284):
E/BluetoothHeadset( 1284): java.lang.IllegalArgumentException: Service not registered: android.bluetooth.BluetoothHeadset$2@315b80fe
E/BluetoothHeadset( 1284): at android.app.LoadedApk.forgetServiceDispatcher(LoadedApk.java)
E/BluetoothHeadset( 1284): at android.app.ContextImpl.unbindService(ContextImpl.java)
E/BluetoothHeadset( 1284): at android.content.ContextWrapper.unbindService(ContextWrapper.java)
E/BluetoothHeadset( 1284): at android.content.ContextWrapper.unbindService(ContextWrapper.java)
E/BluetoothHeadset( 1284): at android.bluetooth.BluetoothHeadset$1.onBluetoothStateChange(BluetoothHeadset.java)
E/BluetoothHeadset( 1284): at android.bluetooth.IBluetoothStateChangeCallback$Stub.onTransact(IBluetoothStateChangeCallback.java)
E/BluetoothHeadset( 1284): at android.os.Binder.execTransact(Binder.java)
D/BluetoothPbap( 1219): onBluetoothStateChange: up=false
E/BluetoothPbap( 1219):
E/BluetoothPbap( 1219): java.lang.IllegalArgumentException: Service not registered: android.bluetooth.BluetoothPbap$2@144a521a
E/BluetoothPbap( 1219): at android.app.LoadedApk.forgetServiceDispatcher(LoadedApk.java)
E/BluetoothPbap( 1219): at android.app.ContextImpl.unbindService(ContextImpl.java)
E/BluetoothPbap( 1219): at android.content.ContextWrapper.unbindService(ContextWrapper.java)
E/BluetoothPbap( 1219): at android.bluetooth.BluetoothPbap$1.onBluetoothStateChange(BluetoothPbap.java)
E/BluetoothPbap( 1219): at android.bluetooth.IBluetoothStateChangeCallback$Stub.onTransact(IBluetoothStateChangeCallback.java)
E/BluetoothPbap( 1219): at android.os.Binder.execTransact(Binder.java)
D/BluetoothA2dp( 844): onBluetoothStateChange: up=false
E/BluetoothA2dp( 844):
E/BluetoothA2dp( 844): java.lang.IllegalArgumentException: Service not registered: android.bluetooth.BluetoothA2dp$2@1d8635f7
E/BluetoothA2dp( 844): at android.app.LoadedApk.forgetServiceDispatcher(LoadedApk.java)
E/BluetoothA2dp( 844): at android.app.ContextImpl.unbindService(ContextImpl.java)
E/BluetoothA2dp( 844): at android.bluetooth.BluetoothA2dp$1.onBluetoothStateChange(BluetoothA2dp.java)
E/BluetoothA2dp( 844): at com.android.server.BluetoothManagerService.sendBluetoothStateCallback(BluetoothManagerService.java)
E/BluetoothA2dp( 844): at com.android.server.BluetoothManagerService.bluetoothStateChangeHandler(BluetoothManagerService.java)
E/BluetoothA2dp( 844): at com.android.server.BluetoothManagerService.access$3200(BluetoothManagerService.java)
E/BluetoothA2dp( 844): at com.android.server.BluetoothManagerService$BluetoothHandler.handleMessage(BluetoothManagerService.java)
E/BluetoothA2dp( 844): at android.os.Handler.dispatchMessage(Handler.java)
E/BluetoothA2dp( 844): at android.os.Looper.loop(Looper.java)
E/BluetoothA2dp( 844): at android.os.HandlerThread.run(HandlerThread.java)
E/BluetoothA2dp( 844): at com.android.server.ServiceThread.run(ServiceThread.java)
D/BluetoothHeadset( 1284): onBluetoothStateChange: up=false
E/BluetoothHeadset( 1284):
E/BluetoothHeadset( 1284): java.lang.IllegalArgumentException: Service not registered: android.bluetooth.BluetoothHeadset$2@1845c947
E/BluetoothHeadset( 1284): at android.app.LoadedApk.forgetServiceDispatcher(LoadedApk.java)
E/BluetoothHeadset( 1284): at android.app.ContextImpl.unbindService(ContextImpl.java)
E/BluetoothHeadset( 1284): at android.content.ContextWrapper.unbindService(ContextWrapper.java)
E/BluetoothHeadset( 1284): at android.bluetooth.BluetoothHeadset$1.onBluetoothStateChange(BluetoothHeadset.java)
E/BluetoothHeadset( 1284): at android.bluetooth.IBluetoothStateChangeCallback$Stub.onTransact(IBluetoothStateChangeCallback.java)
E/BluetoothHeadset( 1284): at android.os.Binder.execTransact(Binder.java)
D/BluetoothManagerService( 844): Bluetooth State Change Intent: 13 -> 10
D/BluetoothManagerService( 844): Message: 42
D/BluetoothManagerService( 844): MESSAGE_RESTART_BLUETOOTH_SERVICE: Restart IBluetooth service
I/Adreno-EGL( 844): : EGL 1.4 QUALCOMM build: C_BHUSH_AU_LINUX_ANDROID_LA.AF.1.1_RB1.05.00.02.006.020+PATCH[ES]_msm8960_refs/tags/AU_LINUX_ANDROID_LA.AF.1.1_RB1.05.00.02.006.020__release_ENGG ()
I/Adreno-EGL( 844): OpenGL ES Shader Compiler Version: E031.25.03.06
I/Adreno-EGL( 844): Build Date: 06/17/15 Wed I/Adreno-EGL( 844): Local Branch:
I/Adreno-EGL( 844): Remote Branch: refs/tags/AU_LINUX_ANDROID_LA.AF.1.1_RB1.05.00.02.006.020
I/Adreno-EGL( 844): Local Patches: 3c2e57b3adbc73f968451c2fa01bb8033d91cf9c Revert "Fixes wobbly boolean return code."
I/Adreno-EGL( 844): 4b7526a1059d940e4b6d4c6ab96389010918de6e rb: fix shadow cach
I/OpenGLRenderer( 844): Initialized EGL, version 1.4
D/ProcessObserver( 1640): onProcessDied, pid: 6265 uid: 1002
D/BluetoothAdapter( 1358): 173510713: getState() : mService = null. Returning STATE_OFF
D/BluetoothAdapter( 1063): 517947889: getState() : mService = null. Returning STATE_OFF
D/BluetoothAdapter( 1358): 173510713: getState() : mService = null. Returning STATE_OFF
D/KeyguardViewMediator( 1063): action name: android.bluetooth.adapter.action.STATE_CHANGED
D/BluetoothAdapter( 1063): 517947889: getState() : mService = null. Returning STATE_OFF
D/KeyguardViewMediator( 1063): action name: android.bluetooth.adapter.action.STATE_CHANGED
D/Telecom ( 1284): BluetoothPhoneService: Bluetooth Adapter state: 13
D/Telecom ( 1284): BluetoothPhoneService: Bluetooth Adapter state: 10
W/ContextImpl( 1219): Calling a method in the system process without a qualified user: android.app.ContextImpl.startService:-1 android.content.ContextWrapper.startService:-1 android.content.ContextWrapper.startService:-1 com.android.settings.bluetooth.DockEventReceiver.e:134 com.android.settings.bluetooth.DockEventReceiver.onReceive:115
D/DockEventReceiver( 1219): finishStartingService: stopping service
W/ResourcesManager( 6472): Asset path '/system/framework/javax.btobex.jar' does not exist or contains no resources.
D/miuisdk ( 6472): current sdk level is 2
D/AdapterServiceConfig( 6472): Adding HeadsetService
D/AdapterServiceConfig( 6472): Adding A2dpService
D/AdapterServiceConfig( 6472): Adding HidService
D/AdapterServiceConfig( 6472): Adding HealthService
D/AdapterServiceConfig( 6472): Adding PanService
D/AdapterServiceConfig( 6472): Adding GattService
D/AdapterServiceConfig( 6472): Adding BluetoothMapService
D/BluetoothManagerService( 844): Message: 20
D/BluetoothManagerService( 844): Added callback: android.bluetooth.IBluetoothManagerCallback$Stub$Proxy@287d755b:true
D/BluetoothAdapterState( 6472): make
I/bluedroid( 6472): init
I/BluetoothAdapterState( 6472): Entering OffState
I/Atfwd_Sendcmd( 316): AtCmdFwd service not ready - Exhausted retry attempts - :6
I/Atfwd_Daemon( 316): result : -1 ,Init step :2 ,qmiErrorCode: 0
I/bte_conf( 6472): bte_load_conf attempt to load stack conf from /etc/bluetooth/bt_stack.conf
I/bte_conf( 6472): bte_load_ble_conf attempt to load ble stack conf from /etc/bluetooth/ble_stack.conf
E/bt_osi_config( 6472): config_new unable to open file '/etc/bluetooth/ble_stack.conf': No such file or directory
I/bte_conf( 6472): bte_load_ble_conf file >/etc/bluetooth/ble_stack.conf< not found
E/GKI_LINUX( 6472): GKI_exception(): Task State Table
E/GKI_LINUX( 6472): TASK ID [0] task name [(null)] state [0]
E/GKI_LINUX( 6472): TASK ID [1] task name [BTIF] state [1]
E/GKI_LINUX( 6472): TASK ID [2] task name [(null)] state [0]
E/GKI_LINUX( 6472): GKI_exception 65531 Sending to unknown dest
E/GKI_LINUX( 6472): ********************************************************************
E/GKI_LINUX( 6472): * GKI_exception(): 65531 Sending to unknown dest
E/GKI_LINUX( 6472): ********************************************************************
I/bluedroid( 6472): get_profile_interface socket
I/bluedroid( 6472): get_profile_interface map_client
I/GKI_LINUX( 6472): gki_task_entry task_id=1 [BTIF] starting
D/BluetoothManagerService( 844): BluetoothServiceConnection: com.android.bluetooth.btservice.AdapterService
D/BluetoothManagerService( 844): Message: 40
D/BluetoothManagerService( 844): MESSAGE_BLUETOOTH_SERVICE_CONNECTED: 1
D/BluetoothAdapterProperties( 6472): Address is:F8:A4:5F:02:67:23
I/bluedroid( 6472): config_hci_snoop_log
D/BluetoothManagerService( 844): Bluetooth Adapter name changed to Mi Phone
D/BluetoothAdapterProperties( 6472): Name is: Mi Phone
D/BluetoothManagerService( 844): Calling onBluetoothServiceUp callbacks
D/BluetoothManagerService( 844): Broadcasting onBluetoothServiceUp() to 8 receivers.
D/BluetoothManagerService( 844): Stored Bluetooth name: Mi Phone
D/BluetoothAdapterState( 6472): CURRENT_STATE=OFF, MESSAGE = USER_TURN_ON
D/BluetoothAdapterProperties( 6472): Setting state to 11
I/BluetoothAdapterState( 6472): Bluetooth adapter state changed: 10-> 11
D/BluetoothManagerService( 844): Message: 60
D/BluetoothManagerService( 844): MESSAGE_BLUETOOTH_STATE_CHANGE: prevState = 10, newState=11
D/BluetoothManagerService( 844): Bluetooth State Change Intent: 10 -> 11
D/BluetoothBondStateMachine( 6472): make
D/Telecom ( 1284): BluetoothPhoneService: Bluetooth Adapter state: 11
D/KeyguardViewMediator( 1063): action name: android.bluetooth.adapter.action.STATE_CHANGED
D/BluetoothAdapterService( 6472): checkA2dpState: isA2dpSinkEnabled = false
E/BluetoothAdapterService( 6472): checkA2dpState: returning
D/BluetoothAdapterService( 6472): checkHidState: isHidDev = false
E/BluetoothAdapterService( 6472): checkHidState: returning
D/BluetoothAdapterService( 6472): checkHfpState: isHfpClientEnabled = false
E/BluetoothAdapterService( 6472): checkHfpState: returning
I/BluetoothBondStateMachine( 6472): StableState(): Entering Off State
D/HeadsetService( 6472): Received start request. Starting profile...
I/BluetoothHeadsetServiceJni( 6472): classInitNative: succeeds
D/HeadsetStateMachine( 6472): Version 1.6
D/HeadsetStateMachine( 6472): make
I/BluetoothAdapterState( 6472): Entering PendingCommandState State: isTurningOn()=true, isTurningOff()=false
E/HeadsetStateMachine( 6472): Could not bind to Bluetooth Headset Voip Phone Service
D/HeadsetStateMachine( 6472): max_hf_connections = 1
I/bluedroid( 6472): get_profile_interface handsfree
D/HeadsetStateMachine( 6472): Enter Disconnected: -2, size: 0
D/BluetoothAdapterService( 6472): getAdapterService() - returning com.android.bluetooth.btservice.AdapterService@167dc37b
D/A2dpService( 6472): Received start request. Starting profile...
I/BluetoothAvrcpServiceJni( 6472): classInitNative: succeeds
V/Avrcp ( 6472): make
V/Avrcp ( 6472): Avrcp
I/bluedroid( 6472): get_profile_interface avrcp
V/Avrcp ( 6472): start
V/Avrcp ( 6472): registerMediaPlayers
V/Avrcp ( 6472): MediaPlayerInfo: mPlayerId = 1
V/Avrcp ( 6472): mMajorPlayerType = 1 mPlayerSubType = 0
V/Avrcp ( 6472): mPlayState = 2 mCharsetId = 106
V/Avrcp ( 6472): mPlayerPackageName = com.android.music mDisplayableNameLength = 5
V/Avrcp ( 6472): mItemLength = 33 mEntryLength = 34
V/Avrcp ( 6472): mFeatureMask =
V/Avrcp ( 6472): mFeatureMask[0] = 0
V/Avrcp ( 6472): mFeatureMask[1] = 0
V/Avrcp ( 6472): mFeatureMask[2] = 0
V/Avrcp ( 6472): mFeatureMask[3] = 0
V/Avrcp ( 6472): mFeatureMask[4] = 12
V/Avrcp ( 6472): mFeatureMask[5] = 55
V/Avrcp ( 6472): mFeatureMask[6] = 0
V/Avrcp ( 6472): mFeatureMask[7] = 141
V/Avrcp ( 6472): mFeatureMask[8] = 2
V/Avrcp ( 6472): mFeatureMask[9] = 0
V/Avrcp ( 6472): mFeatureMask[10] = 0
V/Avrcp ( 6472): mFeatureMask[11] = 0
V/Avrcp ( 6472): mFeatureMask[12] = 0
V/Avrcp ( 6472): mFeatureMask[13] = 0
V/Avrcp ( 6472): mFeatureMask[14] = 0
V/Avrcp ( 6472): mFeatureMask[15] = 0
V/Avrcp ( 6472): mDisplayableName=
V/Avrcp ( 6472): mDisplayableName[0] = 77
V/Avrcp ( 6472): mDisplayableName[1] = 117
V/Avrcp ( 6472): mDisplayableName[2] = 115
V/Avrcp ( 6472): mDisplayableName[3] = 105
V/Avrcp ( 6472): mDisplayableName[4] = 99
V/Avrcp ( 6472): MediaPlayerInfo: mPlayerId = 2
V/Avrcp ( 6472): mMajorPlayerType = 1 mPlayerSubType = 0
V/Avrcp ( 6472): mPlayState = 2 mCharsetId = 106
V/Avrcp ( 6472): mPlayerPackageName = com.google.android.music mDisplayableNameLength = 6
V/Avrcp ( 6472): mItemLength = 34 mEntryLength = 35
V/Avrcp ( 6472): mFeatureMask =
V/Avrcp ( 6472): mFeatureMask[0] = 0
V/Avrcp ( 6472): mFeatureMask[1] = 0
V/Avrcp ( 6472): mFeatureMask[2] = 0
V/Avrcp ( 6472): mFeatureMask[3] = 0
V/Avrcp ( 6472): mFeatureMask[4] = 12
V/Avrcp ( 6472): mFeatureMask[5] = 55
V/Avrcp ( 6472): mFeatureMask[6] = 0
V/Avrcp ( 6472): mFeatureMask[7] = 5
V/Avrcp ( 6472): mFeatureMask[8] = 0
V/Avrcp ( 6472): mFeatureMask[9] = 0
V/Avrcp ( 6472): mFeatureMask[10] = 0
V/Avrcp ( 6472): mFeatureMask[11] = 0
V/Avrcp ( 6472): mFeatureMask[12] = 0
V/Avrcp ( 6472): mFeatureMask[13] = 0
V/Avrcp ( 6472): mFeatureMask[14] = 0
V/Avrcp ( 6472): mFeatureMask[15] = 0
V/Avrcp ( 6472): mDisplayableName=
V/Avrcp ( 6472): mDisplayableName[0] = 77
V/Avrcp ( 6472): mDisplayableName[1] = 117
V/Avrcp ( 6472): mDisplayableName[2] = 115
V/Avrcp ( 6472): mDisplayableName[3] = 105
V/Avrcp ( 6472): mDisplayableName[4] = 99
V/Avrcp ( 6472): mDisplayableName[5] = 50
V/AudioService( 844): updateRemoteControllerOnExistingMediaPlayers: size of Player list: 0
E/AudioService( 844): No RCC entry present to update
E/RemoteController( 6472): Cannot set synchronization mode on an unregistered RemoteController
I/BluetoothA2dpServiceJni( 6472): classInitNative: succeeds
D/A2dpStateMachine( 6472): make
I/bluedroid( 6472): get_profile_interface a2dp
I/GKI_LINUX( 6472): gki_task_entry task_id=2 [A2DP-MEDIA] starting
D/bt-btif ( 6472): btif_av_state_idle_handler event:BTIF_SM_ENTER_EVT flags 0
D/A2dpService( 6472): setA2dpService(): set to: null
D/A2dpStateMachine( 6472): Enter Disconnected: -2
D/BluetoothAdapterService( 6472): getAdapterService() - returning com.android.bluetooth.btservice.AdapterService@167dc37b
E/BTEventHandler( 6472): A4WP is not supported
I/BluetoothHidServiceJni( 6472): classInitNative: succeeds
D/HidService( 6472): Received start request. Starting profile...
I/bluedroid( 6472): get_profile_interface hidhost
D/BluetoothAdapterService( 6472): getAdapterService() - returning com.android.bluetooth.btservice.AdapterService@167dc37b
I/BluetoothHealthServiceJni( 6472): classInitNative: succeeds
D/HealthService( 6472): Received start request. Starting profile...
I/bluedroid( 6472): get_profile_interface health
D/BluetoothAdapterService( 6472): getAdapterService() - returning com.android.bluetooth.btservice.AdapterService@167dc37b
I/BluetoothPanServiceJni( 6472): classInitNative(L105): succeeds
D/PanService( 6472): Received start request. Starting profile...
D/BluetoothPanServiceJni( 6472): initializeNative(L110): pan
I/bluedroid( 6472): get_profile_interface pan
D/BluetoothAdapterService( 6472): getAdapterService() - returning com.android.bluetooth.btservice.AdapterService@167dc37b
D/BtGatt.GattService( 6472): classInitNative called
I/BtGatt.JNI( 6472): classInitNative(L863): classInitNative: Success!
D/BtGatt.DebugUtils( 6472): handleDebugAction() action=null
D/wpa_supplicant( 1134): wlan0: Control interface command 'SIGNAL_POLL'
D/BtGatt.GattService( 6472): Received start request. Starting profile...
D/BtGatt.GattService( 6472): start()
I/bluedroid( 6472): get_profile_interface gatt
D/BtGatt.AdvertiseManager( 6472): advertise manager created
D/BluetoothAdapterService( 6472): getAdapterService() - returning com.android.bluetooth.btservice.AdapterService@167dc37b
D/BluetoothMapService( 6472): inside BluetoothMapObexConnection
D/BluetoothMapService( 6472): supportedMessageTypes 14
D/BluetoothMapService( 6472): masId 0
D/BluetoothMapService( 6472): inside BluetoothMapObexConnection
D/BluetoothMapService( 6472): supportedMessageTypes 1
D/BluetoothMapService( 6472): masId 1
D/BluetoothMapService( 6472): Inside initBinder
D/BluetoothMapService( 6472): Received start request. Starting profile...
D/BluetoothMapService( 6472): start()
D/BluetoothMapService( 6472): Registering observer
D/BluetoothAdapterService( 6472): getAdapterService() - returning com.android.bluetooth.btservice.AdapterService@167dc37b
D/HeadsetPhoneState( 6472): sendDeviceStateChanged. mService=1 mSignal=0 mRoam=0 mBatteryCharge=0
D/HeadsetPhoneState( 6472): sendDeviceStateChanged. mService=1 mSignal=5 mRoam=0 mBatteryCharge=0
D/HeadsetStateMachine( 6472): Disconnected process message: 11, size: 0
D/HeadsetStateMachine( 6472): Disconnected process message: 11, size: 0
D/HeadsetStateMachine( 6472): Disconnected process message: 10, size: 0
D/HeadsetPhoneState( 6472): sendDeviceStateChanged. mService=1 mSignal=5 mRoam=0 mBatteryCharge=1
I/Telecom ( 1284): BluetoothPhoneService: queryPhoneState
D/Telecom ( 1284): BluetoothPhoneService: handleMessage(7) w/ param 0
D/HeadsetStateMachine( 6472): Disconnected process message: 11, size: 0
V/BluetoothMapService( 6472): Handler(): got msg=1
D/BluetoothAdapterState( 6472): CURRENT_STATE=PENDING, MESSAGE = STARTED, isTurningOn=true, isTurningOff=false
I/bluedroid( 6472): enable
I/bt_hci_bdroid( 6472): init
I/GKI_LINUX( 6472): gki_task_entry task_id=0 [BTU] starting
I/bt-btu ( 6472): btu_task pending for preload complete event
I/bt_vendor( 6472): bt-vendor : init
I/bt_vendor( 6472): bt-vendor : get_bt_soc_type
E/bt_vendor( 6472): get_bt_soc_type: Failed to get soc type
I/bt_vendor( 6472): init: Local BD Address : 23:67:02:5f:a4:f8
D/bt_userial_mct( 6472): userial_init
I/bt_vendor( 6472): bt-vendor : BT_VND_OP_POWER_CTRL: On
I/bt_vendor( 6472): bluetooth satus is on
I/bt_vendor( 6472): bt-vendor : resetting BT status
I/bt_vendor( 6472): Starting hciattach daemon
I/bt_vendor( 6472): try to set false
I/bt_vendor( 6472): Starting hciattach daemon
I/bt_vendor( 6472): try to set true
W/ResourcesManager( 6472): Asset path '/system/framework/javax.obex.jar' does not exist or contains no resources.
V/BluetoothFtpService( 6472): Ftp Service onCreate
V/BluetoothFtpService( 6472): FTP service not started Adapter STATE: 11
V/BluetoothFtpService( 6472): Ftp Service onStartCommand
V/BluetoothFtpService( 6472): PARSE INTENT action: android.bluetooth.adapter.action.STATE_CHANGED
D/BluetoothFtpService( 6472): ACTION_STATE_CHANGED: state: 13 mHasStarted: false
V/BluetoothFtpService( 6472): Ftp Service closeService
V/BluetoothFtpService( 6472): successfully stopped ftp service
V/BluetoothSapReceiver( 6472): SapReceiver onReceive
I/qcom-bluetooth( 6512): /system/etc/init.qcom.bt.sh: init.qcom.bt.sh config =
V/BluetoothSapReceiver( 6472): action = android.bluetooth.adapter.action.STATE_CHANGED
V/BluetoothSapReceiver( 6472): Bluetooth Adapter state = 13
V/BluetoothSapReceiver( 6472): Calling SAP service start service with action = null
V/BluetoothFtpService( 6472): Ftp Service onDestroy
V/BluetoothFtpService( 6472): Ftp Service closeService
V/BluetoothSapService( 6472): Sap Service onCreate
V/BluetoothSapService( 6472): initBinder
V/BluetoothSapService( 6472): BluetoothSapBinder: mService: org.codeaurora.bluetooth.sap.BluetoothSapService@13670509
V/BluetoothSapService( 6472): action: android.bluetooth.adapter.action.STATE_CHANGED
V/BluetoothSapService( 6472): state: 13
D/BluetoothDunService( 6472): parseIntent: action: android.bluetooth.adapter.action.STATE_CHANGED
W/BroadcastQueueInjector( 844): Unable to launch app com.rhapsody.napster/10104 for broadcast Intent { act=android.bluetooth.adapter.action.STATE_CHANGED flg=0x14000010 (has extras) }: process is not permitted to autostart
W/BroadcastQueue( 844): Permission Denial: receiving Intent { act=android.bluetooth.adapter.action.STATE_CHANGED flg=0x14000010 (has extras) } to com.mi4ever.app.mi4everblog/com.appyet.receiver.CommonReceiver requires android.permission.BLUETOOTH due to sender android (uid 1000)
D/AuthorizationBluetoothService( 1530): Received Bluetooth event: Intent { act=android.bluetooth.adapter.action.STATE_CHANGED flg=0x14000010 cmp=com.google.android.gms/.auth.be.proximity.authorization.bt.AuthorizationBluetoothService$BluetoothStateChangeReceiver (has extras) }.
W/ContextImpl( 1219): Calling a method in the system process without a qualified user: android.app.ContextImpl.startService:-1 android.content.ContextWrapper.startService:-1 android.content.ContextWrapper.startService:-1 com.android.settings.bluetooth.DockEventReceiver.e:134 com.android.settings.bluetooth.DockEventReceiver.onReceive:115
D/DockEventReceiver( 1219): finishStartingService: stopping service
E/BTEventHandler( 6472): A4WP is not supported
V/BluetoothSapReceiver( 6472): SapReceiver onReceive
V/BluetoothSapReceiver( 6472): action = android.bluetooth.adapter.action.STATE_CHANGED
V/BluetoothSapReceiver( 6472): Bluetooth Adapter state = 10
D/AuthorizationBluetoothService( 1530): Received Bluetooth event: Intent { act=android.bluetooth.adapter.action.STATE_CHANGED flg=0x14000010 cmp=com.google.android.gms/.auth.be.proximity.authorization.bt.AuthorizationBluetoothService$BluetoothStateChangeReceiver (has extras) }.
W/BroadcastQueueInjector( 844): Unable to launch app com.rhapsody.napster/10104 for broadcast Intent { act=android.bluetooth.adapter.action.STATE_CHANGED flg=0x14000010 (has extras) }: process is not permitted to autostart
W/BroadcastQueue( 844): Permission Denial: receiving Intent { act=android.bluetooth.adapter.action.STATE_CHANGED flg=0x14000010 (has extras) } to com.mi4ever.app.mi4everblog/com.appyet.receiver.CommonReceiver requires android.permission.BLUETOOTH due to sender android (uid 1000)
E/BTEventHandler( 6472): A4WP is not supported
V/BluetoothSapReceiver( 6472): SapReceiver onReceive
V/BluetoothSapReceiver( 6472): action = android.bluetooth.adapter.action.STATE_CHANGED
V/BluetoothSapReceiver( 6472): Bluetooth Adapter state = 11
D/AuthorizationBluetoothService( 1530): Received Bluetooth event: Intent { act=android.bluetooth.adapter.action.STATE_CHANGED flg=0x14000010 cmp=com.google.android.gms/.auth.be.proximity.authorization.bt.AuthorizationBluetoothService$BluetoothStateChangeReceiver (has extras) }.
W/BroadcastQueueInjector( 844): Unable to launch app com.rhapsody.napster/10104 for broadcast Intent { act=android.bluetooth.adapter.action.STATE_CHANGED flg=0x14000010 (has extras) }: process is not permitted to autostart
W/BroadcastQueue( 844): Permission Denial: receiving Intent { act=android.bluetooth.adapter.action.STATE_CHANGED flg=0x14000010 (has extras) } to com.mi4ever.app.mi4everblog/com.appyet.receiver.CommonReceiver requires android.permission.BLUETOOTH due to sender android (uid 1000)
I/qcom-bluetooth( 6519): /system/etc/init.qcom.bt.sh: Transport : smd
I/qcom-bluetooth( 6520): /system/etc/init.qcom.bt.sh: ** Bluedroid stack **
I/qcom-bluetooth( 6522): /system/etc/init.qcom.bt.sh: Power Class: Ignored. Default(1) used (1-CLASS1/2-CLASS2/3-CUSTOM)
I/qcom-bluetooth( 6523): /system/etc/init.qcom.bt.sh: Power Class: To override, Before turning BT ON; setprop qcom.bt.dev_power_class <1 or 2 or 3>
I/qcom-bluetooth( 6524): /system/etc/init.qcom.bt.sh: LE Power Class: Ignored. Default(2) used (1-CLASS1/2-CLASS2/3-CUSTOM)
I/Sensors ( 418): sns_pwr.c(279):acquiring wakelock
I/qcom-bluetooth( 6525): /system/etc/init.qcom.bt.sh: LE Power Class: To override, Before turning BT ON; setprop qcom.bt.le_dev_pwr_class <1 or 2 or 3>
E/Diag_Lib( 6527): Diag_LSM_Init: Failed to open handle to diag driver, error = 13
E/QMI_FW ( 6527): QMUXD: Service_id=228 not found over conn_id=0
E/QMI_FW ( 6527): QMUXD: Service_id=228 not found over conn_id=37
E/QMI_FW ( 6527): QMUXD: Service_id=228 not found over conn_id=0
E/QMI_FW ( 6527): QMUXD: Service_id=228 not found over conn_id=37
E/QMI_FW ( 6527): QMUXD: Service_id=228 not found over conn_id=0
E/QMI_FW ( 6527): QMUXD: Service_id=228 not found over conn_id=37
E/QMI_FW ( 6527): QMUXD: Service_id=228 not found over conn_id=0
E/QMI_FW ( 6527): QMUXD: Service_id=228 not found over conn_id=37
E/QMI_FW ( 6527): QMUXD: Service_id=228 not found over conn_id=0
E/QMI_FW ( 6527): QMUXD: Service_id=228 not found over conn_id=37
I/qcom-bluetooth( 6536): /system/etc/init.qcom.bt.sh: Bluetooth QSoC firmware download succeeded, /dev/ttyHS0 qualcomm-ibs 3000000 f8:a4:5f:02:67:23
I/qcom-bluetooth( 6537): /system/etc/init.qcom.bt.sh: ** Bluedroid stack **
I/bt_vendor( 6472): bluetooth satus is on
D/bt_userial_mct( 6472): userial_open(port:0)
I/bt_vendor( 6472): bt-vendor : BT_VND_OP_USERIAL_OPEN
I/bt_vendor( 6472): Done intiailizing UART
I/bt_vendor( 6472): Done intiailizing UART
I/bt_userial_mct( 6472): CMD=72, EVT=72, ACL_Out=73, ACL_In=73
I/bt_vendor( 6472): Bluetooth Firmware and transport layer are initialized
I/bt-btu ( 6472): btu_task received preload complete event
W/bt-l2cap( 6472): L2CAP - L2CA_Register() called for PSM: 0x0001
W/bt-l2cap( 6472): L2CAP - L2CA_Register() called for PSM: 0x001f
W/bt-l2cap( 6472): L2CAP - L2CA_Register() called for PSM: 0x0003
W/bt-l2cap( 6472): L2CAP - L2CA_Register() called for PSM: 0x1487
F/libc ( 6472): Fatal signal 11 (SIGSEGV), code 1, fault addr 0x8 in tid 6509 (BTU)
D/bt_userial_mct( 6472): Entering userial_read_thread()
I/DEBUG ( 6264): *** *** *** *** *** *** *** *** *** *** *** *** *** *** *** ***
I/DEBUG ( 6264): Build fingerprint: 'Xiaomi/aries/aries:5.0.2/LRX22G/5.8.20:user/release-keys'
I/DEBUG ( 6264): Revision: '0'
I/DEBUG ( 6264): ABI: 'arm'
I/DEBUG ( 6264): pid: 6472, tid: 6509, name: BTU >>> com.android.bluetooth <<<
I/DEBUG ( 6264): signal 11 (SIGSEGV), code 1 (SEGV_MAPERR), fault addr 0x8
I/DEBUG ( 6264): r0 a533fa48 r1 fffffae8 r2 a53665b8 r3 00000000
I/DEBUG ( 6264): r4 000003e8 r5 00000000 r6 000003e8 r7 a5375318
I/DEBUG ( 6264): r8 a5365d30 r9 a5034308 sl b6f1e785 fp a3feddb0
I/DEBUG ( 6264): ip 7ffffffe sp a3fedce0 lr a52b956f pc a52b95e2 cpsr 200f0030
I/DEBUG ( 6264):
I/DEBUG ( 6264): backtrace:
I/DEBUG ( 6264): #00 pc 000a45e2 /system/lib/hw/bluetooth.default.so (alarm_service_reschedule+125)
I/DEBUG ( 6264): #01 pc 000a445b /system/lib/hw/bluetooth.default.so (GKI_start_timer+150)
I/DEBUG ( 6264): #02 pc 000d96eb /system/lib/hw/bluetooth.default.so (btu_start_timer+66)
I/DEBUG ( 6264): #03 pc 0003a3a3 /system/lib/hw/bluetooth.default.so (BTE_InitStack+10)
I/DEBUG ( 6264): #04 pc 000d9a6b /system/lib/hw/bluetooth.default.so (btu_task+82)
I/DEBUG ( 6264): #05 pc 000a44c1 /system/lib/hw/bluetooth.default.so
I/DEBUG ( 6264): #06 pc 000137a3 /system/lib/libc.so (__pthread_start(void*)+30)
I/DEBUG ( 6264): #07 pc 00011883 /system/lib/libc.so (__start_thread+6)
I/DEBUG ( 6264):
I/DEBUG ( 6264): Tombstone written to: /data/tombstones/tombstone_09
I/libmc ( 2269): received event[index:0,mask:0x8,name:tombstone_09]
E/SharedPreferencesImpl( 844): Couldn't create directory for SharedPreferences file shared_prefs/log_files.xml
I/BootReceiver( 844): Copying /data/tombstones/tombstone_09 to DropBox (SYSTEM_TOMBSTONE)
I/WhetstoneService( 1322): Receive am_crash event for pid: 844
W/KloServer( 1322): Aborted broadcast does not supprt for: android
D/BluetoothManagerService( 844): BluetoothServiceConnection, disconnected: com.android.bluetooth.btservice.AdapterService
D/BluetoothManagerService( 844): Message: 41
E/BluetoothManagerService( 844): MESSAGE_BLUETOOTH_SERVICE_DISCONNECTED: 1
D/BluetoothManagerService( 844): Calling onBluetoothServiceDown callbacks
D/BluetoothManagerService( 844): Broadcasting onBluetoothServiceDown() to 7 receivers.
D/BluetoothManagerService( 844): Calling onQBluetoothServiceDown callbacks
D/BluetoothManagerService( 844): Broadcasting onQBluetoothServiceDown() to 0 receivers.
D/BluetoothManagerService( 844): Bluetooth State Change Intent: 12 -> 13
W/ActivityManager( 844): Process com.android.bluetooth has crashed too many times: killing!
I/KLO_Stability( 2269): start gathering logcat log...
D/ProcessObserver( 1640): onProcessDied, pid: 6472 uid: 1002
I/KLO_Stability( 2269): gethering logcat log done
I/ActivityManager( 844): Killing 6472:com.android.bluetooth/1002 (adj -11): crash
I/libmc ( 2269): received event[index:0,mask:0x80,name:system_app_native_crash@1440510110228.txt]
I/libmc ( 2269): received event[index:0,mask:0x80,name:SYSTEM_TOMBSTONE@1440510110242.txt.gz]
E/WhetstoneService( 1322): the pacakge name not found
D/BluetoothManagerService( 844): Broadcasting onBluetoothStateChange(false) to 9 receivers.
D/BluetoothHeadset( 844): onBluetoothStateChange: up=false
E/BluetoothHeadset( 844):
E/BluetoothHeadset( 844): java.lang.IllegalArgumentException: Service not registered: android.bluetooth.BluetoothHeadset$2@1aac831b
E/BluetoothHeadset( 844): at android.app.LoadedApk.forgetServiceDispatcher(LoadedApk.java)
E/BluetoothHeadset( 844): at android.app.ContextImpl.unbindService(ContextImpl.java)
E/BluetoothHeadset( 844): at android.bluetooth.BluetoothHeadset$1.onBluetoothStateChange(BluetoothHeadset.java)
E/BluetoothHeadset( 844): at com.android.server.BluetoothManagerService.sendBluetoothStateCallback(BluetoothManagerService.java)
E/BluetoothHeadset( 844): at com.android.server.BluetoothManagerService.bluetoothStateChangeHandler(BluetoothManagerService.java)
E/BluetoothHeadset( 844): at com.android.server.BluetoothManagerService.access$3200(BluetoothManagerService.java)
E/BluetoothHeadset( 844): at com.android.server.BluetoothManagerService$BluetoothHandler.handleMessage(BluetoothManagerService.java)
E/BluetoothHeadset( 844): at android.os.Handler.dispatchMessage(Handler.java)
E/BluetoothHeadset( 844): at android.os.Looper.loop(Looper.java)
E/BluetoothHeadset( 844): at android.os.HandlerThread.run(HandlerThread.java)
E/BluetoothHeadset( 844): at com.android.server.ServiceThread.run(ServiceThread.java)
I/ActivityManager( 844): Start proc com.android.bluetooth for restart com.android.bluetooth: pid=6548 uid=1002 gids={41002, 9997, 3003, 3002, 3001, 1028, 1015, 3005, 1016, 3008, 1023} abi=armeabi-v7a
I/Zygote ( 296): Process 6472 exited due to signal (11)
I/art ( 296): Explicit concurrent mark sweep GC freed 709(30KB) AllocSpace objects, 0(0B) LOS objects, 39% free, 7MB/13MB, paused 274us total 16.662ms
D/BluetoothHeadset( 1302): onBluetoothStateChange: up=false
E/BluetoothHeadset( 1302):
E/BluetoothHeadset( 1302): java.lang.IllegalArgumentException: Service not registered: android.bluetooth.BluetoothHeadset$2@171bdf46
E/BluetoothHeadset( 1302): at android.app.LoadedApk.forgetServiceDispatcher(LoadedApk.java)
E/BluetoothHeadset( 1302): at android.app.ContextImpl.unbindService(ContextImpl.java)
E/BluetoothHeadset( 1302): at android.content.ContextWrapper.unbindService(ContextWrapper.java)
E/BluetoothHeadset( 1302): at android.bluetooth.BluetoothHeadset$1.onBluetoothStateChange(BluetoothHeadset.java)
E/BluetoothHeadset( 1302): at android.bluetooth.IBluetoothStateChangeCallback$Stub.onTransact(IBluetoothStateChangeCallback.java)
E/BluetoothHeadset( 1302): at android.os.Binder.execTransact(Binder.java)
D/BluetoothAdapter( 1358): 173510713: getState() : mService = null. Returning STATE_OFF
D/BluetoothAdapter( 1063): 517947889: getState() : mService = null. Returning STATE_OFF
D/KeyguardViewMediator( 1063): action name: android.bluetooth.adapter.action.STATE_CHANGED
D/BluetoothPan( 1219): onBluetoothStateChange on: false
E/BluetoothPan( 1219):
E/BluetoothPan( 1219): java.lang.IllegalArgumentException: Service not registered: android.bluetooth.BluetoothPan$2@3bf2533c
E/BluetoothPan( 1219): at android.app.LoadedApk.forgetServiceDispatcher(LoadedApk.java)
E/BluetoothPan( 1219): at android.app.ContextImpl.unbindService(ContextImpl.java)
E/BluetoothPan( 1219): at android.content.ContextWrapper.unbindService(ContextWrapper.java)
E/BluetoothPan( 1219): at android.bluetooth.BluetoothPan$1.onBluetoothStateChange(BluetoothPan.java)
E/BluetoothPan( 1219): at android.bluetooth.IBluetoothStateChangeCallback$Stub.onTransact(IBluetoothStateChangeCallback.java)
E/BluetoothPan( 1219): at android.os.Binder.execTransact(Binder.java)
D/BluetoothMap( 1219): onBluetoothStateChange: up=false
E/BluetoothMap( 1219):
E/BluetoothMap( 1219): java.lang.IllegalArgumentException: Service not registered: android.bluetooth.BluetoothMap$2@37f1e8c5
E/BluetoothMap( 1219): at android.app.LoadedApk.forgetServiceDispatcher(LoadedApk.java)
E/BluetoothMap( 1219): at android.app.ContextImpl.unbindService(ContextImpl.java)
E/BluetoothMap( 1219): at android.content.ContextWrapper.unbindService(ContextWrapper.java)
E/BluetoothMap( 1219): at android.bluetooth.BluetoothMap$1.onBluetoothStateChange(BluetoothMap.java)
E/BluetoothMap( 1219): at android.bluetooth.IBluetoothStateChangeCallback$Stub.onTransact(IBluetoothStateChangeCallback.java)
E/BluetoothMap( 1219): at android.os.Binder.execTransact(Binder.java)
D/BluetoothInputDevice( 1219): onBluetoothStateChange: up=false
E/BluetoothInputDevice( 1219):
E/BluetoothInputDevice( 1219): java.lang.IllegalArgumentException: Service not registered: android.bluetooth.BluetoothInputDevice$2@3d6912f
E/BluetoothInputDevice( 1219): at android.app.LoadedApk.forgetServiceDispatcher(LoadedApk.java)
E/BluetoothInputDevice( 1219): at android.app.ContextImpl.unbindService(ContextImpl.java)
E/BluetoothInputDevice( 1219): at android.content.ContextWrapper.unbindService(ContextWrapper.java)
E/BluetoothInputDevice( 1219): at android.bluetooth.BluetoothInputDevice$1.onBluetoothStateChange(BluetoothInputDevice.java)
E/BluetoothInputDevice( 1219): at android.bluetooth.IBluetoothStateChangeCallback$Stub.onTransact(IBluetoothStateChangeCallback.java)
E/BluetoothInputDevice( 1219): at android.os.Binder.execTransact(Binder.java)
D/BluetoothHeadset( 1284): onBluetoothStateChange: up=false
E/BluetoothHeadset( 1284):
E/BluetoothHeadset( 1284): java.lang.IllegalArgumentException: Service not registered: android.bluetooth.BluetoothHeadset$2@315b80fe
E/BluetoothHeadset( 1284): at android.app.LoadedApk.forgetServiceDispatcher(LoadedApk.java)
E/BluetoothHeadset( 1284): at android.app.ContextImpl.unbindService(ContextImpl.java)
E/BluetoothHeadset( 1284): at android.content.ContextWrapper.unbindService(ContextWrapper.java)
E/BluetoothHeadset( 1284): at android.content.ContextWrapper.unbindService(ContextWrapper.java)
E/BluetoothHeadset( 1284): at android.bluetooth.BluetoothHeadset$1.onBluetoothStateChange(BluetoothHeadset.java)
E/BluetoothHeadset( 1284): at android.bluetooth.IBluetoothStateChangeCallback$Stub.onTransact(IBluetoothStateChangeCallback.java)
E/BluetoothHeadset( 1284): at android.os.Binder.execTransact(Binder.java)
D/BluetoothPbap( 1219): onBluetoothStateChange: up=false
E/BluetoothPbap( 1219):
E/BluetoothPbap( 1219): java.lang.IllegalArgumentException: Service not registered: android.bluetooth.BluetoothPbap$2@144a521a
E/BluetoothPbap( 1219): at android.app.LoadedApk.forgetServiceDispatcher(LoadedApk.java)
E/BluetoothPbap( 1219): at android.app.ContextImpl.unbindService(ContextImpl.java)
E/BluetoothPbap( 1219): at android.content.ContextWrapper.unbindService(ContextWrapper.java)
E/BluetoothPbap( 1219): at android.bluetooth.BluetoothPbap$1.onBluetoothStateChange(BluetoothPbap.java)
E/BluetoothPbap( 1219): at android.bluetooth.IBluetoothStateChangeCallback$Stub.onTransact(IBluetoothStateChangeCallback.java)
E/BluetoothPbap( 1219): at android.os.Binder.execTransact(Binder.java)
I/art ( 296): Explicit concurrent mark sweep GC freed 5(160B) AllocSpace objects, 0(0B) LOS objects, 39% free, 7MB/13MB, paused 213us total 16.143ms
D/Telecom ( 1284): BluetoothPhoneService: Bluetooth Adapter state: 13
D/BluetoothA2dp( 844): onBluetoothStateChange: up=false
E/BluetoothA2dp( 844):
E/BluetoothA2dp( 844): java.lang.IllegalArgumentException: Service not registered: android.bluetooth.BluetoothA2dp$2@1d8635f7
E/BluetoothA2dp( 844): at android.app.LoadedApk.forgetServiceDispatcher(LoadedApk.java)
E/BluetoothA2dp( 844): at android.app.ContextImpl.unbindService(ContextImpl.java)
E/BluetoothA2dp( 844): at android.bluetooth.BluetoothA2dp$1.onBluetoothStateChange(BluetoothA2dp.java)
E/BluetoothA2dp( 844): at com.android.server.BluetoothManagerService.sendBluetoothStateCallback(BluetoothManagerService.java)
E/BluetoothA2dp( 844): at com.android.server.BluetoothManagerService.bluetoothStateChangeHandler(BluetoothManagerService.java)
E/BluetoothA2dp( 844): at com.android.server.BluetoothManagerService.access$3200(BluetoothManagerService.java)
E/BluetoothA2dp( 844): at com.android.server.BluetoothManagerService$BluetoothHandler.handleMessage(BluetoothManagerService.java)
E/BluetoothA2dp( 844): at android.os.Handler.dispatchMessage(Handler.java)
E/BluetoothA2dp( 844): at android.os.Looper.loop(Looper.java)
E/BluetoothA2dp( 844): at android.os.HandlerThread.run(HandlerThread.java)
E/BluetoothA2dp( 844): at com.android.server.ServiceThread.run(ServiceThread.java)
D/BluetoothHeadset( 1284): onBluetoothStateChange: up=false
W/ContextImpl( 1219): Calling a method in the system process without a qualified user: android.app.ContextImpl.startService:-1 android.content.ContextWrapper.startService:-1 android.content.ContextWrapper.startService:-1 com.android.settings.bluetooth.DockEventReceiver.e:134 com.android.settings.bluetooth.DockEventReceiver.onReceive:115
W/ActivityManager( 844): Spurious death for ProcessRecord{912de85 6548:com.android.bluetooth/1002}, curProc for 6472: null
W/BroadcastQueueInjector( 844): System app: "com.android.bluetooth" started by broadcast Intent { act=android.bluetooth.adapter.action.STATE_CHANGED flg=0x14000010 (has extras) }
D/DockEventReceiver( 1219): finishStartingService: stopping service
E/BluetoothHeadset( 1284):
E/BluetoothHeadset( 1284): java.lang.IllegalArgumentException: Service not registered: android.bluetooth.BluetoothHeadset$2@1845c947
E/BluetoothHeadset( 1284): at android.app.LoadedApk.forgetServiceDispatcher(LoadedApk.java)
E/BluetoothHeadset( 1284): at android.app.ContextImpl.unbindService(ContextImpl.java)
E/BluetoothHeadset( 1284): at android.content.ContextWrapper.unbindService(ContextWrapper.java)
E/BluetoothHeadset( 1284): at android.bluetooth.BluetoothHeadset$1.onBluetoothStateChange(BluetoothHeadset.java)
E/BluetoothHeadset( 1284): at android.bluetooth.IBluetoothStateChangeCallback$Stub.onTransact(IBluetoothStateChangeCallback.java)
E/BluetoothHeadset( 1284): at android.os.Binder.execTransact(Binder.java)
D/BluetoothManagerService( 844): Bluetooth State Change Intent: 13 -> 10
I/art ( 296): Explicit concurrent mark sweep GC freed 5(160B) AllocSpace objects, 0(0B) LOS objects, 39% free, 7MB/13MB, paused 244us total 13.793ms
D/BluetoothAdapter( 1063): 517947889: getState() : mService = null. Returning STATE_OFF
D/BluetoothAdapter( 1358): 173510713: getState() : mService = null. Returning STATE_OFF
D/KeyguardViewMediator( 1063): action name: android.bluetooth.adapter.action.STATE_CHANGED
D/Telecom ( 1284): BluetoothPhoneService: Bluetooth Adapter state: 10
V/ProcessObserver( 1640): onProcessStateChanged
V/LocationPolicy( 844): onProcessStateChanged
W/ResourcesManager( 6548): Asset path '/system/framework/javax.btobex.jar' does not exist or contains no resources.
D/BluetoothManagerService( 844): Message: 42
D/BluetoothManagerService( 844): MESSAGE_RESTART_BLUETOOTH_SERVICE: Restart IBluetooth service
V/ProcessObserver( 1640): onProcessStateChanged
D/miuisdk ( 6548): current sdk level is 2
V/LocationPolicy( 844): onProcessStateChanged
D/AdapterServiceConfig( 6548): Adding HeadsetService
D/AdapterServiceConfig( 6548): Adding A2dpService
D/AdapterServiceConfig( 6548): Adding HidService
D/AdapterServiceConfig( 6548): Adding HealthService
D/AdapterServiceConfig( 6548): Adding PanService
D/AdapterServiceConfig( 6548): Adding GattService
D/AdapterServiceConfig( 6548): Adding BluetoothMapService
D/BluetoothManagerService( 844): Message: 20
D/BluetoothManagerService( 844): Added callback: android.bluetooth.IBluetoothManagerCallback$Stub$Proxy@2b750d0f:true
D/BluetoothAdapterState( 6548): make
I/bluedroid( 6548): init
I/BluetoothAdapterState( 6548): Entering OffState
I/bte_conf( 6548): bte_load_conf attempt to load stack conf from /etc/bluetooth/bt_stack.conf
I/bte_conf( 6548): bte_load_ble_conf attempt to load ble stack conf from /etc/bluetooth/ble_stack.conf
E/bt_osi_config( 6548): config_new unable to open file '/etc/bluetooth/ble_stack.conf': No such file or directory
I/bte_conf( 6548): bte_load_ble_conf file >/etc/bluetooth/ble_stack.conf< not found
I/GKI_LINUX( 6548): gki_task_entry task_id=1 [BTIF] starting
E/GKI_LINUX( 6548): GKI_exception(): Task State Table
E/GKI_LINUX( 6548): TASK ID [0] task name [(null)] state [0]
E/GKI_LINUX( 6548): TASK ID [1] task name [BTIF] state [1]
E/GKI_LINUX( 6548): TASK ID [2] task name [(null)] state [0]
E/GKI_LINUX( 6548): GKI_exception 65531 Sending to unknown dest
E/GKI_LINUX( 6548): ********************************************************************
E/GKI_LINUX( 6548): * GKI_exception(): 65531 Sending to unknown dest
E/GKI_LINUX( 6548): ********************************************************************
I/bluedroid( 6548): get_profile_interface socket
I/bluedroid( 6548): get_profile_interface map_client
D/BluetoothAdapterProperties( 6548): Address is:F8:A4:5F:02:67:23
D/BluetoothAdapterProperties( 6548): Name is: Mi Phone
D/BluetoothManagerService( 844): BluetoothServiceConnection: com.android.bluetooth.btservice.AdapterService
D/BluetoothManagerService( 844): Bluetooth Adapter name changed to Mi Phone
D/BluetoothManagerService( 844): Message: 40
D/BluetoothManagerService( 844): MESSAGE_BLUETOOTH_SERVICE_CONNECTED: 1
D/BluetoothManagerService( 844): Stored Bluetooth name: Mi Phone
I/bluedroid( 6548): config_hci_snoop_log
D/BluetoothManagerService( 844): Calling onBluetoothServiceUp callbacks
D/BluetoothManagerService( 844): Broadcasting onBluetoothServiceUp() to 8 receivers.
D/BluetoothAdapterState( 6548): CURRENT_STATE=OFF, MESSAGE = USER_TURN_ON
D/BluetoothAdapterProperties( 6548): Setting state to 11
I/BluetoothAdapterState( 6548): Bluetooth adapter state changed: 10-> 11
D/BluetoothManagerService( 844): Message: 60
D/BluetoothManagerService( 844): MESSAGE_BLUETOOTH_STATE_CHANGE: prevState = 10, newState=11
D/BluetoothManagerService( 844): Bluetooth State Change Intent: 10 -> 11
D/BluetoothBondStateMachine( 6548): make
D/KeyguardViewMediator( 1063): action name: android.bluetooth.adapter.action.STATE_CHANGED
D/BluetoothAdapterService( 6548): checkA2dpState: isA2dpSinkEnabled = false
E/BluetoothAdapterService( 6548): checkA2dpState: returning
D/BluetoothAdapterService( 6548): checkHidState: isHidDev = false
E/BluetoothAdapterService( 6548): checkHidState: returning
D/BluetoothAdapterService( 6548): checkHfpState: isHfpClientEnabled = false
E/BluetoothAdapterService( 6548): checkHfpState: returning
I/BluetoothBondStateMachine( 6548): StableState(): Entering Off State
D/Telecom ( 1284): BluetoothPhoneService: Bluetooth Adapter state: 11
D/HeadsetService( 6548): Received start request. Starting profile...
I/BluetoothHeadsetServiceJni( 6548): classInitNative: succeeds
D/HeadsetStateMachine( 6548): Version 1.6
D/HeadsetStateMachine( 6548): make
I/BluetoothAdapterState( 6548): Entering PendingCommandState State: isTurningOn()=true, isTurningOff()=false
E/HeadsetStateMachine( 6548): Could not bind to Bluetooth Headset Voip Phone Service
D/HeadsetStateMachine( 6548): max_hf_connections = 1
I/bluedroid( 6548): get_profile_interface handsfree
D/HeadsetStateMachine( 6548): Enter Disconnected: -2, size: 0
D/BluetoothAdapterService( 6548): getAdapterService() - returning com.android.bluetooth.btservice.AdapterService@167dc37b
D/A2dpService( 6548): Received start request. Starting profile...
I/BluetoothAvrcpServiceJni( 6548): classInitNative: succeeds
V/Avrcp ( 6548): make
V/Avrcp ( 6548): Avrcp
I/bluedroid( 6548): get_profile_interface avrcp
V/Avrcp ( 6548): start
V/Avrcp ( 6548): registerMediaPlayers
V/Avrcp ( 6548): MediaPlayerInfo: mPlayerId = 1
V/Avrcp ( 6548): mMajorPlayerType = 1 mPlayerSubType = 0
V/Avrcp ( 6548): mPlayState = 2 mCharsetId = 106
V/Avrcp ( 6548): mPlayerPackageName = com.android.music mDisplayableNameLength = 5
V/Avrcp ( 6548): mItemLength = 33 mEntryLength = 34
V/Avrcp ( 6548): mFeatureMask =
V/Avrcp ( 6548): mFeatureMask[0] = 0
V/Avrcp ( 6548): mFeatureMask[1] = 0
V/Avrcp ( 6548): mFeatureMask[2] = 0
V/Avrcp ( 6548): mFeatureMask[3] = 0
V/Avrcp ( 6548): mFeatureMask[4] = 12
V/Avrcp ( 6548): mFeatureMask[5] = 55
V/Avrcp ( 6548): mFeatureMask[6] = 0
V/Avrcp ( 6548): mFeatureMask[7] = 141
V/Avrcp ( 6548): mFeatureMask[8] = 2
V/Avrcp ( 6548): mFeatureMask[9] = 0
V/Avrcp ( 6548): mFeatureMask[10] = 0
V/Avrcp ( 6548): mFeatureMask[11] = 0
