E/BluetoothHeadset( 1284): at android.app.ContextImpl.unbindService(ContextImpl.java)
E/BluetoothHeadset( 1284): at android.content.ContextWrapper.unbindService(ContextWrapper.java)
E/BluetoothHeadset( 1284): at android.bluetooth.BluetoothHeadset$1.onBluetoothStateChange(BluetoothHeadset.java)
E/BluetoothHeadset( 1284): at android.bluetooth.IBluetoothStateChangeCallback$Stub.onTransact(IBluetoothStateChangeCallback.java)
E/BluetoothHeadset( 1284): at android.os.Binder.execTransact(Binder.java)
D/BluetoothManagerService( 844): Bluetooth State Change Intent: 13 -> 10
W/BroadcastQueue( 844): Skipping deliver [foreground] BroadcastRecord{493e56e u0 android.bluetooth.adapter.action.STATE_CHANGED} to ReceiverList{28f5f3e3 3638 com.android.bluetooth/1002/u0 remote:356d4012}: process crashing
W/ContextImpl( 1219): Calling a method in the system process without a qualified user: android.app.ContextImpl.startService:-1 android.content.ContextWrapper.startService:-1 android.content.ContextWrapper.startService:-1 com.android.settings.bluetooth.DockEventReceiver.e:134 com.android.settings.bluetooth.DockEventReceiver.onReceive:115
I/DsService( 1269): wrote com.dolby.ds1appUI/com.dolby.ds1appUI.MainActivity as default
I/Zygote ( 296): Process 3638 exited due to signal (11)
I/libmc ( 2269): received event[index:0,mask:0x80,name:SYSTEM_TOMBSTONE@1440510058807.txt.gz]
I/ActivityManager( 844): Process com.android.bluetooth (pid 3638) has died
W/ActivityManager( 844): Scheduling restart of crashed service com.android.bluetooth/.hfp.HeadsetService in 1000ms
W/ActivityManager( 844): Scheduling restart of crashed service com.android.bluetooth/.a2dp.A2dpService in 1000ms
W/ActivityManager( 844): Scheduling restart of crashed service org.codeaurora.bluetooth/.sap.BluetoothSapService in 1000ms
W/ActivityManager( 844): Scheduling restart of crashed service com.android.bluetooth/.map.BluetoothMapService in 1000ms
W/ActivityManager( 844): Scheduling restart of crashed service com.android.bluetooth/.gatt.GattService in 1000ms
W/ActivityManager( 844): Scheduling restart of crashed service com.android.bluetooth/.hid.HidService in 1000ms
W/ActivityManager( 844): Scheduling restart of crashed service com.android.bluetooth/.btservice.AdapterService in 1000ms
W/ActivityManager( 844): Scheduling restart of crashed service com.android.bluetooth/.pan.PanService in 10999ms
W/ActivityManager( 844): Scheduling restart of crashed service org.codeaurora.bluetooth/.dun.BluetoothDunService in 10999ms
W/ActivityManager( 844): Scheduling restart of crashed service com.android.bluetooth/.hdp.HealthService in 10999ms
D/ProcessObserver( 1640): onProcessDied, pid: 3638 uid: 1002
E/WhetstoneService( 1322): the pacakge name not found
I/ActivityManager( 844): Start proc com.android.bluetooth for restart com.android.bluetooth: pid=3827 uid=1002 gids={41002, 9997, 3003, 3002, 3001, 1028, 1015, 3005, 1016, 3008, 1023} abi=armeabi-v7a
D/BluetoothAdapter( 1063): 517947889: getState() : mService = null. Returning STATE_OFF
D/BluetoothAdapter( 1358): 173510713: getState() : mService = null. Returning STATE_OFF
D/KeyguardViewMediator( 1063): action name: android.bluetooth.adapter.action.STATE_CHANGED
I/DsService( 1269): DsService.onStartCommand()
V/ProcessObserver( 1640): onProcessStateChanged
I/DsService( 1269): Intent action is android.dolby.IDs
D/DockEventReceiver( 1219): finishStartingService: stopping service
D/Telecom ( 1284): BluetoothPhoneService: Bluetooth Adapter state: 10
V/LocationPolicy( 844): onProcessStateChanged
W/BroadcastQueueInjector( 844): System app: "com.android.bluetooth" started by broadcast Intent { act=android.bluetooth.adapter.action.STATE_CHANGED flg=0x14000010 (has extras) }
W/ResourcesManager( 3804): Asset path '/system/framework/com.google.android.maps.jar' does not exist or contains no resources.
D/BluetoothManagerService( 844): Message: 42
D/BluetoothManagerService( 844): MESSAGE_RESTART_BLUETOOTH_SERVICE: Restart IBluetooth service
W/ResourcesManager( 3827): Asset path '/system/framework/javax.btobex.jar' does not exist or contains no resources.
D/miuisdk ( 3827): current sdk level is 2
D/AdapterServiceConfig( 3827): Adding HeadsetService
D/AdapterServiceConfig( 3827): Adding A2dpService
D/AdapterServiceConfig( 3827): Adding HidService
D/AdapterServiceConfig( 3827): Adding HealthService
D/AdapterServiceConfig( 3827): Adding PanService
D/AdapterServiceConfig( 3827): Adding GattService
D/AdapterServiceConfig( 3827): Adding BluetoothMapService
D/BluetoothManagerService( 844): Message: 20
D/BluetoothManagerService( 844): Added callback: android.bluetooth.IBluetoothManagerCallback$Stub$Proxy@14bac607:true
D/BluetoothAdapterState( 3827): make
I/bluedroid( 3827): init
I/BluetoothAdapterState( 3827): Entering OffState
I/bte_conf( 3827): bte_load_conf attempt to load stack conf from /etc/bluetooth/bt_stack.conf
I/bte_conf( 3827): bte_load_ble_conf attempt to load ble stack conf from /etc/bluetooth/ble_stack.conf
E/bt_osi_config( 3827): config_new unable to open file '/etc/bluetooth/ble_stack.conf': No such file or directory
I/bte_conf( 3827): bte_load_ble_conf file >/etc/bluetooth/ble_stack.conf< not found
I/GKI_LINUX( 3827): gki_task_entry task_id=1 [BTIF] starting
E/GKI_LINUX( 3827): GKI_exception(): Task State Table
E/GKI_LINUX( 3827): TASK ID [0] task name [(null)] state [0]
E/GKI_LINUX( 3827): TASK ID [1] task name [BTIF] state [1]
E/GKI_LINUX( 3827): TASK ID [2] task name [(null)] state [0]
E/GKI_LINUX( 3827): GKI_exception 65531 Sending to unknown dest
E/GKI_LINUX( 3827): ********************************************************************
E/GKI_LINUX( 3827): * GKI_exception(): 65531 Sending to unknown dest
E/GKI_LINUX( 3827): ********************************************************************
I/bluedroid( 3827): get_profile_interface socket
I/bluedroid( 3827): get_profile_interface map_client
D/BluetoothAdapterProperties( 3827): Address is:F8:A4:5F:02:67:23
D/BluetoothManagerService( 844): Bluetooth Adapter name changed to Mi Phone
D/BluetoothAdapterProperties( 3827): Name is: Mi Phone
D/BluetoothManagerService( 844): Stored Bluetooth name: Mi Phone
D/BluetoothManagerService( 844): BluetoothServiceConnection: com.android.bluetooth.btservice.AdapterService
D/BluetoothManagerService( 844): Message: 40
D/BluetoothManagerService( 844): MESSAGE_BLUETOOTH_SERVICE_CONNECTED: 1
I/bluedroid( 3827): config_hci_snoop_log
D/BluetoothManagerService( 844): Calling onBluetoothServiceUp callbacks
D/BluetoothManagerService( 844): Broadcasting onBluetoothServiceUp() to 7 receivers.
I/ServiceManager( 1322): Waiting for service miui.whetstone.net...
D/BluetoothAdapterState( 3827): CURRENT_STATE=OFF, MESSAGE = USER_TURN_ON
D/BluetoothAdapterProperties( 3827): Setting state to 11
I/BluetoothAdapterState( 3827): Bluetooth adapter state changed: 10-> 11
D/BluetoothManagerService( 844): Message: 60
D/BluetoothManagerService( 844): MESSAGE_BLUETOOTH_STATE_CHANGE: prevState = 10, newState=11
D/BluetoothManagerService( 844): Bluetooth State Change Intent: 10 -> 11
D/Telecom ( 1284): BluetoothPhoneService: Bluetooth Adapter state: 11
D/KeyguardViewMediator( 1063): action name: android.bluetooth.adapter.action.STATE_CHANGED
D/BluetoothBondStateMachine( 3827): make
I/BluetoothBondStateMachine( 3827): StableState(): Entering Off State
D/BluetoothAdapterService( 3827): checkA2dpState: isA2dpSinkEnabled = false
E/BTEventHandler( 3827): A4WP is not supported
E/BluetoothAdapterService( 3827): checkA2dpState: returning
D/BluetoothAdapterService( 3827): checkHidState: isHidDev = false
E/BluetoothAdapterService( 3827): checkHidState: returning
D/BluetoothAdapterService( 3827): checkHfpState: isHfpClientEnabled = false
E/BluetoothAdapterService( 3827): checkHfpState: returning
D/HeadsetService( 3827): Received start request. Starting profile...
I/BluetoothHeadsetServiceJni( 3827): classInitNative: succeeds
D/HeadsetStateMachine( 3827): Version 1.6
D/HeadsetStateMachine( 3827): make
I/BluetoothAdapterState( 3827): Entering PendingCommandState State: isTurningOn()=true, isTurningOff()=false
E/HeadsetStateMachine( 3827): Could not bind to Bluetooth Headset Voip Phone Service
D/HeadsetStateMachine( 3827): max_hf_connections = 1
I/bluedroid( 3827): get_profile_interface handsfree
D/BluetoothAdapterService( 3827): getAdapterService() - returning com.android.bluetooth.btservice.AdapterService@167dc37b
D/HeadsetStateMachine( 3827): Enter Disconnected: -2, size: 0
W/ResourcesManager( 3827): Asset path '/system/framework/javax.obex.jar' does not exist or contains no resources.
D/A2dpService( 3827): Received start request. Starting profile...
I/BluetoothAvrcpServiceJni( 3827): classInitNative: succeeds
V/Avrcp ( 3827): make
V/Avrcp ( 3827): Avrcp
I/bluedroid( 3827): get_profile_interface avrcp
V/Avrcp ( 3827): start
V/Avrcp ( 3827): registerMediaPlayers
V/Avrcp ( 3827): MediaPlayerInfo: mPlayerId = 1
V/Avrcp ( 3827): mMajorPlayerType = 1 mPlayerSubType = 0
V/Avrcp ( 3827): mPlayState = 2 mCharsetId = 106
V/Avrcp ( 3827): mPlayerPackageName = com.android.music mDisplayableNameLength = 5
V/Avrcp ( 3827): mItemLength = 33 mEntryLength = 34
V/Avrcp ( 3827): mFeatureMask =
V/Avrcp ( 3827): mFeatureMask[0] = 0
V/Avrcp ( 3827): mFeatureMask[1] = 0
V/Avrcp ( 3827): mFeatureMask[2] = 0
V/Avrcp ( 3827): mFeatureMask[3] = 0
V/Avrcp ( 3827): mFeatureMask[4] = 12
V/Avrcp ( 3827): mFeatureMask[5] = 55
V/Avrcp ( 3827): mFeatureMask[6] = 0
V/Avrcp ( 3827): mFeatureMask[7] = 141
V/Avrcp ( 3827): mFeatureMask[8] = 2
V/Avrcp ( 3827): mFeatureMask[9] = 0
V/Avrcp ( 3827): mFeatureMask[10] = 0
V/Avrcp ( 3827): mFeatureMask[11] = 0
V/Avrcp ( 3827): mFeatureMask[12] = 0
V/Avrcp ( 3827): mFeatureMask[13] = 0
V/Avrcp ( 3827): mFeatureMask[14] = 0
V/Avrcp ( 3827): mFeatureMask[15] = 0
V/Avrcp ( 3827): mDisplayableName=
V/Avrcp ( 3827): mDisplayableName[0] = 77
V/Avrcp ( 3827): mDisplayableName[1] = 117
V/Avrcp ( 3827): mDisplayableName[2] = 115
V/Avrcp ( 3827): mDisplayableName[3] = 105
V/Avrcp ( 3827): mDisplayableName[4] = 99
V/Avrcp ( 3827): MediaPlayerInfo: mPlayerId = 2
V/Avrcp ( 3827): mMajorPlayerType = 1 mPlayerSubType = 0
V/Avrcp ( 3827): mPlayState = 2 mCharsetId = 106
V/Avrcp ( 3827): mPlayerPackageName = com.google.android.music mDisplayableNameLength = 6
V/Avrcp ( 3827): mItemLength = 34 mEntryLength = 35
V/Avrcp ( 3827): mFeatureMask =
V/Avrcp ( 3827): mFeatureMask[0] = 0
V/Avrcp ( 3827): mFeatureMask[1] = 0
V/Avrcp ( 3827): mFeatureMask[2] = 0
V/Avrcp ( 3827): mFeatureMask[3] = 0
V/Avrcp ( 3827): mFeatureMask[4] = 12
V/Avrcp ( 3827): mFeatureMask[5] = 55
V/Avrcp ( 3827): mFeatureMask[6] = 0
V/Avrcp ( 3827): mFeatureMask[7] = 5
V/Avrcp ( 3827): mFeatureMask[8] = 0
V/Avrcp ( 3827): mFeatureMask[9] = 0
V/Avrcp ( 3827): mFeatureMask[10] = 0
V/Avrcp ( 3827): mFeatureMask[11] = 0
V/Avrcp ( 3827): mFeatureMask[12] = 0
V/Avrcp ( 3827): mFeatureMask[13] = 0
V/Avrcp ( 3827): mFeatureMask[14] = 0
V/Avrcp ( 3827): mFeatureMask[15] = 0
V/Avrcp ( 3827): mDisplayableName=
V/Avrcp ( 3827): mDisplayableName[0] = 77
V/Avrcp ( 3827): mDisplayableName[1] = 117
V/Avrcp ( 3827): mDisplayableName[2] = 115
V/Avrcp ( 3827): mDisplayableName[3] = 105
V/Avrcp ( 3827): mDisplayableName[4] = 99
V/Avrcp ( 3827): mDisplayableName[5] = 50
V/AudioService( 844): updateRemoteControllerOnExistingMediaPlayers: size of Player list: 0
E/AudioService( 844): No RCC entry present to update
E/RemoteController( 3827): Cannot set synchronization mode on an unregistered RemoteController
I/BluetoothA2dpServiceJni( 3827): classInitNative: succeeds
D/A2dpStateMachine( 3827): make
I/bluedroid( 3827): get_profile_interface a2dp
I/GKI_LINUX( 3827): gki_task_entry task_id=2 [A2DP-MEDIA] starting
D/bt-btif ( 3827): btif_av_state_idle_handler event:BTIF_SM_ENTER_EVT flags 0
D/A2dpService( 3827): setA2dpService(): set to: null
D/A2dpStateMachine( 3827): Enter Disconnected: -2
D/BluetoothAdapterService( 3827): getAdapterService() - returning com.android.bluetooth.btservice.AdapterService@167dc37b
I/BluetoothHidServiceJni( 3827): classInitNative: succeeds
D/HidService( 3827): Received start request. Starting profile...
I/bluedroid( 3827): get_profile_interface hidhost
D/BluetoothAdapterService( 3827): getAdapterService() - returning com.android.bluetooth.btservice.AdapterService@167dc37b
I/BluetoothHealthServiceJni( 3827): classInitNative: succeeds
D/HealthService( 3827): Received start request. Starting profile...
I/bluedroid( 3827): get_profile_interface health
D/BluetoothAdapterService( 3827): getAdapterService() - returning com.android.bluetooth.btservice.AdapterService@167dc37b
I/BluetoothPanServiceJni( 3827): classInitNative(L105): succeeds
D/PanService( 3827): Received start request. Starting profile...
D/BluetoothPanServiceJni( 3827): initializeNative(L110): pan
I/bluedroid( 3827): get_profile_interface pan
D/BluetoothAdapterService( 3827): getAdapterService() - returning com.android.bluetooth.btservice.AdapterService@167dc37b
D/BtGatt.GattService( 3827): classInitNative called
I/BtGatt.JNI( 3827): classInitNative(L863): classInitNative: Success!
D/BtGatt.DebugUtils( 3827): handleDebugAction() action=null
D/BtGatt.GattService( 3827): Received start request. Starting profile...
D/BtGatt.GattService( 3827): start()
I/bluedroid( 3827): get_profile_interface gatt
D/BtGatt.AdvertiseManager( 3827): advertise manager created
D/BluetoothAdapterService( 3827): getAdapterService() - returning com.android.bluetooth.btservice.AdapterService@167dc37b
D/BluetoothMapService( 3827): inside BluetoothMapObexConnection
D/BluetoothMapService( 3827): supportedMessageTypes 14
D/BluetoothMapService( 3827): masId 0
D/BluetoothMapService( 3827): inside BluetoothMapObexConnection
D/BluetoothMapService( 3827): supportedMessageTypes 1
D/BluetoothMapService( 3827): masId 1
D/BluetoothMapService( 3827): Inside initBinder
D/BluetoothMapService( 3827): Received start request. Starting profile...
D/BluetoothMapService( 3827): start()
D/BluetoothMapService( 3827): Registering observer
D/BluetoothAdapterService( 3827): getAdapterService() - returning com.android.bluetooth.btservice.AdapterService@167dc37b
D/HeadsetPhoneState( 3827): sendDeviceStateChanged. mService=0 mSignal=0 mRoam=0 mBatteryCharge=0
I/Telecom ( 1284): BluetoothPhoneService: queryPhoneState
D/Telecom ( 1284): BluetoothPhoneService: handleMessage(7) w/ param 0
D/HeadsetStateMachine( 3827): Disconnected process message: 11, size: 0
D/HeadsetStateMachine( 3827): Disconnected process message: 10, size: 0
D/HeadsetPhoneState( 3827): sendDeviceStateChanged. mService=0 mSignal=0 mRoam=0 mBatteryCharge=1
D/HeadsetStateMachine( 3827): Disconnected process message: 11, size: 0
V/BluetoothFtpService( 3827): Ftp Service onCreate
V/BluetoothFtpService( 3827): FTP service not started Adapter STATE: 11
V/BluetoothFtpService( 3827): Ftp Service onStartCommand
V/BluetoothFtpService( 3827): PARSE INTENT action: android.bluetooth.adapter.action.STATE_CHANGED
D/BluetoothFtpService( 3827): ACTION_STATE_CHANGED: state: 13 mHasStarted: false
V/BluetoothFtpService( 3827): Ftp Service closeService
V/BluetoothFtpService( 3827): successfully stopped ftp service
V/BluetoothSapReceiver( 3827): SapReceiver onReceive
V/BluetoothSapReceiver( 3827): action = android.bluetooth.adapter.action.STATE_CHANGED
V/BluetoothSapReceiver( 3827): Bluetooth Adapter state = 13
V/BluetoothSapReceiver( 3827): Calling SAP service start service with action = null
V/BluetoothMapService( 3827): Handler(): got msg=1
V/BluetoothFtpService( 3827): Ftp Service onDestroy
V/BluetoothFtpService( 3827): Ftp Service closeService
D/BluetoothAdapterState( 3827): CURRENT_STATE=PENDING, MESSAGE = STARTED, isTurningOn=true, isTurningOff=false
I/bluedroid( 3827): enable
I/bt_hci_bdroid( 3827): init
I/bt_vendor( 3827): bt-vendor : init
I/bt_vendor( 3827): bt-vendor : get_bt_soc_type
E/bt_vendor( 3827): get_bt_soc_type: Failed to get soc type
I/bt_vendor( 3827): init: Local BD Address : 23:67:02:5f:a4:f8
D/bt_userial_mct( 3827): userial_init
V/BluetoothSapService( 3827): Sap Service onCreate
V/BluetoothSapService( 3827): initBinder
V/BluetoothSapService( 3827): BluetoothSapBinder: mService: org.codeaurora.bluetooth.sap.BluetoothSapService@13670509
V/BluetoothSapService( 3827): action: android.bluetooth.adapter.action.STATE_CHANGED
V/BluetoothSapService( 3827): state: 13
I/bt_vendor( 3827): bt-vendor : BT_VND_OP_POWER_CTRL: On
I/bt_vendor( 3827): bluetooth satus is on
I/bt_vendor( 3827): bt-vendor : resetting BT status
I/bt_vendor( 3827): Starting hciattach daemon
I/bt_vendor( 3827): try to set false
I/GKI_LINUX( 3827): gki_task_entry task_id=0 [BTU] starting
I/bt-btu ( 3827): btu_task pending for preload complete event
I/bt_vendor( 3827): Starting hciattach daemon
I/bt_vendor( 3827): try to set true
D/BluetoothDunService( 3827): parseIntent: action: android.bluetooth.adapter.action.STATE_CHANGED
D/AuthorizationBluetoothService( 1530): Received Bluetooth event: Intent { act=android.bluetooth.adapter.action.STATE_CHANGED flg=0x14000010 cmp=com.google.android.gms/.auth.be.proximity.authorization.bt.AuthorizationBluetoothService$BluetoothStateChangeReceiver (has extras) }.
W/BroadcastQueueInjector( 844): Unable to launch app com.rhapsody.napster/10104 for broadcast Intent { act=android.bluetooth.adapter.action.STATE_CHANGED flg=0x14000010 (has extras) }: process is not permitted to autostart
W/BroadcastQueue( 844): Permission Denial: receiving Intent { act=android.bluetooth.adapter.action.STATE_CHANGED flg=0x14000010 (has extras) } to com.mi4ever.app.mi4everblog/com.appyet.receiver.CommonReceiver requires android.permission.BLUETOOTH due to sender android (uid 1000)
I/qcom-bluetooth( 3872): /system/etc/init.qcom.bt.sh: init.qcom.bt.sh config =
W/ContextImpl( 1219): Calling a method in the system process without a qualified user: android.app.ContextImpl.startService:-1 android.content.ContextWrapper.startService:-1 android.content.ContextWrapper.startService:-1 com.android.settings.bluetooth.DockEventReceiver.e:134 com.android.settings.bluetooth.DockEventReceiver.onReceive:115
E/BTEventHandler( 3827): A4WP is not supported
D/DockEventReceiver( 1219): finishStartingService: stopping service
V/BluetoothSapReceiver( 3827): SapReceiver onReceive
V/BluetoothSapReceiver( 3827): action = android.bluetooth.adapter.action.STATE_CHANGED
V/BluetoothSapReceiver( 3827): Bluetooth Adapter state = 10
D/AuthorizationBluetoothService( 1530): Received Bluetooth event: Intent { act=android.bluetooth.adapter.action.STATE_CHANGED flg=0x14000010 cmp=com.google.android.gms/.auth.be.proximity.authorization.bt.AuthorizationBluetoothService$BluetoothStateChangeReceiver (has extras) }.
W/BroadcastQueueInjector( 844): Unable to launch app com.rhapsody.napster/10104 for broadcast Intent { act=android.bluetooth.adapter.action.STATE_CHANGED flg=0x14000010 (has extras) }: process is not permitted to autostart
W/BroadcastQueue( 844): Permission Denial: receiving Intent { act=android.bluetooth.adapter.action.STATE_CHANGED flg=0x14000010 (has extras) } to com.mi4ever.app.mi4everblog/com.appyet.receiver.CommonReceiver requires android.permission.BLUETOOTH due to sender android (uid 1000)
E/BTEventHandler( 3827): A4WP is not supported
V/BluetoothSapReceiver( 3827): SapReceiver onReceive
V/BluetoothSapReceiver( 3827): action = android.bluetooth.adapter.action.STATE_CHANGED
V/BluetoothSapReceiver( 3827): Bluetooth Adapter state = 11
W/BroadcastQueueInjector( 844): Unable to launch app com.rhapsody.napster/10104 for broadcast Intent { act=android.bluetooth.adapter.action.STATE_CHANGED flg=0x14000010 (has extras) }: process is not permitted to autostart
D/AuthorizationBluetoothService( 1530): Received Bluetooth event: Intent { act=android.bluetooth.adapter.action.STATE_CHANGED flg=0x14000010 cmp=com.google.android.gms/.auth.be.proximity.authorization.bt.AuthorizationBluetoothService$BluetoothStateChangeReceiver (has extras) }.
W/BroadcastQueue( 844): Permission Denial: receiving Intent { act=android.bluetooth.adapter.action.STATE_CHANGED flg=0x14000010 (has extras) } to com.mi4ever.app.mi4everblog/com.appyet.receiver.CommonReceiver requires android.permission.BLUETOOTH due to sender android (uid 1000)
I/qcom-bluetooth( 3879): /system/etc/init.qcom.bt.sh: Transport : smd
I/qcom-bluetooth( 3880): /system/etc/init.qcom.bt.sh: ** Bluedroid stack **
I/qcom-bluetooth( 3882): /system/etc/init.qcom.bt.sh: Power Class: Ignored. Default(1) used (1-CLASS1/2-CLASS2/3-CUSTOM)
I/qcom-bluetooth( 3883): /system/etc/init.qcom.bt.sh: Power Class: To override, Before turning BT ON; setprop qcom.bt.dev_power_class <1 or 2 or 3>
I/qcom-bluetooth( 3884): /system/etc/init.qcom.bt.sh: LE Power Class: Ignored. Default(2) used (1-CLASS1/2-CLASS2/3-CUSTOM)
I/qcom-bluetooth( 3885): /system/etc/init.qcom.bt.sh: LE Power Class: To override, Before turning BT ON; setprop qcom.bt.le_dev_pwr_class <1 or 2 or 3>
E/Diag_Lib( 3887): Diag_LSM_Init: Failed to open handle to diag driver, error = 13
E/QMI_FW ( 3887): QMUXD: Service_id=228 not found over conn_id=0
E/QMI_FW ( 3887): QMUXD: Service_id=228 not found over conn_id=37
E/QMI_FW ( 3887): QMUXD: Service_id=228 not found over conn_id=0
E/QMI_FW ( 3887): QMUXD: Service_id=228 not found over conn_id=37
E/QMI_FW ( 3887): QMUXD: Service_id=228 not found over conn_id=0
E/QMI_FW ( 3887): QMUXD: Service_id=228 not found over conn_id=37
E/QMI_FW ( 3887): QMUXD: Service_id=228 not found over conn_id=0
E/QMI_FW ( 3887): QMUXD: Service_id=228 not found over conn_id=37
E/QMI_FW ( 3887): QMUXD: Service_id=228 not found over conn_id=0
E/QMI_FW ( 3887): QMUXD: Service_id=228 not found over conn_id=37
I/ServiceManager( 2269): Waiting for service miui.whetstone.net...
I/qcom-bluetooth( 3894): /system/etc/init.qcom.bt.sh: Bluetooth QSoC firmware download succeeded, /dev/ttyHS0 qualcomm-ibs 3000000 f8:a4:5f:02:67:23
I/qcom-bluetooth( 3895): /system/etc/init.qcom.bt.sh: ** Bluedroid stack **
I/bt_vendor( 3827): bluetooth satus is on
D/bt_userial_mct( 3827): userial_open(port:0)
I/bt_vendor( 3827): bt-vendor : BT_VND_OP_USERIAL_OPEN
I/bt_vendor( 3827): Done intiailizing UART
I/bt_vendor( 3827): Done intiailizing UART
I/bt_userial_mct( 3827): CMD=72, EVT=72, ACL_Out=73, ACL_In=73
I/bt_vendor( 3827): Bluetooth Firmware and transport layer are initialized
D/bt_userial_mct( 3827): Entering userial_read_thread()
I/bt-btu ( 3827): btu_task received preload complete event
W/bt-l2cap( 3827): L2CAP - L2CA_Register() called for PSM: 0x0001
W/bt-l2cap( 3827): L2CAP - L2CA_Register() called for PSM: 0x001f
W/bt-l2cap( 3827): L2CAP - L2CA_Register() called for PSM: 0x0003
W/bt-l2cap( 3827): L2CAP - L2CA_Register() called for PSM: 0x1487
F/libc ( 3827): Fatal signal 11 (SIGSEGV), code 1, fault addr 0x8 in tid 3869 (BTU)
I/art ( 3804): Rejecting re-init on previously-failed class java.lang.Class
I/art ( 3804): Rejecting re-init on previously-failed class java.lang.Class
I/WhatsApp( 3804): LL_I D [1:main]App.java:476 ntp update processed; device time: Tue Aug 25 15:40:59 GMT+02:00 2015 ntp time: Tue Aug 25 15:40:59 GMT+02:00 2015
D/Event ( 3804): No subscribers registered for event class com.whatsapp.kt
D/Event ( 3804): No subscribers registered for event class de.greenrobot.event.l
V/ProcessObserver( 1640): onProcessStateChanged
V/LocationPolicy( 844): onProcessStateChanged
I/WhatsApp( 3804): LL_I W [1:main]Runtime.java:428 15:40:59.861 os_core_unix.c !pjlib 2.2.1 for POSIX initialized
I/WhatsApp( 3804): LL_I W [1:main]Runtime.java:428 15:40:59.865 wa_audio_dev.c !WA Audio sound library initialized
I/WhatsApp( 3804): LL_I W [1:main]Runtime.java:428 15:40:59.866 pjlib select() I/O Queue created (0xb4fb1614)
I/WhatsApp( 3804): LL_I W [1:main]Runtime.java:428 15:40:59.866 wa_opus.c pjmedia_codec_opus_init start
I/WhatsApp( 3804): LL_I W [1:main]Runtime.java:428 15:40:59.867 wa_opus.c pjmedia_codec_opus_init success
I/WhatsApp( 3804): LL_I W [1:main]WhatsAppLibLoader.java:22 native library usability testing in progress
I/WhatsApp( 3804): LL_I W [1:main]WhatsAppLibLoader.java:22 native library usability testing complete
I/WhatsApp( 3804): LL_I W [1:main]WhatsAppLibLoader.java:95 jniVersion: 2.12.248
I/WhatsApp( 3804): LL_I W [1:main]WhatsAppLibLoader.java:57 isLibraryUsable: True
I/DEBUG ( 3636): *** *** *** *** *** *** *** *** *** *** *** *** *** *** *** ***
I/DEBUG ( 3636): Build fingerprint: 'Xiaomi/aries/aries:5.0.2/LRX22G/5.8.20:user/release-keys'
I/DEBUG ( 3636): Revision: '0'
I/DEBUG ( 3636): ABI: 'arm'
I/DEBUG ( 3636): pid: 3827, tid: 3869, name: BTU >>> com.android.bluetooth <<<
I/DEBUG ( 3636): signal 11 (SIGSEGV), code 1 (SEGV_MAPERR), fault addr 0x8
I/DEBUG ( 3636): r0 a533fa48 r1 fffffae8 r2 a53665b8 r3 00000000
I/DEBUG ( 3636): r4 000003e8 r5 00000000 r6 000003e8 r7 a5375318
I/DEBUG ( 3636): r8 a5365d30 r9 a5034308 sl b6f1e785 fp a3df1db0
I/DEBUG ( 3636): ip 7ffffffe sp a3df1ce0 lr a52b956f pc a52b95e2 cpsr 200f0030
I/DEBUG ( 3636):
I/DEBUG ( 3636): backtrace:
I/DEBUG ( 3636): #00 pc 000a45e2 /system/lib/hw/bluetooth.default.so (alarm_service_reschedule+125)
I/DEBUG ( 3636): #01 pc 000a445b /system/lib/hw/bluetooth.default.so (GKI_start_timer+150)
I/DEBUG ( 3636): #02 pc 000d96eb /system/lib/hw/bluetooth.default.so (btu_start_timer+66)
I/DEBUG ( 3636): #03 pc 0003a3a3 /system/lib/hw/bluetooth.default.so (BTE_InitStack+10)
I/DEBUG ( 3636): #04 pc 000d9a6b /system/lib/hw/bluetooth.default.so (btu_task+82)
I/DEBUG ( 3636): #05 pc 000a44c1 /system/lib/hw/bluetooth.default.so
I/DEBUG ( 3636): #06 pc 000137a3 /system/lib/libc.so (__pthread_start(void*)+30)
I/DEBUG ( 3636): #07 pc 00011883 /system/lib/libc.so (__start_thread+6)
W/ActivityManager( 844): getRunningAppProcesses: caller 10076 does not hold REAL_GET_TASKS; limiting output
I/ResourceManager( 1358): load image light/s_1.png
I/RenderThread( 1358): Sleep for long time:9223372036854775807 ms
I/art ( 1358): Note: end time exceeds epoch:
I/RenderThread( 1358): Sleep for long time:9223372036854775807 ms
I/art ( 1358): Note: end time exceeds epoch:
I/RenderThread( 1358): Sleep for long time:9223372036854775807 ms
I/art ( 1358): Note: end time exceeds epoch:
I/ServiceManager( 1322): Waiting for service miui.whetstone.net...
W/art ( 1040): Suspending all threads took: 6.866ms
D/wpa_supplicant( 1134): wlan0: Control interface command 'SIGNAL_POLL'
I/Email ( 3612): Observing account changes for notifications
D/ProfileManager2StateMachine( 1640): ReadyState processMessage() what:3
D/ProfileConfigManager( 1640): getUsrHiddenModeState
D/ProfileConfigManager( 1640): getCloudHiddenModeState
E/SQLiteLog( 3804): (283) recovered 82 frames from WAL file /data/data/com.whatsapp/databases/wa.db-wal
D/WhetstoneStrategy( 1322): [ALLOW] [service] callerPackage com.whatsapp start process with Intent { cmp=com.android.vending/com.google.android.finsky.billing.iab.InAppBillingService }
I/ActivityManager( 844): Start proc com.android.vending for service com.android.vending/com.google.android.finsky.billing.iab.InAppBillingService: pid=3933 uid=10061 gids={50061, 9997, 3003, 1028, 1015} abi=armeabi-v7a
V/ProcessObserver( 1640): onProcessStateChanged
V/LocationPolicy( 844): onProcessStateChanged
I/DEBUG ( 3636):
I/DEBUG ( 3636): Tombstone written to: /data/tombstones/tombstone_06
I/libmc ( 2269): received event[index:0,mask:0x8,name:tombstone_06]
E/SharedPreferencesImpl( 844): Couldn't create directory for SharedPreferences file shared_prefs/log_files.xml
I/BootReceiver( 844): Copying /data/tombstones/tombstone_06 to DropBox (SYSTEM_TOMBSTONE)
I/WhetstoneService( 1322): Receive am_crash event for pid: 844
W/KloServer( 1322): Aborted broadcast does not supprt for: android
D/BluetoothManagerService( 844): BluetoothServiceConnection, disconnected: com.android.bluetooth.btservice.AdapterService
D/BluetoothManagerService( 844): Message: 41
E/BluetoothManagerService( 844): MESSAGE_BLUETOOTH_SERVICE_DISCONNECTED: 1
D/BluetoothManagerService( 844): Calling onBluetoothServiceDown callbacks
D/BluetoothManagerService( 844): Broadcasting onBluetoothServiceDown() to 7 receivers.
D/ProcessObserver( 1640): onProcessDied, pid: 3827 uid: 1002
W/ActivityManager( 844): Process com.android.bluetooth has crashed too many times: killing!
I/ActivityManager( 844): Killing 3827:com.android.bluetooth/1002 (adj -11): crash
I/Zygote ( 296): Process 3827 exited due to signal (11)
E/BluetoothManagerService( 844): Unable to call onBluetoothServiceDown() on callback #6
E/BluetoothManagerService( 844): android.os.DeadObjectException
E/BluetoothManagerService( 844): at android.os.BinderProxy.transactNative(Native Method)
E/BluetoothManagerService( 844): at android.os.BinderProxy.transact(Binder.java)
E/BluetoothManagerService( 844): at android.bluetooth.IBluetoothManagerCallback$Stub$Proxy.onBluetoothServiceDown(IBluetoothManagerCallback.java)
E/BluetoothManagerService( 844): at com.android.server.BluetoothManagerService.sendBluetoothServiceDownCallback(BluetoothManagerService.java)
E/BluetoothManagerService( 844): at com.android.server.BluetoothManagerService.access$3500(BluetoothManagerService.java)
E/BluetoothManagerService( 844): at com.android.server.BluetoothManagerService$BluetoothHandler.handleMessage(BluetoothManagerService.java)
E/BluetoothManagerService( 844): at android.os.Handler.dispatchMessage(Handler.java)
E/BluetoothManagerService( 844): at android.os.Looper.loop(Looper.java)
E/BluetoothManagerService( 844): at android.os.HandlerThread.run(HandlerThread.java)
E/BluetoothManagerService( 844): at com.android.server.ServiceThread.run(ServiceThread.java)
D/BluetoothManagerService( 844): Calling onQBluetoothServiceDown callbacks
D/BluetoothManagerService( 844): Broadcasting onQBluetoothServiceDown() to 0 receivers.
D/BluetoothManagerService( 844): Bluetooth State Change Intent: 12 -> 13
I/libmc ( 2269): received event[index:0,mask:0x80,name:system_app_native_crash@1440510060902.txt]
I/KLO_Stability( 2269): start gathering logcat log...
I/KLO_Stability( 2269): gethering logcat log done
E/WhetstoneService( 1322): the pacakge name not found
I/ActivityManager( 844): Start proc com.android.bluetooth for restart com.android.bluetooth: pid=3956 uid=1002 gids={41002, 9997, 3003, 3002, 3001, 1028, 1015, 3005, 1016, 3008, 1023} abi=armeabi-v7a
D/BluetoothManagerService( 844): Broadcasting onBluetoothStateChange(false) to 9 receivers.
D/BluetoothHeadset( 844): onBluetoothStateChange: up=false
E/BluetoothHeadset( 844):
E/BluetoothHeadset( 844): java.lang.IllegalArgumentException: Service not registered: android.bluetooth.BluetoothHeadset$2@1aac831b
E/BluetoothHeadset( 844): at android.app.LoadedApk.forgetServiceDispatcher(LoadedApk.java)
E/BluetoothHeadset( 844): at android.app.ContextImpl.unbindService(ContextImpl.java)
E/BluetoothHeadset( 844): at android.bluetooth.BluetoothHeadset$1.onBluetoothStateChange(BluetoothHeadset.java)
E/BluetoothHeadset( 844): at com.android.server.BluetoothManagerService.sendBluetoothStateCallback(BluetoothManagerService.java)
E/BluetoothHeadset( 844): at com.android.server.BluetoothManagerService.bluetoothStateChangeHandler(BluetoothManagerService.java)
E/BluetoothHeadset( 844): at com.android.server.BluetoothManagerService.access$3200(BluetoothManagerService.java)
E/BluetoothHeadset( 844): at com.android.server.BluetoothManagerService$BluetoothHandler.handleMessage(BluetoothManagerService.java)
E/BluetoothHeadset( 844): at android.os.Handler.dispatchMessage(Handler.java)
E/BluetoothHeadset( 844): at android.os.Looper.loop(Looper.java)
E/BluetoothHeadset( 844): at android.os.HandlerThread.run(HandlerThread.java)
E/BluetoothHeadset( 844): at com.android.server.ServiceThread.run(ServiceThread.java)
I/libmc ( 2269): received event[index:0,mask:0x80,name:SYSTEM_TOMBSTONE@1440510060991.txt.gz]
D/BluetoothHeadset( 1302): onBluetoothStateChange: up=false
E/BluetoothHeadset( 1302):
E/BluetoothHeadset( 1302): java.lang.IllegalArgumentException: Service not registered: android.bluetooth.BluetoothHeadset$2@171bdf46
E/BluetoothHeadset( 1302): at android.app.LoadedApk.forgetServiceDispatcher(LoadedApk.java)
E/BluetoothHeadset( 1302): at android.app.ContextImpl.unbindService(ContextImpl.java)
E/BluetoothHeadset( 1302): at android.content.ContextWrapper.unbindService(ContextWrapper.java)
E/BluetoothHeadset( 1302): at android.bluetooth.BluetoothHeadset$1.onBluetoothStateChange(BluetoothHeadset.java)
E/BluetoothHeadset( 1302): at android.bluetooth.IBluetoothStateChangeCallback$Stub.onTransact(IBluetoothStateChangeCallback.java)
E/BluetoothHeadset( 1302): at android.os.Binder.execTransact(Binder.java)
D/BluetoothAdapter( 1358): 173510713: getState() : mService = null. Returning STATE_OFF
D/BluetoothPan( 1219): onBluetoothStateChange on: false
E/BluetoothPan( 1219):
E/BluetoothPan( 1219): java.lang.IllegalArgumentException: Service not registered: android.bluetooth.BluetoothPan$2@3bf2533c
E/BluetoothPan( 1219): at android.app.LoadedApk.forgetServiceDispatcher(LoadedApk.java)
E/BluetoothPan( 1219): at android.app.ContextImpl.unbindService(ContextImpl.java)
E/BluetoothPan( 1219): at android.content.ContextWrapper.unbindService(ContextWrapper.java)
E/BluetoothPan( 1219): at android.bluetooth.BluetoothPan$1.onBluetoothStateChange(BluetoothPan.java)
E/BluetoothPan( 1219): at android.bluetooth.IBluetoothStateChangeCallback$Stub.onTransact(IBluetoothStateChangeCallback.java)
E/BluetoothPan( 1219): at android.os.Binder.execTransact(Binder.java)
D/BluetoothAdapter( 1063): 517947889: getState() : mService = null. Returning STATE_OFF
D/KeyguardViewMediator( 1063): action name: android.bluetooth.adapter.action.STATE_CHANGED
D/BluetoothMap( 1219): onBluetoothStateChange: up=false
E/BluetoothMap( 1219):
E/BluetoothMap( 1219): java.lang.IllegalArgumentException: Service not registered: android.bluetooth.BluetoothMap$2@37f1e8c5
E/BluetoothMap( 1219): at android.app.LoadedApk.forgetServiceDispatcher(LoadedApk.java)
E/BluetoothMap( 1219): at android.app.ContextImpl.unbindService(ContextImpl.java)
E/BluetoothMap( 1219): at android.content.ContextWrapper.unbindService(ContextWrapper.java)
E/BluetoothMap( 1219): at android.bluetooth.BluetoothMap$1.onBluetoothStateChange(BluetoothMap.java)
E/BluetoothMap( 1219): at android.bluetooth.IBluetoothStateChangeCallback$Stub.onTransact(IBluetoothStateChangeCallback.java)
E/BluetoothMap( 1219): at android.os.Binder.execTransact(Binder.java)
D/BluetoothInputDevice( 1219): onBluetoothStateChange: up=false
E/BluetoothInputDevice( 1219):
E/BluetoothInputDevice( 1219): java.lang.IllegalArgumentException: Service not registered: android.bluetooth.BluetoothInputDevice$2@3d6912f
E/BluetoothInputDevice( 1219): at android.app.LoadedApk.forgetServiceDispatcher(LoadedApk.java)
E/BluetoothInputDevice( 1219): at android.app.ContextImpl.unbindService(ContextImpl.java)
E/BluetoothInputDevice( 1219): at android.content.ContextWrapper.unbindService(ContextWrapper.java)
E/BluetoothInputDevice( 1219): at android.bluetooth.BluetoothInputDevice$1.onBluetoothStateChange(BluetoothInputDevice.java)
E/BluetoothInputDevice( 1219): at android.bluetooth.IBluetoothStateChangeCallback$Stub.onTransact(IBluetoothStateChangeCallback.java)
E/BluetoothInputDevice( 1219): at android.os.Binder.execTransact(Binder.java)
D/BluetoothHeadset( 1284): onBluetoothStateChange: up=false
E/BluetoothHeadset( 1284):
E/BluetoothHeadset( 1284): java.lang.IllegalArgumentException: Service not registered: android.bluetooth.BluetoothHeadset$2@315b80fe
E/BluetoothHeadset( 1284): at android.app.LoadedApk.forgetServiceDispatcher(LoadedApk.java)
E/BluetoothHeadset( 1284): at android.app.ContextImpl.unbindService(ContextImpl.java)
E/BluetoothHeadset( 1284): at android.content.ContextWrapper.unbindService(ContextWrapper.java)
E/BluetoothHeadset( 1284): at android.content.ContextWrapper.unbindService(ContextWrapper.java)
E/BluetoothHeadset( 1284): at android.bluetooth.BluetoothHeadset$1.onBluetoothStateChange(BluetoothHeadset.java)
E/BluetoothHeadset( 1284): at android.bluetooth.IBluetoothStateChangeCallback$Stub.onTransact(IBluetoothStateChangeCallback.java)
E/BluetoothHeadset( 1284): at android.os.Binder.execTransact(Binder.java)
D/BluetoothPbap( 1219): onBluetoothStateChange: up=false
E/BluetoothPbap( 1219):
E/BluetoothPbap( 1219): java.lang.IllegalArgumentException: Service not registered: android.bluetooth.BluetoothPbap$2@144a521a
E/BluetoothPbap( 1219): at android.app.LoadedApk.forgetServiceDispatcher(LoadedApk.java)
E/BluetoothPbap( 1219): at android.app.ContextImpl.unbindService(ContextImpl.java)
E/BluetoothPbap( 1219): at android.content.ContextWrapper.unbindService(ContextWrapper.java)
E/BluetoothPbap( 1219): at android.bluetooth.BluetoothPbap$1.onBluetoothStateChange(BluetoothPbap.java)
E/BluetoothPbap( 1219): at android.bluetooth.IBluetoothStateChangeCallback$Stub.onTransact(IBluetoothStateChangeCallback.java)
E/BluetoothPbap( 1219): at android.os.Binder.execTransact(Binder.java)
D/BluetoothA2dp( 844): onBluetoothStateChange: up=false
E/BluetoothA2dp( 844):
E/BluetoothA2dp( 844): java.lang.IllegalArgumentException: Service not registered: android.bluetooth.BluetoothA2dp$2@1d8635f7
E/BluetoothA2dp( 844): at android.app.LoadedApk.forgetServiceDispatcher(LoadedApk.java)
E/BluetoothA2dp( 844): at android.app.ContextImpl.unbindService(ContextImpl.java)
E/BluetoothA2dp( 844): at android.bluetooth.BluetoothA2dp$1.onBluetoothStateChange(BluetoothA2dp.java)
E/BluetoothA2dp( 844): at com.android.server.BluetoothManagerService.sendBluetoothStateCallback(BluetoothManagerService.java)
E/BluetoothA2dp( 844): at com.android.server.BluetoothManagerService.bluetoothStateChangeHandler(BluetoothManagerService.java)
E/BluetoothA2dp( 844): at com.android.server.BluetoothManagerService.access$3200(BluetoothManagerService.java)
E/BluetoothA2dp( 844): at com.android.server.BluetoothManagerService$BluetoothHandler.handleMessage(BluetoothManagerService.java)
E/BluetoothA2dp( 844): at android.os.Handler.dispatchMessage(Handler.java)
E/BluetoothA2dp( 844): at android.os.Looper.loop(Looper.java)
E/BluetoothA2dp( 844): at android.os.HandlerThread.run(HandlerThread.java)
E/BluetoothA2dp( 844): at com.android.server.ServiceThread.run(ServiceThread.java)
D/Telecom ( 1284): BluetoothPhoneService: Bluetooth Adapter state: 13
W/ContextImpl( 1219): Calling a method in the system process without a qualified user: android.app.ContextImpl.startService:-1 android.content.ContextWrapper.startService:-1 android.content.ContextWrapper.startService:-1 com.android.settings.bluetooth.DockEventReceiver.e:134 com.android.settings.bluetooth.DockEventReceiver.onReceive:115
D/BluetoothHeadset( 1284): onBluetoothStateChange: up=false
E/BluetoothHeadset( 1284):
E/BluetoothHeadset( 1284): java.lang.IllegalArgumentException: Service not registered: android.bluetooth.BluetoothHeadset$2@1845c947
E/BluetoothHeadset( 1284): at android.app.LoadedApk.forgetServiceDispatcher(LoadedApk.java)
E/BluetoothHeadset( 1284): at android.app.ContextImpl.unbindService(ContextImpl.java)
E/BluetoothHeadset( 1284): at android.content.ContextWrapper.unbindService(ContextWrapper.java)
E/BluetoothHeadset( 1284): at android.bluetooth.BluetoothHeadset$1.onBluetoothStateChange(BluetoothHeadset.java)
E/BluetoothHeadset( 1284): at android.bluetooth.IBluetoothStateChangeCallback$Stub.onTransact(IBluetoothStateChangeCallback.java)
E/BluetoothHeadset( 1284): at android.os.Binder.execTransact(Binder.java)
D/BluetoothManagerService( 844): Bluetooth State Change Intent: 13 -> 10
D/BluetoothManagerService( 844): Message: 42
D/BluetoothManagerService( 844): MESSAGE_RESTART_BLUETOOTH_SERVICE: Restart IBluetooth service
D/BluetoothAdapter( 1358): 173510713: getState() : mService = null. Returning STATE_OFF
D/DockEventReceiver( 1219): finishStartingService: stopping service
D/BluetoothAdapter( 1063): 517947889: getState() : mService = null. Returning STATE_OFF
D/KeyguardViewMediator( 1063): action name: android.bluetooth.adapter.action.STATE_CHANGED
D/Telecom ( 1284): BluetoothPhoneService: Bluetooth Adapter state: 10
W/BroadcastQueueInjector( 844): System app: "com.android.bluetooth" started by broadcast Intent { act=android.bluetooth.adapter.action.STATE_CHANGED flg=0x14000010 (has extras) }
W/BroadcastQueueInjector( 844): Unable to launch app com.keramidas.TitaniumBackup/10068 for broadcast Intent { act=android.intent.action.BOOT_COMPLETED flg=0x8000010 (has extras) }: process is not permitted to autostart
W/BroadcastQueue( 844): Permission Denial: receiving Intent { act=android.intent.action.BOOT_COMPLETED flg=0x8000010 (has extras) } to com.ttxapps.wifiadb/.BootCompleted requires android.permission.RECEIVE_BOOT_COMPLETED due to sender null (uid 1000)
W/BroadcastQueueInjector( 844): Unable to launch app com.jrummy.liberty.toolbox/10099 for broadcast Intent { act=android.intent.action.BOOT_COMPLETED flg=0x8000010 (has extras) }: process is not permitted to autostart
W/BroadcastQueueInjector( 844): Unable to launch app com.jrummy.liberty.toolbox/10099 for broadcast Intent { act=android.intent.action.BOOT_COMPLETED flg=0x8000010 (has extras) }: process is not permitted to autostart
W/BroadcastQueueInjector( 844): Unable to launch app com.jrummy.liberty.toolbox/10099 for broadcast Intent { act=android.intent.action.BOOT_COMPLETED flg=0x8000010 (has extras) }: process is not permitted to autostart
W/BroadcastQueueInjector( 844): Unable to launch app com.jrummy.liberty.toolbox/10099 for broadcast Intent { act=android.intent.action.BOOT_COMPLETED flg=0x8000010 (has extras) }: process is not permitted to autostart
W/BroadcastQueueInjector( 844): Unable to launch app com.rhapsody.napster/10104 for broadcast Intent { act=android.intent.action.BOOT_COMPLETED flg=0x8000010 (has extras) }: process is not permitted to autostart
W/BroadcastQueueInjector( 844): Unable to launch app com.rhapsody.napster/10104 for broadcast Intent { act=android.intent.action.BOOT_COMPLETED flg=0x8000010 (has extras) }: process is not permitted to autostart
W/BroadcastQueueInjector( 844): Unable to launch app com.rhapsody.napster/10104 for broadcast Intent { act=android.intent.action.BOOT_COMPLETED flg=0x8000010 (has extras) }: process is not permitted to autostart
W/BroadcastQueueInjector( 844): Unable to launch app com.mi4ever.app.mi4everblog/10106 for broadcast Intent { act=android.intent.action.BOOT_COMPLETED flg=0x8000010 (has extras) }: process is not permitted to autostart
W/BroadcastQueueInjector( 844): Unable to launch app com.fsck.k9/10109 for broadcast Intent { act=android.intent.action.BOOT_COMPLETED flg=0x8000010 (has extras) }: process is not permitted to autostart
W/BroadcastQueueInjector( 844): Unable to launch app org.mozilla.firefox/10117 for broadcast Intent { act=android.intent.action.BOOT_COMPLETED flg=0x8000010 (has extras) }: process is not permitted to autostart
W/BroadcastQueueInjector( 844): Unable to launch app org.mozilla.firefox/10117 for broadcast Intent { act=android.intent.action.BOOT_COMPLETED flg=0x8000010 (has extras) }: process is not permitted to autostart
I/NotificationRegistrar( 1162): Using pre-existing GCM registration ID: APA91bGaLAAkpUwJ_CgwHcpHySn1ZeIsGJXmCKdOLYNXLJdEPAW5njNLKW3gpq9AG3UDztxMU8C96lGJw4cClGjr9UGnSngq9zR_jtgGFm2Y84mK4KXmJnwLOCBLBYMfzeYBLJKA-5FD
D/ ( 2269): prepare mcd_init:start_dns /data/system/miuidns.conf
I/Octvm_Config( 3978): model:MI 2
I/Octvm_Config( 3978): find zram swap override for product:[MI 2]
E/Octvm_Config( 3978): config error: zram swap config missed.
I/art ( 844): Explicit concurrent mark sweep GC freed 26509(1850KB) AllocSpace objects, 18(2MB) LOS objects, 33% free, 22MB/34MB, paused 1.953ms total 98.449ms
W/BroadcastQueueInjector( 844): Unable to launch app com.xiaomi.hm.health/10133 for broadcast Intent { act=android.intent.action.BOOT_COMPLETED flg=0x8000010 (has extras) }: process is not permitted to autostart
W/ResourcesManager( 3956): Asset path '/system/framework/javax.btobex.jar' does not exist or contains no resources.
I/dnsmasq ( 3979): started, version 2.51 cachesize 200
I/dnsmasq ( 3979): compile time options: no-IPv6 GNU-getopt no-DBus no-I18N DHCP no-scripts no-TFTP
I/dnsmasq ( 3979): read /etc/hosts - 1 addresses
I/XiaomiFirewall( 1987): firewall pkgName:com.whatsapp, result:0
I/dnsmasq ( 3979): read /data/system/miuihosts - 12 addresses
I/dnsmasq ( 3979): using nameserver 212.27.40.241#53
I/dnsmasq ( 3979): using nameserver 212.27.40.240#53
D/miuisdk ( 3956): current sdk level is 2
D/AdapterServiceConfig( 3956): Adding HeadsetService
D/AdapterServiceConfig( 3956): Adding A2dpService
D/AdapterServiceConfig( 3956): Adding HidService
D/AdapterServiceConfig( 3956): Adding HealthService
D/AdapterServiceConfig( 3956): Adding PanService
D/AdapterServiceConfig( 3956): Adding GattService
D/AdapterServiceConfig( 3956): Adding BluetoothMapService
D/BluetoothManagerService( 844): Message: 20
D/BluetoothManagerService( 844): Added callback: android.bluetooth.IBluetoothManagerCallback$Stub$Proxy@3fac5c31:true
D/BluetoothAdapterState( 3956): make
I/bluedroid( 3956): init
I/BluetoothAdapterState( 3956): Entering OffState
I/bte_conf( 3956): bte_load_conf attempt to load stack conf from /etc/bluetooth/bt_stack.conf
I/bte_conf( 3956): bte_load_ble_conf attempt to load ble stack conf from /etc/bluetooth/ble_stack.conf
E/bt_osi_config( 3956): config_new unable to open file '/etc/bluetooth/ble_stack.conf': No such file or directory
I/bte_conf( 3956): bte_load_ble_conf file >/etc/bluetooth/ble_stack.conf< not found
I/GKI_LINUX( 3956): gki_task_entry task_id=1 [BTIF] starting
E/GKI_LINUX( 3956): GKI_exception(): Task State Table
E/GKI_LINUX( 3956): TASK ID [0] task name [(null)] state [0]
E/GKI_LINUX( 3956): TASK ID [1] task name [BTIF] state [1]
E/GKI_LINUX( 3956): TASK ID [2] task name [(null)] state [0]
E/GKI_LINUX( 3956): GKI_exception 65531 Sending to unknown dest
E/GKI_LINUX( 3956): ********************************************************************
E/GKI_LINUX( 3956): * GKI_exception(): 65531 Sending to unknown dest
E/GKI_LINUX( 3956): ********************************************************************
I/bluedroid( 3956): get_profile_interface socket
I/bluedroid( 3956): get_profile_interface map_client
D/BluetoothAdapterProperties( 3956): Address is:F8:A4:5F:02:67:23
D/BluetoothManagerService( 844): BluetoothServiceConnection: com.android.bluetooth.btservice.AdapterService
D/BluetoothManagerService( 844): Bluetooth Adapter name changed to Mi Phone
D/BluetoothManagerService( 844): Message: 40
D/BluetoothManagerService( 844): MESSAGE_BLUETOOTH_SERVICE_CONNECTED: 1
D/BluetoothAdapterProperties( 3956): Name is: Mi Phone
D/BluetoothManagerService( 844): Stored Bluetooth name: Mi Phone
I/bluedroid( 3956): config_hci_snoop_log
D/BluetoothManagerService( 844): Calling onBluetoothServiceUp callbacks
D/BluetoothManagerService( 844): Broadcasting onBluetoothServiceUp() to 7 receivers.
D/BluetoothAdapterState( 3956): CURRENT_STATE=OFF, MESSAGE = USER_TURN_ON
D/BluetoothAdapterProperties( 3956): Setting state to 11
I/BluetoothAdapterState( 3956): Bluetooth adapter state changed: 10-> 11
D/BluetoothManagerService( 844): Message: 60
D/BluetoothManagerService( 844): MESSAGE_BLUETOOTH_STATE_CHANGE: prevState = 10, newState=11
D/BluetoothManagerService( 844): Bluetooth State Change Intent: 10 -> 11
D/BluetoothBondStateMachine( 3956): make
D/KeyguardViewMediator( 1063): action name: android.bluetooth.adapter.action.STATE_CHANGED
I/BluetoothBondStateMachine( 3956): StableState(): Entering Off State
D/BluetoothAdapterService( 3956): checkA2dpState: isA2dpSinkEnabled = false
E/BluetoothAdapterService( 3956): checkA2dpState: returning
D/BluetoothAdapterService( 3956): checkHidState: isHidDev = false
E/BluetoothAdapterService( 3956): checkHidState: returning
D/BluetoothAdapterService( 3956): checkHfpState: isHfpClientEnabled = false
E/BluetoothAdapterService( 3956): checkHfpState: returning
D/Telecom ( 1284): BluetoothPhoneService: Bluetooth Adapter state: 11
I/BluetoothAdapterState( 3956): Entering PendingCommandState State: isTurningOn()=true, isTurningOff()=false
D/HeadsetService( 3956): Received start request. Starting profile...
I/BluetoothHeadsetServiceJni( 3956): classInitNative: succeeds
D/HeadsetStateMachine( 3956): Version 1.6
D/HeadsetStateMachine( 3956): make
E/HeadsetStateMachine( 3956): Could not bind to Bluetooth Headset Voip Phone Service
D/HeadsetStateMachine( 3956): max_hf_connections = 1
I/bluedroid( 3956): get_profile_interface handsfree
D/HeadsetStateMachine( 3956): Enter Disconnected: -2, size: 0
D/BluetoothAdapterService( 3956): getAdapterService() - returning com.android.bluetooth.btservice.AdapterService@167dc37b
D/A2dpService( 3956): Received start request. Starting profile...
I/BluetoothAvrcpServiceJni( 3956): classInitNative: succeeds
V/Avrcp ( 3956): make
V/Avrcp ( 3956): Avrcp
I/bluedroid( 3956): get_profile_interface avrcp
V/Avrcp ( 3956): start
V/Avrcp ( 3956): registerMediaPlayers
V/Avrcp ( 3956): MediaPlayerInfo: mPlayerId = 1
V/Avrcp ( 3956): mMajorPlayerType = 1 mPlayerSubType = 0
V/Avrcp ( 3956): mPlayState = 2 mCharsetId = 106
V/Avrcp ( 3956): mPlayerPackageName = com.android.music mDisplayableNameLength = 5
V/Avrcp ( 3956): mItemLength = 33 mEntryLength = 34
V/Avrcp ( 3956): mFeatureMask =
V/Avrcp ( 3956): mFeatureMask[0] = 0
V/Avrcp ( 3956): mFeatureMask[1] = 0
V/Avrcp ( 3956): mFeatureMask[2] = 0
V/Avrcp ( 3956): mFeatureMask[3] = 0
V/Avrcp ( 3956): mFeatureMask[4] = 12
V/Avrcp ( 3956): mFeatureMask[5] = 55
V/Avrcp ( 3956): mFeatureMask[6] = 0
V/Avrcp ( 3956): mFeatureMask[7] = 141
V/Avrcp ( 3956): mFeatureMask[8] = 2
V/Avrcp ( 3956): mFeatureMask[9] = 0
V/Avrcp ( 3956): mFeatureMask[10] = 0
V/Avrcp ( 3956): mFeatureMask[11] = 0
V/Avrcp ( 3956): mFeatureMask[12] = 0
V/Avrcp ( 3956): mFeatureMask[13] = 0
V/Avrcp ( 3956): mFeatureMask[14] = 0
V/Avrcp ( 3956): mFeatureMask[15] = 0
V/Avrcp ( 3956): mDisplayableName=
V/Avrcp ( 3956): mDisplayableName[0] = 77
V/Avrcp ( 3956): mDisplayableName[1] = 117
V/Avrcp ( 3956): mDisplayableName[2] = 115
V/Avrcp ( 3956): mDisplayableName[3] = 105
