D/BluetoothMapService( 4776): inside BluetoothMapObexConnection
D/BluetoothMapService( 4776): supportedMessageTypes 1
D/BluetoothMapService( 4776): masId 1
D/BluetoothMapService( 4776): Inside initBinder
D/BluetoothMapService( 4776): Received start request. Starting profile...
D/BluetoothMapService( 4776): start()
D/BluetoothMapService( 4776): Registering observer
D/BluetoothAdapterService( 4776): getAdapterService() - returning com.android.bluetooth.btservice.AdapterService@167dc37b
V/BluetoothFtpService( 4776): Ftp Service onCreate
V/BluetoothFtpService( 4776): FTP service not started Adapter STATE: 11
V/BluetoothFtpService( 4776): Ftp Service onStartCommand
V/BluetoothFtpService( 4776): PARSE INTENT action: android.bluetooth.adapter.action.STATE_CHANGED
D/BluetoothFtpService( 4776): ACTION_STATE_CHANGED: state: 13 mHasStarted: false
V/BluetoothFtpService( 4776): Ftp Service closeService
V/BluetoothFtpService( 4776): successfully stopped ftp service
V/BluetoothSapReceiver( 4776): SapReceiver onReceive
V/BluetoothSapReceiver( 4776): action = android.bluetooth.adapter.action.STATE_CHANGED
V/BluetoothSapReceiver( 4776): Bluetooth Adapter state = 13
V/BluetoothSapReceiver( 4776): Calling SAP service start service with action = null
D/HeadsetPhoneState( 4776): sendDeviceStateChanged. mService=1 mSignal=0 mRoam=0 mBatteryCharge=0
D/HeadsetStateMachine( 4776): Disconnected process message: 11, size: 0
D/HeadsetStateMachine( 4776): Disconnected process message: 10, size: 0
I/Telecom ( 1284): BluetoothPhoneService: queryPhoneState
D/Telecom ( 1284): BluetoothPhoneService: handleMessage(7) w/ param 0
D/HeadsetPhoneState( 4776): sendDeviceStateChanged. mService=1 mSignal=0 mRoam=0 mBatteryCharge=1
D/HeadsetStateMachine( 4776): Disconnected process message: 11, size: 0
V/BluetoothMapService( 4776): Handler(): got msg=1
V/BluetoothFtpService( 4776): Ftp Service onDestroy
V/BluetoothFtpService( 4776): Ftp Service closeService
D/BluetoothAdapterState( 4776): CURRENT_STATE=PENDING, MESSAGE = STARTED, isTurningOn=true, isTurningOff=false
I/bluedroid( 4776): enable
I/bt_hci_bdroid( 4776): init
I/GKI_LINUX( 4776): gki_task_entry task_id=0 [BTU] starting
I/bt-btu ( 4776): btu_task pending for preload complete event
V/BluetoothSapService( 4776): Sap Service onCreate
V/BluetoothSapService( 4776): initBinder
V/BluetoothSapService( 4776): BluetoothSapBinder: mService: org.codeaurora.bluetooth.sap.BluetoothSapService@13670509
V/BluetoothSapService( 4776): action: android.bluetooth.adapter.action.STATE_CHANGED
V/BluetoothSapService( 4776): state: 13
D/BluetoothDunService( 4776): parseIntent: action: android.bluetooth.adapter.action.STATE_CHANGED
W/BroadcastQueueInjector( 844): Unable to launch app com.rhapsody.napster/10104 for broadcast Intent { act=android.bluetooth.adapter.action.STATE_CHANGED flg=0x14000010 (has extras) }: process is not permitted to autostart
W/BroadcastQueue( 844): Permission Denial: receiving Intent { act=android.bluetooth.adapter.action.STATE_CHANGED flg=0x14000010 (has extras) } to com.mi4ever.app.mi4everblog/com.appyet.receiver.CommonReceiver requires android.permission.BLUETOOTH due to sender android (uid 1000)
I/bt_vendor( 4776): bt-vendor : init
I/bt_vendor( 4776): bt-vendor : get_bt_soc_type
E/bt_vendor( 4776): get_bt_soc_type: Failed to get soc type
I/bt_vendor( 4776): init: Local BD Address : 23:67:02:5f:a4:f8
D/bt_userial_mct( 4776): userial_init
D/AuthorizationBluetoothService( 1530): Received Bluetooth event: Intent { act=android.bluetooth.adapter.action.STATE_CHANGED flg=0x14000010 cmp=com.google.android.gms/.auth.be.proximity.authorization.bt.AuthorizationBluetoothService$BluetoothStateChangeReceiver (has extras) }.
I/bt_vendor( 4776): bt-vendor : BT_VND_OP_POWER_CTRL: On
I/bt_vendor( 4776): bluetooth satus is on
I/bt_vendor( 4776): bt-vendor : resetting BT status
I/bt_vendor( 4776): Starting hciattach daemon
I/bt_vendor( 4776): try to set false
I/bt_vendor( 4776): Starting hciattach daemon
I/bt_vendor( 4776): try to set true
I/XiaomiFirewall( 1987): firewall pkgName:com.miui.analytics, result:0
W/ContextImpl( 1219): Calling a method in the system process without a qualified user: android.app.ContextImpl.startService:-1 android.content.ContextWrapper.startService:-1 android.content.ContextWrapper.startService:-1 com.android.settings.bluetooth.DockEventReceiver.e:134 com.android.settings.bluetooth.DockEventReceiver.onReceive:115
D/DockEventReceiver( 1219): finishStartingService: stopping service
E/BTEventHandler( 4776): A4WP is not supported
V/BluetoothSapReceiver( 4776): SapReceiver onReceive
V/BluetoothSapReceiver( 4776): action = android.bluetooth.adapter.action.STATE_CHANGED
V/BluetoothSapReceiver( 4776): Bluetooth Adapter state = 10
W/BroadcastQueueInjector( 844): Unable to launch app com.rhapsody.napster/10104 for broadcast Intent { act=android.bluetooth.adapter.action.STATE_CHANGED flg=0x14000010 (has extras) }: process is not permitted to autostart
D/AuthorizationBluetoothService( 1530): Received Bluetooth event: Intent { act=android.bluetooth.adapter.action.STATE_CHANGED flg=0x14000010 cmp=com.google.android.gms/.auth.be.proximity.authorization.bt.AuthorizationBluetoothService$BluetoothStateChangeReceiver (has extras) }.
E/BTEventHandler( 4776): A4WP is not supported
W/BroadcastQueue( 844): Permission Denial: receiving Intent { act=android.bluetooth.adapter.action.STATE_CHANGED flg=0x14000010 (has extras) } to com.mi4ever.app.mi4everblog/com.appyet.receiver.CommonReceiver requires android.permission.BLUETOOTH due to sender android (uid 1000)
V/BluetoothSapReceiver( 4776): SapReceiver onReceive
V/BluetoothSapReceiver( 4776): action = android.bluetooth.adapter.action.STATE_CHANGED
V/BluetoothSapReceiver( 4776): Bluetooth Adapter state = 11
D/AuthorizationBluetoothService( 1530): Received Bluetooth event: Intent { act=android.bluetooth.adapter.action.STATE_CHANGED flg=0x14000010 cmp=com.google.android.gms/.auth.be.proximity.authorization.bt.AuthorizationBluetoothService$BluetoothStateChangeReceiver (has extras) }.
W/BroadcastQueueInjector( 844): Unable to launch app com.rhapsody.napster/10104 for broadcast Intent { act=android.bluetooth.adapter.action.STATE_CHANGED flg=0x14000010 (has extras) }: process is not permitted to autostart
W/BroadcastQueue( 844): Permission Denial: receiving Intent { act=android.bluetooth.adapter.action.STATE_CHANGED flg=0x14000010 (has extras) } to com.mi4ever.app.mi4everblog/com.appyet.receiver.CommonReceiver requires android.permission.BLUETOOTH due to sender android (uid 1000)
I/qcom-bluetooth( 4834): /system/etc/init.qcom.bt.sh: init.qcom.bt.sh config =
I/qcom-bluetooth( 4840): /system/etc/init.qcom.bt.sh: Transport : smd
I/qcom-bluetooth( 4841): /system/etc/init.qcom.bt.sh: ** Bluedroid stack **
I/qcom-bluetooth( 4843): /system/etc/init.qcom.bt.sh: Power Class: Ignored. Default(1) used (1-CLASS1/2-CLASS2/3-CUSTOM)
I/qcom-bluetooth( 4844): /system/etc/init.qcom.bt.sh: Power Class: To override, Before turning BT ON; setprop qcom.bt.dev_power_class <1 or 2 or 3>
I/qcom-bluetooth( 4847): /system/etc/init.qcom.bt.sh: LE Power Class: Ignored. Default(2) used (1-CLASS1/2-CLASS2/3-CUSTOM)
I/qcom-bluetooth( 4848): /system/etc/init.qcom.bt.sh: LE Power Class: To override, Before turning BT ON; setprop qcom.bt.le_dev_pwr_class <1 or 2 or 3>
E/Diag_Lib( 4850): Diag_LSM_Init: Failed to open handle to diag driver, error = 13
I/art ( 844): Explicit concurrent mark sweep GC freed 47495(3MB) AllocSpace objects, 28(3MB) LOS objects, 33% free, 23MB/35MB, paused 1.617ms total 108.184ms
I/Icing ( 1813): Internal init done: storage state 0
I/Icing ( 1813): Post-init done
E/QMI_FW ( 4850): QMUXD: Service_id=228 not found over conn_id=0
I/Icing ( 1813): updateResources: need to parse f{com.google.android.gms}
E/QMI_FW ( 4850): QMUXD: Service_id=228 not found over conn_id=37
E/QMI_FW ( 4850): QMUXD: Service_id=228 not found over conn_id=0
E/QMI_FW ( 4850): QMUXD: Service_id=228 not found over conn_id=37
E/QMI_FW ( 4850): QMUXD: Service_id=228 not found over conn_id=0
E/QMI_FW ( 4850): QMUXD: Service_id=228 not found over conn_id=37
E/QMI_FW ( 4850): QMUXD: Service_id=228 not found over conn_id=0
E/QMI_FW ( 4850): QMUXD: Service_id=228 not found over conn_id=37
E/QMI_FW ( 4850): QMUXD: Service_id=228 not found over conn_id=0
E/QMI_FW ( 4850): QMUXD: Service_id=228 not found over conn_id=37
I/qcom-bluetooth( 4856): /system/etc/init.qcom.bt.sh: Bluetooth QSoC firmware download succeeded, /dev/ttyHS0 qualcomm-ibs 3000000 f8:a4:5f:02:67:23
I/qcom-bluetooth( 4857): /system/etc/init.qcom.bt.sh: ** Bluedroid stack **
I/bt_vendor( 4776): bluetooth satus is on
D/bt_userial_mct( 4776): userial_open(port:0)
I/bt_vendor( 4776): bt-vendor : BT_VND_OP_USERIAL_OPEN
I/bt_vendor( 4776): Done intiailizing UART
I/bt_vendor( 4776): Done intiailizing UART
I/bt_userial_mct( 4776): CMD=72, EVT=72, ACL_Out=73, ACL_In=73
I/bt_vendor( 4776): Bluetooth Firmware and transport layer are initialized
I/bt-btu ( 4776): btu_task received preload complete event
W/bt-l2cap( 4776): L2CAP - L2CA_Register() called for PSM: 0x0001
W/bt-l2cap( 4776): L2CAP - L2CA_Register() called for PSM: 0x001f
W/bt-l2cap( 4776): L2CAP - L2CA_Register() called for PSM: 0x0003
W/bt-l2cap( 4776): L2CAP - L2CA_Register() called for PSM: 0x1487
F/libc ( 4776): Fatal signal 11 (SIGSEGV), code 1, fault addr 0x8 in tid 4830 (BTU)
D/bt_userial_mct( 4776): Entering userial_read_thread()
D/StatusBar.NetworkController( 1063): onSignalStrengthsChanged received on subscription :1signalStrength=SignalStrength: 9 0 -120 -160 -120 -1 -1 99 2147483647 2147483647 2147483647 2147483647 2147483647 gsm|lte level=4;phoneId=0
I/DEBUG ( 3636): *** *** *** *** *** *** *** *** *** *** *** *** *** *** *** ***
I/DEBUG ( 3636): Build fingerprint: 'Xiaomi/aries/aries:5.0.2/LRX22G/5.8.20:user/release-keys'
I/DEBUG ( 3636): Revision: '0'
I/DEBUG ( 3636): ABI: 'arm'
I/DEBUG ( 3636): pid: 4776, tid: 4830, name: BTU >>> com.android.bluetooth <<<
I/DEBUG ( 3636): signal 11 (SIGSEGV), code 1 (SEGV_MAPERR), fault addr 0x8
I/DEBUG ( 3636): r0 a533fa48 r1 fffffae8 r2 a53665b8 r3 00000000
I/DEBUG ( 3636): r4 000003e8 r5 00000000 r6 000003e8 r7 a5375318
I/DEBUG ( 3636): r8 a5365d30 r9 a5034308 sl b6f1e785 fp a3eebdb0
I/DEBUG ( 3636): ip 7ffffffe sp a3eebce0 lr a52b956f pc a52b95e2 cpsr 200f0030
I/DEBUG ( 3636):
I/DEBUG ( 3636): backtrace:
I/DEBUG ( 3636): #00 pc 000a45e2 /system/lib/hw/bluetooth.default.so (alarm_service_reschedule+125)
I/DEBUG ( 3636): #01 pc 000a445b /system/lib/hw/bluetooth.default.so (GKI_start_timer+150)
I/DEBUG ( 3636): #02 pc 000d96eb /system/lib/hw/bluetooth.default.so (btu_start_timer+66)
I/DEBUG ( 3636): #03 pc 0003a3a3 /system/lib/hw/bluetooth.default.so (BTE_InitStack+10)
I/DEBUG ( 3636): #04 pc 000d9a6b /system/lib/hw/bluetooth.default.so (btu_task+82)
I/DEBUG ( 3636): #05 pc 000a44c1 /system/lib/hw/bluetooth.default.so
I/DEBUG ( 3636): #06 pc 000137a3 /system/lib/libc.so (__pthread_start(void*)+30)
I/DEBUG ( 3636): #07 pc 00011883 /system/lib/libc.so (__start_thread+6)
D/StatusBar.NetworkController( 1063): onSignalStrengthsChanged received on subscription :1signalStrength=SignalStrength: 9 0 -120 -160 -120 -1 -1 99 2147483647 2147483647 2147483647 2147483647 2147483647 gsm|lte level=4;phoneId=0
D/StatusBar.NetworkController( 1063): onSignalStrengthsChanged received on subscription :1signalStrength=SignalStrength: 9 0 -120 -160 -120 -1 -1 99 2147483647 2147483647 2147483647 2147483647 2147483647 gsm|lte level=4;phoneId=0
I/WhetstoneService( 1322): Receive am_crash event for pid: 844
W/KloServer( 1322): Aborted broadcast does not supprt for: android
I/DEBUG ( 3636):
I/DEBUG ( 3636): Tombstone written to: /data/tombstones/tombstone_03
I/libmc ( 2269): received event[index:0,mask:0x8,name:tombstone_03]
E/SharedPreferencesImpl( 844): Couldn't create directory for SharedPreferences file shared_prefs/log_files.xml
I/BootReceiver( 844): Copying /data/tombstones/tombstone_03 to DropBox (SYSTEM_TOMBSTONE)
D/BluetoothManagerService( 844): BluetoothServiceConnection, disconnected: com.android.bluetooth.btservice.AdapterService
D/BluetoothManagerService( 844): Message: 41
E/BluetoothManagerService( 844): MESSAGE_BLUETOOTH_SERVICE_DISCONNECTED: 1
D/BluetoothManagerService( 844): Calling onBluetoothServiceDown callbacks
D/BluetoothManagerService( 844): Broadcasting onBluetoothServiceDown() to 7 receivers.
D/BluetoothManagerService( 844): Calling onQBluetoothServiceDown callbacks
D/BluetoothManagerService( 844): Broadcasting onQBluetoothServiceDown() to 0 receivers.
D/BluetoothManagerService( 844): Bluetooth State Change Intent: 12 -> 13
I/KLO_Stability( 2269): start gathering logcat log...
I/KLO_Stability( 2269): gethering logcat log done
I/libmc ( 2269): received event[index:0,mask:0x80,name:SYSTEM_TOMBSTONE@1440510074933.txt.gz]
I/libmc ( 2269): received event[index:0,mask:0x80,name:system_app_native_crash@1440510074934.txt]
I/Zygote ( 296): Process 4776 exited due to signal (11)
D/ProcessObserver( 1640): onProcessDied, pid: 4776 uid: 1002
I/ActivityManager( 844): Process com.android.bluetooth (pid 4776) has died
W/ActivityManager( 844): Scheduling restart of crashed service com.android.bluetooth/.pan.PanService in 1000ms
W/ActivityManager( 844): Scheduling restart of crashed service com.android.bluetooth/.gatt.GattService in 1000ms
W/ActivityManager( 844): Scheduling restart of crashed service com.android.bluetooth/.a2dp.A2dpService in 1000ms
W/ActivityManager( 844): Scheduling restart of crashed service com.android.bluetooth/.btservice.AdapterService in 1000ms
W/ActivityManager( 844): Scheduling restart of crashed service com.android.bluetooth/.hid.HidService in 11000ms
W/ActivityManager( 844): Scheduling restart of crashed service com.android.bluetooth/.map.BluetoothMapService in 10999ms
W/ActivityManager( 844): Scheduling restart of crashed service org.codeaurora.bluetooth/.dun.BluetoothDunService in 10999ms
W/ActivityManager( 844): Scheduling restart of crashed service org.codeaurora.bluetooth/.sap.BluetoothSapService in 10999ms
W/ActivityManager( 844): Scheduling restart of crashed service com.android.bluetooth/.hfp.HeadsetService in 10999ms
W/ActivityManager( 844): Scheduling restart of crashed service com.android.bluetooth/.hdp.HealthService in 10999ms
E/WhetstoneService( 1322): the pacakge name not found
D/BluetoothManagerService( 844): Broadcasting onBluetoothStateChange(false) to 9 receivers.
D/BluetoothHeadset( 844): onBluetoothStateChange: up=false
E/BluetoothHeadset( 844):
E/BluetoothHeadset( 844): java.lang.IllegalArgumentException: Service not registered: android.bluetooth.BluetoothHeadset$2@1aac831b
E/BluetoothHeadset( 844): at android.app.LoadedApk.forgetServiceDispatcher(LoadedApk.java)
E/BluetoothHeadset( 844): at android.app.ContextImpl.unbindService(ContextImpl.java)
E/BluetoothHeadset( 844): at android.bluetooth.BluetoothHeadset$1.onBluetoothStateChange(BluetoothHeadset.java)
E/BluetoothHeadset( 844): at com.android.server.BluetoothManagerService.sendBluetoothStateCallback(BluetoothManagerService.java)
E/BluetoothHeadset( 844): at com.android.server.BluetoothManagerService.bluetoothStateChangeHandler(BluetoothManagerService.java)
E/BluetoothHeadset( 844): at com.android.server.BluetoothManagerService.access$3200(BluetoothManagerService.java)
E/BluetoothHeadset( 844): at com.android.server.BluetoothManagerService$BluetoothHandler.handleMessage(BluetoothManagerService.java)
E/BluetoothHeadset( 844): at android.os.Handler.dispatchMessage(Handler.java)
E/BluetoothHeadset( 844): at android.os.Looper.loop(Looper.java)
E/BluetoothHeadset( 844): at android.os.HandlerThread.run(HandlerThread.java)
E/BluetoothHeadset( 844): at com.android.server.ServiceThread.run(ServiceThread.java)
I/ActivityManager( 844): Start proc com.android.bluetooth for restart com.android.bluetooth: pid=4886 uid=1002 gids={41002, 9997, 3003, 3002, 3001, 1028, 1015, 3005, 1016, 3008, 1023} abi=armeabi-v7a
D/BluetoothHeadset( 1302): onBluetoothStateChange: up=false
E/BluetoothHeadset( 1302):
E/BluetoothHeadset( 1302): java.lang.IllegalArgumentException: Service not registered: android.bluetooth.BluetoothHeadset$2@171bdf46
E/BluetoothHeadset( 1302): at android.app.LoadedApk.forgetServiceDispatcher(LoadedApk.java)
E/BluetoothHeadset( 1302): at android.app.ContextImpl.unbindService(ContextImpl.java)
E/BluetoothHeadset( 1302): at android.content.ContextWrapper.unbindService(ContextWrapper.java)
E/BluetoothHeadset( 1302): at android.bluetooth.BluetoothHeadset$1.onBluetoothStateChange(BluetoothHeadset.java)
E/BluetoothHeadset( 1302): at android.bluetooth.IBluetoothStateChangeCallback$Stub.onTransact(IBluetoothStateChangeCallback.java)
E/BluetoothHeadset( 1302): at android.os.Binder.execTransact(Binder.java)
D/BluetoothPan( 1219): onBluetoothStateChange on: false
E/BluetoothPan( 1219):
E/BluetoothPan( 1219): java.lang.IllegalArgumentException: Service not registered: android.bluetooth.BluetoothPan$2@3bf2533c
E/BluetoothPan( 1219): at android.app.LoadedApk.forgetServiceDispatcher(LoadedApk.java)
E/BluetoothPan( 1219): at android.app.ContextImpl.unbindService(ContextImpl.java)
E/BluetoothPan( 1219): at android.content.ContextWrapper.unbindService(ContextWrapper.java)
E/BluetoothPan( 1219): at android.bluetooth.BluetoothPan$1.onBluetoothStateChange(BluetoothPan.java)
E/BluetoothPan( 1219): at android.bluetooth.IBluetoothStateChangeCallback$Stub.onTransact(IBluetoothStateChangeCallback.java)
E/BluetoothPan( 1219): at android.os.Binder.execTransact(Binder.java)
D/BluetoothMap( 1219): onBluetoothStateChange: up=false
E/BluetoothMap( 1219):
E/BluetoothMap( 1219): java.lang.IllegalArgumentException: Service not registered: android.bluetooth.BluetoothMap$2@37f1e8c5
E/BluetoothMap( 1219): at android.app.LoadedApk.forgetServiceDispatcher(LoadedApk.java)
E/BluetoothMap( 1219): at android.app.ContextImpl.unbindService(ContextImpl.java)
E/BluetoothMap( 1219): at android.content.ContextWrapper.unbindService(ContextWrapper.java)
E/BluetoothMap( 1219): at android.bluetooth.BluetoothMap$1.onBluetoothStateChange(BluetoothMap.java)
E/BluetoothMap( 1219): at android.bluetooth.IBluetoothStateChangeCallback$Stub.onTransact(IBluetoothStateChangeCallback.java)
E/BluetoothMap( 1219): at android.os.Binder.execTransact(Binder.java)
D/BluetoothInputDevice( 1219): onBluetoothStateChange: up=false
E/BluetoothInputDevice( 1219):
E/BluetoothInputDevice( 1219): java.lang.IllegalArgumentException: Service not registered: android.bluetooth.BluetoothInputDevice$2@3d6912f
E/BluetoothInputDevice( 1219): at android.app.LoadedApk.forgetServiceDispatcher(LoadedApk.java)
E/BluetoothInputDevice( 1219): at android.app.ContextImpl.unbindService(ContextImpl.java)
E/BluetoothInputDevice( 1219): at android.content.ContextWrapper.unbindService(ContextWrapper.java)
E/BluetoothInputDevice( 1219): at android.bluetooth.BluetoothInputDevice$1.onBluetoothStateChange(BluetoothInputDevice.java)
E/BluetoothInputDevice( 1219): at android.bluetooth.IBluetoothStateChangeCallback$Stub.onTransact(IBluetoothStateChangeCallback.java)
E/BluetoothInputDevice( 1219): at android.os.Binder.execTransact(Binder.java)
D/BluetoothAdapter( 1063): 517947889: getState() : mService = null. Returning STATE_OFF
D/BluetoothHeadset( 1284): onBluetoothStateChange: up=false
E/BluetoothHeadset( 1284):
E/BluetoothHeadset( 1284): java.lang.IllegalArgumentException: Service not registered: android.bluetooth.BluetoothHeadset$2@315b80fe
E/BluetoothHeadset( 1284): at android.app.LoadedApk.forgetServiceDispatcher(LoadedApk.java)
E/BluetoothHeadset( 1284): at android.app.ContextImpl.unbindService(ContextImpl.java)
E/BluetoothHeadset( 1284): at android.content.ContextWrapper.unbindService(ContextWrapper.java)
E/BluetoothHeadset( 1284): at android.content.ContextWrapper.unbindService(ContextWrapper.java)
E/BluetoothHeadset( 1284): at android.bluetooth.BluetoothHeadset$1.onBluetoothStateChange(BluetoothHeadset.java)
E/BluetoothHeadset( 1284): at android.bluetooth.IBluetoothStateChangeCallback$Stub.onTransact(IBluetoothStateChangeCallback.java)
E/BluetoothHeadset( 1284): at android.os.Binder.execTransact(Binder.java)
D/BluetoothPbap( 1219): onBluetoothStateChange: up=false
E/BluetoothPbap( 1219):
E/BluetoothPbap( 1219): java.lang.IllegalArgumentException: Service not registered: android.bluetooth.BluetoothPbap$2@144a521a
E/BluetoothPbap( 1219): at android.app.LoadedApk.forgetServiceDispatcher(LoadedApk.java)
E/BluetoothPbap( 1219): at android.app.ContextImpl.unbindService(ContextImpl.java)
E/BluetoothPbap( 1219): at android.content.ContextWrapper.unbindService(ContextWrapper.java)
E/BluetoothPbap( 1219): at android.bluetooth.BluetoothPbap$1.onBluetoothStateChange(BluetoothPbap.java)
E/BluetoothPbap( 1219): at android.bluetooth.IBluetoothStateChangeCallback$Stub.onTransact(IBluetoothStateChangeCallback.java)
E/BluetoothPbap( 1219): at android.os.Binder.execTransact(Binder.java)
D/BluetoothAdapter( 1358): 173510713: getState() : mService = null. Returning STATE_OFF
D/KeyguardViewMediator( 1063): action name: android.bluetooth.adapter.action.STATE_CHANGED
D/BluetoothA2dp( 844): onBluetoothStateChange: up=false
E/BluetoothA2dp( 844):
E/BluetoothA2dp( 844): java.lang.IllegalArgumentException: Service not registered: android.bluetooth.BluetoothA2dp$2@1d8635f7
E/BluetoothA2dp( 844): at android.app.LoadedApk.forgetServiceDispatcher(LoadedApk.java)
E/BluetoothA2dp( 844): at android.app.ContextImpl.unbindService(ContextImpl.java)
E/BluetoothA2dp( 844): at android.bluetooth.BluetoothA2dp$1.onBluetoothStateChange(BluetoothA2dp.java)
E/BluetoothA2dp( 844): at com.android.server.BluetoothManagerService.sendBluetoothStateCallback(BluetoothManagerService.java)
E/BluetoothA2dp( 844): at com.android.server.BluetoothManagerService.bluetoothStateChangeHandler(BluetoothManagerService.java)
E/BluetoothA2dp( 844): at com.android.server.BluetoothManagerService.access$3200(BluetoothManagerService.java)
E/BluetoothA2dp( 844): at com.android.server.BluetoothManagerService$BluetoothHandler.handleMessage(BluetoothManagerService.java)
E/BluetoothA2dp( 844): at android.os.Handler.dispatchMessage(Handler.java)
E/BluetoothA2dp( 844): at android.os.Looper.loop(Looper.java)
E/BluetoothA2dp( 844): at android.os.HandlerThread.run(HandlerThread.java)
E/BluetoothA2dp( 844): at com.android.server.ServiceThread.run(ServiceThread.java)
D/BluetoothHeadset( 1284): onBluetoothStateChange: up=false
E/BluetoothHeadset( 1284):
E/BluetoothHeadset( 1284): java.lang.IllegalArgumentException: Service not registered: android.bluetooth.BluetoothHeadset$2@1845c947
E/BluetoothHeadset( 1284): at android.app.LoadedApk.forgetServiceDispatcher(LoadedApk.java)
E/BluetoothHeadset( 1284): at android.app.ContextImpl.unbindService(ContextImpl.java)
E/BluetoothHeadset( 1284): at android.content.ContextWrapper.unbindService(ContextWrapper.java)
E/BluetoothHeadset( 1284): at android.bluetooth.BluetoothHeadset$1.onBluetoothStateChange(BluetoothHeadset.java)
E/BluetoothHeadset( 1284): at android.bluetooth.IBluetoothStateChangeCallback$Stub.onTransact(IBluetoothStateChangeCallback.java)
E/BluetoothHeadset( 1284): at android.os.Binder.execTransact(Binder.java)
D/BluetoothManagerService( 844): Bluetooth State Change Intent: 13 -> 10
D/Telecom ( 1284): BluetoothPhoneService: Bluetooth Adapter state: 13
W/ResourcesManager( 844): Asset path '/system/framework/javax.btobex.jar' does not exist or contains no resources.
W/ContextImpl( 1219): Calling a method in the system process without a qualified user: android.app.ContextImpl.startService:-1 android.content.ContextWrapper.startService:-1 android.content.ContextWrapper.startService:-1 com.android.settings.bluetooth.DockEventReceiver.e:134 com.android.settings.bluetooth.DockEventReceiver.onReceive:115
W/BroadcastQueueInjector( 844): System app: "com.android.bluetooth" started by broadcast Intent { act=android.bluetooth.adapter.action.STATE_CHANGED flg=0x14000010 (has extras) }
D/BluetoothAdapter( 1063): 517947889: getState() : mService = null. Returning STATE_OFF
D/BluetoothAdapter( 1358): 173510713: getState() : mService = null. Returning STATE_OFF
D/KeyguardViewMediator( 1063): action name: android.bluetooth.adapter.action.STATE_CHANGED
D/Telecom ( 1284): BluetoothPhoneService: Bluetooth Adapter state: 10
D/DockEventReceiver( 1219): finishStartingService: stopping service
W/BroadcastQueue( 844): pending app [foreground]ProcessRecord{253fffeb 4886:com.android.bluetooth/1002} died before responding to broadcast
W/BroadcastQueue( 844): Skipping deliver ordered [foreground] BroadcastRecord{39478d21 u0 android.bluetooth.adapter.action.STATE_CHANGED} to ProcessRecord{253fffeb 4886:com.android.bluetooth/1002}: process crashing
D/BluetoothManagerService( 844): Message: 42
D/BluetoothManagerService( 844): MESSAGE_RESTART_BLUETOOTH_SERVICE: Restart IBluetooth service
W/BroadcastQueue( 844): Skipping deliver ordered [foreground] BroadcastRecord{39478d21 u0 android.bluetooth.adapter.action.STATE_CHANGED} to ProcessRecord{253fffeb 4886:com.android.bluetooth/1002}: process crashing
W/BroadcastQueue( 844): Skipping deliver ordered [foreground] BroadcastRecord{39478d21 u0 android.bluetooth.adapter.action.STATE_CHANGED} to ProcessRecord{253fffeb 4886:com.android.bluetooth/1002}: process crashing
W/BroadcastQueue( 844): Skipping deliver ordered [foreground] BroadcastRecord{39478d21 u0 android.bluetooth.adapter.action.STATE_CHANGED} to ProcessRecord{253fffeb 4886:com.android.bluetooth/1002}: process crashing
W/BroadcastQueue( 844): Skipping deliver ordered [foreground] BroadcastRecord{39478d21 u0 android.bluetooth.adapter.action.STATE_CHANGED} to ProcessRecord{253fffeb 4886:com.android.bluetooth/1002}: process crashing
W/BroadcastQueue( 844): Skipping deliver ordered [foreground] BroadcastRecord{39478d21 u0 android.bluetooth.adapter.action.STATE_CHANGED} to ProcessRecord{253fffeb 4886:com.android.bluetooth/1002}: process crashing
W/BroadcastQueue( 844): Skipping deliver ordered [foreground] BroadcastRecord{39478d21 u0 android.bluetooth.adapter.action.STATE_CHANGED} to ProcessRecord{253fffeb 4886:com.android.bluetooth/1002}: process crashing
W/BroadcastQueue( 844): Skipping deliver ordered [foreground] BroadcastRecord{39478d21 u0 android.bluetooth.adapter.action.STATE_CHANGED} to ProcessRecord{253fffeb 4886:com.android.bluetooth/1002}: process crashing
W/BroadcastQueue( 844): Permission Denial: receiving Intent { act=android.bluetooth.adapter.action.STATE_CHANGED flg=0x14000010 (has extras) } to com.mi4ever.app.mi4everblog/com.appyet.receiver.CommonReceiver requires android.permission.BLUETOOTH due to sender android (uid 1000)
W/BroadcastQueue( 844): Skipping deliver ordered [foreground] BroadcastRecord{39478d21 u0 android.bluetooth.adapter.action.STATE_CHANGED} to ProcessRecord{253fffeb 4886:com.android.bluetooth/1002}: process crashing
W/BroadcastQueue( 844): Skipping deliver ordered [foreground] BroadcastRecord{39478d21 u0 android.bluetooth.adapter.action.STATE_CHANGED} to ProcessRecord{253fffeb 4886:com.android.bluetooth/1002}: process crashing
W/ContextImpl( 1219): Calling a method in the system process without a qualified user: android.app.ContextImpl.startService:-1 android.content.ContextWrapper.startService:-1 android.content.ContextWrapper.startService:-1 com.android.settings.bluetooth.DockEventReceiver.e:134 com.android.settings.bluetooth.DockEventReceiver.onReceive:115
D/DockEventReceiver( 1219): finishStartingService: stopping service
W/ResourcesManager( 4886): Asset path '/system/framework/javax.btobex.jar' does not exist or contains no resources.
D/miuisdk ( 4886): current sdk level is 2
D/AdapterServiceConfig( 4886): Adding HeadsetService
D/AdapterServiceConfig( 4886): Adding A2dpService
D/AdapterServiceConfig( 4886): Adding HidService
D/AdapterServiceConfig( 4886): Adding HealthService
D/AdapterServiceConfig( 4886): Adding PanService
D/AdapterServiceConfig( 4886): Adding GattService
D/AdapterServiceConfig( 4886): Adding BluetoothMapService
D/BluetoothManagerService( 844): Message: 20
D/BluetoothManagerService( 844): Added callback: android.bluetooth.IBluetoothManagerCallback$Stub$Proxy@50998a3:true
D/BluetoothAdapterState( 4886): make
I/bluedroid( 4886): init
I/BluetoothAdapterState( 4886): Entering OffState
I/bte_conf( 4886): bte_load_conf attempt to load stack conf from /etc/bluetooth/bt_stack.conf
I/bte_conf( 4886): bte_load_ble_conf attempt to load ble stack conf from /etc/bluetooth/ble_stack.conf
E/bt_osi_config( 4886): config_new unable to open file '/etc/bluetooth/ble_stack.conf': No such file or directory
I/bte_conf( 4886): bte_load_ble_conf file >/etc/bluetooth/ble_stack.conf< not found
I/GKI_LINUX( 4886): gki_task_entry task_id=1 [BTIF] starting
E/GKI_LINUX( 4886): GKI_exception(): Task State Table
E/GKI_LINUX( 4886): TASK ID [0] task name [(null)] state [0]
E/GKI_LINUX( 4886): TASK ID [1] task name [BTIF] state [1]
E/GKI_LINUX( 4886): TASK ID [2] task name [(null)] state [0]
E/GKI_LINUX( 4886): GKI_exception 65531 Sending to unknown dest
E/GKI_LINUX( 4886): ********************************************************************
E/GKI_LINUX( 4886): * GKI_exception(): 65531 Sending to unknown dest
E/GKI_LINUX( 4886): ********************************************************************
I/bluedroid( 4886): get_profile_interface socket
I/bluedroid( 4886): get_profile_interface map_client
D/BluetoothAdapterProperties( 4886): Address is:F8:A4:5F:02:67:23
D/BluetoothManagerService( 844): Bluetooth Adapter name changed to Mi Phone
D/BluetoothAdapterProperties( 4886): Name is: Mi Phone
D/BluetoothManagerService( 844): Stored Bluetooth name: Mi Phone
D/BluetoothManagerService( 844): BluetoothServiceConnection: com.android.bluetooth.btservice.AdapterService
D/BluetoothManagerService( 844): Message: 40
D/BluetoothManagerService( 844): MESSAGE_BLUETOOTH_SERVICE_CONNECTED: 1
I/bluedroid( 4886): config_hci_snoop_log
D/BluetoothManagerService( 844): Calling onBluetoothServiceUp callbacks
D/BluetoothManagerService( 844): Broadcasting onBluetoothServiceUp() to 8 receivers.
E/BTEventHandler( 4886): A4WP is not supported
D/BluetoothAdapterState( 4886): CURRENT_STATE=OFF, MESSAGE = USER_TURN_ON
D/BluetoothAdapterProperties( 4886): Setting state to 11
I/BluetoothAdapterState( 4886): Bluetooth adapter state changed: 10-> 11
D/BluetoothManagerService( 844): Message: 60
D/BluetoothManagerService( 844): MESSAGE_BLUETOOTH_STATE_CHANGE: prevState = 10, newState=11
D/BluetoothManagerService( 844): Bluetooth State Change Intent: 10 -> 11
D/KeyguardViewMediator( 1063): action name: android.bluetooth.adapter.action.STATE_CHANGED
D/BluetoothBondStateMachine( 4886): make
D/Telecom ( 1284): BluetoothPhoneService: Bluetooth Adapter state: 11
D/BluetoothAdapterService( 4886): checkA2dpState: isA2dpSinkEnabled = false
E/BluetoothAdapterService( 4886): checkA2dpState: returning
D/BluetoothAdapterService( 4886): checkHidState: isHidDev = false
E/BluetoothAdapterService( 4886): checkHidState: returning
D/BluetoothAdapterService( 4886): checkHfpState: isHfpClientEnabled = false
E/BluetoothAdapterService( 4886): checkHfpState: returning
I/BluetoothBondStateMachine( 4886): StableState(): Entering Off State
W/ResourcesManager( 4886): Asset path '/system/framework/javax.obex.jar' does not exist or contains no resources.
D/HeadsetService( 4886): Received start request. Starting profile...
I/BluetoothHeadsetServiceJni( 4886): classInitNative: succeeds
D/HeadsetStateMachine( 4886): Version 1.6
D/HeadsetStateMachine( 4886): make
E/HeadsetStateMachine( 4886): Could not bind to Bluetooth Headset Voip Phone Service
I/BluetoothAdapterState( 4886): Entering PendingCommandState State: isTurningOn()=true, isTurningOff()=false
D/HeadsetStateMachine( 4886): max_hf_connections = 1
I/bluedroid( 4886): get_profile_interface handsfree
D/HeadsetStateMachine( 4886): Enter Disconnected: -2, size: 0
D/BluetoothAdapterService( 4886): getAdapterService() - returning com.android.bluetooth.btservice.AdapterService@167dc37b
V/BluetoothSapReceiver( 4886): SapReceiver onReceive
V/BluetoothSapReceiver( 4886): action = android.bluetooth.adapter.action.STATE_CHANGED
V/BluetoothSapReceiver( 4886): Bluetooth Adapter state = 10
W/BroadcastQueue( 844): Skipping deliver [background] BroadcastRecord{53633ce u-1 android.intent.action.BATTERY_CHANGED} to ReceiverList{263268d0 4886 com.android.bluetooth/1002/u0 remote:32e1f093}: process crashing
D/A2dpService( 4886): Received start request. Starting profile...
I/BluetoothAvrcpServiceJni( 4886): classInitNative: succeeds
V/Avrcp ( 4886): make
V/Avrcp ( 4886): Avrcp
I/bluedroid( 4886): get_profile_interface avrcp
V/Avrcp ( 4886): start
V/Avrcp ( 4886): registerMediaPlayers
V/Avrcp ( 4886): MediaPlayerInfo: mPlayerId = 1
V/Avrcp ( 4886): mMajorPlayerType = 1 mPlayerSubType = 0
V/Avrcp ( 4886): mPlayState = 2 mCharsetId = 106
V/Avrcp ( 4886): mPlayerPackageName = com.android.music mDisplayableNameLength = 5
V/Avrcp ( 4886): mItemLength = 33 mEntryLength = 34
V/Avrcp ( 4886): mFeatureMask =
V/Avrcp ( 4886): mFeatureMask[0] = 0
V/Avrcp ( 4886): mFeatureMask[1] = 0
V/Avrcp ( 4886): mFeatureMask[2] = 0
V/Avrcp ( 4886): mFeatureMask[3] = 0
V/Avrcp ( 4886): mFeatureMask[4] = 12
V/Avrcp ( 4886): mFeatureMask[5] = 55
V/Avrcp ( 4886): mFeatureMask[6] = 0
V/Avrcp ( 4886): mFeatureMask[7] = 141
V/Avrcp ( 4886): mFeatureMask[8] = 2
V/Avrcp ( 4886): mFeatureMask[9] = 0
V/Avrcp ( 4886): mFeatureMask[10] = 0
V/Avrcp ( 4886): mFeatureMask[11] = 0
V/Avrcp ( 4886): mFeatureMask[12] = 0
V/Avrcp ( 4886): mFeatureMask[13] = 0
V/Avrcp ( 4886): mFeatureMask[14] = 0
V/Avrcp ( 4886): mFeatureMask[15] = 0
V/Avrcp ( 4886): mDisplayableName=
V/Avrcp ( 4886): mDisplayableName[0] = 77
V/Avrcp ( 4886): mDisplayableName[1] = 117
V/Avrcp ( 4886): mDisplayableName[2] = 115
V/Avrcp ( 4886): mDisplayableName[3] = 105
V/Avrcp ( 4886): mDisplayableName[4] = 99
V/Avrcp ( 4886): MediaPlayerInfo: mPlayerId = 2
V/Avrcp ( 4886): mMajorPlayerType = 1 mPlayerSubType = 0
V/Avrcp ( 4886): mPlayState = 2 mCharsetId = 106
V/Avrcp ( 4886): mPlayerPackageName = com.google.android.music mDisplayableNameLength = 6
V/Avrcp ( 4886): mItemLength = 34 mEntryLength = 35
V/Avrcp ( 4886): mFeatureMask =
V/Avrcp ( 4886): mFeatureMask[0] = 0
V/Avrcp ( 4886): mFeatureMask[1] = 0
V/Avrcp ( 4886): mFeatureMask[2] = 0
V/Avrcp ( 4886): mFeatureMask[3] = 0
V/Avrcp ( 4886): mFeatureMask[4] = 12
V/Avrcp ( 4886): mFeatureMask[5] = 55
V/Avrcp ( 4886): mFeatureMask[6] = 0
V/Avrcp ( 4886): mFeatureMask[7] = 5
V/Avrcp ( 4886): mFeatureMask[8] = 0
V/Avrcp ( 4886): mFeatureMask[9] = 0
V/Avrcp ( 4886): mFeatureMask[10] = 0
V/Avrcp ( 4886): mFeatureMask[11] = 0
V/Avrcp ( 4886): mFeatureMask[12] = 0
V/Avrcp ( 4886): mFeatureMask[13] = 0
V/Avrcp ( 4886): mFeatureMask[14] = 0
V/Avrcp ( 4886): mFeatureMask[15] = 0
V/Avrcp ( 4886): mDisplayableName=
V/Avrcp ( 4886): mDisplayableName[0] = 77
V/Avrcp ( 4886): mDisplayableName[1] = 117
V/Avrcp ( 4886): mDisplayableName[2] = 115
V/Avrcp ( 4886): mDisplayableName[3] = 105
V/Avrcp ( 4886): mDisplayableName[4] = 99
V/Avrcp ( 4886): mDisplayableName[5] = 50
V/AudioService( 844): updateRemoteControllerOnExistingMediaPlayers: size of Player list: 0
E/AudioService( 844): No RCC entry present to update
E/RemoteController( 4886): Cannot set synchronization mode on an unregistered RemoteController
I/BluetoothA2dpServiceJni( 4886): classInitNative: succeeds
D/A2dpStateMachine( 4886): make
I/bluedroid( 4886): get_profile_interface a2dp
I/GKI_LINUX( 4886): gki_task_entry task_id=2 [A2DP-MEDIA] starting
D/bt-btif ( 4886): btif_av_state_idle_handler event:BTIF_SM_ENTER_EVT flags 0
D/A2dpService( 4886): setA2dpService(): set to: null
D/BluetoothAdapterService( 4886): getAdapterService() - returning com.android.bluetooth.btservice.AdapterService@167dc37b
D/A2dpStateMachine( 4886): Enter Disconnected: -2
I/BluetoothHidServiceJni( 4886): classInitNative: succeeds
D/HidService( 4886): Received start request. Starting profile...
I/bluedroid( 4886): get_profile_interface hidhost
D/BluetoothAdapterService( 4886): getAdapterService() - returning com.android.bluetooth.btservice.AdapterService@167dc37b
I/BluetoothHealthServiceJni( 4886): classInitNative: succeeds
D/HealthService( 4886): Received start request. Starting profile...
I/bluedroid( 4886): get_profile_interface health
D/BluetoothAdapterService( 4886): getAdapterService() - returning com.android.bluetooth.btservice.AdapterService@167dc37b
I/BluetoothPanServiceJni( 4886): classInitNative(L105): succeeds
D/PanService( 4886): Received start request. Starting profile...
D/BluetoothPanServiceJni( 4886): initializeNative(L110): pan
I/bluedroid( 4886): get_profile_interface pan
D/BluetoothAdapterService( 4886): getAdapterService() - returning com.android.bluetooth.btservice.AdapterService@167dc37b
D/BtGatt.GattService( 4886): classInitNative called
I/BtGatt.JNI( 4886): classInitNative(L863): classInitNative: Success!
D/BtGatt.DebugUtils( 4886): handleDebugAction() action=null
D/BtGatt.GattService( 4886): Received start request. Starting profile...
D/BtGatt.GattService( 4886): start()
I/bluedroid( 4886): get_profile_interface gatt
D/BtGatt.AdvertiseManager( 4886): advertise manager created
D/BluetoothAdapterService( 4886): getAdapterService() - returning com.android.bluetooth.btservice.AdapterService@167dc37b
D/BluetoothMapService( 4886): inside BluetoothMapObexConnection
D/BluetoothMapService( 4886): supportedMessageTypes 14
D/BluetoothMapService( 4886): masId 0
D/BluetoothMapService( 4886): inside BluetoothMapObexConnection
D/BluetoothMapService( 4886): supportedMessageTypes 1
D/BluetoothMapService( 4886): masId 1
D/BluetoothMapService( 4886): Inside initBinder
D/BluetoothMapService( 4886): Received start request. Starting profile...
D/BluetoothMapService( 4886): start()
D/BluetoothMapService( 4886): Registering observer
D/BluetoothAdapterService( 4886): getAdapterService() - returning com.android.bluetooth.btservice.AdapterService@167dc37b
D/HeadsetPhoneState( 4886): sendDeviceStateChanged. mService=1 mSignal=0 mRoam=0 mBatteryCharge=0
D/HeadsetStateMachine( 4886): Disconnected process message: 11, size: 0
D/HeadsetPhoneState( 4886): sendDeviceStateChanged. mService=1 mSignal=5 mRoam=0 mBatteryCharge=0
D/HeadsetStateMachine( 4886): Disconnected process message: 11, size: 0
I/Telecom ( 1284): BluetoothPhoneService: queryPhoneState
D/Telecom ( 1284): BluetoothPhoneService: handleMessage(7) w/ param 0
V/BluetoothMapService( 4886): Handler(): got msg=1
D/BluetoothAdapterState( 4886): CURRENT_STATE=PENDING, MESSAGE = STARTED, isTurningOn=true, isTurningOff=false
I/bluedroid( 4886): enable
I/bt_hci_bdroid( 4886): init
I/GKI_LINUX( 4886): gki_task_entry task_id=0 [BTU] starting
I/bt-btu ( 4886): btu_task pending for preload complete event
I/bt_vendor( 4886): bt-vendor : init
I/bt_vendor( 4886): bt-vendor : get_bt_soc_type
E/bt_vendor( 4886): get_bt_soc_type: Failed to get soc type
I/bt_vendor( 4886): init: Local BD Address : 23:67:02:5f:a4:f8
D/bt_userial_mct( 4886): userial_init
I/bt_vendor( 4886): bt-vendor : BT_VND_OP_POWER_CTRL: On
I/bt_vendor( 4886): bluetooth satus is on
I/bt_vendor( 4886): bt-vendor : resetting BT status
I/bt_vendor( 4886): Starting hciattach daemon
I/bt_vendor( 4886): try to set false
D/AuthorizationBluetoothService( 1530): Received Bluetooth event: Intent { act=android.bluetooth.adapter.action.STATE_CHANGED flg=0x14000010 cmp=com.google.android.gms/.auth.be.proximity.authorization.bt.AuthorizationBluetoothService$BluetoothStateChangeReceiver (has extras) }.
I/bt_vendor( 4886): Starting hciattach daemon
I/bt_vendor( 4886): try to set true
W/BroadcastQueueInjector( 844): Unable to launch app com.rhapsody.napster/10104 for broadcast Intent { act=android.bluetooth.adapter.action.STATE_CHANGED flg=0x14000010 (has extras) }: process is not permitted to autostart
W/BroadcastQueue( 844): Permission Denial: receiving Intent { act=android.bluetooth.adapter.action.STATE_CHANGED flg=0x14000010 (has extras) } to com.mi4ever.app.mi4everblog/com.appyet.receiver.CommonReceiver requires android.permission.BLUETOOTH due to sender android (uid 1000)
E/BTEventHandler( 4886): A4WP is not supported
V/BluetoothSapReceiver( 4886): SapReceiver onReceive
V/BluetoothSapReceiver( 4886): action = android.bluetooth.adapter.action.STATE_CHANGED
V/BluetoothSapReceiver( 4886): Bluetooth Adapter state = 11
D/AuthorizationBluetoothService( 1530): Received Bluetooth event: Intent { act=android.bluetooth.adapter.action.STATE_CHANGED flg=0x14000010 cmp=com.google.android.gms/.auth.be.proximity.authorization.bt.AuthorizationBluetoothService$BluetoothStateChangeReceiver (has extras) }.
I/qcom-bluetooth( 4934): /system/etc/init.qcom.bt.sh: init.qcom.bt.sh config =
W/BroadcastQueueInjector( 844): Unable to launch app com.rhapsody.napster/10104 for broadcast Intent { act=android.bluetooth.adapter.action.STATE_CHANGED flg=0x14000010 (has extras) }: process is not permitted to autostart
W/BroadcastQueue( 844): Permission Denial: receiving Intent { act=android.bluetooth.adapter.action.STATE_CHANGED flg=0x14000010 (has extras) } to com.mi4ever.app.mi4everblog/com.appyet.receiver.CommonReceiver requires android.permission.BLUETOOTH due to sender android (uid 1000)
D/wpa_supplicant( 1134): wlan0: Control interface command 'SIGNAL_POLL'
I/qcom-bluetooth( 4941): /system/etc/init.qcom.bt.sh: Transport : smd
I/qcom-bluetooth( 4942): /system/etc/init.qcom.bt.sh: ** Bluedroid stack **
I/qcom-bluetooth( 4944): /system/etc/init.qcom.bt.sh: Power Class: Ignored. Default(1) used (1-CLASS1/2-CLASS2/3-CUSTOM)
I/qcom-bluetooth( 4947): /system/etc/init.qcom.bt.sh: Power Class: To override, Before turning BT ON; setprop qcom.bt.dev_power_class <1 or 2 or 3>
I/qcom-bluetooth( 4948): /system/etc/init.qcom.bt.sh: LE Power Class: Ignored. Default(2) used (1-CLASS1/2-CLASS2/3-CUSTOM)
I/qcom-bluetooth( 4949): /system/etc/init.qcom.bt.sh: LE Power Class: To override, Before turning BT ON; setprop qcom.bt.le_dev_pwr_class <1 or 2 or 3>
E/Diag_Lib( 4953): Diag_LSM_Init: Failed to open handle to diag driver, error = 13
E/QMI_FW ( 4953): QMUXD: Service_id=228 not found over conn_id=0
E/QMI_FW ( 4953): QMUXD: Service_id=228 not found over conn_id=37
E/QMI_FW ( 4953): QMUXD: Service_id=228 not found over conn_id=0
E/QMI_FW ( 4953): QMUXD: Service_id=228 not found over conn_id=37
E/QMI_FW ( 4953): QMUXD: Service_id=228 not found over conn_id=0
D/StatusBar.NetworkController( 1063): onSignalStrengthsChanged received on subscription :1signalStrength=SignalStrength: 9 0 -120 -160 -120 -1 -1 99 2147483647 2147483647 2147483647 2147483647 2147483647 gsm|lte level=4;phoneId=0
E/QMI_FW ( 4953): QMUXD: Service_id=228 not found over conn_id=37
E/QMI_FW ( 4953): QMUXD: Service_id=228 not found over conn_id=0
E/QMI_FW ( 4953): QMUXD: Service_id=228 not found over conn_id=37
E/QMI_FW ( 4953): QMUXD: Service_id=228 not found over conn_id=0
D/AlarmManagerService( 844): Kernel timezone updated to -120 minutes west of GMT
D/StatusBar.NetworkController( 1063): onServiceStateChanged received on subscription :1state=0;phoneId=0
D/ServiceNumberCollapseReceiver( 3342): onServiceStateChanged: 0 0 home F SFR SFR 20810 GSM EDGE CSS not supported -1 -1 RoamInd=-1 DefRoamInd=-1 EmergOnly=false
D/CellBroadcastReceiver( 4328): onReceive Intent { act=android.intent.action.SERVICE_STATE flg=0x10 cmp=com.android.cellbroadcastreceiver/.CellBroadcastReceiver (has extras) }
D/CellBroadcastReceiver( 4328): Intent ACTION_SERVICE_STATE_CHANGED
E/QMI_FW ( 4953): QMUXD: Service_id=228 not found over conn_id=37
V/ProcessObserver( 1640): onProcessStateChanged
D/StatusBar.NetworkController( 1063): updateNetworkName spn= plmn=F SFR spn2=null plmn2=null slotId=0 showSpn=false showPlmn=true
D/StatusBar.NetworkController( 1063): updateNetworkName mNetworkName[0]=F SFR mTempNetworkName[0] = Aucun service
V/LocationPolicy( 844): onProcessStateChanged
D/StatusBar.NetworkController( 1063): onDataConnectionStateChanged received on subscription :1state=-1 type=2;phoneid=0
D/StatusBar.NetworkController( 1063): updateNetworkName mNetworkName[0]=F SFR mTempNetworkName[0] = Aucun service
I/qcom-bluetooth( 4984): /system/etc/init.qcom.bt.sh: Bluetooth QSoC firmware download succeeded, /dev/ttyHS0 qualcomm-ibs 3000000 f8:a4:5f:02:67:23
I/qcom-bluetooth( 4985): /system/etc/init.qcom.bt.sh: ** Bluedroid stack **
I/Sensors ( 418): sns_pwr.c(417):sns_pwr_set_cpu_latency: hz -1
I/Sensors ( 418): DSPS file:sns_smgr_sol.c(1230):SMGR: One val: 1
I/bt_vendor( 4886): bluetooth satus is on
D/bt_userial_mct( 4886): userial_open(port:0)
I/bt_vendor( 4886): bt-vendor : BT_VND_OP_USERIAL_OPEN
I/bt_vendor( 4886): Done intiailizing UART
I/bt_vendor( 4886): Done intiailizing UART
I/bt_userial_mct( 4886): CMD=72, EVT=72, ACL_Out=73, ACL_In=73
I/bt_vendor( 4886): Bluetooth Firmware and transport layer are initialized
D/bt_userial_mct( 4886): Entering userial_read_thread()
I/bt-btu ( 4886): btu_task received preload complete event
W/bt-l2cap( 4886): L2CAP - L2CA_Register() called for PSM: 0x0001
W/bt-l2cap( 4886): L2CAP - L2CA_Register() called for PSM: 0x001f
W/bt-l2cap( 4886): L2CAP - L2CA_Register() called for PSM: 0x0003
W/bt-l2cap( 4886): L2CAP - L2CA_Register() called for PSM: 0x1487
F/libc ( 4886): Fatal signal 11 (SIGSEGV), code 1, fault addr 0x8 in tid 4931 (BTU)
D/PhoneApp( 1302): mReceiver: ACTION_ANY_DATA_CONNECTION_STATE_CHANGED- state: DISCONNECTED- reason: nwTypeChanged
D/PhoneApp( 1302): mReceiver: ACTION_ANY_DATA_CONNECTION_STATE_CHANGED- state: DISCONNECTED- reason: nwTypeChanged
D/PhoneApp( 1302): mReceiver: ACTION_ANY_DATA_CONNECTION_STATE_CHANGED- state: DISCONNECTED- reason: nwTypeChanged
D/PhoneApp( 1302): mReceiver: ACTION_ANY_DATA_CONNECTION_STATE_CHANGED- state: DISCONNECTED- reason: nwTypeChanged
D/PhoneApp( 1302): mReceiver: ACTION_ANY_DATA_CONNECTION_STATE_CHANGED- state: DISCONNECTED- reason: nwTypeChanged
D/PhoneApp( 1302): mReceiver: ACTION_ANY_DATA_CONNECTION_STATE_CHANGED- state: DISCONNECTED- reason: nwTypeChanged
D/PhoneApp( 1302): mReceiver: ACTION_ANY_DATA_CONNECTION_STATE_CHANGED- state: DISCONNECTED- reason: nwTypeChanged
D/PhoneApp( 1302): mReceiver: ACTION_ANY_DATA_CONNECTION_STATE_CHANGED- state: DISCONNECTED- reason: nwTypeChanged
D/PhoneApp( 1302): mReceiver: ACTION_ANY_DATA_CONNECTION_STATE_CHANGED- state: DISCONNECTED- reason: dataAttached
D/PhoneApp( 1302): mReceiver: ACTION_ANY_DATA_CONNECTION_STATE_CHANGED- state: DISCONNECTED- reason: dataAttached
D/PhoneApp( 1302): mReceiver: ACTION_ANY_DATA_CONNECTION_STATE_CHANGED- state: DISCONNECTED- reason: dataAttached
D/PhoneApp( 1302): mReceiver: ACTION_ANY_DATA_CONNECTION_STATE_CHANGED- state: DISCONNECTED- reason: dataAttached
D/PhoneApp( 1302): mReceiver: ACTION_ANY_DATA_CONNECTION_STATE_CHANGED- state: DISCONNECTED- reason: dataAttached
D/PhoneApp( 1302): mReceiver: ACTION_ANY_DATA_CONNECTION_STATE_CHANGED- state: DISCONNECTED- reason: dataAttached
D/PhoneApp( 1302): mReceiver: ACTION_ANY_DATA_CONNECTION_STATE_CHANGED- state: DISCONNECTED- reason: dataAttached
D/PhoneApp( 1302): mReceiver: ACTION_ANY_DATA_CONNECTION_STATE_CHANGED- state: DISCONNECTED- reason: dataAttached
D/PhoneApp( 1302): mReceiver: ACTION_ANY_DATA_CONNECTION_STATE_CHANGED- state: DISCONNECTED- reason: dataAttached
D/PhoneApp( 1302): mReceiver: ACTION_ANY_DATA_CONNECTION_STATE_CHANGED- state: DISCONNECTED- reason: dataAttached
D/PhoneApp( 1302): mReceiver: ACTION_ANY_DATA_CONNECTION_STATE_CHANGED- state: DISCONNECTED- reason: dataAttached
D/PhoneApp( 1302): mReceiver: ACTION_ANY_DATA_CONNECTION_STATE_CHANGED- state: DISCONNECTED- reason: dataAttached
D/PhoneApp( 1302): mReceiver: ACTION_ANY_DATA_CONNECTION_STATE_CHANGED- state: DISCONNECTED- reason: dataAttached
D/PhoneApp( 1302): mReceiver: ACTION_ANY_DATA_CONNECTION_STATE_CHANGED- state: DISCONNECTED- reason: dataAttached
D/PhoneApp( 1302): mReceiver: ACTION_ANY_DATA_CONNECTION_STATE_CHANGED- state: DISCONNECTED- reason: dataAttached
D/PhoneApp( 1302): mReceiver: ACTION_ANY_DATA_CONNECTION_STATE_CHANGED- state: DISCONNECTED- reason: dataAttached
D/PhoneApp( 1302): mReceiver: ACTION_ANY_DATA_CONNECTION_STATE_CHANGED- state: DISCONNECTED- reason: simLoaded
D/PhoneApp( 1302): mReceiver: ACTION_ANY_DATA_CONNECTION_STATE_CHANGED- state: DISCONNECTED- reason: simLoaded
D/PhoneApp( 1302): mReceiver: ACTION_ANY_DATA_CONNECTION_STATE_CHANGED- state: DISCONNECTED- reason: simLoaded
D/PhoneApp( 1302): mReceiver: ACTION_ANY_DATA_CONNECTION_STATE_CHANGED- state: DISCONNECTED- reason: simLoaded
D/PhoneApp( 1302): mReceiver: ACTION_ANY_DATA_CONNECTION_STATE_CHANGED- state: DISCONNECTED- reason: simLoaded
D/PhoneApp( 1302): mReceiver: ACTION_ANY_DATA_CONNECTION_STATE_CHANGED- state: DISCONNECTED- reason: simLoaded
D/PhoneApp( 1302): mReceiver: ACTION_ANY_DATA_CONNECTION_STATE_CHANGED- state: DISCONNECTED- reason: simLoaded
D/PhoneApp( 1302): mReceiver: ACTION_ANY_DATA_CONNECTION_STATE_CHANGED- state: DISCONNECTED- reason: simLoaded
D/NotificationMgr( 1302): hideDataDisconnectedRoaming()...
D/NotificationMgr( 1302): hideDataDisconnectedRoaming()...
D/NotificationMgr( 1302): hideDataDisconnectedRoaming()...
D/NotificationMgr( 1302): hideDataDisconnectedRoaming()...
D/NotificationMgr( 1302): hideDataDisconnectedRoaming()...
D/NotificationMgr( 1302): hideDataDisconnectedRoaming()...
D/NotificationMgr( 1302): hideDataDisconnectedRoaming()...
D/NotificationMgr( 1302): hideDataDisconnectedRoaming()...
D/NotificationMgr( 1302): hideDataDisconnectedRoaming()...
D/NotificationMgr( 1302): hideDataDisconnectedRoaming()...
D/NotificationMgr( 1302): hideDataDisconnectedRoaming()...
D/NotificationMgr( 1302): hideDataDisconnectedRoaming()...
D/NotificationMgr( 1302): hideDataDisconnectedRoaming()...
D/NotificationMgr( 1302): hideDataDisconnectedRoaming()...
D/NotificationMgr( 1302): hideDataDisconnectedRoaming()...
D/NotificationMgr( 1302): hideDataDisconnectedRoaming()...
D/NotificationMgr( 1302): hideDataDisconnectedRoaming()...
D/NotificationMgr( 1302): hideDataDisconnectedRoaming()...
