D/StatusBar.NetworkController( 1063): onCallStateChanged received on subscription :1state=0;phoneid=0
D/StatusBar.NetworkController( 1063): onDataConnectionStateChanged received on subscription :1state=-1 type=0;phoneid=0
D/StatusBar.NetworkController( 1063): updateNetworkName mNetworkName[0]=Aucun service mTempNetworkName[0] = Aucun service
D/StatusBar.NetworkController( 1063): onDataActivity received on subscription :1direction=0;phoneid=0
D/StatusBar.NetworkController( 1063): onSignalStrengthsChanged received on subscription :1signalStrength=SignalStrength: 99 0 -120 -160 -120 -1 -1 99 2147483647 2147483647 2147483647 2147483647 2147483647 gsm|lte level=0;phoneId=0
D/LockPatternKeyguardView( 1063): createUnlockScreenFor(SimPin): mEnableFallback=false
D/miuisdk ( 2102): current sdk level is 2
V/ProcessObserver( 1640): onProcessStateChanged
V/ProcessObserver( 1640): onProcessStateChanged
V/ProcessObserver( 1640): onProcessStateChanged
D/PowerDataProvider( 2102): PDEBUG-- 数据库初始化2
I/NetworkAssistantProvider( 1987): constructor
I/NetworkAssistantProvider( 1987): onCreate
W/Atfwd_Sendcmd( 316): AtCmdFwd service not published, waiting... retryCnt : 3
W/art ( 1813): Suspending all threads took: 24.597ms
V/ProcessObserver( 1640): onProcessStateChanged
I/NetworkAssistantProvider_DBHelper( 1987): constructor
D/ads-notify-fd5dfce4( 1219): com.android.settings--->cahnel OK
V/ProcessObserver( 1640): onProcessStateChanged
W/PushService( 1290): 2015-08-25 15:40:38,632 - [WARN::PushService] - [Thread:1] onStart() with intent.Action = null
D/miuisdk ( 2086): current sdk level is 2
D/ GuardProvider( 2132): fileName : libTms2-Ams-1.3.4-mfr.so
D/ GuardProvider( 2132): fileName : libTmsdk-2.0.2-mfr.so
V/ProcessObserver( 1640): onProcessStateChanged
W/PushService( 1290): 2015-08-25 15:40:38,909 - [WARN::PushService] - [Thread:1] onStart() with intent.Action = com.xiaomi.mipush.SEND_MESSAGE
W/PushService( 1290): 2015-08-25 15:40:38,918 - [WARN::PushService] - [Thread:80] try send mi push message. packagename:com.android.settings action:Notification
W/PushService( 1290): 2015-08-25 15:40:38,919 - [WARN::PushService] - [Thread:80] SMACK 03:40:38 PM SENT (204313143): sKFQ02eYQ0DpBIN2emPFKcGa9DInLcRI+JcDsXUbkV+6fj7ELLE2Dz9a5a/s/6r0HRhLBHx22+D9YPFegV+aSGtEqgspMqBoxx2RSjVBFt7xURpLZ+VSWz12YUspFZQpKekQAx3PsgfItbCmAbG3X7AIWoVmoLg7hnXKRmeIWmFFOSm+ZzpUHjGlURv6p98C00Rl9rgVmXCZC/FBcBt5fbQ6t93I1DZBCXqUPg0cSR08fuHEB9FxcJkm2WITgtr2Agbresvp9SpTd3gYacP2
W/PushService( 1290):
V/ProcessObserver( 1640): onProcessStateChanged
V/ProcessObserver( 1640): onProcessStateChanged
I/TelephonyUtil( 1987): getSubscriberId, slot: 0
V/ProcessObserver( 1640): onProcessStateChanged
I/TelephonyUtil( 1987): get imsi from TelephonyManager failed
I/SimUserInfo( 1987): mina create SimUserInfo
D/Launcher.Model( 1358): load workspace in 4864ms
D/Launcher.Model( 1358): Setting thread priority to BACKGROUND
I/ServiceManager( 1322): Waiting for service miui.whetstone.net...
D/ads-notify-fd5dfce4( 1219): com.android.settings-->set alias: com.xiaomi.miui.pushads.sdk862620020945749 thread: main
D/ads-notify-fd5dfce4( 1219): com.android.settings--->onCommandResult == set-alias resultCode: 0 reason: null
D/ads-notify-fd5dfce4( 1219): param: com.xiaomi.miui.pushads.sdk862620020945749
D/ads-notify-fd5dfce4( 1219): com.android.settings--->alias ok: com.xiaomi.miui.pushads.sdk862620020945749
D/ads-notify-fd5dfce4( 1219): com.android.settings--->set topic com.xiaomi.miui.pushads.sdkSECURITY_TOPIC
D/ads-notify-fd5dfce4( 1219): com.android.settings--->topic resultCode: 0 reason: null topic: com.xiaomi.miui.pushads.sdkSECURITY_TOPIC
D/Launcher.Model( 1358): step 3: loading missing icons
D/Launcher.Model( 1358): finish loading using 4957 ms
D/SecApp ( 2102): Data manager is initilized
V/ProcessObserver( 1640): onProcessStateChanged
D/SecApp ( 2102): target folder does not exist: cp /data/data/com.android.settings/databases/clean_master /data/data/com.miui.securitycenter/databases/clean_master false true
D/SecApp ( 2102): target folder does not exist: cp /data/data/com.miui.securitycenter/databases/clean_master /data/data/com.miui.cleanmaster/databases/clean_master false true
D/SecApp ( 2102): target folder does not exist: cp /data/data/com.android.settings/databases/com_miui_powercenter.db /data/data/com.miui.securitycenter/databases/com_miui_powercenter.db false true
D/SecApp ( 2102): copy the preference: cp /data/data/com.android.settings/shared_prefs/power_data_settings.xml /data/data/com.miui.securitycenter/shared_prefs/power_data_settings.xml
D/SecApp ( 2102): target folder does not exist: cp /data/data/com.android.settings/shared_prefs/power_data_settings.xml /data/data/com.miui.securitycenter/shared_prefs/power_data_settings.xml false true
E/GmsWearableLS( 1184): GoogleApiClient connection failed: ConnectionResult{statusCode=API_UNAVAILABLE, resolution=null}
D/SecApp ( 2102): target folder does not exist: cp /data/data/com.android.settings/databases/anti_virus.db /data/data/com.miui.securitycenter/databases/anti_virus.db false true
D/SecApp ( 2102): target folder does not exist: cp /data/data/com.android.settings/databases/garbage_clean.db /data/data/com.miui.securitycenter/databases/garbage_clean.db false true
D/SecApp ( 2102): target folder does not exist: cp /data/data/com.android.settings/databases/Optimize_Center /data/data/com.miui.securitycenter/databases/Optimize_Center false true
D/SecApp ( 2102): After copying is finished
V/ProcessObserver( 1640): onProcessStateChanged
D/PhoneStatusBar/NetworkSpeedView( 1063): not boot complete yet!
D/PhoneStatusBar/NetworkSpeedView( 1063): not boot complete yet!
D/ContactsProvider( 1513): platform ICU version is 53.1.0.1
V/ProcessObserver( 1640): onProcessStateChanged
D/CalendarProvider2( 2086): onCreate()
D/wpa_supplicant( 1134): wlan0: Control interface command 'SIGNAL_POLL'
I/Analytics( 1219): start session(com.android.settings)
I/Analytics( 1219): end session(com.android.settings)
I/DateTimeVariableUpdater( 1358): init with accuracy:Minute
V/ProcessObserver( 1640): onProcessStateChanged
I/ScreenElementRoot( 1358): set scale: 0.705
D/ScreenElementRoot( 1358): load finished, spent 183 ms
D/ScreenElementRoot( 1358): init
D/FramerateTokenList( 1358): createToken: miui.maml.ScreenElementRoot@3ae1d3ef
W/LanguageHelper( 1358): no available string resources to load.
I/NotifierManager( 1358): acquireNotifier:TimeChanged miui.maml.data.DateTimeVariableUpdater@3a943efc
I/NotifierManager( 1358): createNotifier:TimeChanged
I/RenderThread( 1358): RenderThread started
I/RenderThread( 1358): All controllers paused.
I/RenderThread( 1358): RenderThread paused, waiting for signal
D/PermissionManagerProvider( 2166): PermissionManagerProvider init
I/NotifierManager( 1358): onRegister: miui.maml.NotifierManager$MultiBroadcastNotifier@1c0583da
D/CalendarAlarmManager( 2086): initializeWithContext()
I/CalendarProvider2( 2086): Created com.android.providers.calendar.CalendarAlarmManager@3ab8caac(com.android.providers.calendar.CalendarProvider2@3b76e375)
V/ProcessObserver( 1640): onProcessStateChanged
D/CalendarProvider2( 2086): verifyAccounts()
I/ResourceManager( 1358): load image icon_bg.png
I/ResourceManager( 1358): try to load resource from extra resource: of icon_bg.png
I/ActivateService( 1290): Creating ActivateService
I/ResourceManager( 1358): load image from extra resource: of icon_bg.png
I/ResourceManager( 1358): load image dial.png
I/ResourceManager( 1358): try to load resource from extra resource: of dial.png
I/ResourceManager( 1358): load image from extra resource: of dial.png
I/ResourceManager( 1358): load image second_sweep.png
I/ResourceManager( 1358): try to load resource from extra resource: of second_sweep.png
I/ResourceManager( 1358): load image from extra resource: of second_sweep.png
I/ResourceManager( 1358): load image hour.png
I/ResourceManager( 1358): try to load resource from extra resource: of hour.png
I/ResourceManager( 1358): load image from extra resource: of hour.png
I/ResourceManager( 1358): load image minute.png
I/ResourceManager( 1358): try to load resource from extra resource: of minute.png
I/ResourceManager( 1358): load image from extra resource: of minute.png
I/RenderThread( 1358): RenderThread resumed
I/RenderThread( 1358): All controllers paused.
I/RenderThread( 1358): RenderThread paused, waiting for signal
D/MultipleRenderable( 1358): add: miui.maml.FancyDrawable@3121c00b
D/RendererCore( 1358): add: miui.maml.FancyDrawable@3121c00b size:1
I/RenderThread( 1358): RenderThread resumed
D/ScreenElementRoot( 1358): resume
D/MultipleRenderable( 1358): add: miui.maml.FancyDrawable@7644ee8
D/RendererCore( 1358): add: miui.maml.FancyDrawable@7644ee8 size:2
I/XiaomiFirewall( 1987): slot num 0
I/XiaomiFirewall( 1987): network switch to WifiConnected
I/XiaomiFirewall( 1987): firewall start
I/FireWallService( 1987): onbind
D/CallerInfoCache( 1302): Caching entries are done. Total: 0
I/XiaomiFirewall( 1987): FirewallServerSocketThread started
I/XiaomiFirewall( 1987): firewall mLocalServerSocket created
V/ProcessObserver( 1640): onProcessStateChanged
V/ActivateService( 1290): mHandler handles MSG_HANDLE_SIM_STATE_CHANGE for sim 0 inserted=true
V/ProcessObserver( 1640): onProcessStateChanged
I/TrafficManageService( 1987): mina onCreate
I/AppMonitor( 1987): mina MonitorCenter created
I/Analytics( 1219): start session(com.android.settings)
I/Analytics( 1219): end session(com.android.settings)
D/TimeService( 2196): Receivedandroid.intent.action.TIME_SET intent. Current Time is 1440510039797
D/ ( 2196): TimeServiceNative: User Time to be set is 1440510039797
D/QC-time-services( 2196): Lib:time_genoff_operation: pargs->base = 2
D/QC-time-services( 2196): Lib:time_genoff_operation: pargs->operation = 0
D/QC-time-services( 2196): Lib:time_genoff_operation: pargs->ts_val = 1440510039797
D/QC-time-services( 2196): Lib:time_genoff_operation: Send to server passed!!
D/QC-time-services( 319): Daemon: Connection accepted:time_genoff
D/QC-time-services( 319): Daemon:Received base = 2, unit = 1, operation = 0,value = 1440510039797
D/QC-time-services( 319): Daemon:genoff_opr: Base = 2, val = 1440510039797, operation = 0
D/QC-time-services( 319): Daemon:rtc_get: Time read from RTC -- MM/DD/YY HH:MM:SS7/25/115 13:40:39
D/QC-time-services( 319): Daemon:Value read from RTC seconds = 1440513639000
D/QC-time-services( 319): Daemon:new time 1440510039797
D/QC-time-services( 319): Daemon: delta -3599203 genoff -3599203
D/QC-time-services( 319): Daemon:genoff_persistent_update: Writing genoff = 18446744073705952413 to memory
D/QC-time-services( 319): Daemon:Opening File: /data/time/ats_2
D/QC-time-services( 319): Daemon:time_persistent_memory_opr:Genoff write operation
V/ProcessObserver( 1640): onProcessStateChanged
V/ProcessObserver( 1640): onProcessStateChanged
I/DateTimeVariableUpdater( 1358): init with accuracy:Second
V/ProcessObserver( 1640): onProcessStateChanged
I/ScreenElementRoot( 1358): set scale: 0.705
D/ScreenElementRoot( 1358): load finished, spent 6 ms
D/ScreenElementRoot( 1358): init
W/LanguageHelper( 1358): no available string resources to load.
I/NotifierManager( 1358): acquireNotifier:TimeChanged miui.maml.data.DateTimeVariableUpdater@307f56fe
I/ResourceManager( 1358): load image calendar_icon_25.png
I/ResourceManager( 1358): try to load resource from extra resource: of calendar_icon_25.png
V/CloudTelephonyManager( 1290): phone type: 1
V/ProcessObserver( 1640): onProcessStateChanged
I/ResourceManager( 1358): load image from extra resource: of calendar_icon_25.png
D/MultipleRenderable( 1358): add: miui.maml.FancyDrawable@2ef53175
D/RendererCore( 1358): add: miui.maml.FancyDrawable@2ef53175 size:1
D/ScreenElementRoot( 1358): resume
D/WhetstoneStrategy( 1322): [ALLOW] [service] callerPackage com.google.android.gms start process with Intent { cmp=com.miui.networkassistant/.service.ResourceHelperService }
I/Choreographer( 1358): Skipped 41 frames! The application may be doing too much work on its main thread.
D/BirthdayService( 1902): onHandleIntent(): action:android.intent.action.TIME_SET
D/QC-time-services( 319): Updating the TOD offset
D/QC-time-services( 319): Daemon:genoff_persistent_update: Writing genoff = 18446744073705952413 to memory
D/QC-time-services( 319): Daemon:Opening File: /data/time/ats_1
D/QC-time-services( 319): Daemon:time_persistent_memory_opr:Genoff write operation
I/TrafficManageService( 1987): initSim
I/TelephonyUtil( 1987): getSubscriberId, slot: 0
V/RenderScript( 1358): 0xa3682400 Launching thread(s), CPUs 4
E/QC-time-services( 319): Daemon: Time-services: Waiting to acceptconnection
E/QC-time-services( 2196): Receive Passed == base = 2, unit = 1, operation = 0, result = 0
V/ProcessObserver( 1640): onProcessStateChanged
V/ProcessObserver( 1640): onProcessStateChanged
V/ProcessObserver( 1640): onProcessStateChanged
I/TelephonyUtil( 1987): get imsi from TelephonyManager failed
D/CalendarProvider2( 2086): removeStaleAccounts()
V/ProcessObserver( 1640): onProcessStateChanged
I/AssetPreStoreHelper( 1987): storeFileFromAsset:tcp, version:111, contest:com.miui.networkassistant.NetworkAssistantApplication@17fdc680
V/ProcessObserver( 1640): onProcessStateChanged
V/ProcessObserver( 1640): onProcessStateChanged
D/XIAOMI_TC_PLUGIN( 1987): JNI_OnLoad
D/XIAOMI_TC_PLUGIN( 1987):
D/XIAOMI_TC_PLUGIN( 1987): slot:0, base_path:/data/data/com.miui.networkassistant/files/tc/sim_default/
D/XIAOMI_TC_PLUGIN( 1987):
I/ServiceManager( 1322): Waiting for service miui.whetstone.net...
I/GCoreUlr( 1184): Starting service, intent=Intent { act=com.google.android.location.reporting.ACTION_UPDATE_WORLD cmp=com.google.android.gms/com.google.android.location.reporting.service.DispatchingService (has extras) }, extras=Bundle[{receiverAction=android.location.PROVIDERS_CHANGED}]
E/SQLiteLog( 1813): (283) recovered 34 frames from WAL file /data/data/com.google.android.gms/databases/playlog.db-wal
F/Environment( 844): Path requests must specify a user by using UserEnvironment
F/Environment( 844): java.lang.Throwable
F/Environment( 844): at android.os.Environment.throwIfUserRequired(Environment.java)
F/Environment( 844): at android.os.Environment.getExternalStorageDirectory(Environment.java)
F/Environment( 844): at android.miui.Shell.(Shell.java:150)
F/Environment( 844): at com.miui.server.SecurityManagerService$SecurityWriteHandler.handleMessage(SecurityManagerService.java)
F/Environment( 844): at android.os.Handler.dispatchMessage(Handler.java)
F/Environment( 844): at android.os.Looper.loop(Looper.java)
F/Environment( 844): at android.os.HandlerThread.run(HandlerThread.java)
I/TrafficManageService( 1987): check sim auto correction: SimInfo: imsi:defXXXX, simName:null, simId:0, iccId:null, slotNum:0, oversea:true, inserted:false, dataRoaming:false, mPhoneNumber:null
D/FancyDrawable( 1358): doPause: [miui.maml.FancyDrawable@2ef53175]
D/MultipleRenderable( 1358): setPause: true miui.maml.FancyDrawable@2ef53175
D/RendererCore( 1358): self pause: miui.maml.RendererCore@d15273e
D/ScreenElementRoot( 1358): pause
D/LifecycleResourceManager( 1358): begin check cache...
D/FancyDrawable( 1358): doPause: [miui.maml.FancyDrawable@7644ee8]
D/MultipleRenderable( 1358): setPause: true miui.maml.FancyDrawable@7644ee8
D/FancyDrawable( 1358): doPause: [miui.maml.FancyDrawable@3121c00b]
D/MultipleRenderable( 1358): setPause: true miui.maml.FancyDrawable@3121c00b
D/RendererCore( 1358): self pause: miui.maml.RendererCore@1beac99f
D/ScreenElementRoot( 1358): pause
I/RenderThread( 1358): All controllers paused.
I/RenderThread( 1358): RenderThread paused, waiting for signal
V/ProcessObserver( 1640): onProcessStateChanged
I/TrafficManageService( 1987): mina auto correction setted
V/ProcessObserver( 1640): onProcessStateChanged
I/TrafficManageService( 1987): mina refresh data usage setted
D/BootAnimation( 559): media player is completed.
V/ProcessObserver( 1640): onProcessStateChanged
V/ProcessObserver( 1640): onProcessStateChanged
E/WhetstoneService( 1322): the pacakge name not found
I/Octvm_Config( 2269): model:MI 2
I/Octvm_Config( 2269): find zram swap override for product:[MI 2]
E/Octvm_Config( 2269): config error: zram swap config missed.
E/mc_plugin( 2269): NO valid plugin tool found!
I/octvm ( 2269): ServiceManager: 0xb6b50100
I/ServiceManager( 2269): Waiting for service miui.whetstone.mcd...
D/CalendarProvider2( 2086): verifyCalendar()
D/PermissionManagerProvider( 2166): PermissionManagerProvider init 50% percent
D/miuisdk ( 2226): current sdk level is 2
D/CalendarProvider2( 2086): verifyCalendar(): miAccount:Account {name=107351996, type=com.xiaomi}
I/GCoreUlr( 1184): DispatchingService.onCreate()
D/CalendarAlarmManager( 2086): rescheduleMissedAlarms()
I/art ( 844): Explicit concurrent mark sweep GC freed 17090(943KB) AllocSpace objects, 3(48KB) LOS objects, 33% free, 21MB/32MB, paused 1.770ms total 199.310ms
V/ProcessObserver( 1640): onProcessStateChanged
W/Settings( 1987): Setting device_provisioned has moved from android.provider.Settings.Secure to android.provider.Settings.Global, returning global URI.
W/PushService( 1290): 2015-08-25 15:40:40,760 - [WARN::PushService] - [Thread:1] onStart() with intent.Action = null
I/TrafficManageService( 1987): mExtraNetworkReceiver registerExtraNetworkReceiver
I/NetworkAssistantProvider( 1987): network switch to WifiConnected
W/PushService( 1290): 2015-08-25 15:40:40,851 - [WARN::PushService] - [Thread:1] onStart() with intent.Action = com.xiaomi.mipush.SEND_MESSAGE
W/PushService( 1290): 2015-08-25 15:40:40,852 - [WARN::PushService] - [Thread:80] try send mi push message. packagename:com.miui.networkassistant action:Notification
W/PushService( 1290): 2015-08-25 15:40:40,852 - [WARN::PushService] - [Thread:80] SMACK 03:40:40 PM SENT (204313143): 0EaQkyOn4+WfnDFHO2H+BOXMJR+2YsOqhy9uFGqPhySMzf+Ss8roM6T9B545q/d3MIo46HB5WyVOvb6KbcraCXWSM4lDQ0Jotz48YKbYIl5jJAzLu5uQ17fTJywCnI8h/+eZ+PJ3KmB8VkDrYMS6K+9fxuUFdrcPkBG5vvcmf/BiBsE9Z60qq25LiSiDJEts07ssT/wxpj6mTo01A5RcG/Qda5Q6pqdEpHlzPgBfBQe6qZ+y1Z9E1L4UFlUTDaP4QiaNRcEvBC5LNh+Lnmqb5HhA+fU=
W/PushService( 1290):
I/XiaomiFirewall( 1987): slot num 0
D/ActivateManager( 1987): onServiceConnected, component:ComponentInfo{com.xiaomi.xmsf/com.xiaomi.activate.ActivateService}
D/miuisdk ( 1302): sdk already initialized
D/miuisdk ( 1302): sdk already started
I/ThermalDaemon( 2352): Thermal daemon started
I/ThermalDaemon( 2352): Using target config file '/system/etc/thermald-8064.conf'
I/ThermalDaemon( 2352): Threshold 0 Action[0] : none
I/ThermalDaemon( 2352): Threshold 0 Action Info[0] : 0.000000
I/ThermalDaemon( 2352): Threshold 0 Action[0] : none
I/ThermalDaemon( 2352): Threshold 0 Action Info[0] : 0.000000
I/ThermalDaemon( 2352): Threshold 0 Action[0] : none
I/ThermalDaemon( 2352): Threshold 0 Action Info[0] : 0.000000
I/ThermalDaemon( 2352): Threshold 0 Action[0] : none
I/ThermalDaemon( 2352): Threshold 0 Action Info[0] : 0.000000
I/ThermalDaemon( 2352): Threshold 0 Action[0] : none
I/ThermalDaemon( 2352): Threshold 0 Action Info[0] : 0.000000
I/ThermalDaemon( 2352): Threshold 0 Action[0] : none
I/ThermalDaemon( 2352): Threshold 0 Action Info[0] : 0.000000
I/ThermalDaemon( 2352): Threshold 0 Action[0] : none
I/ThermalDaemon( 2352): Threshold 0 Action Info[0] : 0.000000
I/ThermalDaemon( 2352): Threshold 0 Action[0] : none
I/ThermalDaemon( 2352): Threshold 0 Action Info[0] : 0.000000
I/ThermalDaemon( 2352): Threshold 0 Action[0] : cpu
I/ThermalDaemon( 2352): Threshold 0 Action[1] : battery
I/ThermalDaemon( 2352): Threshold 1 Action[0] : cpu
I/ThermalDaemon( 2352): Threshold 1 Action[1] : battery
I/ThermalDaemon( 2352): Threshold 2 Action[0] : cpu
I/ThermalDaemon( 2352): Threshold 2 Action[1] : battery
I/ThermalDaemon( 2352): Threshold 3 Action[0] : cpu
I/ThermalDaemon( 2352): Threshold 3 Action[1] : battery
I/ThermalDaemon( 2352): Threshold 4 Action[0] : cpu
I/ThermalDaemon( 2352): Threshold 4 Action[1] : battery
I/ThermalDaemon( 2352): Threshold 5 Action[0] : cpu
I/ThermalDaemon( 2352): Threshold 5 Action[1] : battery
I/ThermalDaemon( 2352): Threshold 6 Action[0] : cpu
I/ThermalDaemon( 2352): Threshold 6 Action[1] : battery
I/ThermalDaemon( 2352): Threshold 7 Action[0] : shutdown
I/ThermalDaemon( 2352): Threshold 0 Action Info[0] : 1728000.000000
I/ThermalDaemon( 2352): Threshold 0 Action Info[1] : 0.000000
I/ThermalDaemon( 2352): Threshold 1 Action Info[0] : 1188000.000000
I/ThermalDaemon( 2352): Threshold 1 Action Info[1] : 0.000000
I/ThermalDaemon( 2352): Threshold 2 Action Info[0] : 810000.000000
I/ThermalDaemon( 2352): Threshold 2 Action Info[1] : 1.000000
I/ThermalDaemon( 2352): Threshold 3 Action Info[0] : 648000.000000
I/ThermalDaemon( 2352): Threshold 3 Action Info[1] : 1.000000
I/ThermalDaemon( 2352): Threshold 4 Action Info[0] : 540000.000000
I/ThermalDaemon( 2352): Threshold 4 Action Info[1] : 2.000000
I/ThermalDaemon( 2352): Threshold 5 Action Info[0] : 487000.000000
I/ThermalDaemon( 2352): Threshold 5 Action Info[1] : 2.000000
I/ThermalDaemon( 2352): Threshold 6 Action Info[0] : 384000.000000
I/ThermalDaemon( 2352): Threshold 6 Action Info[1] : 3.000000
I/ThermalDaemon( 2352): Threshold 7 Action Info[0] : 5000.000000
I/ThermalDaemon( 2352): Threshold 0 Action[0] : cpu
I/ThermalDaemon( 2352): Threshold 1 Action[0] : cpu
I/ThermalDaemon( 2352): Threshold 2 Action[0] : cpu
I/ThermalDaemon( 2352): Threshold 3 Action[0] : cpu
I/ThermalDaemon( 2352): Threshold 4 Action[0] : cpu
I/ThermalDaemon( 2352): Threshold 5 Action[0] : cpu
I/ThermalDaemon( 2352): Threshold 6 Action[0] : cpu
I/ThermalDaemon( 2352): Threshold 7 Action[0] : shutdown
I/ThermalDaemon( 2352): Threshold 0 Action Info[0] : 1728000.000000
I/ThermalDaemon( 2352): Threshold 1 Action Info[0] : 1188000.000000
I/ThermalDaemon( 2352): Threshold 2 Action Info[0] : 810000.000000
I/ThermalDaemon( 2352): Threshold 3 Action Info[0] : 648000.000000
I/ThermalDaemon( 2352): Threshold 4 Action Info[0] : 540000.000000
I/ThermalDaemon( 2352): Threshold 5 Action Info[0] : 487000.000000
I/ThermalDaemon( 2352): Threshold 6 Action Info[0] : 384000.000000
I/ThermalDaemon( 2352): Threshold 7 Action Info[0] : 5000.000000
I/ThermalDaemon( 2352): Threshold 0 Action[0] : cpu
I/ThermalDaemon( 2352): Threshold 1 Action[0] : cpu
I/ThermalDaemon( 2352): Threshold 2 Action[0] : cpu
I/ThermalDaemon( 2352): Threshold 3 Action[0] : cpu
I/ThermalDaemon( 2352): Threshold 4 Action[0] : cpu
I/ThermalDaemon( 2352): Threshold 5 Action[0] : cpu
I/ThermalDaemon( 2352): Threshold 6 Action[0] : cpu
I/ThermalDaemon( 2352): Threshold 7 Action[0] : shutdown
I/ThermalDaemon( 2352): Threshold 0 Action Info[0] : 1728000.000000
I/ThermalDaemon( 2352): Threshold 1 Action Info[0] : 1188000.000000
I/ThermalDaemon( 2352): Threshold 2 Action Info[0] : 810000.000000
I/ThermalDaemon( 2352): Threshold 3 Action Info[0] : 648000.000000
I/ThermalDaemon( 2352): Threshold 4 Action Info[0] : 540000.000000
I/ThermalDaemon( 2352): Threshold 5 Action Info[0] : 487000.000000
I/ThermalDaemon( 2352): Threshold 6 Action Info[0] : 384000.000000
I/ThermalDaemon( 2352): Threshold 7 Action Info[0] : 5000.000000
I/ThermalDaemon( 2352): Threshold 0 Action[0] : cpu
I/ThermalDaemon( 2352): Threshold 1 Action[0] : cpu
I/ThermalDaemon( 2352): Threshold 2 Action[0] : cpu
I/ThermalDaemon( 2352): Threshold 3 Action[0] : cpu
I/ThermalDaemon( 2352): Threshold 4 Action[0] : cpu
I/ThermalDaemon( 2352): Threshold 5 Action[0] : cpu
I/ThermalDaemon( 2352): Threshold 6 Action[0] : cpu
I/ThermalDaemon( 2352): Threshold 7 Action[0] : shutdown
I/ThermalDaemon( 2352): Threshold 0 Action Info[0] : 1728000.000000
I/ThermalDaemon( 2352): Threshold 1 Action Info[0] : 1188000.000000
I/ThermalDaemon( 2352): Threshold 2 Action Info[0] : 810000.000000
I/ThermalDaemon( 2352): Threshold 3 Action Info[0] : 648000.000000
I/ThermalDaemon( 2352): Threshold 4 Action Info[0] : 540000.000000
I/ThermalDaemon( 2352): Threshold 5 Action Info[0] : 487000.000000
I/ThermalDaemon( 2352): Threshold 6 Action Info[0] : 384000.000000
I/ThermalDaemon( 2352): Threshold 7 Action Info[0] : 5000.000000
I/ThermalDaemon( 2352): Threshold 0 Action[0] : cpu
I/ThermalDaemon( 2352): Threshold 0 Action Info[0] : 918000.000000
I/ThermalDaemon( 2352): Number of cpus :4
I/ThermalDaemon( 2352): Number of gpus :1
I/ThermalDaemon( 2352): Sensor setup:[pa_therm0]
E/ThermalDaemon( 2352): adc_sensors_setup: Error opening /sys/devices/platform/msm_ssbi.0/pm8921-core/pm8xxx-adc/pa_therm0
I/ThermalDaemon( 2352): QMI TS sensor found for pa_therm0
I/ThermalDaemon( 2352): Sensor setup:[tsens_tz_sensor0]
I/ThermalDaemon( 2352): Sensor setup:[tsens_tz_sensor1]
I/ThermalDaemon( 2352): Sensor setup:[tsens_tz_sensor2]
I/ThermalDaemon( 2352): Sensor setup:[tsens_tz_sensor3]
I/ThermalDaemon( 2352): Sensor setup:[tsens_tz_sensor4]
I/ThermalDaemon( 2352): Sensor setup:[tsens_tz_sensor5]
I/GCoreUlr( 1184): Starting service, intent=Intent { act=com.google.android.location.reporting.ACTION_UPDATE_WORLD cmp=com.google.android.gms/com.google.android.location.reporting.service.DispatchingService (has extras) }, extras=Bundle[{receiverAction=android.intent.action.ACTION_POWER_DISCONNECTED}]
I/ThermalDaemon( 2352): Sensor setup:[tsens_tz_sensor6]
I/ThermalDaemon( 2352): Sensor setup:[tsens_tz_sensor7]
I/ThermalDaemon( 2352): Sensor setup:[tsens_tz_sensor8]
I/ThermalDaemon( 2352): Sensor setup:[tsens_tz_sensor9]
I/ThermalDaemon( 2352): Sensor setup:[tsens_tz_sensor10]
I/TrafficManageService( 1987): mina mSimStateReceiver sim state updatedIntent { act=android.intent.action.SIM_STATE_CHANGED flg=0x20000010 (has extras) }
I/TrafficManageService( 1987): postInitSimMsgDelayed
I/ThermalDaemon( 2352): Sensor setup:[pm8821_tz]
D/ActivateManager( 1987): service unbinded
I/ThermalDaemon( 2352): hotplug_ktm_disable_sync: write out 0
E/QMI_FW ( 2352): QMUXD: Service_id=24 not found over conn_id=0
E/QMI_FW ( 2352): QMUXD: Service_id=24 not found over conn_id=0
E/QMI_FW ( 2352): QMUXD: Service_id=24 not found over conn_id=0
E/QMI_FW ( 2352): QMUXD: Service_id=23 not found over conn_id=0
E/MP-Decision( 2354): MPDecision server starting
E/MP-Decision( 2354): OPTION ENABLED: Control sleep modes
E/MP-Decision( 2354): OPTION ENABLED: Adjusting average
E/MP-Decision( 2354): Decision parameters CPU 0: Nw=0.000000, Tw=0, Ns=0.000000, Ts=0
E/MP-Decision( 2354): util_h_and=0, util_h_or=0, util_low=0
E/MP-Decision( 2354): Decision parameters CPU 1: Nw=1.900000, Tw=140, Ns=1.100000, Ts=190
E/MP-Decision( 2354): util_h_and=35, util_h_or=75, util_low=20
E/MP-Decision( 2354): Decision parameters CPU 2: Nw=2.700000, Tw=90, Ns=2.100000, Ts=240
E/MP-Decision( 2354): util_h_and=0, util_h_or=400, util_low=0
E/MP-Decision( 2354): Decision parameters CPU 3: Nw=3.500000, Tw=90, Ns=3.100000, Ts=240
E/MP-Decision( 2354): util_h_and=0, util_h_or=400, util_low=0
E/MP-Decision( 2354): Decision parameters: poll_ms: 9 decision_ms: 50
E/QMI_FW ( 2352): QMUXD: Service_id=24 not found over conn_id=37
E/QMI_FW ( 2352): QMUXD: Service_id=24 not found over conn_id=0
E/QMI_FW ( 2352): QMUXD: Service_id=24 not found over conn_id=37
I/ThermalDaemon( 2352): qmi: Instance id 34 for fusion TMD
E/QMI_FW ( 2352): QMUXD: Service_id=24 not found over conn_id=0
E/QMI_FW ( 2352): QMUXD: Service_id=24 not found over conn_id=37
I/ThermalDaemon( 2352): qmi: Instance id 53 for fusion TMD
E/QMI_FW ( 2352): QMUXD: Service_id=24 not found over conn_id=0
E/QMI_FW ( 2352): QMUXD: Service_id=23 not found over conn_id=37
I/ThermalDaemon( 2352): qmi: Instance id 34 for fusion TS
E/QMI_FW ( 2352): QMUXD: Service_id=23 not found over conn_id=0
E/QMI_FW ( 2352): QMUXD: Service_id=24 not found over conn_id=37
E/QMI_FW ( 2352): QMUXD: Service_id=24 not found over conn_id=0
E/QMI_FW ( 2352): QMUXD: Service_id=24 not found over conn_id=37
E/QMI_FW ( 2352): QMUXD: Service_id=24 not found over conn_id=0
E/QMI_FW ( 2352): QMUXD: Service_id=24 not found over conn_id=37
E/QMI_FW ( 2352): QMUXD: Service_id=24 not found over conn_id=0
E/QMI_FW ( 2352): QMUXD: Service_id=23 not found over conn_id=37
E/QMI_FW ( 2352): QMUXD: Service_id=23 not found over conn_id=0
E/QMI_FW ( 2352): QMUXD: Service_id=24 not found over conn_id=37
E/QMI_FW ( 2352): QMUXD: Service_id=24 not found over conn_id=37
E/QMI_FW ( 2352): QMUXD: Service_id=24 not found over conn_id=37
E/QMI_FW ( 2352): QMUXD: Service_id=23 not found over conn_id=37
E/QMI_FW ( 2352): QMUXD: Service_id=24 not found over conn_id=0
E/QMI_FW ( 2352): QMUXD: Service_id=23 not found over conn_id=0
E/PhoneInterfaceManager( 1302): [PhoneIntfMgr] getIccId: ICC ID is null or empty.
E/QMI_FW ( 2352): QMUXD: Service_id=24 not found over conn_id=37
E/QMI_FW ( 2352): QMUXD: Service_id=24 not found over conn_id=0
V/ProcessObserver( 1640): onProcessStateChanged
E/QMI_FW ( 2352): QMUXD: Service_id=23 not found over conn_id=37
E/QMI_FW ( 2352): QMUXD: Service_id=23 not found over conn_id=0
E/QMI_FW ( 2352): QMUXD: Service_id=24 not found over conn_id=37
E/QMI_FW ( 2352): QMUXD: Service_id=23 not found over conn_id=37
I/ThermalDaemon( 2352): Fusion modem thermal mitigation available.
D/NetworkLogImpl( 1813): Loaded NetworkSpeedPredictor
I/iu.SyncManager( 1813): SYNC; picasa accounts
I/iu.Environment( 1813): update connectivity state; isNetworkMetered? false, isRoaming? false, isBackgroundDataAllowed? true*
I/ThermalDaemon( 2352): Modem thermal sensor service available.
I/ServiceManager( 1322): Waiting for service miui.whetstone.net...
I/art ( 1987): WaitForGcToComplete blocked for 5.432ms for cause DisableMovingGc
V/ProcessObserver( 1640): onProcessStateChanged
I/TrafficManageService( 1987): mina connectivity updated
I/TrafficManageService( 1987): reportSms
I/TelephonyUtil( 2226): getSubscriberId, slot: 0
V/ProcessObserver( 1640): onProcessStateChanged
V/ProcessObserver( 1640): onProcessStateChanged
I/TelephonyUtil( 2226): get imsi from TelephonyManager failed
I/UploadManager( 1239): Receive intent=android.net.wifi.STATE_CHANGE
I/SimUserInfo( 2226): mina create SimUserInfo
V/ProcessObserver( 1640): onProcessStateChanged
I/UploadManager( 1239): Receive intent=android.net.wifi.STATE_CHANGE
I/NetworkDiagnostics_CheckStateManager( 1987): NetworkChanged newType=WifiConnected CurType=Inited
I/NetworkDiagnostics_CheckStateManager( 1987): NetworkChanged newIf="wifi" CurIf=null
D/ActivateManager( 1987): onServiceConnected, component:ComponentInfo{com.xiaomi.xmsf/com.xiaomi.activate.ActivateService}
D/ActivateManager( 1987): service unbinded
D/PermissionManagerProvider( 2166): PermissionManagerProvider init finish
E/PhoneInterfaceManager( 1302): [PhoneIntfMgr] getIccId: ICC ID is null or empty.
V/ProcessObserver( 1640): onProcessStateChanged
V/ProcessObserver( 1640): onProcessStateChanged
I/ResourceHelperService( 2226): onCreate
I/ResourceHelperService( 2226): onBind
I/AppMonitor( 1987): mResourceHelperConnection onServiceConnected
I/UploadManager( 1239): Receive intent=android.net.wifi.STATE_CHANGE
V/ProcessObserver( 1640): onProcessStateChanged
E/WifiStateMachine( 844): WifiStateMachine CMD_START_SCAN source -2 txSuccessRate=4,69 rxSuccessRate=4,00 targetRoamBSSID=any RSSI=-72
D/wpa_supplicant( 1134): wlan0: Control interface command 'SCAN TYPE=ONLY'
D/wpa_supplicant( 1134): wlan0: Setting scan request: 0.000000 sec
D/wpa_supplicant( 1134): wlan0: Starting AP scan for wildcard SSID
D/wpa_supplicant( 1134): wlan0: Add radio work 'scan'@0xb67181f0
D/wpa_supplicant( 1134): wlan0: First radio work item in the queue - schedule start immediately
D/wpa_supplicant( 1134): wlan0: Starting radio work 'scan'@0xb67181f0 after 0.000031 second wait
D/wpa_supplicant( 1134): wlan0: nl80211: scan request
D/wpa_supplicant( 1134): nl80211: Scan SSID - hexdump(len=0): [NULL]
I/WifiHAL ( 844): Poll result = 1
I/WifiHAL ( 844): Found some events!!!
D/wpa_supplicant( 1134): Scan requested (ret=0) - scan timeout 30 seconds
D/WifiHAL ( 844): no_seq_check received
D/wpa_supplicant( 1134): nl80211: Event message available
I/WifiHAL ( 844): event received NL80211_CMD_TRIGGER_SCAN
I/WifiHAL ( 844): event received NL80211_CMD_TRIGGER_SCAN, vendor_id = 0x0
I/WifiHAL ( 844): event ignored!!
D/wpa_supplicant( 1134): nl80211: Drv Event 33 (NL80211_CMD_TRIGGER_SCAN) received for wlan0
D/wpa_supplicant( 1134): wlan0: nl80211: Scan trigger
D/wpa_supplicant( 1134): wlan0: Event SCAN_STARTED (49) received
D/wpa_supplicant( 1134): wlan0: Own scan request started a scan in 0.000061 seconds
I/wpa_supplicant( 1134): wlan0: CTRL-EVENT-SCAN-STARTED
D/wpa_supplicant( 1134): CTRL_IFACE monitor sent successfully to /data/misc/wifi/sockets/wpa_ctrl_307-1\x00
D/wpa_supplicant( 1134): CTRL_IFACE monitor sent successfully to /data/misc/wifi/sockets/wpa_ctrl_844-2\x00
V/ProcessObserver( 1640): onProcessStateChanged
D/ActivateManager( 2226): onServiceConnected, component:ComponentInfo{com.xiaomi.xmsf/com.xiaomi.activate.ActivateService}
D/ActivateManager( 2226): service unbinded
W/Settings( 1184): Setting airplane_mode_on has moved from android.provider.Settings.System to android.provider.Settings.Global, returning read-only value.
V/ProcessObserver( 1640): onProcessStateChanged
E/PhoneInterfaceManager( 1302): [PhoneIntfMgr] getIccId: ICC ID is null or empty.
D/Launcher.Model( 1358): Going to start binding widgets soon.
D/com.miui.home.launcher.gadget.o( 1358): updateActualGadget backup: /data/user/0/com.miui.home/app_clock_bak/clock_2x4_3
I/iu.UploadsManager( 1813): num queued entries: 0
I/iu.UploadsManager( 1813): num updated entries: 0
I/iu.SyncManager( 1813): NEXT; no task
I/UploadManager( 1239): Receive intent=android.net.wifi.STATE_CHANGE
V/ProcessObserver( 1640): onProcessStateChanged
I/TrafficManageService( 1987): ISimInfoChangeListener onChange
I/TrafficManageService( 1987): postInitSimMsgDelayed
I/DateTimeVariableUpdater( 1358): init with accuracy:Minute
V/ProcessObserver( 1640): onProcessStateChanged
I/ScreenElementRoot( 1358): set scale: 0.6666667
I/UploadManager( 1239): Receive intent=android.net.wifi.STATE_CHANGE
V/ProcessObserver( 1640): onProcessStateChanged
D/ScreenElementRoot( 1358): load finished, spent 28 ms
I/UploadManager( 1239): Receive intent=android.net.wifi.STATE_CHANGE
V/ProcessObserver( 1640): onProcessStateChanged
I/RenderThread( 1358): RenderThread resumed
D/ScreenElementRoot( 1358): init
I/RenderThread( 1358): All controllers paused.
I/RenderThread( 1358): RenderThread paused, waiting for signal
I/NotifierManager( 1358): acquireNotifier:TimeChanged miui.maml.data.DateTimeVariableUpdater@17f08283
I/UploadManager( 1239): Receive intent=android.net.wifi.STATE_CHANGE
I/ResourceManager( 1358): load image light/s_dot.png
V/ProcessObserver( 1640): onProcessStateChanged
I/ResourceManager( 1358): load image light/l_1.png
I/ResourceManager( 1358): load image light/l_5.png
I/ResourceManager( 1358): load image light/s_4.png
I/ResourceManager( 1358): load image light/s_0.png
I/UploadManager( 1239): Receive intent=android.net.wifi.STATE_CHANGE
V/ProcessObserver( 1640): onProcessStateChanged
D/ScreenElementRoot( 1358): resume
I/RenderThread( 1358): RenderThread resumed
D/ScreenElementRoot( 1358): resume
I/RenderThread( 1358): Sleep for long time:9223372036854775807 ms
I/art ( 1358): Note: end time exceeds epoch:
V/ProcessObserver( 1640): onProcessStateChanged
V/ProcessObserver( 1640): onProcessStateChanged
I/RenderThread( 1358): Sleep for long time:9223372036854775807 ms
I/art ( 1358): Note: end time exceeds epoch:
D/MiAdvancedView( 1358): canvas hardware render: true
I/GCoreUlr( 1184): WorldUpdater received intent Intent { act=com.google.android.location.reporting.ACTION_UPDATE_WORLD cmp=com.google.android.gms/com.google.android.location.reporting.service.DispatchingService (has extras) } with receiverAction android.location.PROVIDERS_CHANGED
I/RenderThread( 1358): Sleep for long time:9223372036854775807 ms
I/art ( 1358): Note: end time exceeds epoch:
I/UploadManager( 1239): Receive intent=android.net.wifi.STATE_CHANGE
V/ProcessObserver( 1640): onProcessStateChanged
I/RenderThread( 1358): Sleep for long time:9223372036854775807 ms
I/art ( 1358): Note: end time exceeds epoch:
D/Launcher.Model( 1358): bind workspace in 2315ms
V/ProcessObserver( 1640): onProcessStateChanged
I/RenderThread( 1358): Sleep for long time:9223372036854775807 ms
I/art ( 1358): Note: end time exceeds epoch:
I/Analytics( 1219): start session(com.android.settings)
I/Analytics( 1219): end session(com.android.settings)
V/ProcessObserver( 1640): onProcessStateChanged
D/Launcher.Model( 1358): Finally updating for missing icons
I/UploadManager( 1239): Receive intent=android.net.wifi.STATE_CHANGE
V/ProcessObserver( 1640): onProcessStateChanged
V/ProcessObserver( 1640): onProcessStateChanged
I/Launcher.LauncherProvider( 1358): find 0 from screens [com.miui.home.launcher.dJ@172ec3df, com.miui.home.launcher.dJ@3c11882c, com.miui.home.launcher.dJ@28fc92f5, com.miui.home.launcher.dJ@6cf688a, com.miui.home.launcher.dJ@3ce5befb, com.miui.home.launcher.dJ@1f24fb18]
I/Launcher.LauncherProvider( 1358): find 0 from screens [com.miui.home.launcher.dJ@172ec3df, com.miui.home.launcher.dJ@3c11882c, com.miui.home.launcher.dJ@28fc92f5, com.miui.home.launcher.dJ@6cf688a, com.miui.home.launcher.dJ@3ce5befb, com.miui.home.launcher.dJ@1f24fb18]
I/Launcher.LauncherProvider( 1358): find 0 from screens [com.miui.home.launcher.dJ@172ec3df, com.miui.home.launcher.dJ@3c11882c, com.miui.home.launcher.dJ@28fc92f5, com.miui.home.launcher.dJ@6cf688a, com.miui.home.launcher.dJ@3ce5befb, com.miui.home.launcher.dJ@1f24fb18]
I/Launcher.LauncherProvider( 1358): find 0 from screens [com.miui.home.launcher.dJ@172ec3df, com.miui.home.launcher.dJ@3c11882c, com.miui.home.launcher.dJ@28fc92f5, com.miui.home.launcher.dJ@6cf688a, com.miui.home.launcher.dJ@3ce5befb, com.miui.home.launcher.dJ@1f24fb18]
I/UploadManager( 1239): Receive intent=android.net.wifi.STATE_CHANGE
V/ProcessObserver( 1640): onProcessStateChanged
I/Sensors ( 418): sns_pwr.c(417):sns_pwr_set_cpu_latency: hz 50
I/Sensors ( 418): DSPS file:sns_smgr_sol.c(1338):SMGR: One val: 2
E/qcom_sensors_hal( 844): hal_process_report_ind: Bad item quality: 11
I/ServiceManager( 2269): Waiting for service miui.whetstone.mcd...
I/UploadManager( 1239): Receive intent=android.net.wifi.STATE_CHANGE
V/ProcessObserver( 1640): onProcessStateChanged
E/qcom_sensors_hal( 844): hal_process_report_ind: Bad item quality: 11
V/ProcessObserver( 1640): onProcessStateChanged
I/UploadManager( 1239): Receive intent=android.net.wifi.STATE_CHANGE
V/ProcessObserver( 1640): onProcessStateChanged
E/qcom_sensors_hal( 844): hal_process_report_ind: Bad item quality: 11
E/WifiStateMachine( 844): WifiStateMachine CMD_START_SCAN source -2 txSuccessRate=4,69 rxSuccessRate=4,00 targetRoamBSSID=any RSSI=-72
E/WifiStateMachine( 844): WifiStateMachine starting scan for "wifi"WPA_PSK with 2412
D/wpa_supplicant( 1134): wlan0: Control interface command 'SCAN TYPE=ONLY freq=2412'
D/wpa_supplicant( 1134): Pending scan scheduled - reject new request
V/ProcessObserver( 1640): onProcessStateChanged
E/qcom_sensors_hal( 844): hal_process_report_ind: Bad item quality: 11
V/ProcessObserver( 1640): onProcessStateChanged
E/qcom_sensors_hal( 844): hal_process_report_ind: Bad item quality: 11
E/qcom_sensors_hal( 844): hal_process_report_ind: Bad item quality: 11
I/RenderThread( 1358): Sleep for long time:9223372036854775807 ms
I/art ( 1358): Note: end time exceeds epoch:
I/art ( 1063): Background sticky concurrent mark sweep GC freed 15563(1045KB) AllocSpace objects, 31(4MB) LOS objects, 7% free, 37MB/40MB, paused 13.580ms total 53.588ms
I/RenderThread( 1358): Sleep for long time:9223372036854775807 ms
I/art ( 1358): Note: end time exceeds epoch:
D/GCM ( 1530): COMPAT: Multi user ser=0 current=0
I/art ( 1513): Explicit concurrent mark sweep GC freed 32781(1920KB) AllocSpace objects, 7(112KB) LOS objects, 39% free, 9MB/16MB, paused 44.281ms total 354.492ms
W/art ( 1184): Suspending all threads took: 5.310ms
I/art ( 1184): Explicit concurrent mark sweep GC freed 20376(1303KB) AllocSpace objects, 6(96KB) LOS objects, 25% free, 11MB/15MB, paused 6.286ms total 216.644ms
V/ProcessObserver( 1640): onProcessStateChanged
V/ProcessObserver( 1640): onProcessStateChanged
V/ProcessObserver( 1640): onProcessStateChanged
V/ProcessObserver( 1640): onProcessStateChanged
D/wpa_supplicant( 1134): nl80211: Event message available
D/wpa_supplicant( 1134): nl80211: Drv Event 34 (NL80211_CMD_NEW_SCAN_RESULTS) received for wlan0
D/wpa_supplicant( 1134): wlan0: nl80211: New scan results available
D/wpa_supplicant( 1134): nl80211: Scan included frequencies: 2412 2417 2422 2427 2432 2437 2442 2447 2452 2457 2462 2467 2472
D/wpa_supplicant( 1134): wlan0: Event SCAN_RESULTS (3) received
D/wpa_supplicant( 1134): wlan0: Scan completed in 0.686860 seconds
D/wpa_supplicant( 1134): nl80211: Associated on 2412 MHz
D/wpa_supplicant( 1134): nl80211: Associated with f8:d1:11:bf:92:fa
D/wpa_supplicant( 1134): nl80211: Received scan results (1 BSSes)
D/wpa_supplicant( 1134): nl80211: Scan results indicate BSS status with f8:d1:11:bf:92:fa as associated
D/wpa_supplicant( 1134): wlan0: BSS: Start scan result update 2
D/wpa_supplicant( 1134): BSS: last_scan_res_used=1/32
D/wpa_supplicant( 1134): wlan0: Scan-only results received
D/wpa_supplicant( 1134): CTRL_IFACE monitor sent successfully to /data/misc/wifi/sockets/wpa_ctrl_307-1\x00
D/wpa_supplicant( 1134): CTRL_IFACE monitor sent successfully to /data/misc/wifi/sockets/wpa_ctrl_844-2\x00
D/wpa_supplicant( 1134): wlan0: Radio work 'scan'@0xb67181f0 done in 0.687439 seconds
I/WifiHAL ( 844): Poll result = 1
I/WifiHAL ( 844): Found some events!!!
D/WifiHAL ( 844): no_seq_check received
I/WifiHAL ( 844): event received NL80211_CMD_NEW_SCAN_RESULTS
I/WifiHAL ( 844): event received NL80211_CMD_NEW_SCAN_RESULTS, vendor_id = 0x0
I/WifiHAL ( 844): event ignored!!
D/wpa_supplicant( 1134): wlan0: Control interface command 'BSS RANGE=0- MASK=0x23987'
D/wpa_supplicant( 1134): wlan0: Control interface command 'STATUS-NO_EVENTS'
V/ProcessObserver( 1640): onProcessStateChanged
V/ProcessObserver( 1640): onProcessStateChanged
V/ProcessObserver( 1640): onProcessStateChanged
V/ProcessObserver( 1640): onProcessStateChanged
V/ProcessObserver( 1640): onProcessStateChanged
V/ProcessObserver( 1640): onProcessStateChanged
V/ProcessObserver( 1640): onProcessStateChanged
I/ServiceManager( 1322): Waiting for service miui.whetstone.net...
I/GCM ( 1530): GCM config loaded
D/AuthorizationBluetoothService( 1530): Received GmsCore event: Intent { act=com.google.android.gms.INITIALIZE flg=0x10 pkg=com.google.android.gms cmp=com.google.android.gms/.auth.be.proximity.authorization.bt.AuthorizationBluetoothService$AutoStarter }.
D/GCM ( 1530): GcmService start Intent { act=com.google.android.gms.INITIALIZE flg=0x10 pkg=com.google.android.gms cmp=com.google.android.gms/.gcm.GcmService } com.google.android.gms.INITIALIZE
I/GCoreUlr( 1184): WorldUpdater:android.location.PROVIDERS_CHANGED: Ensuring that reporting is stopped because of reasons: {account#-6#=[InactiveReason{mVersionCode=0, mIdentifier=6, mName='ReportingNotEnabled'}]}
I/GCoreUlr( 1184): Unbound from all location providers
I/XiaomiFirewall( 1987): firewall pkgName:com.google.android.gsf, result:0
V/ProcessObserver( 1640): onProcessStateChanged
D/a ( 1530): Opening database auth.proximity.permit_store...
V/ProcessObserver( 1640): onProcessStateChanged
V/GmsCoreStatsServiceLauncher( 1813): Received broadcast intent Intent { act=com.google.android.gms.INITIALIZE flg=0x10 pkg=com.google.android.gms cmp=com.google.android.gms/.common.stats.GmsCoreStatsServiceLauncher }
V/ProcessObserver( 1640): onProcessStateChanged
I/TrafficManageService( 1987): initSim
I/TelephonyUtil( 1987): getSubscriberId, slot: 0
I/TelephonyUtil( 1987): get imsi from TelephonyManager failed
D/XIAOMI_TC_PLUGIN( 1987): slot:0, base_path:/data/data/com.miui.networkassistant/files/tc/sim_default/
D/XIAOMI_TC_PLUGIN( 1987):
I/TrafficManageService( 1987): check sim auto correction: SimInfo: imsi:defXXXX, simName:null, simId:0, iccId:null, slotNum:0, oversea:true, inserted:false, dataRoaming:false, mPhoneNumber:null
I/TrafficManageService( 1987): mina auto correction setted
I/TrafficManageService( 1987): mina refresh data usage setted
D/wpa_supplicant( 1134): wlan0: Control interface command 'SIGNAL_POLL'
D/ActivateManager( 1987): onServiceConnected, component:ComponentInfo{com.xiaomi.xmsf/com.xiaomi.activate.ActivateService}
D/ActivateManager( 1987): service unbinded
I/GCoreUlr( 1184): WorldUpdater received intent Intent { act=com.google.android.location.reporting.ACTION_UPDATE_WORLD cmp=com.google.android.gms/com.google.android.location.reporting.service.DispatchingService (has extras) } with receiverAction android.intent.action.ACTION_POWER_DISCONNECTED
E/PhoneInterfaceManager( 1302): [PhoneIntfMgr] getIccId: ICC ID is null or empty.
V/ProcessObserver( 1640): onProcessStateChanged
V/ProcessObserver( 1640): onProcessStateChanged
E/GmsWearableLS( 1184): GoogleApiClient connection failed: ConnectionResult{statusCode=API_UNAVAILABLE, resolution=null}
E/MDM ( 1184): [71] b.run: Couldn't connect to Google API client: ConnectionResult{statusCode=API_UNAVAILABLE, resolution=null}
I/ServiceManager( 2269): Waiting for service miui.whetstone.mcd...
I/ResourceHelperService( 2226): onUnbind
I/ResourceHelperService( 2226): onDestroy
V/ProcessObserver( 1640): onProcessStateChanged
I/art ( 1530): Explicit concurrent mark sweep GC freed 17513(1075KB) AllocSpace objects, 4(64KB) LOS objects, 24% free, 11MB/14MB, paused 488us total 74.951ms
I/GCoreUlr( 1184): WorldUpdater:android.intent.action.ACTION_POWER_DISCONNECTED: Ensuring that reporting is stopped because of reasons: {account#-6#=[InactiveReason{mVersionCode=0, mIdentifier=6, mName='ReportingNotEnabled'}]}
I/GCoreUlr( 1184): Unbound from all location providers
I/GCoreUlr( 1184): DispatchingService.onDestroy()
I/GCoreUlr( 1184): Unbound from all location providers
W/Settings( 1184): Setting airplane_mode_on has moved from android.provider.Settings.System to android.provider.Settings.Global, returning read-only value.
D/GCM ( 1530): Connected
I/art ( 844): Explicit concurrent mark sweep GC freed 28872(1467KB) AllocSpace objects, 3(48KB) LOS objects, 33% free, 21MB/32MB, paused 1.403ms total 91.735ms
D/GCM ( 1530): Message class com.google.f.a.a.p
I/ServiceManager( 1322): Waiting for service miui.whetstone.net...
D/PhoneStatusBar/NetworkSpeedView( 1063): not boot complete yet!
D/PhoneStatusBar/NetworkSpeedView( 1063): not boot complete yet!
I/ServiceManager( 2269): Waiting for service miui.whetstone.mcd...
V/ProcessObserver( 1640): onProcessStateChanged
D/LocationInitializer( 1813): Restart initialization of location
V/ProcessObserver( 1640): onProcessStateChanged
V/ProcessObserver( 1640): onProcessStateChanged
V/ProcessObserver( 1640): onProcessStateChanged
D/CellBroadcastReceiver( 2489): onReceive Intent { act=android.cellbroadcastreceiver.GET_LATEST_CB_AREA_INFO flg=0x10 cmp=com.android.cellbroadcastreceiver/.PrivilegedCellBroadcastReceiver (has extras) }
D/CellBroadcastReceiver( 2489): onReceive GET_LATEST_CB_AREA_INFO_ACTION phoneId :0
V/ProcessObserver( 1640): onProcessStateChanged
V/ProcessObserver( 1640): onProcessStateChanged
V/ProcessObserver( 1640): onProcessStateChanged
V/ProcessObserver( 1640): onProcessStateChanged
I/GolbalReceiver( 1987): onReceive, action:android.intent.action.SIM_STATE_CHANGED
I/ImsiMonitor( 1987): invoked:android.intent.action.SIM_STATE_CHANGED
D/GCM ( 1530): GcmService start Intent { act=com.google.android.gms.INITIALIZE flg=0x10 pkg=com.google.android.gms cmp=com.google.android.gms/.gcm.GcmService } com.google.android.gms.INITIALIZE
D/AuthorizationBluetoothService( 1530): Received GmsCore event: Intent { act=com.google.android.gms.INITIALIZE flg=0x10 pkg=com.google.android.gms cmp=com.google.android.gms/.auth.be.proximity.authorization.bt.AuthorizationBluetoothService$AutoStarter }.
V/GmsCoreStatsServiceLauncher( 1813): Received broadcast intent Intent { act=com.google.android.gms.INITIALIZE flg=0x10 pkg=com.google.android.gms cmp=com.google.android.gms/.common.stats.GmsCoreStatsServiceLauncher }
E/MDM ( 1184): [74] b.run: Couldn't connect to Google API client: ConnectionResult{statusCode=API_UNAVAILABLE, resolution=null}
D/CellBroadcastReceiver( 2489): onReceive Intent { act=android.intent.action.SERVICE_STATE flg=0x10 cmp=com.android.cellbroadcastreceiver/.CellBroadcastReceiver (has extras) }
D/CellBroadcastReceiver( 2489): Intent ACTION_SERVICE_STATE_CHANGED
D/CellBroadcastReceiver( 2489): Service state changed! 3 Full: 3 3 home null null null Unknown Unknown CSS not supported -1 -1 RoamInd=-1 DefRoamInd=-1 EmergOnly=false Current state=-1
D/LocationInitializer( 1813): Restart initialization of location
V/ProcessObserver( 1640): onProcessStateChanged
I/ServiceManager( 1322): Waiting for service miui.whetstone.net...
V/ProcessObserver( 1640): onProcessStateChanged
V/ProcessObserver( 1640): onProcessStateChanged
D/miuisdk ( 2518): current sdk level is 2
I/MusicApplication( 2518): MusicApplication constructed!
V/MusicProvider( 2518): MusicProvider is created
I/ServiceManager( 2269): Waiting for service miui.whetstone.mcd...
I/ApplicationHelper( 2518): Create ApplicationHelper successfully, class=com.miui.player.phone.ui.base.PhoneApplicationHelper@17fdc680
E/ApplicationHelper( 2518): start process, name=com.miui.player
W/PushService( 1290): 2015-08-25 15:40:44,601 - [WARN::PushService] - [Thread:1] onStart() with intent.Action = null
I/PushManager( 2518): set alias for push ===
I/Analytics( 2518): start session(com.miui.player)
D/MusicTrackEvent( 2518): id=click_push
D/MusicTrackEvent( 2518): key=miui_version, value=V6
D/MusicTrackEvent( 2518): key=sys_version, value=5.0.2_5.8.20
D/MusicTrackEvent( 2518): key=network_type, value=WIFI-
D/MusicTrackEvent( 2518): key=hour, value=15
I/Analytics( 2518): end session(com.miui.player)
V/ProcessObserver( 1640): onProcessStateChanged
I/art ( 296): Explicit concurrent mark sweep GC freed 704(30KB) AllocSpace objects, 0(0B) LOS objects, 40% free, 7MB/13MB, paused 274us total 17.211ms
