D/wpa_supplicant( 1134): replay_counter - hexdump(len=8): 00 00 00 00 00 00 00 04
D/wpa_supplicant( 1134): key_nonce - hexdump(len=32): 53 6e 8a 9d 5c fe 81 ed 12 db de 77 eb 29 32 9d 96 6f 97 bc 4a ff 07 a0 28 ce f4 26 bd 59 24 d6
D/wpa_supplicant( 1134): key_iv - hexdump(len=16): 00 00 00 00 00 00 00 00 00 00 00 00 00 00 00 00
D/wpa_supplicant( 1134): key_rsc - hexdump(len=8): 9a ed 07 00 00 00 00 00
D/wpa_supplicant( 1134): key_id (reserved) - hexdump(len=8): 00 00 00 00 00 00 00 00
D/wpa_supplicant( 1134): key_mic - hexdump(len=16): 4e 0d 33 01 03 9f 34 30 28 ea dc f7 52 fb 35 e3
D/wpa_supplicant( 1134): RSN: encrypted key data - hexdump(len=56): 67 75 ad 4b 9a 42 ac e4 0b 2a 90 1f 08 ff 75 5a e9 43 a7 1b bf d2 d5 3b 1a 01 eb a6 08 30 20 43 ...
D/wpa_supplicant( 1134): WPA: decrypted EAPOL-Key key data - hexdump(len=48): [REMOVED]
D/wpa_supplicant( 1134): wlan0: State: 4WAY_HANDSHAKE -> 4WAY_HANDSHAKE
D/wpa_supplicant( 1134): wlan0: WPA: RX message 3 of 4-Way Handshake from f8:d1:11:bf:92:fa (ver=2)
D/wpa_supplicant( 1134): WPA: IE KeyData - hexdump(len=48): 30 14 01 00 00 0f ac 04 01 00 00 0f ac 04 01 00 00 0f ac 02 00 00 dd 16 00 0f ac 01 01 00 47 e7 ...
D/wpa_supplicant( 1134): WPA: RSN IE in EAPOL-Key - hexdump(len=22): 30 14 01 00 00 0f ac 04 01 00 00 0f ac 04 01 00 00 0f ac 02 00 00
D/wpa_supplicant( 1134): WPA: GTK in EAPOL-Key - hexdump(len=24): [REMOVED]
D/wpa_supplicant( 1134): wlan0: WPA: Sending EAPOL-Key 4/4
D/wpa_supplicant( 1134): WPA: KCK - hexdump(len=16): [REMOVED]
D/wpa_supplicant( 1134): WPA: Derived Key MIC - hexdump(len=16): e6 9f 05 41 68 1f c7 63 2c da 19 3e ef e1 4b 3d
D/wpa_supplicant( 1134): WPA: TX EAPOL-Key - hexdump(len=99): 01 03 00 5f 02 03 0a 00 00 00 00 00 00 00 00 00 04 00 00 00 00 00 00 00 00 00 00 00 00 00 00 00 ...
D/wpa_supplicant( 1134): wlan0: WPA: Installing PTK to the driver
D/wpa_supplicant( 1134): wpa_driver_nl80211_set_key: ifindex=28 (wlan0) alg=3 addr=0xb6799790 key_idx=0 set_tx=1 seq_len=6 key_len=16
D/wpa_supplicant( 1134): nl80211: KEY_DATA - hexdump(len=16): [REMOVED]
D/wpa_supplicant( 1134): nl80211: KEY_SEQ - hexdump(len=6): 00 00 00 00 00 00
D/wpa_supplicant( 1134): addr=f8:d1:11:bf:92:fa
D/wpa_supplicant( 1134): EAPOL: External notification - portValid=1
D/wpa_supplicant( 1134): wlan0: State: 4WAY_HANDSHAKE -> GROUP_HANDSHAKE
D/wpa_supplicant( 1134): CTRL_IFACE monitor sent successfully to /data/misc/wifi/sockets/wpa_ctrl_307-1\x00
D/wpa_supplicant( 1134): CTRL_IFACE monitor sent successfully to /data/misc/wifi/sockets/wpa_ctrl_844-2\x00
D/wpa_supplicant( 1134): RSN: received GTK in pairwise handshake - hexdump(len=18): [REMOVED]
D/wpa_supplicant( 1134): WPA: Group Key - hexdump(len=16): [REMOVED]
D/wpa_supplicant( 1134): wlan0: WPA: Installing GTK to the driver (keyidx=1 tx=0 len=16)
D/wpa_supplicant( 1134): WPA: RSC - hexdump(len=6): 9a ed 07 00 00 00
D/wpa_supplicant( 1134): wpa_driver_nl80211_set_key: ifindex=28 (wlan0) alg=3 addr=0xb6efc989 key_idx=1 set_tx=0 seq_len=6 key_len=16
D/wpa_supplicant( 1134): nl80211: KEY_DATA - hexdump(len=16): [REMOVED]
D/wpa_supplicant( 1134): nl80211: KEY_SEQ - hexdump(len=6): 9a ed 07 00 00 00
D/wpa_supplicant( 1134): broadcast key
I/wpa_supplicant( 1134): wlan0: WPA: Key negotiation completed with f8:d1:11:bf:92:fa [PTK=CCMP GTK=CCMP]
D/wpa_supplicant( 1134): CTRL_IFACE monitor sent successfully to /data/misc/wifi/sockets/wpa_ctrl_307-1\x00
D/wpa_supplicant( 1134): CTRL_IFACE monitor sent successfully to /data/misc/wifi/sockets/wpa_ctrl_844-2\x00
D/wpa_supplicant( 1134): wlan0: Cancelling authentication timeout
D/wpa_supplicant( 1134): wlan0: State: GROUP_HANDSHAKE -> COMPLETED
D/wpa_supplicant( 1134): wlan0: Radio work 'connect'@0xb67181f0 done in 0.256379 seconds
I/wpa_supplicant( 1134): wlan0: CTRL-EVENT-CONNECTED - Connection to f8:d1:11:bf:92:fa completed [id=2 id_str=]
D/wpa_supplicant( 1134): CTRL_IFACE monitor sent successfully to /data/misc/wifi/sockets/wpa_ctrl_307-1\x00
D/wpa_supplicant( 1134): CTRL_IFACE monitor sent successfully to /data/misc/wifi/sockets/wpa_ctrl_844-2\x00
D/wpa_supplicant( 1134): nl80211: Set wlan0 operstate 0->1 (UP)
D/wpa_supplicant( 1134): netlink: Operstate: ifindex=28 linkmode=-1 (no change), operstate=6 (IF_OPER_UP)
D/wpa_supplicant( 1134): CTRL_IFACE monitor sent successfully to /data/misc/wifi/sockets/wpa_ctrl_307-1\x00
D/wpa_supplicant( 1134): CTRL_IFACE monitor sent successfully to /data/misc/wifi/sockets/wpa_ctrl_844-2\x00
D/wpa_supplicant( 1134): EAPOL: External notification - portValid=1
D/wpa_supplicant( 1134): EAPOL: External notification - EAP success=1
D/wpa_supplicant( 1134): EAPOL: SUPP_PAE entering state AUTHENTICATING
D/wpa_supplicant( 1134): EAPOL: SUPP_BE entering state SUCCESS
D/wpa_supplicant( 1134): EAPOL: SUPP_PAE entering state AUTHENTICATED
D/wpa_supplicant( 1134): EAPOL: Supplicant port status: Authorized
D/wpa_supplicant( 1134): nl80211: Set supplicant port authorized for f8:d1:11:bf:92:fa
D/wpa_supplicant( 1134): EAPOL: SUPP_BE entering state IDLE
D/wpa_supplicant( 1134): EAPOL authentication completed - result=SUCCESS
D/wpa_supplicant( 1134): RTM_NEWLINK: ifi_index=28 ifname=wlan0 operstate=6 linkmode=1 ifi_flags=0x11043 ([UP][RUNNING][LOWER_UP])
E/OMX-VDEC-1080P( 289): omx_vdec: Async thread start
E/OMX-VDEC-1080P( 289):
E/OMX-VDEC-1080P( 289): Error in ioctl read next msg
E/OMX-VDEC-1080P( 289): omx_vdec: Async thread stop
E/OMX-VDEC-1080P( 289): omx_vdec: message thread start
E/OMX-VDEC-1080P( 289):
E/OMX-VDEC-1080P( 289): ERROR: read from pipe failed, ret -1 errno 9
E/OMX-VDEC-1080P( 289): omx_vdec: message thread stop
E/OMX-VDEC-1080P( 289): Waiting on OMX Async Thread exit
E/OMX-VDEC-1080P( 289): Calling close() on Video Driver
E/OMX-VDEC-1080P( 289): Calling close() on vdec ion devicefd = 38
E/OMX-VDEC-1080P( 289): Successfully destroyed vdec ionlock
E/OMX-VDEC-1080P( 289): Exit OMX vdec Destructor
E/ ( 289):
E/ ( 289): Destroy C2D instance
E/ ( 289):
E/ ( 289): Destroy C2D instance
I/DDP_JOCDecoder( 289): -> init name OMX.dolby.ac3.decoder
I/DDP_JOCDecoder( 289): <- init
D/DDP_JOCDecoder( 289): initPorts
E/OMXNodeInstance( 289): getParameter(100663311) ERROR: 0x8000101a
E/OMXNodeInstance( 289): getParameter(100663297) ERROR: 0x8000101a
I/DDP_JOCDecoder( 289): -> ~DDPDecoder
I/DDP_JOCDecoder( 289): <- ~DDPDecoder
E/WifiConfigStore( 844): saveWifiConfigBSSID Setting BSSID for "wifi"WPA_PSK to any
E/wifi_gbk2utf( 844): g_pItemList is NULL
D/wpa_supplicant( 1134): wlan0: Control interface command 'SET_NETWORK [REMOVED]'
D/wpa_supplicant( 1134): CTRL_IFACE: SET_NETWORK id=2 name='bssid'
D/wpa_supplicant( 1134): CTRL_IFACE: value - hexdump(len=3): [REMOVED]
D/wpa_supplicant( 1134): BSSID any
D/wpa_supplicant( 1134): wlan0: Control interface command 'SAVE_CONFIG'
D/wpa_supplicant( 1134): Writing configuration file '/data/misc/wifi/wpa_supplicant.conf'
D/wpa_supplicant( 1134): Configuration file '/data/misc/wifi/wpa_supplicant.conf' written successfully
D/wpa_supplicant( 1134): CTRL_IFACE: SAVE_CONFIG - Configuration updated
E/WifiConfigStore( 844): saveWifiConfigBSSID Setting BSSID for "wifi"WPA_PSK to any
E/wifi_gbk2utf( 844): g_pItemList is NULL
D/wpa_supplicant( 1134): wlan0: Control interface command 'SET_NETWORK [REMOVED]'
D/wpa_supplicant( 1134): CTRL_IFACE: SET_NETWORK id=2 name='bssid'
D/wpa_supplicant( 1134): CTRL_IFACE: value - hexdump(len=3): [REMOVED]
D/wpa_supplicant( 1134): BSSID any
D/wpa_supplicant( 1134): wlan0: Control interface command 'SAVE_CONFIG'
D/wpa_supplicant( 1134): Writing configuration file '/data/misc/wifi/wpa_supplicant.conf'
D/wpa_supplicant( 1134): Configuration file '/data/misc/wifi/wpa_supplicant.conf' written successfully
D/wpa_supplicant( 1134): CTRL_IFACE: SAVE_CONFIG - Configuration updated
D/CommandListener( 285): Setting iface cfg
W/HapticFeedbackUtil( 1358): Immersion vibrate not support
I/DDP_JOCDecoder( 289): -> init name OMX.dolby.ec3.decoder
I/DDP_JOCDecoder( 289): <- init
D/DDP_JOCDecoder( 289): initPorts
E/OMXNodeInstance( 289): getParameter(100663311) ERROR: 0x8000101a
E/OMXNodeInstance( 289): getParameter(100663297) ERROR: 0x8000101a
I/DDP_JOCDecoder( 289): -> ~DDPDecoder
I/DDP_JOCDecoder( 289): <- ~DDPDecoder
E/WifiStateMachine( 844): Start Dhcp Watchdog 1
I/WifiHAL ( 844): mVendor_id = 4980, Subcmd = 15 in virtual int LLStatsCommand::create():50
E/WifiHAL ( 844): virtual int WifiVendorCommand::set_iface_id(const char*) ifindex obtained:28
E/WifiHAL ( 844): wifi_error wifi_get_link_stats(wifi_request_id, wifi_interface_handle, wifi_stats_result_handler): requestResponse Error:-95
E/wifi ( 844): android_net_wifi_getLinkLayerStats: failed to get link statistics
D/wpa_supplicant( 1134): wlan0: Control interface command 'SIGNAL_POLL'
I/DDP_JOCDecoder( 289): -> init name OMX.dolby.ec3_joc.decoder
W/DDP_JOCDecoder( 289): init JOC mode decoding is not supported, defaulting to EAC3!
I/DDP_JOCDecoder( 289): <- init
D/DDP_JOCDecoder( 289): initPorts
E/OMXNodeInstance( 289): setParameter(16777239) ERROR: 0x80001001
W/OMXCodec( 289): Failed to set standard component role 'audio_decoder.ec3_joc'.
E/OMXNodeInstance( 289): getParameter(100663311) ERROR: 0x8000101a
E/OMXNodeInstance( 289): getParameter(100663297) ERROR: 0x8000101a
E/native ( 844): do suspend false
D/wpa_supplicant( 1134): wlan0: Control interface command 'DRIVER SETSUSPENDMODE 0'
D/wpa_supplicant( 1134): wpa_driver_nl80211_driver_cmd SETSUSPENDMODE 0 len = 0, 4096
I/DDP_JOCDecoder( 289): -> ~DDPDecoder
I/DDP_JOCDecoder( 289): <- ~DDPDecoder
E/OMXNodeInstance( 289): getParameter(100663311) ERROR: 0x8000100e
E/OMXNodeInstance( 289): getParameter(100663297) ERROR: 0x8000100e
E/OMXNodeInstance( 289): OMX_GetExtensionIndex OMX.google.android.index.storeMetaDataInBuffers failed
D/wpa_supplicant( 1134): wlan0: Control interface command 'SET ps 0'
D/wpa_supplicant( 1134): CTRL_IFACE SET 'ps'='0'
D/wpa_supplicant( 1134): nl80211: set_p2p_powersave (legacy_ps=0 opp_ps=-1 ctwindow=-1)
D/wpa_supplicant( 1134): wlan0: Control interface command 'DRIVER BTCOEXMODE 1'
D/wpa_supplicant( 1134): wpa_driver_nl80211_driver_cmd BTCOEXMODE 1 len = 0, 4096
D/wpa_supplicant( 1134): wlan0: Control interface command 'DRIVER WLS_BATCHING GET'
D/wpa_supplicant( 1134): wpa_driver_nl80211_driver_cmd WLS_BATCHING GET len = 0, 4096
E/WifiStateMachine( 844): Unexpected BatchedScanResults :OK
D/wpa_supplicant( 1134): wlan0: Control interface command 'DRIVER WLS_BATCHING STOP'
D/wpa_supplicant( 1134): wpa_driver_nl80211_driver_cmd WLS_BATCHING STOP len = 0, 4096
D/ScreenElementRoot( 1063): load finished, spent 506 ms
D/MmsSmsDatabaseHelper( 1302): [MmsSmsDb] tableName: threads hasAutoIncrement: CREATE TABLE threads (_id INTEGER PRIMARY KEY AUTOINCREMENT,date INTEGER DEFAULT 0,message_count INTEGER DEFAULT 0,unread_count INTEGER DEFAULT 0,recipient_ids TEXT,snippet TEXT,snippet_cs INTEGER DEFAULT 0,read INTEGER DEFAULT 1,type INTEGER DEFAULT 0,error INTEGER DEFAULT 0,has_attachment INTEGER DEFAULT 0,has_draft INTEGER DEFAULT 0,stick_time INTEGER DEFAULT 0,private_addr_ids TEXT DEFAULT NULL,last_sim_id INTEGER DEFAULT 0,sp_type INTEGER DEFAULT 0,sync_state INTEGER DEFAULT 0,marker INTEGER DEFAULT 0,source TEXT,mx_seq TEXT) result: true
D/MmsSmsDatabaseHelper( 1302): [MmsSmsDb] tableName: canonical_addresses hasAutoIncrement: CREATE TABLE canonical_addresses (_id INTEGER PRIMARY KEY AUTOINCREMENT,address TEXT) result: true
D/MmsSmsDatabaseHelper( 1302): [getWritableDatabase] hasAutoIncrementThreads: true hasAutoIncrementAddresses: true
E/OMXNodeInstance( 289): getParameter(100663311) ERROR: 0x8000100e
E/OMXNodeInstance( 289): getParameter(100663297) ERROR: 0x8000100e
E/OMXNodeInstance( 289): OMX_GetExtensionIndex OMX.google.android.index.storeMetaDataInBuffers failed
D/ScreenElementRoot( 1063): init
I/NotifierManager( 1063): acquireNotifier:TimeChanged miui.maml.data.DateTimeVariableUpdater@ea90a72
I/NotifierManager( 1063): createNotifier:TimeChanged
W/MediaCodecList( 289): ignoring Limit specified outside of a Type
W/MediaCodecList( 289): ignoring Limit specified outside of a Type
W/MediaCodecList( 289): ignoring Limit specified outside of a Type
W/MediaCodecList( 289): ignoring Limit specified outside of a Type
W/MediaCodecList( 289): ignoring Limit specified outside of a Type
W/MediaCodecList( 289): ignoring Feature specified outside of a Type
E/OMXNodeInstance( 289): getParameter(100663311) ERROR: 0x8000100e
E/OMXNodeInstance( 289): getParameter(100663297) ERROR: 0x8000100e
E/OMXNodeInstance( 289): OMX_GetExtensionIndex OMX.google.android.index.storeMetaDataInBuffers failed
I/RenderThread( 1063): RenderThread started
I/NotifierManager( 1063): onRegister: miui.maml.NotifierManager$MultiBroadcastNotifier@79df340
E/OMXNodeInstance( 289): getParameter(100663311) ERROR: 0x8000100e
E/OMXNodeInstance( 289): getParameter(100663297) ERROR: 0x8000100e
E/OMXNodeInstance( 289): OMX_GetExtensionIndex OMX.google.android.index.storeMetaDataInBuffers failed
I/ResourceManager( 1063): load image l_1.png
I/ResourceManager( 1063): load image l_5.png
D/SoftHEVC( 289): Number of CPU cores: 4
D/SoftHEVC( 289): Initializing decoder
D/SoftHEVC( 289): Set number of cores to 4
D/SoftHEVC( 289): Ittiam decoder version number: @(#)Id:HEVCDEC_production Ver:04.01 Released by ITTIAM Build: Jun 26 2015 @ 06:05:30
E/OMXNodeInstance( 289): getParameter(100663311) ERROR: 0x8000100e
E/OMXNodeInstance( 289): getParameter(100663297) ERROR: 0x8000100e
E/OMXNodeInstance( 289): OMX_GetExtensionIndex OMX.google.android.index.storeMetaDataInBuffers failed
D/SoftHEVC( 289): Freeing codec memory
D/SoftHEVC( 289): Number of CPU cores: 4
D/SoftHEVC( 289): Initializing decoder
D/SoftHEVC( 289): Set number of cores to 4
D/SoftHEVC( 289): Ittiam decoder version number: @(#)Id:HEVCDEC_production Ver:04.01 Released by ITTIAM Build: Jun 26 2015 @ 06:05:30
I/ResourceManager( 1063): load image s_dot.png
I/ResourceManager( 1063): load image s_4.png
I/ResourceManager( 1063): load image s_0.png
I/art ( 296): Explicit concurrent mark sweep GC freed 704(30KB) AllocSpace objects, 0(0B) LOS objects, 40% free, 7MB/13MB, paused 244us total 27.770ms
I/RenderThread( 1063): All controllers paused.
I/RenderThread( 1063): RenderThread paused, waiting for signal
I/art ( 296): Explicit concurrent mark sweep GC freed 7(240B) AllocSpace objects, 0(0B) LOS objects, 39% free, 7MB/13MB, paused 213us total 19.378ms
I/art ( 296): Explicit concurrent mark sweep GC freed 5(160B) AllocSpace objects, 0(0B) LOS objects, 39% free, 7MB/13MB, paused 213us total 15.472ms
D/SoftHEVC( 289): In SoftHEVC::~SoftHEVC
D/SoftHEVC( 289): Freeing codec memory
E/OMXNodeInstance( 289): getParameter(100663311) ERROR: 0x8000100e
E/OMXNodeInstance( 289): getParameter(100663297) ERROR: 0x8000100e
E/OMXNodeInstance( 289): OMX_GetExtensionIndex OMX.google.android.index.storeMetaDataInBuffers failed
D/miuisdk ( 1513): current sdk level is 2
E/OMXNodeInstance( 289): getParameter(100663311) ERROR: 0x8000100e
E/OMXNodeInstance( 289): getParameter(100663297) ERROR: 0x8000100e
E/OMXNodeInstance( 289): OMX_GetExtensionIndex OMX.google.android.index.storeMetaDataInBuffers failed
E/dhcpcd ( 1590): fopen `/system/etc/dhcpcd/dhcpcd.conf': No such file or directory
I/dhcpcd ( 1590): version 5.5.6 starting
E/dhcpcd ( 1590): fopen `/system/etc/dhcpcd/dhcpcd.conf': No such file or directory
I/TextToSpeech( 1284): Sucessfully bound to com.svox.pico
I/ConfigureLog4J( 1290): log system inited
D/BluetoothManagerService( 844): Message: 30
I/SoftMPEG4Encoder( 289): Construct SoftMPEG4Encoder
E/OMXNodeInstance( 289): getParameter(100663311) ERROR: 0x8000100e
W/ACodec ( 289): do not know color format 0x7f000789 = 2130708361
E/OMXNodeInstance( 289): getParameter(100663297) ERROR: 0x8000100e
I/dhcpcd ( 1590): wlan0: rebinding lease of 192.168.0.151
I/SoftAVCEncoder( 289): Construct SoftAVCEncoder
E/OMXNodeInstance( 289): getParameter(100663311) ERROR: 0x8000100e
W/ACodec ( 289): do not know color format 0x7f000789 = 2130708361
E/OMXNodeInstance( 289): getParameter(100663297) ERROR: 0x8000100e
I/SoftMPEG4Encoder( 289): Construct SoftMPEG4Encoder
E/OMXNodeInstance( 289): getParameter(100663311) ERROR: 0x8000100e
W/ACodec ( 289): do not know color format 0x7f000789 = 2130708361
E/OMXNodeInstance( 289): getParameter(100663297) ERROR: 0x8000100e
D/BluetoothManagerService( 844): Message: 300
D/BluetoothManagerService( 844): MESSAGE_USER_SWITCHED
E/OMXNodeInstance( 289): getParameter(100663311) ERROR: 0x8000100e
W/ACodec ( 289): do not know color format 0x7f000789 = 2130708361
E/OMXNodeInstance( 289): getParameter(100663297) ERROR: 0x8000100e
D/OMXCodec( 289): Successfully allocated OMX node 'OMX.google.vorbis.decoder'
I/ExtendedUtils( 289): decision 1 mime 
W/AwesomePlayer( 289): Trying to create tunnel player mIsTunnelAudio 0, LPAPlayer::objectsAlive 0, TunnelPlayer::mTunnelObjectsAlive = 0, (mAudioPlayer == NULL) 1
E/AwesomePlayer( 289): LPAPlayer::Clip duration setting of less than 30sec not supported, defaulting to 60sec
E/AwesomePlayer( 289): LPAPlayer::Clip duration setting of less than 30sec not supported, defaulting to 60sec
I/AudioPlayer( 289): start of Playback, useOffload 0
D/PermissionCache( 266): checking android.permission.HARDWARE_TEST for uid=1000 => granted (183 us)
D/AudioHardwareALSA( 289): setMicMute newMode 0 state:0
D/AudioHardwareALSA( 289): setMicMute: mMicMute 0
I/GservicesProvider( 1530): Gservices pushing to system: true; secure/global: true
W/QCNEJ ( 1334): |CORE| No family connected
E/QCNEJ ( 1334): |CORE| Feature WQE is not enabled
D/AudioPlayer( 289): updateDolbyProcessedAudioState(processed=0, playing=1)
V/AudioHardwareALSA( 289): virtual android::status_t android_audio_legacy::AudioHardwareALSA::setParameters(const android::String8&)() ,fm_volume=0.4253543019
V/AudioHardwareALSA( 289): set Fm Volume(3485.000000)
V/AudioHardwareALSA( 289): Setting FM volume to 467791136 (available range is 0 to 0x2000)
V/AudioHardwareALSA( 289): virtual android::status_t android_audio_legacy::AudioHardwareALSA::setParameters(const android::String8&)() ,fm_volume=0.0471794531
V/AudioHardwareALSA( 289): set Fm Volume(387.000000)
V/AudioHardwareALSA( 289): Setting FM volume to 467791136 (available range is 0 to 0x2000)
E/AudioPolicyManager( 289): unknown stream type
V/AudioHardwareALSA( 289): virtual android::status_t android_audio_legacy::AudioHardwareALSA::setParameters(const android::String8&)() ,fm_volume=0.4253543019
V/AudioHardwareALSA( 289): set Fm Volume(3485.000000)
V/AudioHardwareALSA( 289): Setting FM volume to 467791136 (available range is 0 to 0x2000)
D/AudioPlayer( 289): setDolbyProcessedAudioState(processed=0)
V/AudioHardwareALSA( 289): virtual android::status_t android_audio_legacy::AudioHardwareALSA::setParameters(const android::String8&)() ,fm_volume=0.0471794531
V/AudioHardwareALSA( 289): set Fm Volume(387.000000)
V/AudioHardwareALSA( 289): Setting FM volume to 467791136 (available range is 0 to 0x2000)
I/ ( 1322): Whetstone started, total task count here:3
E/libmc ( 1322): group sys_standby not exist.
I/ ( 1322): tasks when whetstone start: zygote pid: 296.
E/libmc ( 1322): group sys_critical not exist.
I/ ( 1322): tasks when whetstone start: system_server pid: 844.
E/libmc ( 1322): group sys_standby not exist.
I/ ( 1322): whetstone_init: [1322, com.miui.whetstone]
I/ ( 1322): tasks when whetstone start: com.miui.whetstone pid: 1322.
I/Octvm_Config( 1322): model:MI 2
I/Octvm_Config( 1322): find zram swap override for product:[MI 2]
E/Octvm_Config( 1322): config error: zram swap config missed.
D/AudioPlayer( 289): updateDolbyProcessedAudioState(processed=0, playing=0)
I/AudioPlayer( 289): Pause Playback at 115941
I/AudioPlayer( 289): reset: mPlaying=0 mReachedEOS=1 useOffload=0
D/AudioPlayer( 289): setDolbyProcessedAudioState(processed=0)
D/wpa_supplicant( 1134): EAPOL: startWhen --> 0
D/wpa_supplicant( 1134): EAPOL: disable timer tick
I/GoogleHttpClient( 1530): GMS http client unavailable, use old client
E/AudioPolicyManager( 289): unknown stream type
E/AudioPolicyManager( 289): unknown stream type
E/AudioPolicyManager( 289): unknown stream type
E/AudioPolicyManager( 289): unknown stream type
E/AudioPolicyManager( 289): unknown stream type
E/AudioPolicyManager( 289): unknown stream type
I/dhcpcd ( 1590): wlan0: acknowledged 192.168.0.151 from 192.168.0.254
E/AudioPolicyManager( 289): unknown stream type
D/AwesomePlayer( 289): Before reset_l
D/AwesomePlayer( 289): printFileName fd(35) -> /system/media/audio/ui/KeypressStandard.ogg
W/WhetstoneService( 1322): {WhetstonePackageInfo#PacakgeName:com.android.incalluiFlag:-2147483648 [,APP_SYSTEM] Type:0[] }not support ZRAM
W/WhetstoneService( 1322): {WhetstonePackageInfo#PacakgeName:com.touchtype.swiftkeyFlag:0 [] Type:32[] }not support ZRAM
W/WhetstoneService( 1322): {WhetstonePackageInfo#PacakgeName:com.google.android.gsfFlag:1024 [,SOFT_RESET] Type:0[] }not support ZRAM
W/WhetstoneService( 1322): {WhetstonePackageInfo#PacakgeName:com.android.providers.contactsFlag:-2147482624 [,SOFT_RESET,APP_SYSTEM] Type:0[] }not support ZRAM
W/WhetstoneService( 1322): {WhetstonePackageInfo#PacakgeName:com.android.printspoolerFlag:-2147482624 [,SOFT_RESET,APP_SYSTEM] Type:0[] }not support ZRAM
W/WhetstoneService( 1322): {WhetstonePackageInfo#PacakgeName:com.miui.homeFlag:-2147483648 [,APP_SYSTEM] Type:0[] }not support ZRAM
W/WhetstoneService( 1322): {WhetstonePackageInfo#PacakgeName:com.android.mms.serviceFlag:-2147482624 [,SOFT_RESET,APP_SYSTEM] Type:0[] }not support ZRAM
W/WhetstoneService( 1322): {WhetstonePackageInfo#PacakgeName:com.android.settingsFlag:-2147483648 [,APP_SYSTEM] Type:0[] }not support ZRAM
W/WhetstoneService( 1322): {WhetstonePackageInfo#PacakgeName:com.google.android.gmsFlag:1024 [,SOFT_RESET] Type:0[] }not support ZRAM
E/AudioPolicyManager( 289): unknown stream type
E/AudioPolicyManager( 289): unknown stream type
E/AudioPolicyManager( 289): unknown stream type
I/dhcpcd ( 1590): wlan0: leased 192.168.0.151 for 864000 seconds
W/WhetstoneService( 1322): {WhetstonePackageInfo#PacakgeName:com.quicinc.cne.CNEServiceFlag:-2147482624 [,SOFT_RESET,APP_SYSTEM] Type:0[] }not support ZRAM
I/Choreographer( 844): Skipped 109 frames! The application may be doing too much work on its main thread.
D/WifiScanningService( 844): SCAN_AVAILABLE : 3
D/WifiScanningService( 844): DefaultState got{ when=0 what=160006 target=com.android.internal.util.StateMachine$SmHandler }
I/WifiNative-HAL( 844): startHal
D/wifi ( 844): getting scan capabilities on interface[0] = 0xa0f716c0
E/WifiHAL ( 844): wifi_error wifi_get_gscan_capabilities(wifi_interface_handle, wifi_gscan_capabilities*): GSCAN is not supported by driver
D/wifi ( 844): failed to get capabilities : -3
E/WifiScanningService( 844): could not get scan capabilities
D/RttService( 844): SCAN_AVAILABLE : 3
D/RttService( 844): DefaultState got{ when=0 what=160512 target=com.android.internal.util.StateMachine$SmHandler }
V/GeoFencerProxy( 844): onServiceConnected: mGeoFencer - com.qualcomm.location.GeoFenceService$1@172cd123
W/WhetstoneService( 1322): {WhetstonePackageInfo#PacakgeName:com.miui.whetstoneFlag:-2147483648 [,APP_SYSTEM] Type:0[] }not support ZRAM
V/xmsf/SimStateReceiver( 1290): SIM_STATE_CHANGED receiver registered to system
W/WhetstoneService( 1322): {WhetstonePackageInfo#PacakgeName:com.android.phoneFlag:-2147483648 [,APP_SYSTEM] Type:0[] }not support ZRAM
D/Launcher( 1358): onCreate
W/WhetstoneService( 1322): {WhetstonePackageInfo#PacakgeName:com.xiaomi.xmsfFlag:-2147482624 [,SOFT_RESET,APP_SYSTEM] Type:0[] }not support ZRAM
W/WhetstoneService( 1322): {WhetstonePackageInfo#PacakgeName:com.android.server.telecomFlag:-2147482624 [,SOFT_RESET,APP_SYSTEM] Type:0[] }not support ZRAM
W/WhetstoneService( 1322): {WhetstonePackageInfo#PacakgeName:com.dolbyFlag:-2147482624 [,SOFT_RESET,APP_SYSTEM] Type:0[] }not support ZRAM
W/WhetstoneService( 1322): {WhetstonePackageInfo#PacakgeName:com.miui.coreFlag:-2147483648 [,APP_SYSTEM] Type:0[] }not support ZRAM
W/WhetstoneService( 1322): {WhetstonePackageInfo#PacakgeName:com.android.systemuiFlag:-2147483648 [,APP_SYSTEM] Type:0[] }not support ZRAM
W/WhetstoneService( 1322): {WhetstonePackageInfo#PacakgeName:com.android.providers.mediaFlag:-2147483648 [,APP_SYSTEM] Type:0[] }not support ZRAM
W/WhetstoneService( 1322): {WhetstonePackageInfo#PacakgeName:androidFlag:-2147483648 [,APP_SYSTEM] Type:0[] }not support ZRAM
W/WhetstoneService( 1322): InteruptThread exit
D/PRDrmPlugIn( 288): PRDrmPlugin::onInitialize, uniqueId = 5729
D/PRDrmPlugIn( 288): PRDrmPlugin::onSetOnInfoListener: uniqueId = 5729
D/PRDrmPlugIn( 288): PRDrmPlugin::onTerminate, uniqueId = 5729
I/DateTimeVariableUpdater( 1063): init with accuracy:Minute
I/ScreenElementRoot( 1063): set scale: 0.6666667
D/miuisdk ( 1577): current sdk level is 2
D/ExtendedUtils( 289): extended extractor not needed, return default
I/GoogleHttpClient( 1530): GMS http client unavailable, use old client
W/Miui-DNS( 1322): no active network
D/ConnectivityManager.CallbackHandler( 1322): CM callback handler got msg 524290
D/AwesomePlayer( 289): Tunnel Mime Type: audio/vorbis, object alive = 0, mTunnelAliveAP = 0
D/AwesomePlayer( 289): maxPossible tunnels = 1
D/AwesomePlayer( 289): Normal Audio Playback
D/AwesomePlayer( 289): Use tunnel player only for AUDIO_STREAM_MUSIC
E/AwesomePlayer( 289): LPAPlayer::Clip duration setting of less than 30sec not supported, defaulting to 60sec
D/OMXCodec( 289): Successfully allocated OMX node 'OMX.google.vorbis.decoder'
I/ExtendedUtils( 289): decision 1 mime 
D/wpa_supplicant( 1134): wlan0: Control interface command 'DRIVER BTCOEXMODE 2'
D/wpa_supplicant( 1134): wpa_driver_nl80211_driver_cmd BTCOEXMODE 2 len = 0, 4096
D/wpa_supplicant( 1134): wlan0: Control interface command 'SET ps 1'
D/wpa_supplicant( 1134): CTRL_IFACE SET 'ps'='1'
D/wpa_supplicant( 1134): nl80211: set_p2p_powersave (legacy_ps=1 opp_ps=-1 ctwindow=-1)
W/AwesomePlayer( 289): Trying to create tunnel player mIsTunnelAudio 0, LPAPlayer::objectsAlive 0, TunnelPlayer::mTunnelObjectsAlive = 0, (mAudioPlayer == NULL) 1
E/AwesomePlayer( 289): LPAPlayer::Clip duration setting of less than 30sec not supported, defaulting to 60sec
E/AwesomePlayer( 289): LPAPlayer::Clip duration setting of less than 30sec not supported, defaulting to 60sec
I/AudioPlayer( 289): start of Playback, useOffload 0
D/AudioPlayer( 289): updateDolbyProcessedAudioState(processed=0, playing=1)
D/wpa_supplicant( 1134): wlan0: Control interface command 'BLACKLIST clear'
D/AudioPlayer( 289): setDolbyProcessedAudioState(processed=0)
D/AudioPlayer( 289): updateDolbyProcessedAudioState(processed=0, playing=0)
I/AudioPlayer( 289): Pause Playback at 351950
I/AudioPlayer( 289): reset: mPlaying=0 mReachedEOS=1 useOffload=0
D/AudioPlayer( 289): setDolbyProcessedAudioState(processed=0)
D/AwesomePlayer( 289): Before reset_l
D/AwesomePlayer( 289): printFileName fd(35) -> /system/media/audio/ui/KeypressSpacebar.ogg
I/art ( 1358): Background partial concurrent mark sweep GC freed 36981(1354KB) AllocSpace objects, 3(48KB) LOS objects, 39% free, 13MB/22MB, paused 12.664ms total 319.427ms
D/PRDrmPlugIn( 288): PRDrmPlugin::onInitialize, uniqueId = 5792
D/PRDrmPlugIn( 288): PRDrmPlugin::onSetOnInfoListener: uniqueId = 5792
D/PRDrmPlugIn( 288): PRDrmPlugin::onTerminate, uniqueId = 5792
I/ConfigureLog4J( 1513): log system inited
I/ContactsProvider( 1513): com.android.providers.contacts.ContactsProvider2: ContactsProvider2.java(1541): ContactsProvider.onCreate()
I/art ( 1063): Background sticky concurrent mark sweep GC freed 26433(1907KB) AllocSpace objects, 28(496KB) LOS objects, 17% free, 10MB/13MB, paused 18.280ms total 100.067ms
D/ScreenElementRoot( 1063): load finished, spent 511 ms
I/RenderThread( 1063): RenderThread resumed
I/RenderThread( 1063): All controllers paused.
I/RenderThread( 1063): RenderThread paused, waiting for signal
D/ScreenElementRoot( 1063): init
I/NotifierManager( 1063): acquireNotifier:TimeChanged miui.maml.data.DateTimeVariableUpdater@2212810b
D/ExtendedUtils( 289): extended extractor not needed, return default
D/AwesomePlayer( 289): Tunnel Mime Type: audio/vorbis, object alive = 0, mTunnelAliveAP = 0
D/AwesomePlayer( 289): maxPossible tunnels = 1
D/AwesomePlayer( 289): Normal Audio Playback
D/AwesomePlayer( 289): Use tunnel player only for AUDIO_STREAM_MUSIC
E/AwesomePlayer( 289): LPAPlayer::Clip duration setting of less than 30sec not supported, defaulting to 60sec
D/OMXCodec( 289): Successfully allocated OMX node 'OMX.google.vorbis.decoder'
I/ExtendedUtils( 289): decision 1 mime 
W/AwesomePlayer( 289): Trying to create tunnel player mIsTunnelAudio 0, LPAPlayer::objectsAlive 0, TunnelPlayer::mTunnelObjectsAlive = 0, (mAudioPlayer == NULL) 1
E/AwesomePlayer( 289): LPAPlayer::Clip duration setting of less than 30sec not supported, defaulting to 60sec
E/AwesomePlayer( 289): LPAPlayer::Clip duration setting of less than 30sec not supported, defaulting to 60sec
I/AudioPlayer( 289): start of Playback, useOffload 0
E/ ( 1577): JNI_OnLoad
I/ ( 1577): RegisterNatives start for 'miui/graphics/BitmapFactory'
I/ ( 1577): Load success
D/AudioPlayer( 289): updateDolbyProcessedAudioState(processed=0, playing=1)
E/WifiStateMachine( 844): Did not find remoteAddress {192.168.0.254} in /proc/net/arp
D/AudioPlayer( 289): setDolbyProcessedAudioState(processed=0)
V/PhoneApp( 1302): onCreate()...
V/SynthProxy( 1596): About to load libttspico.so, applyFilter=true
D/AudioPlayer( 289): updateDolbyProcessedAudioState(processed=0, playing=0)
I/AudioPlayer( 289): Pause Playback at 351927
I/AudioPlayer( 289): reset: mPlaying=0 mReachedEOS=1 useOffload=0
D/AudioPlayer( 289): setDolbyProcessedAudioState(processed=0)
D/wpa_supplicant( 1134): wlan0: Control interface command 'ENABLE_NETWORK 8'
D/wpa_supplicant( 1134): CTRL_IFACE: ENABLE_NETWORK id=8
D/AwesomePlayer( 289): Before reset_l
D/AwesomePlayer( 289): printFileName fd(35) -> /system/media/audio/ui/KeypressDelete.ogg
D/wpa_supplicant( 1134): wlan0: Control interface command 'ENABLE_NETWORK 5'
D/wpa_supplicant( 1134): CTRL_IFACE: ENABLE_NETWORK id=5
D/wpa_supplicant( 1134): wlan0: Control interface command 'ENABLE_NETWORK 3'
D/wpa_supplicant( 1134): CTRL_IFACE: ENABLE_NETWORK id=3
D/wpa_supplicant( 1134): wlan0: Control interface command 'ENABLE_NETWORK 4'
D/wpa_supplicant( 1134): CTRL_IFACE: ENABLE_NETWORK id=4
D/wpa_supplicant( 1134): wlan0: Control interface command 'ENABLE_NETWORK 1'
D/wpa_supplicant( 1134): CTRL_IFACE: ENABLE_NETWORK id=1
I/TextToSpeech( 1284): Connected to ComponentInfo{com.svox.pico/com.svox.pico.PicoService}
D/wpa_supplicant( 1134): wlan0: Control interface command 'ENABLE_NETWORK 7'
D/wpa_supplicant( 1134): CTRL_IFACE: ENABLE_NETWORK id=7
D/wpa_supplicant( 1134): wlan0: Control interface command 'ENABLE_NETWORK 6'
D/wpa_supplicant( 1134): CTRL_IFACE: ENABLE_NETWORK id=6
D/wpa_supplicant( 1134): wlan0: Control interface command 'SAVE_CONFIG'
D/wpa_supplicant( 1134): Writing configuration file '/data/misc/wifi/wpa_supplicant.conf'
D/wpa_supplicant( 1134): Configuration file '/data/misc/wifi/wpa_supplicant.conf' written successfully
D/wpa_supplicant( 1134): CTRL_IFACE: SAVE_CONFIG - Configuration updated
D/ConnectivityManager.CallbackHandler( 1322): CM callback handler got msg 524295
D/Miui-DNS( 1322): link prop change: 100, wlan0, 212.27.40.240, 212.27.40.241
W/Miui-DNS( 1322): network server not ready D/NetworkMonitorNetworkAgentInfo [WIFI () - null]( 844): DefaultState{ when=0 what=532481 target=com.android.internal.util.StateMachine$SmHandler } D/NetworkMonitorNetworkAgentInfo [WIFI () - null]( 844): Connected D/NetworkMonitorNetworkAgentInfo [WIFI () - null]( 844): EvaluatingState{ when=-1ms what=532486 arg1=1 target=com.android.internal.util.StateMachine$SmHandler } D/NetworkMonitorNetworkAgentInfo [WIFI () - null]( 844): Checking http://clients3.google.com/generate_204 on "wifi"
D/ConnectivityManager.CallbackHandler( 1322): CM callback handler got msg 524289
D/PRDrmPlugIn( 288): PRDrmPlugin::onInitialize, uniqueId = 6650
D/PRDrmPlugIn( 288): PRDrmPlugin::onSetOnInfoListener: uniqueId = 6650
D/PRDrmPlugIn( 288): PRDrmPlugin::onTerminate, uniqueId = 6650
D/Tethering( 844): MasterInitialState.processMessage what=3
W/QCNEJ ( 1334): |CORE| No family connected
I/ResourceManager( 1063): load image button_n.png
D/miuisdk ( 1654): current sdk level is 2
I/ResourceManager( 1063): load image music_next.png
I/ResourceManager( 1063): load image music_play.png
I/ResourceManager( 1063): load image music_prev.png
V/CallLogProvider( 1513): registerAccountListener()
D/miuisdk ( 1640): current sdk level is 2
D/ExtendedUtils( 289): extended extractor not needed, return default
D/AwesomePlayer( 289): Tunnel Mime Type: audio/vorbis, object alive = 0, mTunnelAliveAP = 0
D/AwesomePlayer( 289): maxPossible tunnels = 1
D/AwesomePlayer( 289): Normal Audio Playback
D/AwesomePlayer( 289): Use tunnel player only for AUDIO_STREAM_MUSIC
E/AwesomePlayer( 289): LPAPlayer::Clip duration setting of less than 30sec not supported, defaulting to 60sec
D/OMXCodec( 289): Successfully allocated OMX node 'OMX.google.vorbis.decoder'
I/ExtendedUtils( 289): decision 1 mime 
W/AwesomePlayer( 289): Trying to create tunnel player mIsTunnelAudio 0, LPAPlayer::objectsAlive 0, TunnelPlayer::mTunnelObjectsAlive = 0, (mAudioPlayer == NULL) 1
E/AwesomePlayer( 289): LPAPlayer::Clip duration setting of less than 30sec not supported, defaulting to 60sec
E/AwesomePlayer( 289): LPAPlayer::Clip duration setting of less than 30sec not supported, defaulting to 60sec
I/AudioPlayer( 289): start of Playback, useOffload 0
I/ServiceManager( 1322): Waiting for service miui.whetstone.net...
D/ConnectivityManager.CallbackHandler( 1063): CM callback handler got msg 524290
D/ConnectivityManager.CallbackHandler( 1322): CM callback handler got msg 524290
D/MusicControlScreenElement( 1063): music state change: playing=false
D/SecurityController( 1063): onAvailable 100 : [ Transports: WIFI Capabilities: INTERNET&NOT_RESTRICTED&TRUSTED&NOT_VPN LinkUpBandwidth>=1048576Kbps LinkDnBandwidth>=1048576Kbps]
I/Crashlytics( 1162): Initializing Crashlytics 1.1.10.12
D/AudioPlayer( 289): updateDolbyProcessedAudioState(processed=0, playing=1)
D/ConnectivityManager.CallbackHandler( 1322): CM callback handler got msg 524295
D/ConnectivityManager.CallbackHandler( 1063): CM callback handler got msg 524295
V/JNIHelp ( 1184): Registering com/google/android/gms/org/conscrypt/NativeCrypto's 227 native methods...
D/AudioPlayer( 289): setDolbyProcessedAudioState(processed=0)
W/ProgressBarDelegate( 1063): Unknown Drawable subclass, src=android.graphics.drawable.ScaleDrawable@2998e000
W/ProgressBarDelegate( 1063): Unknown Drawable subclass, src=android.graphics.drawable.ScaleDrawable@30abfc2c
D/AudioPlayer( 289): updateDolbyProcessedAudioState(processed=0, playing=0)
I/AudioPlayer( 289): Pause Playback at 175782
I/AudioPlayer( 289): reset: mPlaying=0 mReachedEOS=1 useOffload=0
D/AudioPlayer( 289): setDolbyProcessedAudioState(processed=0)
D/ConnectivityManager.CallbackHandler( 1063): CM callback handler got msg 524295
D/ConnectivityManager.CallbackHandler( 1322): CM callback handler got msg 524295 D/NetworkMonitorNetworkAgentInfo [WIFI () - null]( 844): isCaptivePortal: ret=204 headers={null=[HTTP/1.1 204 No Content], Content-Length=[0], Date=[Tue, 25 Aug 2015 13:40:32 GMT], Server=[GFE/2.0], X-Android-Received-Millis=[1440510032676], X-Android-Response-Source=[NETWORK 204], X-Android-Sent-Millis=[1440510032605]} D/NetworkMonitorNetworkAgentInfo [WIFI () - null]( 844): Don't send network conditions - lacking user consent. D/NetworkMonitorNetworkAgentInfo [WIFI () - null]( 844): Validated
D/ConnectivityManager.CallbackHandler( 1322): CM callback handler got msg 524290
D/ConnectivityManager.CallbackHandler( 1063): CM callback handler got msg 524290
D/SecurityController( 1063): onAvailable 100 : [ Transports: WIFI Capabilities: INTERNET&NOT_RESTRICTED&TRUSTED&NOT_VPN LinkUpBandwidth>=1048576Kbps LinkDnBandwidth>=1048576Kbps]
D/AwesomePlayer( 289): Before reset_l
D/AwesomePlayer( 289): printFileName fd(35) -> /system/media/audio/ui/KeypressReturn.ogg
W/PushService( 1290): 2015-08-25 15:40:32,702 - [WARN::PushService] - [Thread:1] the job is pended, the controller is not ready.
W/PushService( 1290): 2015-08-25 15:40:32,726 - [WARN::PushService] - [Thread:80] executing the pending job.
W/PushService( 1290): 2015-08-25 15:40:32,743 - [WARN::PushService] - [Thread:80] JOB: prepare the mi push account.
I/InCall ( 1577): ProximitySensor - ProximitySensor{keybrd=0, dpad=0, offhook=0, hor=0, ui=0, aud=EARPIECE}
W/PushService( 1290): 2015-08-25 15:40:32,737 - [WARN::PushService] - [Thread:1] onStart() with intent.Action = null
D/PRDrmPlugIn( 288): PRDrmPlugin::onInitialize, uniqueId = 5636
D/PRDrmPlugIn( 288): PRDrmPlugin::onSetOnInfoListener: uniqueId = 5636
W/PushService( 1290): 2015-08-25 15:40:32,748 - [WARN::PushService] - [Thread:1] onStart() with intent.Action = com.xiaomi.mipush.SEND_MESSAGE
D/PRDrmPlugIn( 288): PRDrmPlugin::onTerminate, uniqueId = 5636
I/InCall ( 1577): InCallPresenter - Phone switching state: NO_CALLS -> NO_CALLS
I/InCall ( 1577): StatusBarNotifier - sendBroadcast ACTION_ENTER_INCALL_SCREEN_DURING_CALL
W/PushService( 1290): 2015-08-25 15:40:32,778 - [WARN::PushService] - [Thread:80] register timer 1440510076235
W/PushService( 1290): 2015-08-25 15:40:32,780 - [WARN::PushService] - [Thread:80] JOB: do reconnect..
W/PushService( 1290): 2015-08-25 15:40:32,781 - [WARN::PushService] - [Thread:80] update the connection status. disconnected -> connecting : ERROR_OK
W/PushService( 1290): 2015-08-25 15:40:32,783 - [WARN::PushService] - [Thread:80] begin to connect...
W/PushService( 1290): 2015-08-25 15:40:32,789 - [WARN::PushService] - get bucket for host : app.chat.xiaomi.net starts
I/PowerKeeperBackgroundService( 1640): onCreate()
D/ExtendedUtils( 289): extended extractor not needed, return default
E/PowerKeeper-JNI( 1640): on Load native EventLogManager
W/System ( 1184): Could not create com.google.android.gms.org.conscrypt.OpenSSLSocketFactoryImpl with ClassLoader android.app.LoadedApk$WarningContextClassLoader@ea90a72: com.google.android.gms.org.conscrypt.OpenSSLSocketFactoryImpl
I/ProviderInstaller( 1184): Installed default security provider GmsCore_OpenSSL
D/AwesomePlayer( 289): Tunnel Mime Type: audio/vorbis, object alive = 0, mTunnelAliveAP = 0
D/AwesomePlayer( 289): maxPossible tunnels = 1
D/AwesomePlayer( 289): Normal Audio Playback
D/AwesomePlayer( 289): Use tunnel player only for AUDIO_STREAM_MUSIC
E/AwesomePlayer( 289): LPAPlayer::Clip duration setting of less than 30sec not supported, defaulting to 60sec
D/OMXCodec( 289): Successfully allocated OMX node 'OMX.google.vorbis.decoder'
I/ExtendedUtils( 289): decision 1 mime 
I/TextToSpeech( 1284): Set up connection to ComponentInfo{com.svox.pico/com.svox.pico.PicoService}
V/HostManager( 1290): loading the new hosts succeed
W/AwesomePlayer( 289): Trying to create tunnel player mIsTunnelAudio 0, LPAPlayer::objectsAlive 0, TunnelPlayer::mTunnelObjectsAlive = 0, (mAudioPlayer == NULL) 1
E/AwesomePlayer( 289): LPAPlayer::Clip duration setting of less than 30sec not supported, defaulting to 60sec
E/AwesomePlayer( 289): LPAPlayer::Clip duration setting of less than 30sec not supported, defaulting to 60sec
I/AudioPlayer( 289): start of Playback, useOffload 0
D/AudioPlayer( 289): updateDolbyProcessedAudioState(processed=0, playing=1)
D/AudioPlayer( 289): setDolbyProcessedAudioState(processed=0)
D/AudioPlayer( 289): updateDolbyProcessedAudioState(processed=0, playing=0)
I/AudioPlayer( 289): Pause Playback at 351927
I/AudioPlayer( 289): reset: mPlaying=0 mReachedEOS=1 useOffload=0
D/AudioPlayer( 289): setDolbyProcessedAudioState(processed=0)
D/PowerKeeperStateMachine( 1640): disabled_state entered
D/PowerKeeperExecutor( 1640): notify state disabled_state enter...
I/ServiceManager( 1640): Waiting for service miui.whetstone.power...
W/art ( 1577): Suspending all threads took: 9.307ms
I/art ( 1577): Background sticky concurrent mark sweep GC freed 3867(276KB) AllocSpace objects, 3(48KB) LOS objects, 0% free, 16MB/16MB, paused 10.498ms total 142.852ms
D/StatusBar.NetworkController( 1063): updateNetworkName spn=null plmn=null spn2=null plmn2=null slotId=0 showSpn=false showPlmn=false
D/StatusBar.NetworkController( 1063): updateNetworkName mNetworkName[0]=Aucun service mTempNetworkName[0] = Aucun service
D/StatusBar.NetworkController( 1063): updateNetworkName spn=null plmn=null spn2=null plmn2=null slotId=0 showSpn=false showPlmn=false
D/StatusBar.NetworkController( 1063): updateNetworkName mNetworkName[0]=Aucun service mTempNetworkName[0] = Aucun service
W/PushService( 1290): 2015-08-25 15:40:33,017 - [WARN::PushService] - get bucket for host : app.chat.xiaomi.net ends in 227 ms
W/PushService( 1290): 2015-08-25 15:40:33,018 - [WARN::PushService] - [Thread:80] begin to connect to 54.255.184.16
D/HiddenModeCloudManager( 1640): updateFeatureData
E/AudioPolicyManager( 289): unknown stream type
E/AudioPolicyManager( 289): unknown stream type
E/AudioPolicyManager( 289): unknown stream type
E/AudioPolicyManager( 289): unknown stream type
E/AudioPolicyManager( 289): unknown stream type
E/AudioPolicyManager( 289): unknown stream type
E/AudioPolicyManager( 289): unknown stream type
E/AudioPolicyManager( 289): unknown stream type
E/AudioPolicyManager( 289): unknown stream type
E/AudioPolicyManager( 289): unknown stream type
E/AudioPolicyManager( 289): unknown stream type
V/AudioHardwareALSA( 289): virtual android::status_t android_audio_legacy::AudioHardwareALSA::setParameters(const android::String8&)() ,fm_volume=0.4253543019
V/AudioHardwareALSA( 289): set Fm Volume(3485.000000)
V/AudioHardwareALSA( 289): Setting FM volume to 467791136 (available range is 0 to 0x2000)
V/AudioHardwareALSA( 289): virtual android::status_t android_audio_legacy::AudioHardwareALSA::setParameters(const android::String8&)() ,fm_volume=0.0471794531
V/AudioHardwareALSA( 289): set Fm Volume(387.000000)
V/AudioHardwareALSA( 289): Setting FM volume to 467791136 (available range is 0 to 0x2000)
W/art ( 1040): Suspending all threads took: 21.057ms
I/Judge ( 1654): loadingAntispamPhoneList
I/Judge ( 1654): loadingAntispamKeyList
D/OpenGLRenderer( 1063): Render dirty regions requested: true
V/ProcessObserver( 1640): onProcessStateChanged
D/Atlas ( 1063): Validating map...
E/AudioPolicyManager( 289): unknown stream type
V/ProcessObserver( 1640): onProcessStateChanged
D/miuisdk ( 1762): current sdk level is 2
D/PhoneStatusBar( 1063): disable: 0x00000000 -> 0x00000000 (diff: 0x00000000)
D/PhoneStatusBar( 1063): disable: < expand icons alerts ticker system_info back home recent clock full hide keyguard > D/miuisdk ( 1789): current sdk level is 2
I/ServiceManager( 1322): Waiting for service miui.whetstone.net...
W/Settings( 1358): Setting airplane_mode_on has moved from android.provider.Settings.System to android.provider.Settings.Global, returning read-only value.
D/WhetstoneStrategy( 1322): [ALLOW] [service] callerPackage com.android.providers.contacts start process with Intent { cmp=com.google.android.gms/.usagereporting.service.UsageReportingService }
D/miuisdk ( 1219): current sdk level is 2
D/BluetoothManagerService( 844): Message: 20
I/WifiHAL ( 844): mVendor_id = 4980, Subcmd = 15 in virtual int LLStatsCommand::create():50
E/WifiHAL ( 844): virtual int WifiVendorCommand::set_iface_id(const char*) ifindex obtained:28
E/WifiHAL ( 844): wifi_error wifi_get_link_stats(wifi_request_id, wifi_interface_handle, wifi_stats_result_handler): requestResponse Error:-95
E/wifi ( 844): android_net_wifi_getLinkLayerStats: failed to get link statistics
D/wpa_supplicant( 1134): wlan0: Control interface command 'SIGNAL_POLL'
D/BluetoothAdapter( 1358): 173510713: getState() : mService = null. Returning STATE_OFF
D/BluetoothManagerService( 844): Added callback: android.bluetooth.IBluetoothManagerCallback$Stub$Proxy@2df55a70:true
D/SystemUIService( 1063): loading: class com.android.systemui.power.PowerUI
D/SystemUIService( 1063): running: com.android.systemui.power.PowerUI@185312fa
D/SystemUIService( 1063): loading: class com.android.systemui.media.RingtonePlayer
D/SystemUIService( 1063): running: com.android.systemui.media.RingtonePlayer@3d8d4308
D/SystemUIService( 1063): loading: class com.android.systemui.volume.VolumeUI
D/SystemUIService( 1063): running: com.android.systemui.volume.VolumeUI@1fc22aa1
D/VolumeUI( 1063): Registering volume controller
I/art ( 1040): WaitForGcToComplete blocked for 34.179ms for cause DisableMovingGc
I/art ( 844): Explicit concurrent mark sweep GC freed 48148(2MB) AllocSpace objects, 7(112KB) LOS objects, 33% free, 21MB/31MB, paused 3.845ms total 219.207ms
I/ServiceManager( 316): Waiting for service AtCmdFwd...
D/StatusBar.NetworkController( 1063): slot=-10;action=android.net.wifi.WIFI_STATE_CHANGED
D/StatusBar.NetworkController( 1063): updateNetworkName mNetworkName[0]=Aucun service mTempNetworkName[0] = Aucun service
I/ServiceManager( 1640): Waiting for service miui.whetstone.power...
V/ProcessObserver( 1640): onProcessStateChanged
D/HiddenModeCloudProvider( 1789): query 3
D/HiddenModeCloudManager( 1640): updateAppData
D/HiddenModeCloudProvider( 1789): query 1
D/ProfileManager2StateMachine( 1640): InitState enter()
I/ProfileManager2StateMachine( 1640): userProfile is /data/data/com.miui.powerkeeper/files/profile.conf
W/System.err( 1358): java.util.zip.ZipException: Central Directory Entry signature not found; was 3F02014B
I/ProfileManager2StateMachine( 1640): systemVersion is 100009 userVersion is 100009
D/ProfileManager2StateMachine( 1640): InitState processMessage() what:1
W/System.err( 1358): at java.util.zip.ZipFile.throwZipException(ZipFile.java:451)
W/System.err( 1358): at java.util.zip.ZipEntry.(ZipEntry.java:389)
W/System.err( 1358): at java.util.zip.ZipFile.readCentralDir(ZipFile.java:438)
W/System.err( 1358): at java.util.zip.ZipFile.(ZipFile.java:163)
W/System.err( 1358): at java.util.zip.ZipFile.(ZipFile.java:130)
W/System.err( 1358): at com.miui.home.launcher.gadget.z.jJ(Unknown Source)
W/System.err( 1358): at com.miui.home.launcher.gadget.z.jH(Unknown Source)
W/System.err( 1358): at com.miui.home.launcher.gadget.z.b(Unknown Source)
W/System.err( 1358): at com.miui.home.launcher.gadget.y.jD(Unknown Source)
W/System.err( 1358): at com.miui.home.launcher.gadget.y.c(Unknown Source)
W/System.err( 1358): at com.miui.home.launcher.eL.ac(Unknown Source)
W/System.err( 1358): at com.miui.home.launcher.eL.(Unknown Source)
W/System.err( 1358): at com.miui.home.launcher.Launcher.dY(Unknown Source)
W/System.err( 1358): at com.miui.home.launcher.Launcher.onCreate(Unknown Source)
W/System.err( 1358): at android.app.Activity.performCreate(Activity.java)
W/System.err( 1358): at android.app.Instrumentation.callActivityOnCreate(Instrumentation.java)
W/System.err( 1358): at android.app.ActivityThread.performLaunchActivity(ActivityThread.java)
W/System.err( 1358): at android.app.ActivityThread.handleLaunchActivity(ActivityThread.java)
W/System.err( 1358): at android.app.ActivityThread.access$800(ActivityThread.java)
W/System.err( 1358): at android.app.ActivityThread$H.handleMessage(ActivityThread.java)
W/System.err( 1358): at android.os.Handler.dispatchMessage(Handler.java)
W/System.err( 1358): at android.os.Looper.loop(Looper.java)
W/System.err( 1358): at android.app.ActivityThread.main(ActivityThread.java)
W/System.err( 1358): at java.lang.reflect.Method.invoke(Native Method)
W/System.err( 1358): at java.lang.reflect.Method.invoke(Method.java:372)
W/System.err( 1358): at com.android.internal.os.ZygoteInit$MethodAndArgsCaller.run(ZygoteInit.java)
W/System.err( 1358): at com.android.internal.os.ZygoteInit.main(ZygoteInit.java)
D/Utils ( 1640): isSystemServiceExists return false
D/ProfileManager2StateMachine( 1640): ReadyStateenter() Utils.isPowerKeeperPropertyEnabled():false,isMCDExists:false
D/Utils ( 1640): isSystemServiceExists return false
D/PowerKeeperService( 1640): restoreToDefaultState
D/miuisdk ( 1063): sdk already initialized
D/miuisdk ( 1063): sdk already started
I/PowerKeeperService( 1640): restoreToDefaultState: No need wifi is no restricted
D/MusicListenerService( 1063): onBind: fail
D/MusicListenerService( 1063): onBind: fail
D/StatusBar.NetworkController( 1063): slot=-10;action=android.net.wifi.WIFI_STATE_CHANGED
I/MultiDex( 1813): VM with version 2.1.0 has multidex support
I/MultiDex( 1813): install
I/MultiDex( 1813): VM has multidex support, MultiDex support library is disabled.
I/ProfileCapability( 1640): parseJSONStringToObject ret.mEventList:[foreground_change, screen_on, screen_off, screen_off_timeout_30, screen_off_timeout_60, full_screen_enter, full_screen_exit, background]
D/ProfileCapability( 1640): parseJSONStringToObject cost:1 ms
D/StatusBar.NetworkController( 1063): updateNetworkName mNetworkName[0]=Aucun service mTempNetworkName[0] = Aucun service
I/PowerKeeperService( 1640): onCreate
D/ProfileGroupManager( 1640): onCreate
