D/BluetoothAdapter( 1358): 173510713: getState() : mService = null. Returning STATE_OFF
D/BluetoothAdapter( 1063): 517947889: getState() : mService = null. Returning STATE_OFF
D/KeyguardViewMediator( 1063): action name: android.bluetooth.adapter.action.STATE_CHANGED
W/BroadcastQueueInjector( 844): System app: "com.android.bluetooth" started by broadcast Intent { act=android.bluetooth.adapter.action.STATE_CHANGED flg=0x14000010 (has extras) }
D/Telecom ( 1284): BluetoothPhoneService: Bluetooth Adapter state: 10
I/KLO_Stability( 2269): start gathering logcat log...
I/KLO_Stability( 2269): gethering logcat log done
I/libmc ( 2269): received event[index:0,mask:0x80,name:SYSTEM_TOMBSTONE@1440510087571.txt.gz]
I/libmc ( 2269): received event[index:0,mask:0x80,name:system_app_native_crash@1440510087588.txt]
D/DockEventReceiver( 1219): finishStartingService: stopping service
I/ActivityManager( 844): Start proc com.android.bluetooth for broadcast com.android.bluetooth/.pbap.BluetoothPbapReceiver: pid=5429 uid=1002 gids={41002, 9997, 3003, 3002, 3001, 1028, 1015, 3005, 1016, 3008, 1023} abi=armeabi-v7a
D/BluetoothManagerService( 844): Message: 42
D/BluetoothManagerService( 844): MESSAGE_RESTART_BLUETOOTH_SERVICE: Restart IBluetooth service
V/ProcessObserver( 1640): onProcessStateChanged
V/LocationPolicy( 844): onProcessStateChanged
W/ResourcesManager( 5429): Asset path '/system/framework/javax.btobex.jar' does not exist or contains no resources.
D/miuisdk ( 5429): current sdk level is 2
D/AdapterServiceConfig( 5429): Adding HeadsetService
D/AdapterServiceConfig( 5429): Adding A2dpService
D/AdapterServiceConfig( 5429): Adding HidService
D/AdapterServiceConfig( 5429): Adding HealthService
D/AdapterServiceConfig( 5429): Adding PanService
D/AdapterServiceConfig( 5429): Adding GattService
D/AdapterServiceConfig( 5429): Adding BluetoothMapService
D/BluetoothManagerService( 844): Message: 20
D/BluetoothManagerService( 844): Added callback: android.bluetooth.IBluetoothManagerCallback$Stub$Proxy@32b1c65:true
D/BluetoothAdapterState( 5429): make
I/bluedroid( 5429): init
I/BluetoothAdapterState( 5429): Entering OffState
I/bte_conf( 5429): bte_load_conf attempt to load stack conf from /etc/bluetooth/bt_stack.conf
I/bte_conf( 5429): bte_load_ble_conf attempt to load ble stack conf from /etc/bluetooth/ble_stack.conf
E/bt_osi_config( 5429): config_new unable to open file '/etc/bluetooth/ble_stack.conf': No such file or directory
I/bte_conf( 5429): bte_load_ble_conf file >/etc/bluetooth/ble_stack.conf< not found
I/GKI_LINUX( 5429): gki_task_entry task_id=1 [BTIF] starting
E/GKI_LINUX( 5429): GKI_exception(): Task State Table
E/GKI_LINUX( 5429): TASK ID [0] task name [(null)] state [0]
E/GKI_LINUX( 5429): TASK ID [1] task name [BTIF] state [1]
E/GKI_LINUX( 5429): TASK ID [2] task name [(null)] state [0]
E/GKI_LINUX( 5429): GKI_exception 65531 Sending to unknown dest
E/GKI_LINUX( 5429): ********************************************************************
E/GKI_LINUX( 5429): * GKI_exception(): 65531 Sending to unknown dest
E/GKI_LINUX( 5429): ********************************************************************
I/bluedroid( 5429): get_profile_interface socket
I/bluedroid( 5429): get_profile_interface map_client
D/BluetoothAdapterProperties( 5429): Address is:F8:A4:5F:02:67:23
D/BluetoothManagerService( 844): BluetoothServiceConnection: com.android.bluetooth.btservice.AdapterService
D/BluetoothManagerService( 844): Message: 40
D/BluetoothManagerService( 844): MESSAGE_BLUETOOTH_SERVICE_CONNECTED: 1
D/BluetoothAdapterProperties( 5429): Name is: Mi Phone
D/BluetoothManagerService( 844): Bluetooth Adapter name changed to Mi Phone
D/BluetoothManagerService( 844): Stored Bluetooth name: Mi Phone
I/bluedroid( 5429): config_hci_snoop_log
D/BluetoothManagerService( 844): Calling onBluetoothServiceUp callbacks
D/BluetoothManagerService( 844): Broadcasting onBluetoothServiceUp() to 8 receivers.
D/BluetoothAdapter( 5429): 664476759: getState() : mService = null. Returning STATE_OFF
E/BTEventHandler( 5429): A4WP is not supported
E/KLO_Stability( 2269): Not get wanted event from the watchset in 5000ms
I/KLO_Stability( 2269): start gathering logcat log...
I/KLO_Stability( 2269): gathering logcat log done
I/KLO_Stability( 2269): [am_crash][1440510066]:[844,0,com.android.bluetooth,13155909,Native crash,Segmentation fault,unknown,0]
W/ResourcesManager( 5429): Asset path '/system/framework/javax.obex.jar' does not exist or contains no resources.
V/BluetoothFtpService( 5429): Ftp Service onCreate
D/BluetoothAdapter( 5429): 664476759: getState() : mService = null. Returning STATE_OFF
V/BluetoothFtpService( 5429): FTP service not started Adapter STATE: 10
V/BluetoothFtpService( 5429): Ftp Service onStartCommand
V/BluetoothFtpService( 5429): PARSE INTENT action: android.bluetooth.adapter.action.STATE_CHANGED
D/BluetoothFtpService( 5429): ACTION_STATE_CHANGED: state: 13 mHasStarted: false
V/BluetoothFtpService( 5429): Ftp Service closeService
V/BluetoothFtpService( 5429): successfully stopped ftp service
V/BluetoothSapReceiver( 5429): SapReceiver onReceive
V/BluetoothSapReceiver( 5429): action = android.bluetooth.adapter.action.STATE_CHANGED
V/BluetoothSapReceiver( 5429): Bluetooth Adapter state = 13
V/BluetoothSapReceiver( 5429): Calling SAP service start service with action = null
I/art ( 1302): Explicit concurrent mark sweep GC freed 37172(2MB) AllocSpace objects, 1(16KB) LOS objects, 40% free, 10MB/17MB, paused 946us total 62.866ms
V/BluetoothFtpService( 5429): Ftp Service onDestroy
V/BluetoothFtpService( 5429): Ftp Service closeService
D/BluetoothAdapterState( 5429): CURRENT_STATE=OFF, MESSAGE = USER_TURN_ON
D/BluetoothAdapterProperties( 5429): Setting state to 11
I/BluetoothAdapterState( 5429): Bluetooth adapter state changed: 10-> 11
V/BluetoothSapService( 5429): Sap Service onCreate
D/BluetoothManagerService( 844): Message: 60
D/BluetoothManagerService( 844): MESSAGE_BLUETOOTH_STATE_CHANGE: prevState = 10, newState=11
V/BluetoothSapService( 5429): initBinder
D/BluetoothManagerService( 844): Bluetooth State Change Intent: 10 -> 11
V/BluetoothSapService( 5429): BluetoothSapBinder: mService: org.codeaurora.bluetooth.sap.BluetoothSapService@36cb26f3
V/BluetoothSapService( 5429): action: android.bluetooth.adapter.action.STATE_CHANGED
V/BluetoothSapService( 5429): state: 13
D/KeyguardViewMediator( 1063): action name: android.bluetooth.adapter.action.STATE_CHANGED
D/BluetoothBondStateMachine( 5429): make
D/BluetoothDunService( 5429): parseIntent: action: android.bluetooth.adapter.action.STATE_CHANGED
D/BluetoothAdapterService( 5429): checkA2dpState: isA2dpSinkEnabled = false
E/BluetoothAdapterService( 5429): checkA2dpState: returning
D/BluetoothAdapterService( 5429): checkHidState: isHidDev = false
E/BluetoothAdapterService( 5429): checkHidState: returning
D/BluetoothAdapterService( 5429): checkHfpState: isHfpClientEnabled = false
E/BluetoothAdapterService( 5429): checkHfpState: returning
D/Telecom ( 1284): BluetoothPhoneService: Bluetooth Adapter state: 11
W/BroadcastQueueInjector( 844): Unable to launch app com.rhapsody.napster/10104 for broadcast Intent { act=android.bluetooth.adapter.action.STATE_CHANGED flg=0x14000010 (has extras) }: process is not permitted to autostart
D/HeadsetService( 5429): Received start request. Starting profile...
I/BluetoothHeadsetServiceJni( 5429): classInitNative: succeeds
D/AuthorizationBluetoothService( 1530): Received Bluetooth event: Intent { act=android.bluetooth.adapter.action.STATE_CHANGED flg=0x14000010 cmp=com.google.android.gms/.auth.be.proximity.authorization.bt.AuthorizationBluetoothService$BluetoothStateChangeReceiver (has extras) }.
D/HeadsetStateMachine( 5429): Version 1.6
D/HeadsetStateMachine( 5429): make
W/BroadcastQueue( 844): Permission Denial: receiving Intent { act=android.bluetooth.adapter.action.STATE_CHANGED flg=0x14000010 (has extras) } to com.mi4ever.app.mi4everblog/com.appyet.receiver.CommonReceiver requires android.permission.BLUETOOTH due to sender android (uid 1000)
I/BluetoothBondStateMachine( 5429): StableState(): Entering Off State
E/HeadsetStateMachine( 5429): Could not bind to Bluetooth Headset Voip Phone Service
D/HeadsetStateMachine( 5429): max_hf_connections = 1
I/bluedroid( 5429): get_profile_interface handsfree
W/ContextImpl( 1219): Calling a method in the system process without a qualified user: android.app.ContextImpl.startService:-1 android.content.ContextWrapper.startService:-1 android.content.ContextWrapper.startService:-1 com.android.settings.bluetooth.DockEventReceiver.e:134 com.android.settings.bluetooth.DockEventReceiver.onReceive:115
D/DockEventReceiver( 1219): finishStartingService: stopping service
D/HeadsetStateMachine( 5429): Enter Disconnected: -2, size: 0
D/BluetoothAdapterService( 5429): getAdapterService() - returning com.android.bluetooth.btservice.AdapterService@167dc37b
D/A2dpService( 5429): Received start request. Starting profile...
I/BluetoothAvrcpServiceJni( 5429): classInitNative: succeeds
V/Avrcp ( 5429): make
I/BluetoothAdapterState( 5429): Entering PendingCommandState State: isTurningOn()=true, isTurningOff()=false
V/Avrcp ( 5429): Avrcp
I/bluedroid( 5429): get_profile_interface avrcp
V/Avrcp ( 5429): start
V/Avrcp ( 5429): registerMediaPlayers
V/Avrcp ( 5429): MediaPlayerInfo: mPlayerId = 1
V/Avrcp ( 5429): mMajorPlayerType = 1 mPlayerSubType = 0
V/Avrcp ( 5429): mPlayState = 2 mCharsetId = 106
V/Avrcp ( 5429): mPlayerPackageName = com.android.music mDisplayableNameLength = 5
V/Avrcp ( 5429): mItemLength = 33 mEntryLength = 34
V/Avrcp ( 5429): mFeatureMask =
V/Avrcp ( 5429): mFeatureMask[0] = 0
V/Avrcp ( 5429): mFeatureMask[1] = 0
V/Avrcp ( 5429): mFeatureMask[2] = 0
V/Avrcp ( 5429): mFeatureMask[3] = 0
V/Avrcp ( 5429): mFeatureMask[4] = 12
V/Avrcp ( 5429): mFeatureMask[5] = 55
V/Avrcp ( 5429): mFeatureMask[6] = 0
V/Avrcp ( 5429): mFeatureMask[7] = 141
V/Avrcp ( 5429): mFeatureMask[8] = 2
V/Avrcp ( 5429): mFeatureMask[9] = 0
V/Avrcp ( 5429): mFeatureMask[10] = 0
V/Avrcp ( 5429): mFeatureMask[11] = 0
V/Avrcp ( 5429): mFeatureMask[12] = 0
V/Avrcp ( 5429): mFeatureMask[13] = 0
V/Avrcp ( 5429): mFeatureMask[14] = 0
V/Avrcp ( 5429): mFeatureMask[15] = 0
V/Avrcp ( 5429): mDisplayableName=
V/Avrcp ( 5429): mDisplayableName[0] = 77
V/Avrcp ( 5429): mDisplayableName[1] = 117
V/Avrcp ( 5429): mDisplayableName[2] = 115
V/Avrcp ( 5429): mDisplayableName[3] = 105
V/Avrcp ( 5429): mDisplayableName[4] = 99
V/Avrcp ( 5429): MediaPlayerInfo: mPlayerId = 2
V/Avrcp ( 5429): mMajorPlayerType = 1 mPlayerSubType = 0
V/Avrcp ( 5429): mPlayState = 2 mCharsetId = 106
V/Avrcp ( 5429): mPlayerPackageName = com.google.android.music mDisplayableNameLength = 6
V/Avrcp ( 5429): mItemLength = 34 mEntryLength = 35
V/Avrcp ( 5429): mFeatureMask =
V/Avrcp ( 5429): mFeatureMask[0] = 0
V/Avrcp ( 5429): mFeatureMask[1] = 0
V/Avrcp ( 5429): mFeatureMask[2] = 0
V/Avrcp ( 5429): mFeatureMask[3] = 0
V/Avrcp ( 5429): mFeatureMask[4] = 12
V/Avrcp ( 5429): mFeatureMask[5] = 55
V/Avrcp ( 5429): mFeatureMask[6] = 0
V/Avrcp ( 5429): mFeatureMask[7] = 5
V/Avrcp ( 5429): mFeatureMask[8] = 0
V/Avrcp ( 5429): mFeatureMask[9] = 0
V/Avrcp ( 5429): mFeatureMask[10] = 0
V/Avrcp ( 5429): mFeatureMask[11] = 0
V/Avrcp ( 5429): mFeatureMask[12] = 0
V/Avrcp ( 5429): mFeatureMask[13] = 0
V/Avrcp ( 5429): mFeatureMask[14] = 0
V/Avrcp ( 5429): mFeatureMask[15] = 0
V/Avrcp ( 5429): mDisplayableName=
V/Avrcp ( 5429): mDisplayableName[0] = 77
V/Avrcp ( 5429): mDisplayableName[1] = 117
V/Avrcp ( 5429): mDisplayableName[2] = 115
V/Avrcp ( 5429): mDisplayableName[3] = 105
V/Avrcp ( 5429): mDisplayableName[4] = 99
V/Avrcp ( 5429): mDisplayableName[5] = 50
V/AudioService( 844): updateRemoteControllerOnExistingMediaPlayers: size of Player list: 0
E/AudioService( 844): No RCC entry present to update
E/RemoteController( 5429): Cannot set synchronization mode on an unregistered RemoteController
I/BluetoothA2dpServiceJni( 5429): classInitNative: succeeds
D/A2dpStateMachine( 5429): make
I/bluedroid( 5429): get_profile_interface a2dp
I/GKI_LINUX( 5429): gki_task_entry task_id=2 [A2DP-MEDIA] starting
D/bt-btif ( 5429): btif_av_state_idle_handler event:BTIF_SM_ENTER_EVT flags 0
D/A2dpService( 5429): setA2dpService(): set to: null
D/BluetoothAdapterService( 5429): getAdapterService() - returning com.android.bluetooth.btservice.AdapterService@167dc37b
D/A2dpStateMachine( 5429): Enter Disconnected: -2
I/BluetoothHidServiceJni( 5429): classInitNative: succeeds
D/HidService( 5429): Received start request. Starting profile...
I/bluedroid( 5429): get_profile_interface hidhost
D/BluetoothAdapterService( 5429): getAdapterService() - returning com.android.bluetooth.btservice.AdapterService@167dc37b
I/BluetoothHealthServiceJni( 5429): classInitNative: succeeds
D/HealthService( 5429): Received start request. Starting profile...
I/Telecom ( 1284): BluetoothPhoneService: queryPhoneState
D/Telecom ( 1284): BluetoothPhoneService: handleMessage(7) w/ param 0
I/bluedroid( 5429): get_profile_interface health
D/BluetoothAdapterService( 5429): getAdapterService() - returning com.android.bluetooth.btservice.AdapterService@167dc37b
I/BluetoothPanServiceJni( 5429): classInitNative(L105): succeeds
D/HeadsetPhoneState( 5429): sendDeviceStateChanged. mService=1 mSignal=0 mRoam=0 mBatteryCharge=0
D/HeadsetStateMachine( 5429): Disconnected process message: 11, size: 0
D/PanService( 5429): Received start request. Starting profile...
D/BluetoothPanServiceJni( 5429): initializeNative(L110): pan
I/bluedroid( 5429): get_profile_interface pan
D/BluetoothAdapterService( 5429): getAdapterService() - returning com.android.bluetooth.btservice.AdapterService@167dc37b
D/HeadsetPhoneState( 5429): sendDeviceStateChanged. mService=1 mSignal=5 mRoam=0 mBatteryCharge=0
D/HeadsetStateMachine( 5429): Disconnected process message: 11, size: 0
D/BtGatt.GattService( 5429): classInitNative called
I/BtGatt.JNI( 5429): classInitNative(L863): classInitNative: Success!
D/BtGatt.DebugUtils( 5429): handleDebugAction() action=null
D/BtGatt.GattService( 5429): Received start request. Starting profile...
D/BtGatt.GattService( 5429): start()
I/bluedroid( 5429): get_profile_interface gatt
D/BtGatt.AdvertiseManager( 5429): advertise manager created
D/BluetoothAdapterService( 5429): getAdapterService() - returning com.android.bluetooth.btservice.AdapterService@167dc37b
D/HeadsetStateMachine( 5429): Disconnected process message: 10, size: 0
D/HeadsetPhoneState( 5429): sendDeviceStateChanged. mService=1 mSignal=5 mRoam=0 mBatteryCharge=1
D/HeadsetStateMachine( 5429): Disconnected process message: 11, size: 0
D/BluetoothMapService( 5429): inside BluetoothMapObexConnection
D/BluetoothMapService( 5429): supportedMessageTypes 14
D/BluetoothMapService( 5429): masId 0
D/BluetoothMapService( 5429): inside BluetoothMapObexConnection
D/BluetoothMapService( 5429): supportedMessageTypes 1
D/BluetoothMapService( 5429): masId 1
D/BluetoothMapService( 5429): Inside initBinder
D/BluetoothMapService( 5429): Received start request. Starting profile...
D/BluetoothMapService( 5429): start()
D/BluetoothMapService( 5429): Registering observer
D/BluetoothAdapterService( 5429): getAdapterService() - returning com.android.bluetooth.btservice.AdapterService@167dc37b
V/BluetoothMapService( 5429): Handler(): got msg=1
D/BluetoothAdapterState( 5429): CURRENT_STATE=PENDING, MESSAGE = STARTED, isTurningOn=true, isTurningOff=false
E/BTEventHandler( 5429): A4WP is not supported
I/bluedroid( 5429): enable
I/bt_hci_bdroid( 5429): init
I/GKI_LINUX( 5429): gki_task_entry task_id=0 [BTU] starting
I/bt-btu ( 5429): btu_task pending for preload complete event
I/bt_vendor( 5429): bt-vendor : init
I/bt_vendor( 5429): bt-vendor : get_bt_soc_type
E/bt_vendor( 5429): get_bt_soc_type: Failed to get soc type
I/bt_vendor( 5429): init: Local BD Address : 23:67:02:5f:a4:f8
D/bt_userial_mct( 5429): userial_init
I/bt_vendor( 5429): bt-vendor : BT_VND_OP_POWER_CTRL: On
I/bt_vendor( 5429): bluetooth satus is on
I/bt_vendor( 5429): bt-vendor : resetting BT status
I/bt_vendor( 5429): Starting hciattach daemon
I/bt_vendor( 5429): try to set false
I/bt_vendor( 5429): Starting hciattach daemon
I/bt_vendor( 5429): try to set true
V/BluetoothSapReceiver( 5429): SapReceiver onReceive
V/BluetoothSapReceiver( 5429): action = android.bluetooth.adapter.action.STATE_CHANGED
V/BluetoothSapReceiver( 5429): Bluetooth Adapter state = 10
W/BroadcastQueueInjector( 844): Unable to launch app com.rhapsody.napster/10104 for broadcast Intent { act=android.bluetooth.adapter.action.STATE_CHANGED flg=0x14000010 (has extras) }: process is not permitted to autostart
W/BroadcastQueue( 844): Permission Denial: receiving Intent { act=android.bluetooth.adapter.action.STATE_CHANGED flg=0x14000010 (has extras) } to com.mi4ever.app.mi4everblog/com.appyet.receiver.CommonReceiver requires android.permission.BLUETOOTH due to sender android (uid 1000)
D/AuthorizationBluetoothService( 1530): Received Bluetooth event: Intent { act=android.bluetooth.adapter.action.STATE_CHANGED flg=0x14000010 cmp=com.google.android.gms/.auth.be.proximity.authorization.bt.AuthorizationBluetoothService$BluetoothStateChangeReceiver (has extras) }.
E/BTEventHandler( 5429): A4WP is not supported
V/BluetoothSapReceiver( 5429): SapReceiver onReceive
V/BluetoothSapReceiver( 5429): action = android.bluetooth.adapter.action.STATE_CHANGED
V/BluetoothSapReceiver( 5429): Bluetooth Adapter state = 11
I/qcom-bluetooth( 5474): /system/etc/init.qcom.bt.sh: init.qcom.bt.sh config =
D/AuthorizationBluetoothService( 1530): Received Bluetooth event: Intent { act=android.bluetooth.adapter.action.STATE_CHANGED flg=0x14000010 cmp=com.google.android.gms/.auth.be.proximity.authorization.bt.AuthorizationBluetoothService$BluetoothStateChangeReceiver (has extras) }.
W/BroadcastQueueInjector( 844): Unable to launch app com.rhapsody.napster/10104 for broadcast Intent { act=android.bluetooth.adapter.action.STATE_CHANGED flg=0x14000010 (has extras) }: process is not permitted to autostart
W/BroadcastQueue( 844): Permission Denial: receiving Intent { act=android.bluetooth.adapter.action.STATE_CHANGED flg=0x14000010 (has extras) } to com.mi4ever.app.mi4everblog/com.appyet.receiver.CommonReceiver requires android.permission.BLUETOOTH due to sender android (uid 1000)
I/qcom-bluetooth( 5480): /system/etc/init.qcom.bt.sh: Transport : smd
I/qcom-bluetooth( 5481): /system/etc/init.qcom.bt.sh: ** Bluedroid stack **
I/qcom-bluetooth( 5483): /system/etc/init.qcom.bt.sh: Power Class: Ignored. Default(1) used (1-CLASS1/2-CLASS2/3-CUSTOM)
I/qcom-bluetooth( 5484): /system/etc/init.qcom.bt.sh: Power Class: To override, Before turning BT ON; setprop qcom.bt.dev_power_class <1 or 2 or 3>
I/qcom-bluetooth( 5485): /system/etc/init.qcom.bt.sh: LE Power Class: Ignored. Default(2) used (1-CLASS1/2-CLASS2/3-CUSTOM)
I/qcom-bluetooth( 5486): /system/etc/init.qcom.bt.sh: LE Power Class: To override, Before turning BT ON; setprop qcom.bt.le_dev_pwr_class <1 or 2 or 3>
E/Diag_Lib( 5488): Diag_LSM_Init: Failed to open handle to diag driver, error = 13
I/Sensors ( 418): sns_pwr.c(307):releasing wakelock
E/QMI_FW ( 5488): QMUXD: Service_id=228 not found over conn_id=0
E/QMI_FW ( 5488): QMUXD: Service_id=228 not found over conn_id=37
E/QMI_FW ( 5488): QMUXD: Service_id=228 not found over conn_id=0
E/QMI_FW ( 5488): QMUXD: Service_id=228 not found over conn_id=37
E/QMI_FW ( 5488): QMUXD: Service_id=228 not found over conn_id=0
E/QMI_FW ( 5488): QMUXD: Service_id=228 not found over conn_id=37
E/QMI_FW ( 5488): QMUXD: Service_id=228 not found over conn_id=0
E/QMI_FW ( 5488): QMUXD: Service_id=228 not found over conn_id=37
E/QMI_FW ( 5488): QMUXD: Service_id=228 not found over conn_id=0
E/QMI_FW ( 5488): QMUXD: Service_id=228 not found over conn_id=37
I/qcom-bluetooth( 5499): /system/etc/init.qcom.bt.sh: Bluetooth QSoC firmware download succeeded, /dev/ttyHS0 qualcomm-ibs 3000000 f8:a4:5f:02:67:23
I/qcom-bluetooth( 5500): /system/etc/init.qcom.bt.sh: ** Bluedroid stack **
I/bt_vendor( 5429): bluetooth satus is on
D/bt_userial_mct( 5429): userial_open(port:0)
I/bt_vendor( 5429): bt-vendor : BT_VND_OP_USERIAL_OPEN
I/bt_vendor( 5429): Done intiailizing UART
I/bt_vendor( 5429): Done intiailizing UART
I/bt_userial_mct( 5429): CMD=72, EVT=72, ACL_Out=73, ACL_In=73
I/bt_vendor( 5429): Bluetooth Firmware and transport layer are initialized
I/bt-btu ( 5429): btu_task received preload complete event
W/bt-l2cap( 5429): L2CAP - L2CA_Register() called for PSM: 0x0001
W/bt-l2cap( 5429): L2CAP - L2CA_Register() called for PSM: 0x001f
W/bt-l2cap( 5429): L2CAP - L2CA_Register() called for PSM: 0x0003
W/bt-l2cap( 5429): L2CAP - L2CA_Register() called for PSM: 0x1487
F/libc ( 5429): Fatal signal 11 (SIGSEGV), code 1, fault addr 0x8 in tid 5471 (BTU)
D/bt_userial_mct( 5429): Entering userial_read_thread()
I/DEBUG ( 5170): *** *** *** *** *** *** *** *** *** *** *** *** *** *** *** ***
I/DEBUG ( 5170): Build fingerprint: 'Xiaomi/aries/aries:5.0.2/LRX22G/5.8.20:user/release-keys'
I/DEBUG ( 5170): Revision: '0'
I/DEBUG ( 5170): ABI: 'arm'
I/DEBUG ( 5170): pid: 5429, tid: 5471, name: BTU >>> com.android.bluetooth <<<
I/DEBUG ( 5170): signal 11 (SIGSEGV), code 1 (SEGV_MAPERR), fault addr 0x8
I/DEBUG ( 5170): r0 a553fa48 r1 fffffae8 r2 a55665b8 r3 00000000
I/DEBUG ( 5170): r4 000003e8 r5 00000000 r6 000003e8 r7 a5575318
I/DEBUG ( 5170): r8 a5565d30 r9 a5234308 sl b6f1e785 fp a40e9db0
I/DEBUG ( 5170): ip 7ffffffe sp a40e9ce0 lr a54b956f pc a54b95e2 cpsr 200f0030
I/DEBUG ( 5170):
I/DEBUG ( 5170): backtrace:
I/DEBUG ( 5170): #00 pc 000a45e2 /system/lib/hw/bluetooth.default.so (alarm_service_reschedule+125)
I/DEBUG ( 5170): #01 pc 000a445b /system/lib/hw/bluetooth.default.so (GKI_start_timer+150)
I/DEBUG ( 5170): #02 pc 000d96eb /system/lib/hw/bluetooth.default.so (btu_start_timer+66)
I/DEBUG ( 5170): #03 pc 0003a3a3 /system/lib/hw/bluetooth.default.so (BTE_InitStack+10)
I/DEBUG ( 5170): #04 pc 000d9a6b /system/lib/hw/bluetooth.default.so (btu_task+82)
I/DEBUG ( 5170): #05 pc 000a44c1 /system/lib/hw/bluetooth.default.so
I/DEBUG ( 5170): #06 pc 000137a3 /system/lib/libc.so (__pthread_start(void*)+30)
I/DEBUG ( 5170): #07 pc 00011883 /system/lib/libc.so (__start_thread+6)
I/DEBUG ( 5170):
I/DEBUG ( 5170): Tombstone written to: /data/tombstones/tombstone_00
I/libmc ( 2269): received event[index:0,mask:0x8,name:tombstone_00]
I/WhetstoneService( 1322): Receive am_crash event for pid: 844
W/KloServer( 1322): Aborted broadcast does not supprt for: android
I/BootReceiver( 844): Copying /data/tombstones/tombstone_00 to DropBox (SYSTEM_TOMBSTONE)
E/SharedPreferencesImpl( 844): Couldn't create directory for SharedPreferences file shared_prefs/log_files.xml
D/BluetoothManagerService( 844): BluetoothServiceConnection, disconnected: com.android.bluetooth.btservice.AdapterService
D/BluetoothManagerService( 844): Message: 41
E/BluetoothManagerService( 844): MESSAGE_BLUETOOTH_SERVICE_DISCONNECTED: 1
D/BluetoothManagerService( 844): Calling onBluetoothServiceDown callbacks
D/BluetoothManagerService( 844): Broadcasting onBluetoothServiceDown() to 7 receivers.
D/BluetoothManagerService( 844): Calling onQBluetoothServiceDown callbacks
D/BluetoothManagerService( 844): Broadcasting onQBluetoothServiceDown() to 0 receivers.
D/BluetoothManagerService( 844): Bluetooth State Change Intent: 12 -> 13
I/KLO_Stability( 2269): start gathering logcat log...
I/KLO_Stability( 2269): gethering logcat log done
I/Zygote ( 296): Process 5429 exited due to signal (11)
D/ProcessObserver( 1640): onProcessDied, pid: 5429 uid: 1002
D/BluetoothManagerService( 844): Broadcasting onBluetoothStateChange(false) to 9 receivers.
D/BluetoothHeadset( 844): onBluetoothStateChange: up=false
E/BluetoothHeadset( 844):
E/BluetoothHeadset( 844): java.lang.IllegalArgumentException: Service not registered: android.bluetooth.BluetoothHeadset$2@1aac831b
E/BluetoothHeadset( 844): at android.app.LoadedApk.forgetServiceDispatcher(LoadedApk.java)
E/BluetoothHeadset( 844): at android.app.ContextImpl.unbindService(ContextImpl.java)
E/BluetoothHeadset( 844): at android.bluetooth.BluetoothHeadset$1.onBluetoothStateChange(BluetoothHeadset.java)
E/BluetoothHeadset( 844): at com.android.server.BluetoothManagerService.sendBluetoothStateCallback(BluetoothManagerService.java)
E/BluetoothHeadset( 844): at com.android.server.BluetoothManagerService.bluetoothStateChangeHandler(BluetoothManagerService.java)
E/BluetoothHeadset( 844): at com.android.server.BluetoothManagerService.access$3200(BluetoothManagerService.java)
E/BluetoothHeadset( 844): at com.android.server.BluetoothManagerService$BluetoothHandler.handleMessage(BluetoothManagerService.java)
E/BluetoothHeadset( 844): at android.os.Handler.dispatchMessage(Handler.java)
E/BluetoothHeadset( 844): at android.os.Looper.loop(Looper.java)
E/BluetoothHeadset( 844): at android.os.HandlerThread.run(HandlerThread.java)
E/BluetoothHeadset( 844): at com.android.server.ServiceThread.run(ServiceThread.java)
D/BluetoothAdapter( 1063): 517947889: getState() : mService = null. Returning STATE_OFF
D/BluetoothHeadset( 1302): onBluetoothStateChange: up=false
E/BluetoothHeadset( 1302):
E/BluetoothHeadset( 1302): java.lang.IllegalArgumentException: Service not registered: android.bluetooth.BluetoothHeadset$2@171bdf46
E/BluetoothHeadset( 1302): at android.app.LoadedApk.forgetServiceDispatcher(LoadedApk.java)
E/BluetoothHeadset( 1302): at android.app.ContextImpl.unbindService(ContextImpl.java)
E/BluetoothHeadset( 1302): at android.content.ContextWrapper.unbindService(ContextWrapper.java)
E/BluetoothHeadset( 1302): at android.bluetooth.BluetoothHeadset$1.onBluetoothStateChange(BluetoothHeadset.java)
E/BluetoothHeadset( 1302): at android.bluetooth.IBluetoothStateChangeCallback$Stub.onTransact(IBluetoothStateChangeCallback.java)
E/BluetoothHeadset( 1302): at android.os.Binder.execTransact(Binder.java)
D/BluetoothAdapter( 1358): 173510713: getState() : mService = null. Returning STATE_OFF
D/KeyguardViewMediator( 1063): action name: android.bluetooth.adapter.action.STATE_CHANGED
D/BluetoothPan( 1219): onBluetoothStateChange on: false
E/BluetoothPan( 1219):
E/BluetoothPan( 1219): java.lang.IllegalArgumentException: Service not registered: android.bluetooth.BluetoothPan$2@3bf2533c
E/BluetoothPan( 1219): at android.app.LoadedApk.forgetServiceDispatcher(LoadedApk.java)
E/BluetoothPan( 1219): at android.app.ContextImpl.unbindService(ContextImpl.java)
E/BluetoothPan( 1219): at android.content.ContextWrapper.unbindService(ContextWrapper.java)
E/BluetoothPan( 1219): at android.bluetooth.BluetoothPan$1.onBluetoothStateChange(BluetoothPan.java)
E/BluetoothPan( 1219): at android.bluetooth.IBluetoothStateChangeCallback$Stub.onTransact(IBluetoothStateChangeCallback.java)
E/BluetoothPan( 1219): at android.os.Binder.execTransact(Binder.java)
D/BluetoothMap( 1219): onBluetoothStateChange: up=false
E/BluetoothMap( 1219):
E/BluetoothMap( 1219): java.lang.IllegalArgumentException: Service not registered: android.bluetooth.BluetoothMap$2@37f1e8c5
E/BluetoothMap( 1219): at android.app.LoadedApk.forgetServiceDispatcher(LoadedApk.java)
E/BluetoothMap( 1219): at android.app.ContextImpl.unbindService(ContextImpl.java)
E/BluetoothMap( 1219): at android.content.ContextWrapper.unbindService(ContextWrapper.java)
E/BluetoothMap( 1219): at android.bluetooth.BluetoothMap$1.onBluetoothStateChange(BluetoothMap.java)
E/BluetoothMap( 1219): at android.bluetooth.IBluetoothStateChangeCallback$Stub.onTransact(IBluetoothStateChangeCallback.java)
E/BluetoothMap( 1219): at android.os.Binder.execTransact(Binder.java)
D/BluetoothInputDevice( 1219): onBluetoothStateChange: up=false
E/BluetoothInputDevice( 1219):
E/BluetoothInputDevice( 1219): java.lang.IllegalArgumentException: Service not registered: android.bluetooth.BluetoothInputDevice$2@3d6912f
E/BluetoothInputDevice( 1219): at android.app.LoadedApk.forgetServiceDispatcher(LoadedApk.java)
E/BluetoothInputDevice( 1219): at android.app.ContextImpl.unbindService(ContextImpl.java)
E/BluetoothInputDevice( 1219): at android.content.ContextWrapper.unbindService(ContextWrapper.java)
E/BluetoothInputDevice( 1219): at android.bluetooth.BluetoothInputDevice$1.onBluetoothStateChange(BluetoothInputDevice.java)
E/BluetoothInputDevice( 1219): at android.bluetooth.IBluetoothStateChangeCallback$Stub.onTransact(IBluetoothStateChangeCallback.java)
E/BluetoothInputDevice( 1219): at android.os.Binder.execTransact(Binder.java)
D/BluetoothHeadset( 1284): onBluetoothStateChange: up=false
E/BluetoothHeadset( 1284):
E/BluetoothHeadset( 1284): java.lang.IllegalArgumentException: Service not registered: android.bluetooth.BluetoothHeadset$2@315b80fe
E/BluetoothHeadset( 1284): at android.app.LoadedApk.forgetServiceDispatcher(LoadedApk.java)
E/BluetoothHeadset( 1284): at android.app.ContextImpl.unbindService(ContextImpl.java)
E/BluetoothHeadset( 1284): at android.content.ContextWrapper.unbindService(ContextWrapper.java)
E/BluetoothHeadset( 1284): at android.content.ContextWrapper.unbindService(ContextWrapper.java)
E/BluetoothHeadset( 1284): at android.bluetooth.BluetoothHeadset$1.onBluetoothStateChange(BluetoothHeadset.java)
E/BluetoothHeadset( 1284): at android.bluetooth.IBluetoothStateChangeCallback$Stub.onTransact(IBluetoothStateChangeCallback.java)
E/BluetoothHeadset( 1284): at android.os.Binder.execTransact(Binder.java)
D/BluetoothPbap( 1219): onBluetoothStateChange: up=false
E/BluetoothPbap( 1219):
E/BluetoothPbap( 1219): java.lang.IllegalArgumentException: Service not registered: android.bluetooth.BluetoothPbap$2@144a521a
E/BluetoothPbap( 1219): at android.app.LoadedApk.forgetServiceDispatcher(LoadedApk.java)
E/BluetoothPbap( 1219): at android.app.ContextImpl.unbindService(ContextImpl.java)
E/BluetoothPbap( 1219): at android.content.ContextWrapper.unbindService(ContextWrapper.java)
E/BluetoothPbap( 1219): at android.bluetooth.BluetoothPbap$1.onBluetoothStateChange(BluetoothPbap.java)
E/BluetoothPbap( 1219): at android.bluetooth.IBluetoothStateChangeCallback$Stub.onTransact(IBluetoothStateChangeCallback.java)
E/BluetoothPbap( 1219): at android.os.Binder.execTransact(Binder.java)
I/ActivityManager( 844): Process com.android.bluetooth (pid 5429) has died
W/ActivityManager( 844): Scheduling restart of crashed service com.android.bluetooth/.hid.HidService in 1000ms
W/ActivityManager( 844): Scheduling restart of crashed service com.android.bluetooth/.btservice.AdapterService in 1000ms
W/ActivityManager( 844): Scheduling restart of crashed service com.android.bluetooth/.hfp.HeadsetService in 11000ms
W/ActivityManager( 844): Scheduling restart of crashed service org.codeaurora.bluetooth/.dun.BluetoothDunService in 11000ms
W/ActivityManager( 844): Scheduling restart of crashed service com.android.bluetooth/.gatt.GattService in 11000ms
W/ActivityManager( 844): Scheduling restart of crashed service com.android.bluetooth/.map.BluetoothMapService in 11000ms
W/ActivityManager( 844): Scheduling restart of crashed service com.android.bluetooth/.a2dp.A2dpService in 10999ms
W/ActivityManager( 844): Scheduling restart of crashed service com.android.bluetooth/.hdp.HealthService in 10999ms
W/ActivityManager( 844): Scheduling restart of crashed service com.android.bluetooth/.pan.PanService in 10999ms
W/ActivityManager( 844): Scheduling restart of crashed service org.codeaurora.bluetooth/.sap.BluetoothSapService in 10999ms
D/Telecom ( 1284): BluetoothPhoneService: Bluetooth Adapter state: 13
W/ActivityManager( 844): Process com.android.bluetooth has crashed too many times: killing!
D/BluetoothA2dp( 844): onBluetoothStateChange: up=false
E/BluetoothA2dp( 844):
E/BluetoothA2dp( 844): java.lang.IllegalArgumentException: Service not registered: android.bluetooth.BluetoothA2dp$2@1d8635f7
E/BluetoothA2dp( 844): at android.app.LoadedApk.forgetServiceDispatcher(LoadedApk.java)
E/BluetoothA2dp( 844): at android.app.ContextImpl.unbindService(ContextImpl.java)
E/BluetoothA2dp( 844): at android.bluetooth.BluetoothA2dp$1.onBluetoothStateChange(BluetoothA2dp.java)
E/BluetoothA2dp( 844): at com.android.server.BluetoothManagerService.sendBluetoothStateCallback(BluetoothManagerService.java)
E/BluetoothA2dp( 844): at com.android.server.BluetoothManagerService.bluetoothStateChangeHandler(BluetoothManagerService.java)
E/BluetoothA2dp( 844): at com.android.server.BluetoothManagerService.access$3200(BluetoothManagerService.java)
E/BluetoothA2dp( 844): at com.android.server.BluetoothManagerService$BluetoothHandler.handleMessage(BluetoothManagerService.java)
E/BluetoothA2dp( 844): at android.os.Handler.dispatchMessage(Handler.java)
E/BluetoothA2dp( 844): at android.os.Looper.loop(Looper.java)
E/BluetoothA2dp( 844): at android.os.HandlerThread.run(HandlerThread.java)
E/BluetoothA2dp( 844): at com.android.server.ServiceThread.run(ServiceThread.java)
D/BluetoothHeadset( 1284): onBluetoothStateChange: up=false
E/BluetoothHeadset( 1284):
E/BluetoothHeadset( 1284): java.lang.IllegalArgumentException: Service not registered: android.bluetooth.BluetoothHeadset$2@1845c947
E/BluetoothHeadset( 1284): at android.app.LoadedApk.forgetServiceDispatcher(LoadedApk.java)
E/BluetoothHeadset( 1284): at android.app.ContextImpl.unbindService(ContextImpl.java)
E/BluetoothHeadset( 1284): at android.content.ContextWrapper.unbindService(ContextWrapper.java)
E/BluetoothHeadset( 1284): at android.bluetooth.BluetoothHeadset$1.onBluetoothStateChange(BluetoothHeadset.java)
E/BluetoothHeadset( 1284): at android.bluetooth.IBluetoothStateChangeCallback$Stub.onTransact(IBluetoothStateChangeCallback.java)
E/BluetoothHeadset( 1284): at android.os.Binder.execTransact(Binder.java)
D/BluetoothManagerService( 844): Bluetooth State Change Intent: 13 -> 10
D/BluetoothAdapter( 1063): 517947889: getState() : mService = null. Returning STATE_OFF
D/BluetoothAdapter( 1358): 173510713: getState() : mService = null. Returning STATE_OFF
D/KeyguardViewMediator( 1063): action name: android.bluetooth.adapter.action.STATE_CHANGED
D/ProcessObserver( 1640): onProcessDied, pid: 0 uid: 1002
D/Telecom ( 1284): BluetoothPhoneService: Bluetooth Adapter state: 10
W/ContextImpl( 1219): Calling a method in the system process without a qualified user: android.app.ContextImpl.startService:-1 android.content.ContextWrapper.startService:-1 android.content.ContextWrapper.startService:-1 com.android.settings.bluetooth.DockEventReceiver.e:134 com.android.settings.bluetooth.DockEventReceiver.onReceive:115
W/BroadcastQueueInjector( 844): System app: "com.android.bluetooth" started by broadcast Intent { act=android.bluetooth.adapter.action.STATE_CHANGED flg=0x14000010 (has extras) }
W/BroadcastQueue( 844): Unable to launch app com.android.bluetooth/1002 for broadcast Intent { act=android.bluetooth.adapter.action.STATE_CHANGED flg=0x14000010 (has extras) }: process is bad
I/ActivityManager( 844): Exiting empty application process com.android.bluetooth (null)
W/BroadcastQueueInjector( 844): System app: "com.android.bluetooth" started by broadcast Intent { act=android.bluetooth.adapter.action.STATE_CHANGED flg=0x14000010 (has extras) }
W/BroadcastQueue( 844): Unable to launch app com.android.bluetooth/1002 for broadcast Intent { act=android.bluetooth.adapter.action.STATE_CHANGED flg=0x14000010 (has extras) }: process is bad
W/BroadcastQueueInjector( 844): System app: "com.android.bluetooth" started by broadcast Intent { act=android.bluetooth.adapter.action.STATE_CHANGED flg=0x14000010 (has extras) }
W/BroadcastQueue( 844): Unable to launch app com.android.bluetooth/1002 for broadcast Intent { act=android.bluetooth.adapter.action.STATE_CHANGED flg=0x14000010 (has extras) }: process is bad
W/BroadcastQueueInjector( 844): System app: "com.android.bluetooth" started by broadcast Intent { act=android.bluetooth.adapter.action.STATE_CHANGED flg=0x14000010 (has extras) }
W/BroadcastQueue( 844): Unable to launch app com.android.bluetooth/1002 for broadcast Intent { act=android.bluetooth.adapter.action.STATE_CHANGED flg=0x14000010 (has extras) }: process is bad
W/BroadcastQueueInjector( 844): System app: "org.codeaurora.bluetooth" started by broadcast Intent { act=android.bluetooth.adapter.action.STATE_CHANGED flg=0x14000010 (has extras) }
W/BroadcastQueue( 844): Unable to launch app org.codeaurora.bluetooth/1002 for broadcast Intent { act=android.bluetooth.adapter.action.STATE_CHANGED flg=0x14000010 (has extras) }: process is bad
W/BroadcastQueueInjector( 844): System app: "org.codeaurora.bluetooth" started by broadcast Intent { act=android.bluetooth.adapter.action.STATE_CHANGED flg=0x14000010 (has extras) }
W/BroadcastQueue( 844): Unable to launch app org.codeaurora.bluetooth/1002 for broadcast Intent { act=android.bluetooth.adapter.action.STATE_CHANGED flg=0x14000010 (has extras) }: process is bad
W/BroadcastQueueInjector( 844): System app: "org.codeaurora.bluetooth" started by broadcast Intent { act=android.bluetooth.adapter.action.STATE_CHANGED flg=0x14000010 (has extras) }
W/BroadcastQueue( 844): Unable to launch app org.codeaurora.bluetooth/1002 for broadcast Intent { act=android.bluetooth.adapter.action.STATE_CHANGED flg=0x14000010 (has extras) }: process is bad
D/AuthorizationBluetoothService( 1530): Received Bluetooth event: Intent { act=android.bluetooth.adapter.action.STATE_CHANGED flg=0x14000010 cmp=com.google.android.gms/.auth.be.proximity.authorization.bt.AuthorizationBluetoothService$BluetoothStateChangeReceiver (has extras) }.
D/DockEventReceiver( 1219): finishStartingService: stopping service
W/BroadcastQueueInjector( 844): Unable to launch app com.rhapsody.napster/10104 for broadcast Intent { act=android.bluetooth.adapter.action.STATE_CHANGED flg=0x14000010 (has extras) }: process is not permitted to autostart
W/BroadcastQueue( 844): Permission Denial: receiving Intent { act=android.bluetooth.adapter.action.STATE_CHANGED flg=0x14000010 (has extras) } to com.mi4ever.app.mi4everblog/com.appyet.receiver.CommonReceiver requires android.permission.BLUETOOTH due to sender android (uid 1000)
W/ContextImpl( 1219): Calling a method in the system process without a qualified user: android.app.ContextImpl.startService:-1 android.content.ContextWrapper.startService:-1 android.content.ContextWrapper.startService:-1 com.android.settings.bluetooth.DockEventReceiver.e:134 com.android.settings.bluetooth.DockEventReceiver.onReceive:115
W/BroadcastQueueInjector( 844): System app: "com.android.bluetooth" started by broadcast Intent { act=android.bluetooth.adapter.action.STATE_CHANGED flg=0x14000010 (has extras) }
W/BroadcastQueue( 844): Unable to launch app com.android.bluetooth/1002 for broadcast Intent { act=android.bluetooth.adapter.action.STATE_CHANGED flg=0x14000010 (has extras) }: process is bad
D/DockEventReceiver( 1219): finishStartingService: stopping service
D/AuthorizationBluetoothService( 1530): Received Bluetooth event: Intent { act=android.bluetooth.adapter.action.STATE_CHANGED flg=0x14000010 cmp=com.google.android.gms/.auth.be.proximity.authorization.bt.AuthorizationBluetoothService$BluetoothStateChangeReceiver (has extras) }.
W/BroadcastQueueInjector( 844): System app: "com.android.bluetooth" started by broadcast Intent { act=android.bluetooth.adapter.action.STATE_CHANGED flg=0x14000010 (has extras) }
W/BroadcastQueue( 844): Unable to launch app com.android.bluetooth/1002 for broadcast Intent { act=android.bluetooth.adapter.action.STATE_CHANGED flg=0x14000010 (has extras) }: process is bad
W/BroadcastQueueInjector( 844): System app: "com.android.bluetooth" started by broadcast Intent { act=android.bluetooth.adapter.action.STATE_CHANGED flg=0x14000010 (has extras) }
W/BroadcastQueue( 844): Unable to launch app com.android.bluetooth/1002 for broadcast Intent { act=android.bluetooth.adapter.action.STATE_CHANGED flg=0x14000010 (has extras) }: process is bad
W/BroadcastQueueInjector( 844): System app: "com.android.bluetooth" started by broadcast Intent { act=android.bluetooth.adapter.action.STATE_CHANGED flg=0x14000010 (has extras) }
W/BroadcastQueue( 844): Unable to launch app com.android.bluetooth/1002 for broadcast Intent { act=android.bluetooth.adapter.action.STATE_CHANGED flg=0x14000010 (has extras) }: process is bad
W/BroadcastQueueInjector( 844): System app: "org.codeaurora.bluetooth" started by broadcast Intent { act=android.bluetooth.adapter.action.STATE_CHANGED flg=0x14000010 (has extras) }
W/BroadcastQueue( 844): Unable to launch app org.codeaurora.bluetooth/1002 for broadcast Intent { act=android.bluetooth.adapter.action.STATE_CHANGED flg=0x14000010 (has extras) }: process is bad
W/BroadcastQueueInjector( 844): System app: "org.codeaurora.bluetooth" started by broadcast Intent { act=android.bluetooth.adapter.action.STATE_CHANGED flg=0x14000010 (has extras) }
W/BroadcastQueue( 844): Unable to launch app org.codeaurora.bluetooth/1002 for broadcast Intent { act=android.bluetooth.adapter.action.STATE_CHANGED flg=0x14000010 (has extras) }: process is bad
W/BroadcastQueueInjector( 844): System app: "org.codeaurora.bluetooth" started by broadcast Intent { act=android.bluetooth.adapter.action.STATE_CHANGED flg=0x14000010 (has extras) }
W/BroadcastQueue( 844): Unable to launch app org.codeaurora.bluetooth/1002 for broadcast Intent { act=android.bluetooth.adapter.action.STATE_CHANGED flg=0x14000010 (has extras) }: process is bad
W/BroadcastQueueInjector( 844): Unable to launch app com.rhapsody.napster/10104 for broadcast Intent { act=android.bluetooth.adapter.action.STATE_CHANGED flg=0x14000010 (has extras) }: process is not permitted to autostart
W/BroadcastQueue( 844): Permission Denial: receiving Intent { act=android.bluetooth.adapter.action.STATE_CHANGED flg=0x14000010 (has extras) } to com.mi4ever.app.mi4everblog/com.appyet.receiver.CommonReceiver requires android.permission.BLUETOOTH due to sender android (uid 1000)
I/libmc ( 2269): received event[index:0,mask:0x80,name:SYSTEM_TOMBSTONE@1440510089739.txt.gz]
I/libmc ( 2269): received event[index:0,mask:0x80,name:system_app_native_crash@1440510089740.txt]
D/BluetoothManagerService( 844): Message: 42
D/BluetoothManagerService( 844): MESSAGE_RESTART_BLUETOOTH_SERVICE: Restart IBluetooth service
D/WhetstoneStrategy( 1322): [ALLOW] [service] callerPackage com.android.settings start process with Intent { cmp=com.android.bluetooth/.btservice.AdapterService }
I/ActivityManager( 844): Start proc com.android.bluetooth for service com.android.bluetooth/.btservice.AdapterService: pid=5524 uid=1002 gids={41002, 9997, 3003, 3002, 3001, 1028, 1015, 3005, 1016, 3008, 1023} abi=armeabi-v7a
V/LocationPolicy( 844): onProcessStateChanged
V/ProcessObserver( 1640): onProcessStateChanged
W/ResourcesManager( 5524): Asset path '/system/framework/javax.btobex.jar' does not exist or contains no resources.
D/miuisdk ( 5524): current sdk level is 2
I/Sensors ( 418): sns_pwr.c(279):acquiring wakelock
D/AdapterServiceConfig( 5524): Adding HeadsetService
D/AdapterServiceConfig( 5524): Adding A2dpService
D/AdapterServiceConfig( 5524): Adding HidService
D/AdapterServiceConfig( 5524): Adding HealthService
D/AdapterServiceConfig( 5524): Adding PanService
D/AdapterServiceConfig( 5524): Adding GattService
D/AdapterServiceConfig( 5524): Adding BluetoothMapService
D/BluetoothManagerService( 844): Message: 20
D/BluetoothManagerService( 844): Added callback: android.bluetooth.IBluetoothManagerCallback$Stub$Proxy@1c8ae6ee:true
D/BluetoothAdapterState( 5524): make
I/BluetoothAdapterState( 5524): Entering OffState
I/bluedroid( 5524): init
I/bte_conf( 5524): bte_load_conf attempt to load stack conf from /etc/bluetooth/bt_stack.conf
I/bte_conf( 5524): bte_load_ble_conf attempt to load ble stack conf from /etc/bluetooth/ble_stack.conf
E/bt_osi_config( 5524): config_new unable to open file '/etc/bluetooth/ble_stack.conf': No such file or directory
I/bte_conf( 5524): bte_load_ble_conf file >/etc/bluetooth/ble_stack.conf< not found
I/GKI_LINUX( 5524): gki_task_entry task_id=1 [BTIF] starting
E/GKI_LINUX( 5524): GKI_exception(): Task State Table
E/GKI_LINUX( 5524): TASK ID [0] task name [(null)] state [0]
E/GKI_LINUX( 5524): TASK ID [1] task name [BTIF] state [1]
E/GKI_LINUX( 5524): TASK ID [2] task name [(null)] state [0]
E/GKI_LINUX( 5524): GKI_exception 65531 Sending to unknown dest
E/GKI_LINUX( 5524): ********************************************************************
E/GKI_LINUX( 5524): * GKI_exception(): 65531 Sending to unknown dest
E/GKI_LINUX( 5524): ********************************************************************
I/bluedroid( 5524): get_profile_interface socket
I/bluedroid( 5524): get_profile_interface map_client
D/BluetoothAdapterProperties( 5524): Address is:F8:A4:5F:02:67:23
D/BluetoothManagerService( 844): Bluetooth Adapter name changed to Mi Phone
D/BluetoothAdapterProperties( 5524): Name is: Mi Phone
D/BluetoothManagerService( 844): Stored Bluetooth name: Mi Phone
D/BluetoothManagerService( 844): BluetoothServiceConnection: com.android.bluetooth.btservice.AdapterService
D/BluetoothManagerService( 844): Message: 40
D/BluetoothManagerService( 844): MESSAGE_BLUETOOTH_SERVICE_CONNECTED: 1
I/bluedroid( 5524): config_hci_snoop_log
D/BluetoothManagerService( 844): Calling onBluetoothServiceUp callbacks
D/BluetoothManagerService( 844): Broadcasting onBluetoothServiceUp() to 8 receivers.
D/BluetoothAdapterState( 5524): CURRENT_STATE=OFF, MESSAGE = USER_TURN_ON
D/BluetoothAdapterProperties( 5524): Setting state to 11
I/BluetoothAdapterState( 5524): Bluetooth adapter state changed: 10-> 11
D/BluetoothManagerService( 844): Message: 60
D/BluetoothManagerService( 844): MESSAGE_BLUETOOTH_STATE_CHANGE: prevState = 10, newState=11
D/BluetoothManagerService( 844): Bluetooth State Change Intent: 10 -> 11
D/Telecom ( 1284): BluetoothPhoneService: Bluetooth Adapter state: 11
D/KeyguardViewMediator( 1063): action name: android.bluetooth.adapter.action.STATE_CHANGED
D/BluetoothBondStateMachine( 5524): make
E/BTEventHandler( 5524): A4WP is not supported
D/BluetoothAdapterService( 5524): checkA2dpState: isA2dpSinkEnabled = false
E/BluetoothAdapterService( 5524): checkA2dpState: returning
D/BluetoothAdapterService( 5524): checkHidState: isHidDev = false
E/BluetoothAdapterService( 5524): checkHidState: returning
D/BluetoothAdapterService( 5524): checkHfpState: isHfpClientEnabled = false
E/BluetoothAdapterService( 5524): checkHfpState: returning
I/BluetoothBondStateMachine( 5524): StableState(): Entering Off State
D/HeadsetService( 5524): Received start request. Starting profile...
I/BluetoothHeadsetServiceJni( 5524): classInitNative: succeeds
D/HeadsetStateMachine( 5524): Version 1.6
D/HeadsetStateMachine( 5524): make
I/BluetoothAdapterState( 5524): Entering PendingCommandState State: isTurningOn()=true, isTurningOff()=false
E/HeadsetStateMachine( 5524): Could not bind to Bluetooth Headset Voip Phone Service
D/HeadsetStateMachine( 5524): max_hf_connections = 1
I/bluedroid( 5524): get_profile_interface handsfree
D/HeadsetStateMachine( 5524): Enter Disconnected: -2, size: 0
D/BluetoothAdapterService( 5524): getAdapterService() - returning com.android.bluetooth.btservice.AdapterService@167dc37b
D/A2dpService( 5524): Received start request. Starting profile...
W/ResourcesManager( 5524): Asset path '/system/framework/javax.obex.jar' does not exist or contains no resources.
I/BluetoothAvrcpServiceJni( 5524): classInitNative: succeeds
V/Avrcp ( 5524): make
V/Avrcp ( 5524): Avrcp
I/bluedroid( 5524): get_profile_interface avrcp
V/Avrcp ( 5524): start
V/Avrcp ( 5524): registerMediaPlayers
V/Avrcp ( 5524): MediaPlayerInfo: mPlayerId = 1
V/Avrcp ( 5524): mMajorPlayerType = 1 mPlayerSubType = 0
V/Avrcp ( 5524): mPlayState = 2 mCharsetId = 106
V/Avrcp ( 5524): mPlayerPackageName = com.android.music mDisplayableNameLength = 5
V/Avrcp ( 5524): mItemLength = 33 mEntryLength = 34
V/Avrcp ( 5524): mFeatureMask =
V/Avrcp ( 5524): mFeatureMask[0] = 0
V/Avrcp ( 5524): mFeatureMask[1] = 0
V/Avrcp ( 5524): mFeatureMask[2] = 0
V/Avrcp ( 5524): mFeatureMask[3] = 0
V/Avrcp ( 5524): mFeatureMask[4] = 12
V/Avrcp ( 5524): mFeatureMask[5] = 55
V/Avrcp ( 5524): mFeatureMask[6] = 0
V/Avrcp ( 5524): mFeatureMask[7] = 141
V/Avrcp ( 5524): mFeatureMask[8] = 2
V/Avrcp ( 5524): mFeatureMask[9] = 0
V/Avrcp ( 5524): mFeatureMask[10] = 0
V/Avrcp ( 5524): mFeatureMask[11] = 0
V/Avrcp ( 5524): mFeatureMask[12] = 0
V/Avrcp ( 5524): mFeatureMask[13] = 0
V/Avrcp ( 5524): mFeatureMask[14] = 0
V/Avrcp ( 5524): mFeatureMask[15] = 0
V/Avrcp ( 5524): mDisplayableName=
V/Avrcp ( 5524): mDisplayableName[0] = 77
V/Avrcp ( 5524): mDisplayableName[1] = 117
V/Avrcp ( 5524): mDisplayableName[2] = 115
V/Avrcp ( 5524): mDisplayableName[3] = 105
V/Avrcp ( 5524): mDisplayableName[4] = 99
V/Avrcp ( 5524): MediaPlayerInfo: mPlayerId = 2
V/Avrcp ( 5524): mMajorPlayerType = 1 mPlayerSubType = 0
V/Avrcp ( 5524): mPlayState = 2 mCharsetId = 106
V/Avrcp ( 5524): mPlayerPackageName = com.google.android.music mDisplayableNameLength = 6
V/Avrcp ( 5524): mItemLength = 34 mEntryLength = 35
V/Avrcp ( 5524): mFeatureMask =
V/Avrcp ( 5524): mFeatureMask[0] = 0
V/Avrcp ( 5524): mFeatureMask[1] = 0
V/Avrcp ( 5524): mFeatureMask[2] = 0
V/Avrcp ( 5524): mFeatureMask[3] = 0
V/Avrcp ( 5524): mFeatureMask[4] = 12
V/Avrcp ( 5524): mFeatureMask[5] = 55
V/Avrcp ( 5524): mFeatureMask[6] = 0
V/Avrcp ( 5524): mFeatureMask[7] = 5
V/Avrcp ( 5524): mFeatureMask[8] = 0
V/Avrcp ( 5524): mFeatureMask[9] = 0
V/Avrcp ( 5524): mFeatureMask[10] = 0
V/Avrcp ( 5524): mFeatureMask[11] = 0
V/Avrcp ( 5524): mFeatureMask[12] = 0
V/Avrcp ( 5524): mFeatureMask[13] = 0
V/Avrcp ( 5524): mFeatureMask[14] = 0
V/Avrcp ( 5524): mFeatureMask[15] = 0
V/Avrcp ( 5524): mDisplayableName=
V/Avrcp ( 5524): mDisplayableName[0] = 77
V/Avrcp ( 5524): mDisplayableName[1] = 117
V/Avrcp ( 5524): mDisplayableName[2] = 115
V/Avrcp ( 5524): mDisplayableName[3] = 105
V/Avrcp ( 5524): mDisplayableName[4] = 99
V/Avrcp ( 5524): mDisplayableName[5] = 50
V/AudioService( 844): updateRemoteControllerOnExistingMediaPlayers: size of Player list: 0
E/AudioService( 844): No RCC entry present to update
