D/YellowPage( 3522): EventUtils:configuring receiver: 2
D/YellowPage( 3522): IvrUpdateBootCompletedReceiver:onReceive
D/YellowPage( 3522): IvrUpdateBootCompletedReceiver:not indian build, skip
V/ProcessObserver( 1640): onProcessStateChanged
D/YellowPage( 3522): LocalizationManager:Parsing localization configuration
D/YellowPage( 3522): LocalizationManager:no config for this region:UK, returning default config
D/YellowPage( 3522): YellowPageProvider:[1440510056092] constructed antispam lookup bloom filter
D/YellowPage( 3522): LocalizationManager:current configuration:[full-featured:false,normalize-policy:DefaultPolicy,features:[]]
D/YellowPage( 3522): Sync:yellow page not enabled, quit
D/YellowPage( 3522): Push:initiate
D/YellowPage( 3522): Push:yellow page not enabled, quit
D/YellowPage( 3522): PresetDataHandler:checkPreset
I/ServiceManager( 1322): Waiting for service miui.whetstone.net...
D/LBSSystemMonitorService( 844): SUPL_ES is: 1
D/ProcessObserver( 1640): onProcessDied, pid: 2606 uid: 10055
V/ProcessObserver( 1640): onProcessStateChanged
D/LBSSystemMonitorService( 844): handleMessage what - 1
D/LBSSystemMonitorService( 844): nonSGLTE device with ES SUPL
D/Wiper_jni( 844): Inform wiper status.
D/LBSSystemMonitorService( 844): handleMessage what - 10
D/RilInfoMonitor( 844): handleMessage what - 0
D/RilInfoMonitor( 844): nonSGLTE device with ES SUPL
D/LBSSystemMonitorService( 844): handleMessage what - 15
D/DeviceContext( 844): handleMessage what - 0
D/LBSSystemMonitorService( 844): handleMessage what - 16
D/DeviceContext( 844): handleMessage what - 1
D/LocSvc_java( 844): onCreate
D/LocSvc_java( 844): Sending msg: 2 arg1:1 arg2:1
W/XTWiFiOS( 844): Constructor enter
W/XTWiFiOS( 844): Constructor exit
W/XTWiFiOS( 844): onCreate enter
V/XTWiFiOS( 844): GTP CELL PROC: MODEM GTP CELL AP mode: BASIC GTP WIFI mode: BASIC PIP mode: DISABLED
V/XTWiFiOS( 844): GTP AP CELL Disabled
V/XTWiFiOS( 844): Setting GTP WIFI mode to default mode: BASIC
V/XTWiFiOS( 844): Setting PIP mode to DISABLED
V/XTWiFiOS( 844): Setting GTP WAA mode to DISABLED
V/XTWiFiOS( 844): iZat enabled: true, GTP WIFI feature: true, GTP CELL AP feature: false, PIP feature: false, GTP WAA feature: false
V/XTWiFiOS( 844): iZat enabled is true, continue initialization
W/XTWiFiOS( 844): onCreate exit
W/XTWiFiOS( 844): OSAgentThead start
D/Analytics-App( 3550): onCreate
D/ ( 844): Native Location Alarm Services JNI Onload
E/LAlarm ( 844): Service created.
E/LAlarm ( 844): Service started flags 0 startId 1
D/LBSSystemMonitorService( 844): handleMessage what - 9
D/Wiper_jni( 844): Send Wifi Status info
D/LBSSystemMonitorService( 844): handleMessage what - 8
D/Wiper_jni( 844): Send Wifi Supplicant info
D/RilInfoMonitor( 844): onCallStateChanged(): state is 0
D/RilInfoMonitor( 844): state == TelephonyManager.CALL_STATE_IDLE
D/RilInfoMonitor( 844): calling GpsNetInitiatedHandler.obj.updateEmergencySUPLStatus(false)
D/LocSvc_NiH( 844): public boolean updateEmergencySUPLStatus():mIsInEmergency is false
D/LocSvc_java( 844): onReceive
E/LAlarm ( 844): Thread created.
D/ ( 844): jboolean locAlarmSvc::native_register(JNIEnv*, jobject)]62
D/LocSvc_java( 844): got connectivity action
D/LocSvc_java( 844): Connectivity status : mWifiConnectivity - true; mWwanConnectivity - false
D/LocSvc_java( 844): Sending msg: 4 arg1:1 arg2:1
D/LocSvc_java( 844): handleEnable
D/OSAL ( 844): socket_server_setup:87] succeeded. Return Val 266
D/OSAL ( 844): alarm_service_register: result of socket_server_setup was 266!
D/ ( 844): jboolean locAlarmSvc::native_register(JNIEnv*, jobject)]67 alarm_register succeeded
D/ ( 844): jint locAlarmSvc::native_wait_for_alarm()]42
E/LOWI-6.0.0.18( 362): [LOWIEventReceiver] handleEvent failed
E/XTIA ( 363): [inet-agent-wwan-pos] _process failed 4
E/XTIA ( 363): [inet-agent-tile] _process failed 4
E/XTIA ( 363): [inet-agent-cs] _process failed 4
E/XTIA ( 363): [inet-agent-pos] _process failed 4
D/LocSvc_java( 844): getAGpsConnectionInfo connType - 4
D/LocSvc_java( 844): updateNetworkState connTyp: 4 available info: [type: WIFI[], state: CONNECTED/CONNECTED, reason: (unspecified), extra: "wifi", roaming: false, failover: false, isAvailable: true, isConnectedToProvisioningNetwork: false] info.getType():1
D/LocSvc_java( 844): ignore wifi update if we are not in OPENING or CLOSING
D/LocSvc_java( 844): Sending msg: 5 arg1:0 arg2:1
E/XTWiFiOS( 844): Unknown info notification
D/LocSvc_java( 844): NTP server returned: 1440510032072 (Tue Aug 25 15:40:32 GMT+02:00 2015) reference: 43234 certainty: 38 system time offset: -24198
D/LocSvc_java( 844): Sending msg: 10 arg1:0 arg2:1
V/ProcessObserver( 1640): onProcessStateChanged
D/Analytics-PollingSender( 3550): drain all the events
E/LocSvc_LBSApiV02( 844): E/virtual int lbs_core::LBSApiV02::wifiEnabledStatusInject(int):670]: Error : st = 11, ind.status = -1499306108
E/LocSvc_LBSApiV02( 844): E/virtual int lbs_core::LBSApiV02::wifiAttachmentStatusInject(const WifiSupplicantInfo&):653]: Error : st = 11, ind.status = -1521987924
I/TrafficManageService( 1987): initSim
I/TelephonyUtil( 1987): getSubscriberId, slot: 0
D/XIAOMI_TC_PLUGIN( 1987): slot:0, base_path:/data/data/com.miui.networkassistant/files/tc/sim_208103787270045/
D/XIAOMI_TC_PLUGIN( 1987):
I/TrafficManageService( 1987): check sim auto correction: SimInfo: imsi:20810378727XXXX, simName:null, simId:0, iccId:null, slotNum:0, oversea:true, inserted:true, dataRoaming:false, mPhoneNumber:+3366545XXXX
I/XiaomiFirewall( 1987): firewall pkgName:com.miui.analytics, result:0
I/ServiceManager( 316): Waiting for service AtCmdFwd...
D/ProcessObserver( 1640): onProcessDied, pid: 2841 uid: 10082
I/AntiSpamService( 1762): stopSelf
I/AntiSpamService( 1762): service create
V/ProcessObserver( 1640): onProcessStateChanged
I/TrafficManageService( 1987): mina auto correction setted
I/TrafficManageService( 1987): mina refresh data usage setted
I/LockScreenManager( 1987): mLockScreenMonitorEnabled : false,mWarningBytesLimit : 102400
D/miuisdk ( 3586): current sdk level is 2
I/ServiceManager( 2269): Waiting for service miui.whetstone.net...
V/ProcessObserver( 1640): onProcessStateChanged
D/BootCompletedReceiver( 2771): onReceive action = android.intent.action.BOOT_COMPLETED
V/ProcessObserver( 1640): onProcessStateChanged
D/NewFeatureReminder( 2771): notifyIfNeeded
D/NewFeatureReminder( 2771): newFeatures is empty
D/NewFeatureReminder( 2771): same as previousFeaturesStr: deskclock_backup,calendar,antispam
E/LocSvc_ApiV02( 844): E/virtual loc_api_adapter_err LocApiV02::setAGLONASSProtocol(long unsigned int):1682]: Error status = eLOC_CLIENT_FAILURE_INVALID_PARAMETER, ind..status = eQMI_LOC_SUCCESS_V02
D/AlertSyncService( 2771): onCreate
V/MiCloudStatusService( 2771): on create
V/MiCloudStatusService( 2771): on start command
D/AlertSyncService( 2771): onHandleIntent action = null
D/AlertSyncService( 2771): sceduleDailyAlarm
D/AlertSyncService( 2771): checkState begin
D/MiCloudStatusService( 2771): initAlarm currentTime = 1440510056620 lastTime = 1440453210754
D/MiCloudStatusService( 2771): stopAlarm
D/AlertSyncService( 2771): setMasterNotificationTime:01/01/1970
D/AlertSyncService( 2771): setSubNotificationTime:09/20/2015
D/AlertSyncService( 2771): startAlarm action = com.miui.cloudservice.ACTION_DAILY_ALARM_REMINDER time = 08/26/2015
E/LocSvc_ApiV02( 844): E/virtual loc_api_adapter_err LocApiV02::setXtraVersionCheck(loc_core::xtra_version_check):3165]: Set xtra version check failed. status: eLOC_CLIENT_FAILURE_INTERNAL, ind status:eQMI_LOC_SUCCESS_V02
D/LocSvc_jni( 844): set_capabilities_callback: 55
D/MiCloudStatusService( 2771): startAlarm alarmMills = 1440539610754
V/AnalyticsService( 2771): Empty Constructor
V/XiaomiVipLogEventService( 2771): on start command
D/MiCloudStatusService( 2771): onDestroy
D/AlertSyncService( 2771): onDestroy
D/AnalyticsService( 2771): return and not set alarm
V/ProcessObserver( 1640): onProcessStateChanged
V/UnderstandLoader( 3342): handleMessage: 1
V/UnderstandFactory( 3342): init understand files
D/UnderstandFactory( 3342): current using version is 8, latest version is: 1
V/UnderstandFactory( 3342): unzip from /data/miui /data/data/com.android.mms/app_understand
D/UnderstandFactory( 3342): unzipping /data/data/com.android.mms/app_understand/smsUnderstand.config
D/UnderstandFactory( 3342): unzipping /data/data/com.android.mms/app_understand/smsUnderstandDic
D/UnderstandFactory( 3342): unzipping /data/data/com.android.mms/app_understand/smsUnderstandDic/Action.Ontology
D/UnderstandFactory( 3342): unzipping /data/data/com.android.mms/app_understand/smsUnderstandDic/Task.Ontology
D/UnderstandFactory( 3342): unzipping /data/data/com.android.mms/app_understand/smsUnderstandDic/Task1.Ontology
D/UnderstandFactory( 3342): unzipping /data/data/com.android.mms/app_understand/smsUnderstandDic/areaCode2numberLength.txt
D/UnderstandFactory( 3342): unzipping /data/data/com.android.mms/app_understand/smsUnderstandDic/badPhoneNoFrontGuideWords.txt
D/UnderstandFactory( 3342): unzipping /data/data/com.android.mms/app_understand/smsUnderstandDic/bankCardBinNumberPrefix.txt
D/ProcessObserver( 1640): onProcessDied, pid: 2489 uid: 10005
D/MSimUtils( 3342): send queued message with broadcast with slotId 0
V/ProcessObserver( 1640): onProcessStateChanged
D/UnderstandFactory( 3342): unzipping /data/data/com.android.mms/app_understand/smsUnderstandDic/bankCardNoFrontGuide.txt
D/UnderstandFactory( 3342): unzipping /data/data/com.android.mms/app_understand/smsUnderstandDic/bankNames.txt
D/UnderstandFactory( 3342): unzipping /data/data/com.android.mms/app_understand/smsUnderstandDic/chongzhiWords.txt
D/UnderstandFactory( 3342): unzipping /data/data/com.android.mms/app_understand/smsUnderstandDic/commonServiceNumber.txt
D/Mms ( 3342): [1] TransactionService.java(260): Creating TransactionService...
D/UnderstandFactory( 3342): unzipping /data/data/com.android.mms/app_understand/smsUnderstandDic/creditCardHuankuanResource
D/UnderstandFactory( 3342): unzipping /data/data/com.android.mms/app_understand/smsUnderstandDic/creditCardHuankuanResource/0
D/UnderstandFactory( 3342): unzipping /data/data/com.android.mms/app_understand/smsUnderstandDic/creditCardHuankuanResource/1
D/UnderstandFactory( 3342): unzipping /data/data/com.android.mms/app_understand/smsUnderstandDic/creditCardHuankuanResource/10
D/UnderstandFactory( 3342): unzipping /data/data/com.android.mms/app_understand/smsUnderstandDic/creditCardHuankuanResource/11
D/UnderstandFactory( 3342): unzipping /data/data/com.android.mms/app_understand/smsUnderstandDic/creditCardHuankuanResource/12
D/UnderstandFactory( 3342): unzipping /data/data/com.android.mms/app_understand/smsUnderstandDic/creditCardHuankuanResource/13
D/UnderstandFactory( 3342): unzipping /data/data/com.android.mms/app_understand/smsUnderstandDic/creditCardHuankuanResource/14
D/UnderstandFactory( 3342): unzipping /data/data/com.android.mms/app_understand/smsUnderstandDic/creditCardHuankuanResource/15
E/MSimUtils( 3342): getTelephonyManager is null
D/UnderstandFactory( 3342): unzipping /data/data/com.android.mms/app_understand/smsUnderstandDic/creditCardHuankuanResource/2
V/Mms ( 3342): [1] TransactionService.java(1336): register Phone Call Listener.
D/UnderstandFactory( 3342): unzipping /data/data/com.android.mms/app_understand/smsUnderstandDic/creditCardHuankuanResource/3
D/UnderstandFactory( 3342): unzipping /data/data/com.android.mms/app_understand/smsUnderstandDic/creditCardHuankuanResource/4
D/UnderstandFactory( 3342): unzipping /data/data/com.android.mms/app_understand/smsUnderstandDic/creditCardHuankuanResource/5
D/UnderstandFactory( 3342): unzipping /data/data/com.android.mms/app_understand/smsUnderstandDic/creditCardHuankuanResource/6
D/UnderstandFactory( 3342): unzipping /data/data/com.android.mms/app_understand/smsUnderstandDic/creditCardHuankuanResource/7
D/UnderstandFactory( 3342): unzipping /data/data/com.android.mms/app_understand/smsUnderstandDic/creditCardHuankuanResource/8
D/UnderstandFactory( 3342): unzipping /data/data/com.android.mms/app_understand/smsUnderstandDic/creditCardHuankuanResource/9
D/UnderstandFactory( 3342): unzipping /data/data/com.android.mms/app_understand/smsUnderstandDic/creditCardHuankuanResource/config
D/UnderstandFactory( 3342): unzipping /data/data/com.android.mms/app_understand/smsUnderstandDic/dateTimeFrontGuide.txt
D/UnderstandFactory( 3342): unzipping /data/data/com.android.mms/app_understand/smsUnderstandDic/dateTimePatterns-test.txt
D/UnderstandFactory( 3342): unzipping /data/data/com.android.mms/app_understand/smsUnderstandDic/expressBizCode.txt
D/UnderstandFactory( 3342): unzipping /data/data/com.android.mms/app_understand/smsUnderstandDic/expressCode.txt
D/UnderstandFactory( 3342): unzipping /data/data/com.android.mms/app_understand/smsUnderstandDic/expressName.txt
D/UnderstandFactory( 3342): unzipping /data/data/com.android.mms/app_understand/smsUnderstandDic/expressNoFrontGuideWords.txt
D/UnderstandFactory( 3342): unzipping /data/data/com.android.mms/app_understand/smsUnderstandDic/flowForbidWordTable.txt
D/UnderstandFactory( 3342): unzipping /data/data/com.android.mms/app_understand/smsUnderstandDic/flowFrontGuideWords.txt
D/UnderstandFactory( 3342): unzipping /data/data/com.android.mms/app_understand/smsUnderstandDic/flowKeyWordsAndScore.txt
D/UnderstandFactory( 3342): unzipping /data/data/com.android.mms/app_understand/smsUnderstandDic/mobileNoPrefix.txt
D/UnderstandFactory( 3342): unzipping /data/data/com.android.mms/app_understand/smsUnderstandDic/moneyNextWords.txt
D/UnderstandFactory( 3342): unzipping /data/data/com.android.mms/app_understand/smsUnderstandDic/patterns
D/UnderstandFactory( 3342): unzipping /data/data/com.android.mms/app_understand/smsUnderstandDic/patterns/12306.pattern
D/UnderstandFactory( 3342): unzipping /data/data/com.android.mms/app_understand/smsUnderstandDic/patterns/12580JiPiao_HangBan.pattern
D/UnderstandFactory( 3342): unzipping /data/data/com.android.mms/app_understand/smsUnderstandDic/patterns/ALiLvXingQuA_HangBan.pattern
D/UnderstandFactory( 3342): unzipping /data/data/com.android.mms/app_understand/smsUnderstandDic/patterns/ALiLvXingQuA_HuoChe.pattern
D/UnderstandFactory( 3342): unzipping /data/data/com.android.mms/app_understand/smsUnderstandDic/patterns/BeiJingYinHangXinYongKa.pattern
D/UnderstandFactory( 3342): unzipping /data/data/com.android.mms/app_understand/smsUnderstandDic/patterns/ChunQiuHangKong_HangBan.pattern
D/UnderstandFactory( 3342): unzipping /data/data/com.android.mms/app_understand/smsUnderstandDic/patterns/DateTime.pattern
D/UnderstandFactory( 3342): unzipping /data/data/com.android.mms/app_understand/smsUnderstandDic/patterns/DongFangHangKong_HangBan.pattern
D/UnderstandFactory( 3342): unzipping /data/data/com.android.mms/app_understand/smsUnderstandDic/patterns/DuokanTushuquan.pattern
D/UnderstandFactory( 3342): unzipping /data/data/com.android.mms/app_understand/smsUnderstandDic/patterns/GanHuoChe_HuoChe.pattern
D/UnderstandFactory( 3342): unzipping /data/data/com.android.mms/app_understand/smsUnderstandDic/patterns/GuangDongYiDong.pattern
D/UnderstandFactory( 3342): unzipping /data/data/com.android.mms/app_understand/smsUnderstandDic/patterns/HuaFeiTiXing.pattern
D/UnderstandFactory( 3342): unzipping /data/data/com.android.mms/app_understand/smsUnderstandDic/patterns/Keyword2Pattern.txt
D/UnderstandFactory( 3342): unzipping /data/data/com.android.mms/app_understand/smsUnderstandDic/patterns/KuXun_HangBan.pattern
D/UnderstandFactory( 3342): unzipping /data/data/com.android.mms/app_understand/smsUnderstandDic/patterns/LiuLiangTiXing.pattern
D/UnderstandFactory( 3342): unzipping /data/data/com.android.mms/app_understand/smsUnderstandDic/patterns/NanHang_HangBan.pattern
I/Sensors ( 418): sns_pwr.c(307):releasing wakelock
D/UnderstandFactory( 3342): unzipping /data/data/com.android.mms/app_understand/smsUnderstandDic/patterns/QuNaEr.pattern
D/UnderstandFactory( 3342): unzipping /data/data/com.android.mms/app_understand/smsUnderstandDic/patterns/QuNaEr_HangBan.pattern
D/UnderstandFactory( 3342): unzipping /data/data/com.android.mms/app_understand/smsUnderstandDic/patterns/QuNaEr_HuoChe.pattern
D/UnderstandFactory( 3342): unzipping /data/data/com.android.mms/app_understand/smsUnderstandDic/patterns/SendTo.pattern
D/UnderstandFactory( 3342): unzipping /data/data/com.android.mms/app_understand/smsUnderstandDic/patterns/ShengRi.pattern
D/UnderstandFactory( 3342): unzipping /data/data/com.android.mms/app_understand/smsUnderstandDic/patterns/ShunFengSuYun.pattern
D/UnderstandFactory( 3342): unzipping /data/data/com.android.mms/app_understand/smsUnderstandDic/patterns/TieLuKeFu_HuoChe.pattern
D/UnderstandFactory( 3342): unzipping /data/data/com.android.mms/app_understand/smsUnderstandDic/patterns/TieYouWang.pattern
D/UnderstandFactory( 3342): unzipping /data/data/com.android.mms/app_understand/smsUnderstandDic/patterns/TieYou_HuoChe.pattern
D/UnderstandFactory( 3342): unzipping /data/data/com.android.mms/app_understand/smsUnderstandDic/patterns/TongChengLvYou_HangBan.pattern
D/UnderstandFactory( 3342): unzipping /data/data/com.android.mms/app_understand/smsUnderstandDic/patterns/TongChengLvYou_HuoChe.pattern
D/UnderstandFactory( 3342): unzipping /data/data/com.android.mms/app_understand/smsUnderstandDic/patterns/VerificationCode.pattern
D/UnderstandFactory( 3342): unzipping /data/data/com.android.mms/app_understand/smsUnderstandDic/patterns/XiaoMiCaiPiao.pattern
D/UnderstandFactory( 3342): unzipping /data/data/com.android.mms/app_understand/smsUnderstandDic/patterns/XiaomiDingdan.pattern
D/UnderstandFactory( 3342): unzipping /data/data/com.android.mms/app_understand/smsUnderstandDic/patterns/XieCheng_HangBan.pattern
D/UnderstandFactory( 3342): unzipping /data/data/com.android.mms/app_understand/smsUnderstandDic/patterns/XieCheng_HuoChe.pattern
D/UnderstandFactory( 3342): unzipping /data/data/com.android.mms/app_understand/smsUnderstandDic/patterns/YiLong_HuoChe.pattern
D/UnderstandFactory( 3342): unzipping /data/data/com.android.mms/app_understand/smsUnderstandDic/patterns/ZhaoShangYinHangXinYongKa.pattern
D/UnderstandFactory( 3342): unzipping /data/data/com.android.mms/app_understand/smsUnderstandDic/patterns/ZhiFuBao.pattern
D/UnderstandFactory( 3342): unzipping /data/data/com.android.mms/app_understand/smsUnderstandDic/phoneNoFrontGuideWords.txt
D/UnderstandFactory( 3342): unzipping /data/data/com.android.mms/app_understand/smsUnderstandDic/phoneNumberPrefix2Domain.txt
D/UnderstandFactory( 3342): unzipping /data/data/com.android.mms/app_understand/smsUnderstandDic/qua_unit.txt
D/UnderstandFactory( 3342): unzipping /data/data/com.android.mms/app_understand/smsUnderstandDic/timeSpanNextWords.txt
D/UnderstandFactory( 3342): unzipping /data/data/com.android.mms/app_understand/smsUnderstandDic/urlContainWords.txt
D/UnderstandFactory( 3342): unzipping /data/data/com.android.mms/app_understand/smsUnderstandDic/verificationCodeGuideWords.txt
D/UnderstandFactory( 3342): unzipping /data/data/com.android.mms/app_understand/version
V/UnderstandLoader( 3342): handleMessage: 5
I/DEBUG ( 286):
I/DEBUG ( 286): Tombstone written to: /data/tombstones/tombstone_04
I/libmc ( 2269): received event[index:0,mask:0x8,name:tombstone_04]
I/WhetstoneService( 1322): Receive am_crash event for pid: 844
W/KloServer( 1322): Aborted broadcast does not supprt for: android
E/SharedPreferencesImpl( 844): Couldn't create directory for SharedPreferences file shared_prefs/log_files.xml
D/BluetoothManagerService( 844): BluetoothServiceConnection, disconnected: com.android.bluetooth.btservice.AdapterService
D/BluetoothManagerService( 844): Message: 41
E/BluetoothManagerService( 844): MESSAGE_BLUETOOTH_SERVICE_DISCONNECTED: 1
D/BluetoothManagerService( 844): Calling onBluetoothServiceDown callbacks
D/BluetoothManagerService( 844): Broadcasting onBluetoothServiceDown() to 7 receivers.
D/ProcessObserver( 1640): onProcessDied, pid: 3444 uid: 1002
E/ ( 286): ptrace detach from 3498 failed: No such process
E/ ( 286): debuggerd committing suicide to free the zombie!
I/ ( 3636): debuggerd: Jun 26 2015 06:04:50
I/KLO_Stability( 2269): start gathering logcat log...
E/BluetoothManagerService( 844): Unable to call onBluetoothServiceDown() on callback #0
E/BluetoothManagerService( 844): android.os.DeadObjectException
E/BluetoothManagerService( 844): at android.os.BinderProxy.transactNative(Native Method)
E/BluetoothManagerService( 844): at android.os.BinderProxy.transact(Binder.java)
E/BluetoothManagerService( 844): at android.bluetooth.IBluetoothManagerCallback$Stub$Proxy.onBluetoothServiceDown(IBluetoothManagerCallback.java)
E/BluetoothManagerService( 844): at com.android.server.BluetoothManagerService.sendBluetoothServiceDownCallback(BluetoothManagerService.java)
E/BluetoothManagerService( 844): at com.android.server.BluetoothManagerService.access$3500(BluetoothManagerService.java)
E/BluetoothManagerService( 844): at com.android.server.BluetoothManagerService$BluetoothHandler.handleMessage(BluetoothManagerService.java)
E/BluetoothManagerService( 844): at android.os.Handler.dispatchMessage(Handler.java)
E/BluetoothManagerService( 844): at android.os.Looper.loop(Looper.java)
E/BluetoothManagerService( 844): at android.os.HandlerThread.run(HandlerThread.java)
E/BluetoothManagerService( 844): at com.android.server.ServiceThread.run(ServiceThread.java)
I/KLO_Stability( 2269): gethering logcat log done
E/WhetstoneService( 1322): the pacakge name not found
I/art ( 3342): Explicit concurrent mark sweep GC freed 25513(1475KB) AllocSpace objects, 10(160KB) LOS objects, 24% free, 9MB/13MB, paused 1.708ms total 70.007ms
I/libmc ( 2269): received event[index:0,mask:0x80,name:system_app_native_crash@1440510056941.txt]
I/libmc ( 2269): received event[index:0,mask:0x80,name:SYSTEM_TOMBSTONE@1440510056942.txt.gz]
D/BluetoothManagerService( 844): Calling onQBluetoothServiceDown callbacks
D/BluetoothManagerService( 844): Broadcasting onQBluetoothServiceDown() to 0 receivers.
D/BluetoothManagerService( 844): Bluetooth State Change Intent: 12 -> 13
D/BluetoothManagerService( 844): Broadcasting onBluetoothStateChange(false) to 9 receivers.
D/BluetoothHeadset( 844): onBluetoothStateChange: up=false
E/BluetoothHeadset( 844):
E/BluetoothHeadset( 844): java.lang.IllegalArgumentException: Service not registered: android.bluetooth.BluetoothHeadset$2@1aac831b
E/BluetoothHeadset( 844): at android.app.LoadedApk.forgetServiceDispatcher(LoadedApk.java)
E/BluetoothHeadset( 844): at android.app.ContextImpl.unbindService(ContextImpl.java)
E/BluetoothHeadset( 844): at android.bluetooth.BluetoothHeadset$1.onBluetoothStateChange(BluetoothHeadset.java)
E/BluetoothHeadset( 844): at com.android.server.BluetoothManagerService.sendBluetoothStateCallback(BluetoothManagerService.java)
E/BluetoothHeadset( 844): at com.android.server.BluetoothManagerService.bluetoothStateChangeHandler(BluetoothManagerService.java)
E/BluetoothHeadset( 844): at com.android.server.BluetoothManagerService.access$3200(BluetoothManagerService.java)
E/BluetoothHeadset( 844): at com.android.server.BluetoothManagerService$BluetoothHandler.handleMessage(BluetoothManagerService.java)
E/BluetoothHeadset( 844): at android.os.Handler.dispatchMessage(Handler.java)
E/BluetoothHeadset( 844): at android.os.Looper.loop(Looper.java)
E/BluetoothHeadset( 844): at android.os.HandlerThread.run(HandlerThread.java)
E/BluetoothHeadset( 844): at com.android.server.ServiceThread.run(ServiceThread.java)
D/BluetoothHeadset( 1302): onBluetoothStateChange: up=false
D/BluetoothAdapter( 1358): 173510713: getState() : mService = null. Returning STATE_OFF
E/BluetoothHeadset( 1302):
E/BluetoothHeadset( 1302): java.lang.IllegalArgumentException: Service not registered: android.bluetooth.BluetoothHeadset$2@171bdf46
E/BluetoothHeadset( 1302): at android.app.LoadedApk.forgetServiceDispatcher(LoadedApk.java)
E/BluetoothHeadset( 1302): at android.app.ContextImpl.unbindService(ContextImpl.java)
E/BluetoothHeadset( 1302): at android.content.ContextWrapper.unbindService(ContextWrapper.java)
E/BluetoothHeadset( 1302): at android.bluetooth.BluetoothHeadset$1.onBluetoothStateChange(BluetoothHeadset.java)
E/BluetoothHeadset( 1302): at android.bluetooth.IBluetoothStateChangeCallback$Stub.onTransact(IBluetoothStateChangeCallback.java)
E/BluetoothHeadset( 1302): at android.os.Binder.execTransact(Binder.java)
D/BluetoothAdapter( 1063): 517947889: getState() : mService = null. Returning STATE_OFF
D/BluetoothPan( 1219): onBluetoothStateChange on: false
E/BluetoothPan( 1219):
E/BluetoothPan( 1219): java.lang.IllegalArgumentException: Service not registered: android.bluetooth.BluetoothPan$2@3bf2533c
E/BluetoothPan( 1219): at android.app.LoadedApk.forgetServiceDispatcher(LoadedApk.java)
E/BluetoothPan( 1219): at android.app.ContextImpl.unbindService(ContextImpl.java)
E/BluetoothPan( 1219): at android.content.ContextWrapper.unbindService(ContextWrapper.java)
E/BluetoothPan( 1219): at android.bluetooth.BluetoothPan$1.onBluetoothStateChange(BluetoothPan.java)
E/BluetoothPan( 1219): at android.bluetooth.IBluetoothStateChangeCallback$Stub.onTransact(IBluetoothStateChangeCallback.java)
E/BluetoothPan( 1219): at android.os.Binder.execTransact(Binder.java)
D/BluetoothMap( 1219): onBluetoothStateChange: up=false
E/BluetoothMap( 1219):
E/BluetoothMap( 1219): java.lang.IllegalArgumentException: Service not registered: android.bluetooth.BluetoothMap$2@37f1e8c5
E/BluetoothMap( 1219): at android.app.LoadedApk.forgetServiceDispatcher(LoadedApk.java)
E/BluetoothMap( 1219): at android.app.ContextImpl.unbindService(ContextImpl.java)
E/BluetoothMap( 1219): at android.content.ContextWrapper.unbindService(ContextWrapper.java)
E/BluetoothMap( 1219): at android.bluetooth.BluetoothMap$1.onBluetoothStateChange(BluetoothMap.java)
E/BluetoothMap( 1219): at android.bluetooth.IBluetoothStateChangeCallback$Stub.onTransact(IBluetoothStateChangeCallback.java)
E/BluetoothMap( 1219): at android.os.Binder.execTransact(Binder.java)
D/KeyguardViewMediator( 1063): action name: android.bluetooth.adapter.action.STATE_CHANGED
D/BluetoothInputDevice( 1219): onBluetoothStateChange: up=false
E/BluetoothInputDevice( 1219):
E/BluetoothInputDevice( 1219): java.lang.IllegalArgumentException: Service not registered: android.bluetooth.BluetoothInputDevice$2@3d6912f
E/BluetoothInputDevice( 1219): at android.app.LoadedApk.forgetServiceDispatcher(LoadedApk.java)
E/BluetoothInputDevice( 1219): at android.app.ContextImpl.unbindService(ContextImpl.java)
E/BluetoothInputDevice( 1219): at android.content.ContextWrapper.unbindService(ContextWrapper.java)
E/BluetoothInputDevice( 1219): at android.bluetooth.BluetoothInputDevice$1.onBluetoothStateChange(BluetoothInputDevice.java)
E/BluetoothInputDevice( 1219): at android.bluetooth.IBluetoothStateChangeCallback$Stub.onTransact(IBluetoothStateChangeCallback.java)
E/BluetoothInputDevice( 1219): at android.os.Binder.execTransact(Binder.java)
D/BluetoothHeadset( 1284): onBluetoothStateChange: up=false
E/BluetoothHeadset( 1284):
E/BluetoothHeadset( 1284): java.lang.IllegalArgumentException: Service not registered: android.bluetooth.BluetoothHeadset$2@315b80fe
E/BluetoothHeadset( 1284): at android.app.LoadedApk.forgetServiceDispatcher(LoadedApk.java)
E/BluetoothHeadset( 1284): at android.app.ContextImpl.unbindService(ContextImpl.java)
E/BluetoothHeadset( 1284): at android.content.ContextWrapper.unbindService(ContextWrapper.java)
E/BluetoothHeadset( 1284): at android.content.ContextWrapper.unbindService(ContextWrapper.java)
E/BluetoothHeadset( 1284): at android.bluetooth.BluetoothHeadset$1.onBluetoothStateChange(BluetoothHeadset.java)
E/BluetoothHeadset( 1284): at android.bluetooth.IBluetoothStateChangeCallback$Stub.onTransact(IBluetoothStateChangeCallback.java)
E/BluetoothHeadset( 1284): at android.os.Binder.execTransact(Binder.java)
D/BluetoothPbap( 1219): onBluetoothStateChange: up=false
E/BluetoothPbap( 1219):
E/BluetoothPbap( 1219): java.lang.IllegalArgumentException: Service not registered: android.bluetooth.BluetoothPbap$2@144a521a
E/BluetoothPbap( 1219): at android.app.LoadedApk.forgetServiceDispatcher(LoadedApk.java)
E/BluetoothPbap( 1219): at android.app.ContextImpl.unbindService(ContextImpl.java)
E/BluetoothPbap( 1219): at android.content.ContextWrapper.unbindService(ContextWrapper.java)
E/BluetoothPbap( 1219): at android.bluetooth.BluetoothPbap$1.onBluetoothStateChange(BluetoothPbap.java)
E/BluetoothPbap( 1219): at android.bluetooth.IBluetoothStateChangeCallback$Stub.onTransact(IBluetoothStateChangeCallback.java)
E/BluetoothPbap( 1219): at android.os.Binder.execTransact(Binder.java)
D/BluetoothA2dp( 844): onBluetoothStateChange: up=false
E/BluetoothA2dp( 844):
E/BluetoothA2dp( 844): java.lang.IllegalArgumentException: Service not registered: android.bluetooth.BluetoothA2dp$2@1d8635f7
E/BluetoothA2dp( 844): at android.app.LoadedApk.forgetServiceDispatcher(LoadedApk.java)
E/BluetoothA2dp( 844): at android.app.ContextImpl.unbindService(ContextImpl.java)
E/BluetoothA2dp( 844): at android.bluetooth.BluetoothA2dp$1.onBluetoothStateChange(BluetoothA2dp.java)
E/BluetoothA2dp( 844): at com.android.server.BluetoothManagerService.sendBluetoothStateCallback(BluetoothManagerService.java)
E/BluetoothA2dp( 844): at com.android.server.BluetoothManagerService.bluetoothStateChangeHandler(BluetoothManagerService.java)
E/BluetoothA2dp( 844): at com.android.server.BluetoothManagerService.access$3200(BluetoothManagerService.java)
E/BluetoothA2dp( 844): at com.android.server.BluetoothManagerService$BluetoothHandler.handleMessage(BluetoothManagerService.java)
E/BluetoothA2dp( 844): at android.os.Handler.dispatchMessage(Handler.java)
E/BluetoothA2dp( 844): at android.os.Looper.loop(Looper.java)
E/BluetoothA2dp( 844): at android.os.HandlerThread.run(HandlerThread.java)
E/BluetoothA2dp( 844): at com.android.server.ServiceThread.run(ServiceThread.java)
D/BluetoothHeadset( 1284): onBluetoothStateChange: up=false
D/Mms ( 3342): [1] TransactionService.java(329): onStartService: startId=1
E/BluetoothHeadset( 1284):
E/BluetoothHeadset( 1284): java.lang.IllegalArgumentException: Service not registered: android.bluetooth.BluetoothHeadset$2@1845c947
E/BluetoothHeadset( 1284): at android.app.LoadedApk.forgetServiceDispatcher(LoadedApk.java)
E/BluetoothHeadset( 1284): at android.app.ContextImpl.unbindService(ContextImpl.java)
E/BluetoothHeadset( 1284): at android.content.ContextWrapper.unbindService(ContextWrapper.java)
E/BluetoothHeadset( 1284): at android.bluetooth.BluetoothHeadset$1.onBluetoothStateChange(BluetoothHeadset.java)
E/BluetoothHeadset( 1284): at android.bluetooth.IBluetoothStateChangeCallback$Stub.onTransact(IBluetoothStateChangeCallback.java)
E/BluetoothHeadset( 1284): at android.os.Binder.execTransact(Binder.java)
D/BluetoothManagerService( 844): Bluetooth State Change Intent: 13 -> 10
V/Mms ( 3342): [1] TransactionService.java(351): Posting enqueueAllMessages
D/BluetoothAdapter( 1358): 173510713: getState() : mService = null. Returning STATE_OFF
V/Mms ( 3342): [360] TransactionService.java(366): Posting enqueueAllMessages
D/BluetoothAdapter( 1063): 517947889: getState() : mService = null. Returning STATE_OFF
D/KeyguardViewMediator( 1063): action name: android.bluetooth.adapter.action.STATE_CHANGED
D/DockEventReceiver( 1219): finishStartingService: stopping service
I/Analytics( 3342): start session(com.android.mms)
E/MSimUtils( 3342): getTelephonyManger is null
V/Mms ( 3342): [1] TransactionService.java(1263): whether is during call and mPhoneState = 0 and mPhoneState2 = 0
V/CloudTelephonyManager( 3342): phone type: 1
D/MxActivateService( 3342): load mx status from old preference
V/CloudTelephonyManager( 3342): phone type: 1
E/SQLiteLog( 1302): (284) automatic index on pending_msgs(msg_id)
V/CloudTelephonyManager( 3342): phone type: 1
D/MxActivateService( 3342): cached old mx toggle preference, enabled: false
D/MxActivateService( 3342): need to close channel, starting to close channel
V/ProcessObserver( 1640): onProcessStateChanged
V/CloudTelephonyManager( 3342): phone type: 1
D/ActivateManager( 3342): onServiceConnected, component:ComponentInfo{com.xiaomi.xmsf/com.xiaomi.activate.ActivateService}
D/ActivateManager( 3342): service unbinded
E/SQLiteLog( 1302): (284) automatic index on pending_msgs(msg_id)
I/Analytics( 3342): end session(com.android.mms)
W/PushService( 1290): 2015-08-25 15:40:57,021 - [WARN::PushService] - [Thread:1] onStart() with intent.Action = com.xiaomi.push.CLOSE_CHANNEL
D/BluetoothManagerService( 844): Message: 42
D/BluetoothManagerService( 844): MESSAGE_RESTART_BLUETOOTH_SERVICE: Restart IBluetooth service
D/miuisdk ( 3638): current sdk level is 2
I/art ( 844): Explicit concurrent mark sweep GC freed 25182(1883KB) AllocSpace objects, 27(2MB) LOS objects, 33% free, 22MB/34MB, paused 1.586ms total 95.489ms
I/ServiceManager( 1322): Waiting for service miui.whetstone.net...
V/ProcessObserver( 1640): onProcessStateChanged
I/XiaomiFirewall( 1987): firewall pkgName:com.xiaomi.xmsf, result:0
D/PRDrmPlugIn( 288): PRDrmPlugin::onInitialize, uniqueId = 1932
D/PRDrmPlugIn( 288): PRDrmPlugin::onSetOnInfoListener: uniqueId = 1932
D/AdapterServiceConfig( 3638): Adding HeadsetService
D/AdapterServiceConfig( 3638): Adding A2dpService
D/AdapterServiceConfig( 3638): Adding HidService
D/AdapterServiceConfig( 3638): Adding HealthService
D/AdapterServiceConfig( 3638): Adding PanService
D/AdapterServiceConfig( 3638): Adding GattService
D/AdapterServiceConfig( 3638): Adding BluetoothMapService
D/miuisdk ( 3612): current sdk level is 2
D/BluetoothManagerService( 844): Message: 20
D/BluetoothManagerService( 844): Added callback: android.bluetooth.IBluetoothManagerCallback$Stub$Proxy@130fc7ac:true
D/BluetoothAdapterState( 3638): make
I/bluedroid( 3638): init
I/BluetoothAdapterState( 3638): Entering OffState
I/bte_conf( 3638): bte_load_conf attempt to load stack conf from /etc/bluetooth/bt_stack.conf
I/bte_conf( 3638): bte_load_ble_conf attempt to load ble stack conf from /etc/bluetooth/ble_stack.conf
E/bt_osi_config( 3638): config_new unable to open file '/etc/bluetooth/ble_stack.conf': No such file or directory
I/bte_conf( 3638): bte_load_ble_conf file >/etc/bluetooth/ble_stack.conf< not found
I/GKI_LINUX( 3638): gki_task_entry task_id=1 [BTIF] starting
E/GKI_LINUX( 3638): GKI_exception(): Task State Table
E/GKI_LINUX( 3638): TASK ID [0] task name [(null)] state [0]
E/GKI_LINUX( 3638): TASK ID [1] task name [BTIF] state [1]
E/GKI_LINUX( 3638): TASK ID [2] task name [(null)] state [0]
E/GKI_LINUX( 3638): GKI_exception 65531 Sending to unknown dest
E/GKI_LINUX( 3638): ********************************************************************
E/GKI_LINUX( 3638): * GKI_exception(): 65531 Sending to unknown dest
E/GKI_LINUX( 3638): ********************************************************************
I/bluedroid( 3638): get_profile_interface socket
I/bluedroid( 3638): get_profile_interface map_client
D/BluetoothAdapterProperties( 3638): Address is:F8:A4:5F:02:67:23
D/BluetoothManagerService( 844): Bluetooth Adapter name changed to Mi Phone
D/BluetoothAdapterProperties( 3638): Name is: Mi Phone
D/BluetoothManagerService( 844): Stored Bluetooth name: Mi Phone
D/BluetoothManagerService( 844): BluetoothServiceConnection: com.android.bluetooth.btservice.AdapterService
D/BluetoothManagerService( 844): Message: 40
D/BluetoothManagerService( 844): MESSAGE_BLUETOOTH_SERVICE_CONNECTED: 1
I/bluedroid( 3638): config_hci_snoop_log
D/BluetoothManagerService( 844): Calling onBluetoothServiceUp callbacks
D/BluetoothManagerService( 844): Broadcasting onBluetoothServiceUp() to 7 receivers.
D/BluetoothAdapterState( 3638): CURRENT_STATE=OFF, MESSAGE = USER_TURN_ON
D/BluetoothAdapterProperties( 3638): Setting state to 11
I/BluetoothAdapterState( 3638): Bluetooth adapter state changed: 10-> 11
D/BluetoothManagerService( 844): Message: 60
D/BluetoothManagerService( 844): MESSAGE_BLUETOOTH_STATE_CHANGE: prevState = 10, newState=11
D/BluetoothManagerService( 844): Bluetooth State Change Intent: 10 -> 11
D/BluetoothBondStateMachine( 3638): make
D/KeyguardViewMediator( 1063): action name: android.bluetooth.adapter.action.STATE_CHANGED
E/BTEventHandler( 3638): A4WP is not supported
D/BluetoothAdapterService( 3638): checkA2dpState: isA2dpSinkEnabled = false
E/BluetoothAdapterService( 3638): checkA2dpState: returning
D/BluetoothAdapterService( 3638): checkHidState: isHidDev = false
E/BluetoothAdapterService( 3638): checkHidState: returning
D/BluetoothAdapterService( 3638): checkHfpState: isHfpClientEnabled = false
E/BluetoothAdapterService( 3638): checkHfpState: returning
I/BluetoothBondStateMachine( 3638): StableState(): Entering Off State
I/BluetoothAdapterState( 3638): Entering PendingCommandState State: isTurningOn()=true, isTurningOff()=false
D/HeadsetService( 3638): Received start request. Starting profile...
I/BluetoothHeadsetServiceJni( 3638): classInitNative: succeeds
D/HeadsetStateMachine( 3638): Version 1.6
D/HeadsetStateMachine( 3638): make
E/HeadsetStateMachine( 3638): Could not bind to Bluetooth Headset Voip Phone Service
D/HeadsetStateMachine( 3638): max_hf_connections = 1
I/bluedroid( 3638): get_profile_interface handsfree
D/HeadsetStateMachine( 3638): Enter Disconnected: -2, size: 0
D/BluetoothAdapterService( 3638): getAdapterService() - returning com.android.bluetooth.btservice.AdapterService@167dc37b
D/A2dpService( 3638): Received start request. Starting profile...
I/BluetoothAvrcpServiceJni( 3638): classInitNative: succeeds
V/Avrcp ( 3638): make
V/Avrcp ( 3638): Avrcp
I/bluedroid( 3638): get_profile_interface avrcp
V/Avrcp ( 3638): start
V/Avrcp ( 3638): registerMediaPlayers
V/Avrcp ( 3638): MediaPlayerInfo: mPlayerId = 1
V/Avrcp ( 3638): mMajorPlayerType = 1 mPlayerSubType = 0
V/Mms ( 3342): [360] TransactionService.java(760): enqueueAllMessages: Pending transaction count=0
V/Avrcp ( 3638): mPlayState = 2 mCharsetId = 106
V/Avrcp ( 3638): mPlayerPackageName = com.android.music mDisplayableNameLength = 5
V/Mms ( 3342): [360] TransactionService.java(561): endMmsConnectivity
V/Avrcp ( 3638): mItemLength = 33 mEntryLength = 34
V/Avrcp ( 3638): mFeatureMask =
V/Avrcp ( 3638): mFeatureMask[0] = 0
V/Avrcp ( 3638): mFeatureMask[1] = 0
V/Avrcp ( 3638): mFeatureMask[2] = 0
V/Avrcp ( 3638): mFeatureMask[3] = 0
V/Avrcp ( 3638): mFeatureMask[4] = 12
V/Avrcp ( 3638): mFeatureMask[5] = 55
V/Avrcp ( 3638): mFeatureMask[6] = 0
V/Avrcp ( 3638): mFeatureMask[7] = 141
V/Avrcp ( 3638): mFeatureMask[8] = 2
V/Avrcp ( 3638): mFeatureMask[9] = 0
V/Avrcp ( 3638): mFeatureMask[10] = 0
V/Mms ( 3342): [360] TransactionService.java(566): mLastSimId = -1
V/Avrcp ( 3638): mFeatureMask[11] = 0
V/Avrcp ( 3638): mFeatureMask[12] = 0
V/Avrcp ( 3638): mFeatureMask[13] = 0
V/Avrcp ( 3638): mFeatureMask[14] = 0
V/Avrcp ( 3638): mFeatureMask[15] = 0
V/Avrcp ( 3638): mDisplayableName=
V/Avrcp ( 3638): mDisplayableName[0] = 77
V/Avrcp ( 3638): mDisplayableName[1] = 117
V/Avrcp ( 3638): mDisplayableName[2] = 115
V/Avrcp ( 3638): mDisplayableName[3] = 105
V/Avrcp ( 3638): mDisplayableName[4] = 99
V/Avrcp ( 3638): MediaPlayerInfo: mPlayerId = 2
V/Avrcp ( 3638): mMajorPlayerType = 1 mPlayerSubType = 0
V/Avrcp ( 3638): mPlayState = 2 mCharsetId = 106
V/Avrcp ( 3638): mPlayerPackageName = com.google.android.music mDisplayableNameLength = 6
V/Avrcp ( 3638): mItemLength = 34 mEntryLength = 35
V/Avrcp ( 3638): mFeatureMask =
V/Avrcp ( 3638): mFeatureMask[0] = 0
V/Avrcp ( 3638): mFeatureMask[1] = 0
V/Avrcp ( 3638): mFeatureMask[2] = 0
V/Avrcp ( 3638): mFeatureMask[3] = 0
V/Avrcp ( 3638): mFeatureMask[4] = 12
V/Avrcp ( 3638): mFeatureMask[5] = 55
V/Avrcp ( 3638): mFeatureMask[6] = 0
V/Avrcp ( 3638): mFeatureMask[7] = 5
V/Avrcp ( 3638): mFeatureMask[8] = 0
V/Avrcp ( 3638): mFeatureMask[9] = 0
V/Avrcp ( 3638): mFeatureMask[10] = 0
V/Avrcp ( 3638): mFeatureMask[11] = 0
D/ConnectivityManager( 3342): stopUsingNetworkFeatureForSubscription: for 0 feature = enableMMS subId = 1
V/Avrcp ( 3638): mFeatureMask[12] = 0
V/Avrcp ( 3638): mFeatureMask[13] = 0
V/Avrcp ( 3638): mFeatureMask[14] = 0
V/Avrcp ( 3638): mFeatureMask[15] = 0
V/Avrcp ( 3638): mDisplayableName=
V/Avrcp ( 3638): mDisplayableName[0] = 77
V/Avrcp ( 3638): mDisplayableName[1] = 117
V/Avrcp ( 3638): mDisplayableName[2] = 115
V/Avrcp ( 3638): mDisplayableName[3] = 105
V/Avrcp ( 3638): mDisplayableName[4] = 99
V/Avrcp ( 3638): mDisplayableName[5] = 50
V/Mms ( 3342): [360] TransactionService.java(1246): stop TransactionService.
D/Mms ( 3342): [1] TransactionService.java(294): Destroying TransactionService
V/Mms ( 3342): [1] TransactionService.java(301): Requested killing handler thread.
D/Mms ( 3342): [360] TransactionService.java(743): TrasctionService stopped.
V/AudioService( 844): updateRemoteControllerOnExistingMediaPlayers: size of Player list: 0
E/AudioService( 844): No RCC entry present to update
E/RemoteController( 3638): Cannot set synchronization mode on an unregistered RemoteController
I/BluetoothA2dpServiceJni( 3638): classInitNative: succeeds
D/A2dpStateMachine( 3638): make
E/MSimUtils( 3342): getTelephonyManager is null
V/Mms ( 3342): [1] TransactionService.java(1354): unregister Phone Call Listener.
I/bluedroid( 3638): get_profile_interface a2dp
I/GKI_LINUX( 3638): gki_task_entry task_id=2 [A2DP-MEDIA] starting
D/bt-btif ( 3638): btif_av_state_idle_handler event:BTIF_SM_ENTER_EVT flags 0
D/A2dpService( 3638): setA2dpService(): set to: null
D/BluetoothAdapterService( 3638): getAdapterService() - returning com.android.bluetooth.btservice.AdapterService@167dc37b
I/BluetoothHidServiceJni( 3638): classInitNative: succeeds
D/A2dpStateMachine( 3638): Enter Disconnected: -2
D/HidService( 3638): Received start request. Starting profile...
I/bluedroid( 3638): get_profile_interface hidhost
D/BluetoothAdapterService( 3638): getAdapterService() - returning com.android.bluetooth.btservice.AdapterService@167dc37b
I/BluetoothHealthServiceJni( 3638): classInitNative: succeeds
D/HealthService( 3638): Received start request. Starting profile...
I/bluedroid( 3638): get_profile_interface health
D/BluetoothAdapterService( 3638): getAdapterService() - returning com.android.bluetooth.btservice.AdapterService@167dc37b
I/BluetoothPanServiceJni( 3638): classInitNative(L105): succeeds
D/PanService( 3638): Received start request. Starting profile...
D/BluetoothPanServiceJni( 3638): initializeNative(L110): pan
I/bluedroid( 3638): get_profile_interface pan
D/BluetoothAdapterService( 3638): getAdapterService() - returning com.android.bluetooth.btservice.AdapterService@167dc37b
D/BtGatt.GattService( 3638): classInitNative called
I/BtGatt.JNI( 3638): classInitNative(L863): classInitNative: Success!
D/BtGatt.DebugUtils( 3638): handleDebugAction() action=null
D/BtGatt.GattService( 3638): Received start request. Starting profile...
D/BtGatt.GattService( 3638): start()
I/bluedroid( 3638): get_profile_interface gatt
D/BtGatt.AdvertiseManager( 3638): advertise manager created
D/BluetoothAdapterService( 3638): getAdapterService() - returning com.android.bluetooth.btservice.AdapterService@167dc37b
D/BluetoothMapService( 3638): inside BluetoothMapObexConnection
D/BluetoothMapService( 3638): supportedMessageTypes 14
D/BluetoothMapService( 3638): masId 0
D/BluetoothMapService( 3638): inside BluetoothMapObexConnection
D/BluetoothMapService( 3638): supportedMessageTypes 1
D/BluetoothMapService( 3638): masId 1
D/BluetoothMapService( 3638): Inside initBinder
D/BluetoothMapService( 3638): Received start request. Starting profile...
D/BluetoothMapService( 3638): start()
D/BluetoothMapService( 3638): Registering observer
D/BluetoothAdapterService( 3638): getAdapterService() - returning com.android.bluetooth.btservice.AdapterService@167dc37b
V/BluetoothFtpService( 3638): Ftp Service onCreate
V/BluetoothFtpService( 3638): FTP service not started Adapter STATE: 11
V/BluetoothFtpService( 3638): Ftp Service onStartCommand
V/BluetoothFtpService( 3638): PARSE INTENT action: android.bluetooth.adapter.action.STATE_CHANGED
D/BluetoothFtpService( 3638): ACTION_STATE_CHANGED: state: 13 mHasStarted: false
V/BluetoothFtpService( 3638): Ftp Service closeService
V/BluetoothFtpService( 3638): successfully stopped ftp service
V/BluetoothSapReceiver( 3638): SapReceiver onReceive
V/BluetoothSapReceiver( 3638): action = android.bluetooth.adapter.action.STATE_CHANGED
V/BluetoothSapReceiver( 3638): Bluetooth Adapter state = 13
V/BluetoothSapReceiver( 3638): Calling SAP service start service with action = null
D/HeadsetPhoneState( 3638): sendDeviceStateChanged. mService=0 mSignal=0 mRoam=0 mBatteryCharge=0
D/HeadsetStateMachine( 3638): Disconnected process message: 11, size: 0
D/HeadsetStateMachine( 3638): Disconnected process message: 10, size: 0
D/HeadsetPhoneState( 3638): sendDeviceStateChanged. mService=0 mSignal=0 mRoam=0 mBatteryCharge=1
D/HeadsetStateMachine( 3638): Disconnected process message: 11, size: 0
V/BluetoothMapService( 3638): Handler(): got msg=1
V/BluetoothFtpService( 3638): Ftp Service onDestroy
V/BluetoothFtpService( 3638): Ftp Service closeService
D/BluetoothAdapterState( 3638): CURRENT_STATE=PENDING, MESSAGE = STARTED, isTurningOn=true, isTurningOff=false
I/bluedroid( 3638): enable
I/bt_hci_bdroid( 3638): init
I/GKI_LINUX( 3638): gki_task_entry task_id=0 [BTU] starting
I/bt-btu ( 3638): btu_task pending for preload complete event
I/bt_vendor( 3638): bt-vendor : init
I/bt_vendor( 3638): bt-vendor : get_bt_soc_type
E/bt_vendor( 3638): get_bt_soc_type: Failed to get soc type
I/bt_vendor( 3638): init: Local BD Address : 23:67:02:5f:a4:f8
D/bt_userial_mct( 3638): userial_init
V/BluetoothSapService( 3638): Sap Service onCreate
V/BluetoothSapService( 3638): initBinder
I/bt_vendor( 3638): bt-vendor : BT_VND_OP_POWER_CTRL: On
I/bt_vendor( 3638): bluetooth satus is on
I/bt_vendor( 3638): bt-vendor : resetting BT status
I/bt_vendor( 3638): Starting hciattach daemon
I/bt_vendor( 3638): try to set false
V/BluetoothSapService( 3638): BluetoothSapBinder: mService: org.codeaurora.bluetooth.sap.BluetoothSapService@13670509
I/bt_vendor( 3638): Starting hciattach daemon
I/bt_vendor( 3638): try to set true
V/BluetoothSapService( 3638): action: android.bluetooth.adapter.action.STATE_CHANGED
V/BluetoothSapService( 3638): state: 13
D/BluetoothDunService( 3638): parseIntent: action: android.bluetooth.adapter.action.STATE_CHANGED
D/AuthorizationBluetoothService( 1530): Received Bluetooth event: Intent { act=android.bluetooth.adapter.action.STATE_CHANGED flg=0x14000010 cmp=com.google.android.gms/.auth.be.proximity.authorization.bt.AuthorizationBluetoothService$BluetoothStateChangeReceiver (has extras) }.
I/qcom-bluetooth( 3684): /system/etc/init.qcom.bt.sh: init.qcom.bt.sh config =
E/BTEventHandler( 3638): A4WP is not supported
D/DockEventReceiver( 1219): finishStartingService: stopping service
V/BluetoothSapReceiver( 3638): SapReceiver onReceive
V/BluetoothSapReceiver( 3638): action = android.bluetooth.adapter.action.STATE_CHANGED
V/BluetoothSapReceiver( 3638): Bluetooth Adapter state = 10
D/AuthorizationBluetoothService( 1530): Received Bluetooth event: Intent { act=android.bluetooth.adapter.action.STATE_CHANGED flg=0x14000010 cmp=com.google.android.gms/.auth.be.proximity.authorization.bt.AuthorizationBluetoothService$BluetoothStateChangeReceiver (has extras) }.
E/BTEventHandler( 3638): A4WP is not supported
V/BluetoothSapReceiver( 3638): SapReceiver onReceive
V/BluetoothSapReceiver( 3638): action = android.bluetooth.adapter.action.STATE_CHANGED
V/BluetoothSapReceiver( 3638): Bluetooth Adapter state = 11
D/AuthorizationBluetoothService( 1530): Received Bluetooth event: Intent { act=android.bluetooth.adapter.action.STATE_CHANGED flg=0x14000010 cmp=com.google.android.gms/.auth.be.proximity.authorization.bt.AuthorizationBluetoothService$BluetoothStateChangeReceiver (has extras) }.
D/wpa_supplicant( 1134): wlan0: Control interface command 'SIGNAL_POLL'
D/ConnectivityManager.CallbackHandler( 1063): CM callback handler got msg 524290
D/ConnectivityManager.CallbackHandler( 1322): CM callback handler got msg 524290
D/SecurityController( 1063): onAvailable 100 : [ Transports: WIFI Capabilities: INTERNET&NOT_RESTRICTED&TRUSTED&NOT_VPN LinkUpBandwidth>=1048576Kbps LinkDnBandwidth>=1048576Kbps]
I/qcom-bluetooth( 3691): /system/etc/init.qcom.bt.sh: Transport : smd
I/qcom-bluetooth( 3692): /system/etc/init.qcom.bt.sh: ** Bluedroid stack **
W/XTWiFiOS( 844): No entry in secure settings for enhanced location services: false
I/qcom-bluetooth( 3696): /system/etc/init.qcom.bt.sh: Power Class: Ignored. Default(1) used (1-CLASS1/2-CLASS2/3-CUSTOM)
I/qcom-bluetooth( 3699): /system/etc/init.qcom.bt.sh: Power Class: To override, Before turning BT ON; setprop qcom.bt.dev_power_class <1 or 2 or 3>
E/KLO_Stability( 2269): Not get wanted event from the watchset in 5000ms
I/KLO_Stability( 2269): start gathering logcat log...
I/KLO_Stability( 2269): gathering logcat log done
I/KLO_Stability( 2269): [am_crash][1440510054]:[844,0,com.android.bluetooth,13155909,Native crash,Segmentation fault,unknown,0]
I/qcom-bluetooth( 3700): /system/etc/init.qcom.bt.sh: LE Power Class: Ignored. Default(2) used (1-CLASS1/2-CLASS2/3-CUSTOM)
I/ServiceManager( 316): Waiting for service AtCmdFwd...
I/qcom-bluetooth( 3702): /system/etc/init.qcom.bt.sh: LE Power Class: To override, Before turning BT ON; setprop qcom.bt.le_dev_pwr_class <1 or 2 or 3>
E/Diag_Lib( 3704): Diag_LSM_Init: Failed to open handle to diag driver, error = 13
E/QMI_FW ( 3704): QMUXD: Service_id=228 not found over conn_id=0
E/QMI_FW ( 3704): QMUXD: Service_id=228 not found over conn_id=37
E/QMI_FW ( 3704): QMUXD: Service_id=228 not found over conn_id=0
V/ProcessObserver( 1640): onProcessStateChanged
I/GolbalReceiver( 1987): onReceive, action:android.intent.action.BOOT_COMPLETED
I/BootMonitor( 1987): invoked
E/QMI_FW ( 3704): QMUXD: Service_id=228 not found over conn_id=37
E/QMI_FW ( 3704): QMUXD: Service_id=228 not found over conn_id=0
I/ImsiMonitor( 1987): invoked:android.intent.action.BOOT_COMPLETED --------- beginning of system
