V/Avrcp ( 3956): mDisplayableName[4] = 99
V/Avrcp ( 3956): MediaPlayerInfo: mPlayerId = 2
V/Avrcp ( 3956): mMajorPlayerType = 1 mPlayerSubType = 0
V/Avrcp ( 3956): mPlayState = 2 mCharsetId = 106
V/Avrcp ( 3956): mPlayerPackageName = com.google.android.music mDisplayableNameLength = 6
V/Avrcp ( 3956): mItemLength = 34 mEntryLength = 35
V/Avrcp ( 3956): mFeatureMask =
V/Avrcp ( 3956): mFeatureMask[0] = 0
V/Avrcp ( 3956): mFeatureMask[1] = 0
V/Avrcp ( 3956): mFeatureMask[2] = 0
V/Avrcp ( 3956): mFeatureMask[3] = 0
V/Avrcp ( 3956): mFeatureMask[4] = 12
V/Avrcp ( 3956): mFeatureMask[5] = 55
V/Avrcp ( 3956): mFeatureMask[6] = 0
V/Avrcp ( 3956): mFeatureMask[7] = 5
V/Avrcp ( 3956): mFeatureMask[8] = 0
V/Avrcp ( 3956): mFeatureMask[9] = 0
V/Avrcp ( 3956): mFeatureMask[10] = 0
V/Avrcp ( 3956): mFeatureMask[11] = 0
V/Avrcp ( 3956): mFeatureMask[12] = 0
V/Avrcp ( 3956): mFeatureMask[13] = 0
V/Avrcp ( 3956): mFeatureMask[14] = 0
V/Avrcp ( 3956): mFeatureMask[15] = 0
V/Avrcp ( 3956): mDisplayableName=
V/Avrcp ( 3956): mDisplayableName[0] = 77
V/Avrcp ( 3956): mDisplayableName[1] = 117
V/Avrcp ( 3956): mDisplayableName[2] = 115
V/Avrcp ( 3956): mDisplayableName[3] = 105
V/Avrcp ( 3956): mDisplayableName[4] = 99
V/Avrcp ( 3956): mDisplayableName[5] = 50
V/AudioService( 844): updateRemoteControllerOnExistingMediaPlayers: size of Player list: 0
E/AudioService( 844): No RCC entry present to update
E/RemoteController( 3956): Cannot set synchronization mode on an unregistered RemoteController
I/BluetoothA2dpServiceJni( 3956): classInitNative: succeeds
D/A2dpStateMachine( 3956): make
I/bluedroid( 3956): get_profile_interface a2dp
I/GKI_LINUX( 3956): gki_task_entry task_id=2 [A2DP-MEDIA] starting
D/bt-btif ( 3956): btif_av_state_idle_handler event:BTIF_SM_ENTER_EVT flags 0
D/A2dpService( 3956): setA2dpService(): set to: null
D/A2dpStateMachine( 3956): Enter Disconnected: -2
D/BluetoothAdapterService( 3956): getAdapterService() - returning com.android.bluetooth.btservice.AdapterService@167dc37b
I/BluetoothHidServiceJni( 3956): classInitNative: succeeds
D/HidService( 3956): Received start request. Starting profile...
I/bluedroid( 3956): get_profile_interface hidhost
D/BluetoothAdapterService( 3956): getAdapterService() - returning com.android.bluetooth.btservice.AdapterService@167dc37b
I/BluetoothHealthServiceJni( 3956): classInitNative: succeeds
D/HealthService( 3956): Received start request. Starting profile...
I/bluedroid( 3956): get_profile_interface health
D/BluetoothAdapterService( 3956): getAdapterService() - returning com.android.bluetooth.btservice.AdapterService@167dc37b
I/BluetoothPanServiceJni( 3956): classInitNative(L105): succeeds
D/PanService( 3956): Received start request. Starting profile...
D/BluetoothPanServiceJni( 3956): initializeNative(L110): pan
I/bluedroid( 3956): get_profile_interface pan
D/BluetoothAdapterService( 3956): getAdapterService() - returning com.android.bluetooth.btservice.AdapterService@167dc37b
D/BtGatt.GattService( 3956): classInitNative called
I/BtGatt.JNI( 3956): classInitNative(L863): classInitNative: Success!
D/BtGatt.DebugUtils( 3956): handleDebugAction() action=null
D/BtGatt.GattService( 3956): Received start request. Starting profile...
D/BtGatt.GattService( 3956): start()
I/bluedroid( 3956): get_profile_interface gatt
D/BtGatt.AdvertiseManager( 3956): advertise manager created
D/BluetoothAdapterService( 3956): getAdapterService() - returning com.android.bluetooth.btservice.AdapterService@167dc37b
D/BluetoothMapService( 3956): inside BluetoothMapObexConnection
D/BluetoothMapService( 3956): supportedMessageTypes 14
D/BluetoothMapService( 3956): masId 0
D/BluetoothMapService( 3956): inside BluetoothMapObexConnection
D/BluetoothMapService( 3956): supportedMessageTypes 1
D/BluetoothMapService( 3956): masId 1
D/BluetoothMapService( 3956): Inside initBinder
D/BluetoothMapService( 3956): Received start request. Starting profile...
D/BluetoothMapService( 3956): start()
D/BluetoothMapService( 3956): Registering observer
D/BluetoothAdapterService( 3956): getAdapterService() - returning com.android.bluetooth.btservice.AdapterService@167dc37b
E/BTEventHandler( 3956): A4WP is not supported
D/HeadsetPhoneState( 3956): sendDeviceStateChanged. mService=0 mSignal=0 mRoam=0 mBatteryCharge=0
V/BluetoothMapService( 3956): Handler(): got msg=1
D/HeadsetStateMachine( 3956): Disconnected process message: 11, size: 0
D/HeadsetStateMachine( 3956): Disconnected process message: 10, size: 0
D/HeadsetPhoneState( 3956): sendDeviceStateChanged. mService=0 mSignal=0 mRoam=0 mBatteryCharge=1
D/HeadsetStateMachine( 3956): Disconnected process message: 11, size: 0
D/BluetoothAdapterState( 3956): CURRENT_STATE=PENDING, MESSAGE = STARTED, isTurningOn=true, isTurningOff=false
I/bluedroid( 3956): enable
I/bt_hci_bdroid( 3956): init
I/GKI_LINUX( 3956): gki_task_entry task_id=0 [BTU] starting
I/bt-btu ( 3956): btu_task pending for preload complete event
I/bt_vendor( 3956): bt-vendor : init
I/bt_vendor( 3956): bt-vendor : get_bt_soc_type
E/bt_vendor( 3956): get_bt_soc_type: Failed to get soc type
I/bt_vendor( 3956): init: Local BD Address : 23:67:02:5f:a4:f8
D/bt_userial_mct( 3956): userial_init
I/Telecom ( 1284): BluetoothPhoneService: queryPhoneState
D/Telecom ( 1284): BluetoothPhoneService: handleMessage(7) w/ param 0
I/bt_vendor( 3956): bt-vendor : BT_VND_OP_POWER_CTRL: On
I/bt_vendor( 3956): bluetooth satus is on
I/bt_vendor( 3956): bt-vendor : resetting BT status
I/bt_vendor( 3956): Starting hciattach daemon
I/bt_vendor( 3956): try to set false
I/bt_vendor( 3956): Starting hciattach daemon
I/bt_vendor( 3956): try to set true
D/Finsky ( 3933): [1] FinskyApp.onCreate: Initializing network with DFE https://android.clients.google.com/fdfe/
W/ResourcesManager( 3956): Asset path '/system/framework/javax.obex.jar' does not exist or contains no resources.
I/qcom-bluetooth( 4013): /system/etc/init.qcom.bt.sh: init.qcom.bt.sh config =
V/BluetoothFtpService( 3956): Ftp Service onCreate
V/BluetoothFtpService( 3956): FTP service not started Adapter STATE: 11
V/BluetoothFtpService( 3956): Ftp Service onStartCommand
V/BluetoothFtpService( 3956): PARSE INTENT action: android.bluetooth.adapter.action.STATE_CHANGED
D/BluetoothFtpService( 3956): ACTION_STATE_CHANGED: state: 13 mHasStarted: false
V/BluetoothFtpService( 3956): Ftp Service closeService
V/BluetoothFtpService( 3956): successfully stopped ftp service
V/BluetoothSapReceiver( 3956): SapReceiver onReceive
V/BluetoothSapReceiver( 3956): action = android.bluetooth.adapter.action.STATE_CHANGED
V/BluetoothSapReceiver( 3956): Bluetooth Adapter state = 13
V/BluetoothSapReceiver( 3956): Calling SAP service start service with action = null
V/BluetoothFtpService( 3956): Ftp Service onDestroy
V/BluetoothFtpService( 3956): Ftp Service closeService
V/BluetoothSapService( 3956): Sap Service onCreate
V/BluetoothSapService( 3956): initBinder
V/BluetoothSapService( 3956): BluetoothSapBinder: mService: org.codeaurora.bluetooth.sap.BluetoothSapService@13670509
V/BluetoothSapService( 3956): action: android.bluetooth.adapter.action.STATE_CHANGED
V/BluetoothSapService( 3956): state: 13
W/BroadcastQueueInjector( 844): Unable to launch app com.rhapsody.napster/10104 for broadcast Intent { act=android.bluetooth.adapter.action.STATE_CHANGED flg=0x14000010 (has extras) }: process is not permitted to autostart
D/BluetoothDunService( 3956): parseIntent: action: android.bluetooth.adapter.action.STATE_CHANGED
D/AuthorizationBluetoothService( 1530): Received Bluetooth event: Intent { act=android.bluetooth.adapter.action.STATE_CHANGED flg=0x14000010 cmp=com.google.android.gms/.auth.be.proximity.authorization.bt.AuthorizationBluetoothService$BluetoothStateChangeReceiver (has extras) }.
W/BroadcastQueue( 844): Permission Denial: receiving Intent { act=android.bluetooth.adapter.action.STATE_CHANGED flg=0x14000010 (has extras) } to com.mi4ever.app.mi4everblog/com.appyet.receiver.CommonReceiver requires android.permission.BLUETOOTH due to sender android (uid 1000)
W/ContextImpl( 1219): Calling a method in the system process without a qualified user: android.app.ContextImpl.startService:-1 android.content.ContextWrapper.startService:-1 android.content.ContextWrapper.startService:-1 com.android.settings.bluetooth.DockEventReceiver.e:134 com.android.settings.bluetooth.DockEventReceiver.onReceive:115
D/DockEventReceiver( 1219): finishStartingService: stopping service
E/BTEventHandler( 3956): A4WP is not supported
V/BluetoothSapReceiver( 3956): SapReceiver onReceive
V/BluetoothSapReceiver( 3956): action = android.bluetooth.adapter.action.STATE_CHANGED
V/BluetoothSapReceiver( 3956): Bluetooth Adapter state = 10
D/AuthorizationBluetoothService( 1530): Received Bluetooth event: Intent { act=android.bluetooth.adapter.action.STATE_CHANGED flg=0x14000010 cmp=com.google.android.gms/.auth.be.proximity.authorization.bt.AuthorizationBluetoothService$BluetoothStateChangeReceiver (has extras) }.
W/BroadcastQueueInjector( 844): Unable to launch app com.rhapsody.napster/10104 for broadcast Intent { act=android.bluetooth.adapter.action.STATE_CHANGED flg=0x14000010 (has extras) }: process is not permitted to autostart
W/BroadcastQueue( 844): Permission Denial: receiving Intent { act=android.bluetooth.adapter.action.STATE_CHANGED flg=0x14000010 (has extras) } to com.mi4ever.app.mi4everblog/com.appyet.receiver.CommonReceiver requires android.permission.BLUETOOTH due to sender android (uid 1000)
E/BTEventHandler( 3956): A4WP is not supported
I/qcom-bluetooth( 4024): /system/etc/init.qcom.bt.sh: Transport : smd
V/BluetoothSapReceiver( 3956): SapReceiver onReceive
V/BluetoothSapReceiver( 3956): action = android.bluetooth.adapter.action.STATE_CHANGED
V/BluetoothSapReceiver( 3956): Bluetooth Adapter state = 11
D/AuthorizationBluetoothService( 1530): Received Bluetooth event: Intent { act=android.bluetooth.adapter.action.STATE_CHANGED flg=0x14000010 cmp=com.google.android.gms/.auth.be.proximity.authorization.bt.AuthorizationBluetoothService$BluetoothStateChangeReceiver (has extras) }.
I/qcom-bluetooth( 4025): /system/etc/init.qcom.bt.sh: ** Bluedroid stack **
W/BroadcastQueueInjector( 844): Unable to launch app com.rhapsody.napster/10104 for broadcast Intent { act=android.bluetooth.adapter.action.STATE_CHANGED flg=0x14000010 (has extras) }: process is not permitted to autostart
W/BroadcastQueue( 844): Permission Denial: receiving Intent { act=android.bluetooth.adapter.action.STATE_CHANGED flg=0x14000010 (has extras) } to com.mi4ever.app.mi4everblog/com.appyet.receiver.CommonReceiver requires android.permission.BLUETOOTH due to sender android (uid 1000)
I/qcom-bluetooth( 4028): /system/etc/init.qcom.bt.sh: Power Class: Ignored. Default(1) used (1-CLASS1/2-CLASS2/3-CUSTOM)
I/qcom-bluetooth( 4029): /system/etc/init.qcom.bt.sh: Power Class: To override, Before turning BT ON; setprop qcom.bt.dev_power_class <1 or 2 or 3>
I/qcom-bluetooth( 4030): /system/etc/init.qcom.bt.sh: LE Power Class: Ignored. Default(2) used (1-CLASS1/2-CLASS2/3-CUSTOM)
I/qcom-bluetooth( 4031): /system/etc/init.qcom.bt.sh: LE Power Class: To override, Before turning BT ON; setprop qcom.bt.le_dev_pwr_class <1 or 2 or 3>
E/Diag_Lib( 4033): Diag_LSM_Init: Failed to open handle to diag driver, error = 13
E/QMI_FW ( 4033): QMUXD: Service_id=228 not found over conn_id=0
D/Finsky ( 3933): [1] DailyHygiene.goMakeHygieneIfDirty: No need to run daily hygiene.
E/QMI_FW ( 4033): QMUXD: Service_id=228 not found over conn_id=37
E/QMI_FW ( 4033): QMUXD: Service_id=228 not found over conn_id=0
E/QMI_FW ( 4033): QMUXD: Service_id=228 not found over conn_id=37
E/QMI_FW ( 4033): QMUXD: Service_id=228 not found over conn_id=0
D/WhetstoneStrategy( 1322): [ALLOW] [service] callerPackage com.android.settings start process with Intent { cmp=com.google.android.gms/.car.CarService }
E/QMI_FW ( 4033): QMUXD: Service_id=228 not found over conn_id=37
E/QMI_FW ( 4033): QMUXD: Service_id=228 not found over conn_id=0
E/QMI_FW ( 4033): QMUXD: Service_id=228 not found over conn_id=37
E/QMI_FW ( 4033): QMUXD: Service_id=228 not found over conn_id=0
I/ActivityManager( 844): Start proc com.google.android.gms:car for service com.google.android.gms/.car.CarService: pid=4048 uid=10036 gids={50036, 9997, 2001, 3003, 1007, 3006, 1028, 1015, 3002, 3001, 1005, 3007} abi=armeabi-v7a
E/QMI_FW ( 4033): QMUXD: Service_id=228 not found over conn_id=37
I/Sensors ( 418): sns_pwr.c(279):acquiring wakelock
W/Settings( 3933): Setting download_manager_max_bytes_over_mobile has moved from android.provider.Settings.Secure to android.provider.Settings.Global.
W/Settings( 3933): Setting download_manager_recommended_max_bytes_over_mobile has moved from android.provider.Settings.Secure to android.provider.Settings.Global.
I/qcom-bluetooth( 4067): /system/etc/init.qcom.bt.sh: Bluetooth QSoC firmware download succeeded, /dev/ttyHS0 qualcomm-ibs 3000000 f8:a4:5f:02:67:23
I/qcom-bluetooth( 4069): /system/etc/init.qcom.bt.sh: ** Bluedroid stack **
V/ProcessObserver( 1640): onProcessStateChanged
V/LocationPolicy( 844): onProcessStateChanged
I/bt_vendor( 3956): bluetooth satus is on
D/bt_userial_mct( 3956): userial_open(port:0)
I/bt_vendor( 3956): bt-vendor : BT_VND_OP_USERIAL_OPEN
I/bt_vendor( 3956): Done intiailizing UART
I/bt_vendor( 3956): Done intiailizing UART
I/bt_userial_mct( 3956): CMD=70, EVT=70, ACL_Out=73, ACL_In=73
I/bt_vendor( 3956): Bluetooth Firmware and transport layer are initialized
I/bt-btu ( 3956): btu_task received preload complete event
D/bt_userial_mct( 3956): Entering userial_read_thread()
W/bt-l2cap( 3956): L2CAP - L2CA_Register() called for PSM: 0x0001
W/bt-l2cap( 3956): L2CAP - L2CA_Register() called for PSM: 0x001f
W/bt-l2cap( 3956): L2CAP - L2CA_Register() called for PSM: 0x0003
W/bt-l2cap( 3956): L2CAP - L2CA_Register() called for PSM: 0x1487
F/libc ( 3956): Fatal signal 11 (SIGSEGV), code 1, fault addr 0x8 in tid 4009 (BTU)
W/ResourcesManager( 4048): Asset path '/system/framework/com.android.media.remotedisplay.jar' does not exist or contains no resources.
W/ResourcesManager( 4048): Asset path '/system/framework/com.android.location.provider.jar' does not exist or contains no resources.
D/Volley ( 3933): [424] DiskBasedCache.clear: Cache cleared.
D/Volley ( 3933): [417] DiskBasedCache.clear: Cache cleared.
V/ProcessObserver( 1640): onProcessStateChanged
V/GLSUser ( 1530): [LoginAccountsChangedWakefulBroadcastReceiver] recieved broadcast intent with action: android.intent.action.BOOT_COMPLETED
V/LocationPolicy( 844): onProcessStateChanged
V/GmsCoreStatsServiceLauncher( 1813): Received broadcast intent Intent { act=android.intent.action.BOOT_COMPLETED flg=0x8000010 cmp=com.google.android.gms/.common.stats.GmsCoreStatsServiceLauncher (has extras) }
I/MultiDex( 4048): VM with version 2.1.0 has multidex support
I/MultiDex( 4048): install
I/MultiDex( 4048): VM has multidex support, MultiDex support library is disabled.
I/ActivityManager( 844): Waited long enough for: ServiceRecord{173739ee u0 com.android.settings/.wifi.MiuiWifiService}
D/Finsky ( 3933): [1] GmsCoreHelper.cleanupNlp: result=false type=4
I/DEBUG ( 3636): *** *** *** *** *** *** *** *** *** *** *** *** *** *** *** ***
I/DEBUG ( 3636): Build fingerprint: 'Xiaomi/aries/aries:5.0.2/LRX22G/5.8.20:user/release-keys'
I/DEBUG ( 3636): Revision: '0'
I/DEBUG ( 3636): ABI: 'arm'
I/DEBUG ( 3636): pid: 3956, tid: 4009, name: BTU >>> com.android.bluetooth <<<
I/DEBUG ( 3636): signal 11 (SIGSEGV), code 1 (SEGV_MAPERR), fault addr 0x8
V/ProcessObserver( 1640): onProcessStateChanged
V/JNIHelp ( 4048): Registering com/google/android/gms/org/conscrypt/NativeCrypto's 227 native methods...
D/PersistentNotificationBroadcastReceiver( 1530): Received intent: Intent { act=android.intent.action.BOOT_COMPLETED flg=0x8000010 cmp=com.google.android.gms/.common.notification.PersistentNotificationBroadcastReceiver (has extras) }
I/DEBUG ( 3636): r0 a553fa48 r1 fffffae8 r2 a55665b8 r3 00000000
I/DEBUG ( 3636): r4 000003e8 r5 00000000 r6 000003e8 r7 a5575318
I/DEBUG ( 3636): r8 a5565d30 r9 a5234308 sl b6f1e785 fp a3feddb0
I/DEBUG ( 3636): ip 7ffffffe sp a3fedce0 lr a54b956f pc a54b95e2 cpsr 200f0030
I/DEBUG ( 3636):
I/DEBUG ( 3636): backtrace:
I/DEBUG ( 3636): #00 pc 000a45e2 /system/lib/hw/bluetooth.default.so (alarm_service_reschedule+125)
I/DEBUG ( 3636): #01 pc 000a445b /system/lib/hw/bluetooth.default.so (GKI_start_timer+150)
I/DEBUG ( 3636): #02 pc 000d96eb /system/lib/hw/bluetooth.default.so (btu_start_timer+66)
I/DEBUG ( 3636): #03 pc 0003a3a3 /system/lib/hw/bluetooth.default.so (BTE_InitStack+10)
I/DEBUG ( 3636): #04 pc 000d9a6b /system/lib/hw/bluetooth.default.so (btu_task+82)
I/DEBUG ( 3636): #05 pc 000a44c1 /system/lib/hw/bluetooth.default.so
I/DEBUG ( 3636): #06 pc 000137a3 /system/lib/libc.so (__pthread_start(void*)+30)
I/DEBUG ( 3636): #07 pc 00011883 /system/lib/libc.so (__start_thread+6)
V/LocationPolicy( 844): onProcessStateChanged
V/ProcessObserver( 1640): onProcessStateChanged
V/LocationPolicy( 844): onProcessStateChanged
V/LocationPolicy( 844): onProcessStateChanged
V/ProcessObserver( 1640): onProcessStateChanged
V/ProcessObserver( 1640): onProcessStateChanged
V/LocationPolicy( 844): onProcessStateChanged
W/System ( 4048): Could not create com.google.android.gms.org.conscrypt.OpenSSLSocketFactoryImpl with ClassLoader android.app.LoadedApk$WarningContextClassLoader@26ab75e6: com.google.android.gms.org.conscrypt.OpenSSLSocketFactoryImpl
I/ProviderInstaller( 4048): Installed default security provider GmsCore_OpenSSL
E/SQLiteLog( 3804): (283) recovered 7 frames from WAL file /data/data/com.whatsapp/databases/axolotl.db-wal
W/ActivityThread( 4048): ClassLoader.loadClass: The class loader returned by Thread.getContextClassLoader() may fail for processes that host multiple applications. You should explicitly specify a context class loader. For example: Thread.setContextClassLoader(getClass().getClassLoader());
W/InstanceID/Rpc( 1813): Found 10036
D/Finsky ( 3933): [1] 2.run: Loaded library for account: [hiN3nMNffmtMxH-r_oWy_JUyk4o]
D/Finsky ( 3933): [1] 2.run: Finished loading 1 libraries.
D/Finsky ( 3933): [1] RestoreTracker.stopServiceIfDone: Restore complete with 0 success and 0 failed.
D/Finsky ( 3933): [410] InAppBillingUtils.pickAccount: com.whatsapp: Account determined from installer data - [hiN3nMNffmtMxH-r_oWy_JUyk4o]
D/Finsky ( 3933): [410] InAppBillingUtils.pickAccount: com.whatsapp: Account determined from installer data - [hiN3nMNffmtMxH-r_oWy_JUyk4o]
V/ProcessObserver( 1640): onProcessStateChanged
V/LocationPolicy( 844): onProcessStateChanged
V/GLSActivity( 1530): AuthDelegateWrapperCreated with selected intent: Intent { cmp=com.google.android.gms/.auth.DefaultAuthDelegateService }
V/ProcessObserver( 1640): onProcessStateChanged
V/LocationPolicy( 844): onProcessStateChanged
D/FileApkUtils( 1813): Spent 53ms computing apk sha1.
I/ActivityManager( 844): Delay finish: com.google.android.gms/.security.verifier.BootCompleteReceiver
D/Event ( 3804): No subscribers registered for event class com.whatsapp.ayb
D/Event ( 3804): No subscribers registered for event class de.greenrobot.event.l
I/ActivityManager( 844): Resuming delayed broadcast
D/FileApkUtils( 1813): Module already staged or being staged:chimera-modules/MapsModule.apk
I/art ( 1813): DexFile_isDexOptNeeded failed to open oat file '/data/dalvik-cache/arm/data@data@com.google.android.gms@app_chimera@chimera-module-root@module-d5b20f1a6029cea405dc44dd827a138ee4ccf8cc@MapsModule.apk@classes.dex' for file location '/data/data/com.google.android.gms/app_chimera/chimera-module-root/module-d5b20f1a6029cea405dc44dd827a138ee4ccf8cc/MapsModule.apk': Failed to open oat filename for reading: No such file or directory
D/DexOptUtils( 1813): Module /data/data/com.google.android.gms/app_chimera/chimera-module-root/module-d5b20f1a6029cea405dc44dd827a138ee4ccf8cc/MapsModule.apk is already optimized. Bailing.
D/FileApkUtils( 1813): Keeping up-to-date module: module-d5b20f1a6029cea405dc44dd827a138ee4ccf8cc
D/GmsModuleFndr( 1813): Beginning GMS chimera module scan
I/ActivityManager( 844): Delay finish: com.google.android.gms/.reminders.notification.NotificationReceiver
I/ActivityManager( 844): Resuming delayed broadcast
D/GmsModuleFndr( 1813): Module pkg com.google.android.play.games not installed, skipping
D/GmsModuleFndr( 1813): Module pkg com.google.android.apps.kids.kidsetup not installed, skipping
D/ChimeraCfgMgr( 1813): Beginning module configuration check
D/ChimeraCfgMgr( 1813): Module APKs unchanged, check complete
D/ChimeraCfgMgr( 1813): Loading module com.google.android.gms.kids from APK com.google.android.gms
I/XiaomiFirewall( 1987): firewall pkgName:com.android.vending, result:0
I/ActivityManager( 844): Delay finish: com.google.android.gms/.kids.chimera.SystemEventReceiverProxy
D/GCM ( 1813): COMPAT: Multi user ser=0 current=0
D/ChimeraCfgMgr( 1813): Loading module com.google.android.gms.kids from APK com.google.android.gms
I/CheckinService( 1813): Disabling old GoogleServicesFramework version
D/SystemUpdateService( 1813): onCreate
V/ProcessObserver( 1640): onProcessStateChanged
V/GLSActivity( 1530): AuthDelegateWrapperCreated with selected intent: Intent { cmp=com.google.android.gms/.auth.DefaultAuthDelegateService }
V/LocationPolicy( 844): onProcessStateChanged
D/SystemUpdateService( 1813): onStartCommand: intent: Intent { cmp=com.google.android.gms/.update.SystemUpdateService (has extras) }
V/ProcessObserver( 1640): onProcessStateChanged
D/GCM ( 1530): GcmService start Intent { act=android.intent.action.BOOT_COMPLETED flg=0x8000010 cmp=com.google.android.gms/.gcm.GcmService (has extras) } android.intent.action.BOOT_COMPLETED
V/LocationPolicy( 844): onProcessStateChanged
I/ConfigService( 1530): onCreate
I/ConfigFetchService( 1813): onStartCommand Intent { cmp=com.google.android.gms/.config.ConfigFetchService (has extras) }
V/Finsky ( 3933): [1] GearheadStateMonitor.onReady: sIsProjecting:false
I/CheckinService( 1813): Checking schedule, now: 1440510062446 next: 1440551430524
I/CheckinService( 1813): active receiver: disabled
I/GCoreUlr( 1813): Starting service, intent=Intent { act=com.google.android.location.reporting.ACTION_UPDATE_WORLD cmp=com.google.android.gms/com.google.android.location.reporting.service.DispatchingService (has extras) }, extras=Bundle[{receiverAction=android.intent.action.BOOT_COMPLETED}]
V/ProcessObserver( 1640): onProcessStateChanged
V/LocationPolicy( 844): onProcessStateChanged
V/AuthZen ( 1813): Handling intent: android.intent.action.BOOT_COMPLETED
I/SystemUpdateService( 1813): cancelUpdate (empty URL)
E/KLO_Stability( 2269): Not get wanted event from the watchset in 5000ms
I/KLO_Stability( 2269): start gathering logcat log...
I/KLO_Stability( 2269): gathering logcat log done
I/SystemUpdateService( 1813): active receiver: disabled
I/KLO_Stability( 2269): [am_crash][1440510056]:[844,0,com.android.bluetooth,13155909,Native crash,Segmentation fault,unknown,0]
D/AuthZenEventHandler( 1813): Handling event: android.intent.action.BOOT_COMPLETED
V/ProcessObserver( 1640): onProcessStateChanged
V/GLSActivity( 1530): AuthDelegateWrapperCreated with selected intent: Intent { cmp=com.google.android.gms/.auth.DefaultAuthDelegateService }
V/LocationPolicy( 844): onProcessStateChanged
V/ProcessObserver( 1640): onProcessStateChanged
I/Kids ( 1813): [KidAccountFixer] No accounts found
V/LocationPolicy( 844): onProcessStateChanged
I/ConfigFetchService( 1813): service connected
W/BaseAppContext( 1813): Using Auth Proxy for data requests.
D/SystemUpdateService( 1813): onDestroy
I/GCoreUlr( 1184): DispatchingService.onCreate()
V/ProcessObserver( 1640): onProcessStateChanged
V/LocationPolicy( 844): onProcessStateChanged
I/GLSUser ( 1813): [ChannelManager] Attempting to channel bind connection HttpClient.
I/ActivityManager( 844): Resuming delayed broadcast
D/ConfigFetchService( 1813): ConfigApi connection successful.
D/CalendarAppWidgetProvider( 2988): action: com.android.calendar.APPWIDGET_UPDATE
I/GLSUser ( 1813): [ChannelManager] Checking whether channelId is enabled. isEnabledGmsCore? false, isEnabledSdk? true, isAtLeastKitKat? true
I/MonthViewWidgetProvider( 2988): action: com.android.calendar.APPWIDGET_UPDATE
V/ProcessObserver( 1640): onProcessStateChanged
V/LocationPolicy( 844): onProcessStateChanged
W/ContextImpl( 1987): Calling a method in the system process without a qualified user: android.app.ContextImpl.startService:-1 android.content.ContextWrapper.startService:-1 android.content.ContextWrapper.startService:-1 com.xiaomi.mipush.sdk.PushMessageReceiver.onReceive:18 android.app.ActivityThread.handleReceiver:-1
I/PushMessageReceiver( 1987): onCommandResult command : register
I/PushMessageReceiver( 1987): onCommandResult register success
W/ContextImpl( 1987): Calling a method in the system process without a qualified user: android.app.ContextImpl.sendBroadcast:-1 android.content.ContextWrapper.sendBroadcast:-1 com.xiaomi.mipush.sdk.PushMessageHelper.sendCommandMessageBroadcast:90 com.xiaomi.mipush.sdk.MiPushClient.setCommand:557 com.xiaomi.mipush.sdk.MiPushClient.setAlias:433
I/MiPushUtil( 1987): PUSH initMiPushClient
I/MiPushUtil( 1987): PUSH sim info disabled
W/ContextImpl( 1987): Calling a method in the system process without a qualified user: android.app.ContextImpl.sendBroadcast:-1 android.content.ContextWrapper.sendBroadcast:-1 com.xiaomi.mipush.sdk.PushMessageHelper.sendCommandMessageBroadcast:90 com.xiaomi.mipush.sdk.MiPushClient.setCommand:557 com.xiaomi.mipush.sdk.MiPushClient.setAlias:433
W/BroadcastQueueInjector( 844): System app: "com.miui.cloudbackup" started by broadcast Intent { act=launcher_progress_manager_ready flg=0x10 }
I/GLSActivity( 1530): [ac] getting account id
I/ActivityManager( 844): Start proc com.miui.cloudbackup for broadcast com.miui.cloudbackup/.receiver.MiuiHomeReadyReceiver: pid=4143 uid=10006 gids={50006, 9997, 1028, 1015, 3003} abi=armeabi-v7a
I/DEBUG ( 3636):
I/DEBUG ( 3636): Tombstone written to: /data/tombstones/tombstone_07
I/libmc ( 2269): received event[index:0,mask:0x8,name:tombstone_07]
I/WhetstoneService( 1322): Receive am_crash event for pid: 844
W/KloServer( 1322): Aborted broadcast does not supprt for: android
E/SharedPreferencesImpl( 844): Couldn't create directory for SharedPreferences file shared_prefs/log_files.xml
I/BootReceiver( 844): Copying /data/tombstones/tombstone_07 to DropBox (SYSTEM_TOMBSTONE)
E/ActivityManager( 844): App already has crash dialog: ProcessRecord{35479a8c 3956:com.android.bluetooth/1002}
D/BluetoothManagerService( 844): BluetoothServiceConnection, disconnected: com.android.bluetooth.btservice.AdapterService
D/BluetoothManagerService( 844): Message: 41
E/BluetoothManagerService( 844): MESSAGE_BLUETOOTH_SERVICE_DISCONNECTED: 1
D/BluetoothManagerService( 844): Calling onBluetoothServiceDown callbacks
D/BluetoothManagerService( 844): Broadcasting onBluetoothServiceDown() to 6 receivers.
D/BluetoothManagerService( 844): Calling onQBluetoothServiceDown callbacks
D/BluetoothManagerService( 844): Broadcasting onQBluetoothServiceDown() to 0 receivers.
D/BluetoothManagerService( 844): Bluetooth State Change Intent: 12 -> 13
I/libmc ( 2269): received event[index:0,mask:0x80,name:system_app_native_crash@1440510062824.txt]
I/KLO_Stability( 2269): start gathering logcat log...
I/art ( 1762): Explicit concurrent mark sweep GC freed 8468(455KB) AllocSpace objects, 2(32KB) LOS objects, 40% free, 8MB/14MB, paused 823us total 31.707ms
I/KLO_Stability( 2269): gethering logcat log done
I/Zygote ( 296): Process 3956 exited due to signal (11)
I/libmc ( 2269): received event[index:0,mask:0x80,name:SYSTEM_TOMBSTONE@1440510062847.txt.gz]
D/ProcessObserver( 1640): onProcessDied, pid: 3956 uid: 1002
I/ActivityManager( 844): Process com.android.bluetooth (pid 3956) has died
W/ActivityManager( 844): Scheduling restart of crashed service com.android.bluetooth/.hdp.HealthService in 1000ms
W/ActivityManager( 844): Scheduling restart of crashed service org.codeaurora.bluetooth/.dun.BluetoothDunService in 1000ms
W/ActivityManager( 844): Scheduling restart of crashed service com.android.bluetooth/.btservice.AdapterService in 1000ms
W/ActivityManager( 844): Scheduling restart of crashed service com.android.bluetooth/.a2dp.A2dpService in 10999ms
W/ActivityManager( 844): Scheduling restart of crashed service com.android.bluetooth/.gatt.GattService in 10999ms
W/ActivityManager( 844): Scheduling restart of crashed service com.android.bluetooth/.map.BluetoothMapService in 10999ms
W/ActivityManager( 844): Scheduling restart of crashed service com.android.bluetooth/.hfp.HeadsetService in 10999ms
W/ActivityManager( 844): Scheduling restart of crashed service com.android.bluetooth/.hid.HidService in 10999ms
W/ActivityManager( 844): Scheduling restart of crashed service com.android.bluetooth/.pan.PanService in 10999ms
W/ActivityManager( 844): Scheduling restart of crashed service org.codeaurora.bluetooth/.sap.BluetoothSapService in 10999ms
E/WhetstoneService( 1322): the pacakge name not found
I/ActivityManager( 844): Start proc com.android.bluetooth for restart com.android.bluetooth: pid=4164 uid=1002 gids={41002, 9997, 3003, 3002, 3001, 1028, 1015, 3005, 1016, 3008, 1023} abi=armeabi-v7a
D/BluetoothManagerService( 844): Broadcasting onBluetoothStateChange(false) to 9 receivers.
D/BluetoothHeadset( 844): onBluetoothStateChange: up=false
E/BluetoothHeadset( 844):
E/BluetoothHeadset( 844): java.lang.IllegalArgumentException: Service not registered: android.bluetooth.BluetoothHeadset$2@1aac831b
E/BluetoothHeadset( 844): at android.app.LoadedApk.forgetServiceDispatcher(LoadedApk.java)
E/BluetoothHeadset( 844): at android.app.ContextImpl.unbindService(ContextImpl.java)
E/BluetoothHeadset( 844): at android.bluetooth.BluetoothHeadset$1.onBluetoothStateChange(BluetoothHeadset.java)
E/BluetoothHeadset( 844): at com.android.server.BluetoothManagerService.sendBluetoothStateCallback(BluetoothManagerService.java)
E/BluetoothHeadset( 844): at com.android.server.BluetoothManagerService.bluetoothStateChangeHandler(BluetoothManagerService.java)
E/BluetoothHeadset( 844): at com.android.server.BluetoothManagerService.access$3200(BluetoothManagerService.java)
E/BluetoothHeadset( 844): at com.android.server.BluetoothManagerService$BluetoothHandler.handleMessage(BluetoothManagerService.java)
E/BluetoothHeadset( 844): at android.os.Handler.dispatchMessage(Handler.java)
E/BluetoothHeadset( 844): at android.os.Looper.loop(Looper.java)
E/BluetoothHeadset( 844): at android.os.HandlerThread.run(HandlerThread.java)
E/BluetoothHeadset( 844): at com.android.server.ServiceThread.run(ServiceThread.java)
D/BluetoothAdapter( 1063): 517947889: getState() : mService = null. Returning STATE_OFF
D/BluetoothHeadset( 1302): onBluetoothStateChange: up=false
E/BluetoothHeadset( 1302):
E/BluetoothHeadset( 1302): java.lang.IllegalArgumentException: Service not registered: android.bluetooth.BluetoothHeadset$2@171bdf46
E/BluetoothHeadset( 1302): at android.app.LoadedApk.forgetServiceDispatcher(LoadedApk.java)
E/BluetoothHeadset( 1302): at android.app.ContextImpl.unbindService(ContextImpl.java)
E/BluetoothHeadset( 1302): at android.content.ContextWrapper.unbindService(ContextWrapper.java)
E/BluetoothHeadset( 1302): at android.bluetooth.BluetoothHeadset$1.onBluetoothStateChange(BluetoothHeadset.java)
E/BluetoothHeadset( 1302): at android.bluetooth.IBluetoothStateChangeCallback$Stub.onTransact(IBluetoothStateChangeCallback.java)
E/BluetoothHeadset( 1302): at android.os.Binder.execTransact(Binder.java)
D/KeyguardViewMediator( 1063): action name: android.bluetooth.adapter.action.STATE_CHANGED
D/BluetoothPan( 1219): onBluetoothStateChange on: false
D/BluetoothAdapter( 1358): 173510713: getState() : mService = null. Returning STATE_OFF
E/BluetoothPan( 1219):
E/BluetoothPan( 1219): java.lang.IllegalArgumentException: Service not registered: android.bluetooth.BluetoothPan$2@3bf2533c
E/BluetoothPan( 1219): at android.app.LoadedApk.forgetServiceDispatcher(LoadedApk.java)
E/BluetoothPan( 1219): at android.app.ContextImpl.unbindService(ContextImpl.java)
E/BluetoothPan( 1219): at android.content.ContextWrapper.unbindService(ContextWrapper.java)
E/BluetoothPan( 1219): at android.bluetooth.BluetoothPan$1.onBluetoothStateChange(BluetoothPan.java)
E/BluetoothPan( 1219): at android.bluetooth.IBluetoothStateChangeCallback$Stub.onTransact(IBluetoothStateChangeCallback.java)
E/BluetoothPan( 1219): at android.os.Binder.execTransact(Binder.java)
D/BluetoothMap( 1219): onBluetoothStateChange: up=false
E/BluetoothMap( 1219):
E/BluetoothMap( 1219): java.lang.IllegalArgumentException: Service not registered: android.bluetooth.BluetoothMap$2@37f1e8c5
E/BluetoothMap( 1219): at android.app.LoadedApk.forgetServiceDispatcher(LoadedApk.java)
E/BluetoothMap( 1219): at android.app.ContextImpl.unbindService(ContextImpl.java)
E/BluetoothMap( 1219): at android.content.ContextWrapper.unbindService(ContextWrapper.java)
E/BluetoothMap( 1219): at android.bluetooth.BluetoothMap$1.onBluetoothStateChange(BluetoothMap.java)
E/BluetoothMap( 1219): at android.bluetooth.IBluetoothStateChangeCallback$Stub.onTransact(IBluetoothStateChangeCallback.java)
E/BluetoothMap( 1219): at android.os.Binder.execTransact(Binder.java)
D/BluetoothInputDevice( 1219): onBluetoothStateChange: up=false
E/BluetoothInputDevice( 1219):
E/BluetoothInputDevice( 1219): java.lang.IllegalArgumentException: Service not registered: android.bluetooth.BluetoothInputDevice$2@3d6912f
E/BluetoothInputDevice( 1219): at android.app.LoadedApk.forgetServiceDispatcher(LoadedApk.java)
E/BluetoothInputDevice( 1219): at android.app.ContextImpl.unbindService(ContextImpl.java)
E/BluetoothInputDevice( 1219): at android.content.ContextWrapper.unbindService(ContextWrapper.java)
E/BluetoothInputDevice( 1219): at android.bluetooth.BluetoothInputDevice$1.onBluetoothStateChange(BluetoothInputDevice.java)
E/BluetoothInputDevice( 1219): at android.bluetooth.IBluetoothStateChangeCallback$Stub.onTransact(IBluetoothStateChangeCallback.java)
E/BluetoothInputDevice( 1219): at android.os.Binder.execTransact(Binder.java)
D/BluetoothHeadset( 1284): onBluetoothStateChange: up=false
E/BluetoothHeadset( 1284):
E/BluetoothHeadset( 1284): java.lang.IllegalArgumentException: Service not registered: android.bluetooth.BluetoothHeadset$2@315b80fe
E/BluetoothHeadset( 1284): at android.app.LoadedApk.forgetServiceDispatcher(LoadedApk.java)
E/BluetoothHeadset( 1284): at android.app.ContextImpl.unbindService(ContextImpl.java)
E/BluetoothHeadset( 1284): at android.content.ContextWrapper.unbindService(ContextWrapper.java)
E/BluetoothHeadset( 1284): at android.content.ContextWrapper.unbindService(ContextWrapper.java)
E/BluetoothHeadset( 1284): at android.bluetooth.BluetoothHeadset$1.onBluetoothStateChange(BluetoothHeadset.java)
E/BluetoothHeadset( 1284): at android.bluetooth.IBluetoothStateChangeCallback$Stub.onTransact(IBluetoothStateChangeCallback.java)
E/BluetoothHeadset( 1284): at android.os.Binder.execTransact(Binder.java)
D/BluetoothPbap( 1219): onBluetoothStateChange: up=false
E/BluetoothPbap( 1219):
E/BluetoothPbap( 1219): java.lang.IllegalArgumentException: Service not registered: android.bluetooth.BluetoothPbap$2@144a521a
E/BluetoothPbap( 1219): at android.app.LoadedApk.forgetServiceDispatcher(LoadedApk.java)
E/BluetoothPbap( 1219): at android.app.ContextImpl.unbindService(ContextImpl.java)
E/BluetoothPbap( 1219): at android.content.ContextWrapper.unbindService(ContextWrapper.java)
E/BluetoothPbap( 1219): at android.bluetooth.BluetoothPbap$1.onBluetoothStateChange(BluetoothPbap.java)
E/BluetoothPbap( 1219): at android.bluetooth.IBluetoothStateChangeCallback$Stub.onTransact(IBluetoothStateChangeCallback.java)
E/BluetoothPbap( 1219): at android.os.Binder.execTransact(Binder.java)
D/BluetoothA2dp( 844): onBluetoothStateChange: up=false
E/BluetoothA2dp( 844):
E/BluetoothA2dp( 844): java.lang.IllegalArgumentException: Service not registered: android.bluetooth.BluetoothA2dp$2@1d8635f7
E/BluetoothA2dp( 844): at android.app.LoadedApk.forgetServiceDispatcher(LoadedApk.java)
E/BluetoothA2dp( 844): at android.app.ContextImpl.unbindService(ContextImpl.java)
E/BluetoothA2dp( 844): at android.bluetooth.BluetoothA2dp$1.onBluetoothStateChange(BluetoothA2dp.java)
E/BluetoothA2dp( 844): at com.android.server.BluetoothManagerService.sendBluetoothStateCallback(BluetoothManagerService.java)
E/BluetoothA2dp( 844): at com.android.server.BluetoothManagerService.bluetoothStateChangeHandler(BluetoothManagerService.java)
E/BluetoothA2dp( 844): at com.android.server.BluetoothManagerService.access$3200(BluetoothManagerService.java)
E/BluetoothA2dp( 844): at com.android.server.BluetoothManagerService$BluetoothHandler.handleMessage(BluetoothManagerService.java)
E/BluetoothA2dp( 844): at android.os.Handler.dispatchMessage(Handler.java)
E/BluetoothA2dp( 844): at android.os.Looper.loop(Looper.java)
E/BluetoothA2dp( 844): at android.os.HandlerThread.run(HandlerThread.java)
E/BluetoothA2dp( 844): at com.android.server.ServiceThread.run(ServiceThread.java)
D/BluetoothHeadset( 1284): onBluetoothStateChange: up=false
E/BluetoothHeadset( 1284):
E/BluetoothHeadset( 1284): java.lang.IllegalArgumentException: Service not registered: android.bluetooth.BluetoothHeadset$2@1845c947
E/BluetoothHeadset( 1284): at android.app.LoadedApk.forgetServiceDispatcher(LoadedApk.java)
E/BluetoothHeadset( 1284): at android.app.ContextImpl.unbindService(ContextImpl.java)
E/BluetoothHeadset( 1284): at android.content.ContextWrapper.unbindService(ContextWrapper.java)
E/BluetoothHeadset( 1284): at android.bluetooth.BluetoothHeadset$1.onBluetoothStateChange(BluetoothHeadset.java)
E/BluetoothHeadset( 1284): at android.bluetooth.IBluetoothStateChangeCallback$Stub.onTransact(IBluetoothStateChangeCallback.java)
E/BluetoothHeadset( 1284): at android.os.Binder.execTransact(Binder.java)
D/BluetoothManagerService( 844): Bluetooth State Change Intent: 13 -> 10
D/Telecom ( 1284): BluetoothPhoneService: Bluetooth Adapter state: 13
I/GLSUser ( 1530): [t] Fetched account id for ludo.lehmann@gmail.com : 103836822487268295648
W/ContextImpl( 1219): Calling a method in the system process without a qualified user: android.app.ContextImpl.startService:-1 android.content.ContextWrapper.startService:-1 android.content.ContextWrapper.startService:-1 com.android.settings.bluetooth.DockEventReceiver.e:134 com.android.settings.bluetooth.DockEventReceiver.onReceive:115
W/BroadcastQueueInjector( 844): System app: "com.android.bluetooth" started by broadcast Intent { act=android.bluetooth.adapter.action.STATE_CHANGED flg=0x14000010 (has extras) }
D/DockEventReceiver( 1219): finishStartingService: stopping service
V/ProcessObserver( 1640): onProcessStateChanged
D/BluetoothAdapter( 1063): 517947889: getState() : mService = null. Returning STATE_OFF
D/KeyguardViewMediator( 1063): action name: android.bluetooth.adapter.action.STATE_CHANGED
V/LocationPolicy( 844): onProcessStateChanged
D/BluetoothAdapter( 1358): 173510713: getState() : mService = null. Returning STATE_OFF
D/Telecom ( 1284): BluetoothPhoneService: Bluetooth Adapter state: 10
I/art ( 1530): Explicit concurrent mark sweep GC freed 10271(628KB) AllocSpace objects, 4(64KB) LOS objects, 24% free, 11MB/15MB, paused 610us total 40.893ms
D/Finsky ( 3933): [411] InAppBillingUtils.pickAccount: com.whatsapp: Account determined from installer data - [hiN3nMNffmtMxH-r_oWy_JUyk4o]
W/ResourcesManager( 4143): Asset path '/system/framework/protobuf.jar' does not exist or contains no resources.
W/ResourcesManager( 4143): Asset path '/system/framework/cloud-common.jar' does not exist or contains no resources.
D/BluetoothManagerService( 844): Message: 42
D/BluetoothManagerService( 844): MESSAGE_RESTART_BLUETOOTH_SERVICE: Restart IBluetooth service
D/miuisdk ( 4143): current sdk level is 2
I/art ( 844): Explicit concurrent mark sweep GC freed 26616(1497KB) AllocSpace objects, 11(1313KB) LOS objects, 33% free, 23MB/34MB, paused 1.708ms total 99.761ms
V/ProcessObserver( 1640): onProcessStateChanged
V/LocationPolicy( 844): onProcessStateChanged
W/ResourcesManager( 4164): Asset path '/system/framework/javax.btobex.jar' does not exist or contains no resources.
I/AuthZen ( 1813): Fetching signing key...
I/AuthZen ( 1813): Signing key fetched successfully!
I/GCoreUlr( 1184): WorldUpdater received intent Intent { act=com.google.android.location.reporting.ACTION_UPDATE_WORLD cmp=com.google.android.gms/com.google.android.location.reporting.service.DispatchingService (has extras) } with receiverAction android.intent.action.BOOT_COMPLETED
W/BaseAppContext( 1813): Using Auth Proxy for data requests.
D/BluetoothManagerService( 844): Message: 20
D/BluetoothManagerService( 844): Added callback: android.bluetooth.IBluetoothManagerCallback$Stub$Proxy@1fd30c70:true
D/miuisdk ( 4164): current sdk level is 2
D/a ( 1813): Opening database auth.proximity.permit_store...
D/AuthZenTransactionCache( 1813): Initialized cache in: /data/data/com.google.android.gms/files
D/AuthZenTransactionCache( 1813): Clearing transaction cache
I/MiuiHomeReadyReceiver( 4143): launcher_progress_manager_ready received
D/AdapterServiceConfig( 4164): Adding HeadsetService
D/AdapterServiceConfig( 4164): Adding A2dpService
D/AdapterServiceConfig( 4164): Adding HidService
D/AdapterServiceConfig( 4164): Adding HealthService
D/AdapterServiceConfig( 4164): Adding PanService
D/AdapterServiceConfig( 4164): Adding GattService
D/AdapterServiceConfig( 4164): Adding BluetoothMapService
V/ProcessObserver( 1640): onProcessStateChanged
V/LocationPolicy( 844): onProcessStateChanged
W/ContextImpl( 1219): Calling a method in the system process without a qualified user: android.app.ContextImpl.startService:-1 android.content.ContextWrapper.startService:-1 android.content.ContextWrapper.startService:-1 com.android.settings.MiuiSettingsReceiver.onReceive:106 android.app.ActivityThread.handleReceiver:-1
D/BluetoothManagerService( 844): Message: 20
D/BluetoothManagerService( 844): Added callback: android.bluetooth.IBluetoothManagerCallback$Stub$Proxy@7eef11e:true
D/BluetoothAdapterState( 4164): make
I/GCoreUlr( 1184): Starting service, intent=Intent { act=com.google.android.location.reporting.ACTION_UPDATE_WORLD cmp=com.google.android.gms/com.google.android.location.reporting.service.DispatchingService (has extras) }, extras=Bundle[{receiverAction=com.google.android.location.internal.server.ACTION_RESTARTED}]
I/bluedroid( 4164): init
I/BluetoothAdapterState( 4164): Entering OffState
I/bte_conf( 4164): bte_load_conf attempt to load stack conf from /etc/bluetooth/bt_stack.conf
I/bte_conf( 4164): bte_load_ble_conf attempt to load ble stack conf from /etc/bluetooth/ble_stack.conf
E/bt_osi_config( 4164): config_new unable to open file '/etc/bluetooth/ble_stack.conf': No such file or directory
I/bte_conf( 4164): bte_load_ble_conf file >/etc/bluetooth/ble_stack.conf< not found
I/GKI_LINUX( 4164): gki_task_entry task_id=1 [BTIF] starting
E/GKI_LINUX( 4164): GKI_exception(): Task State Table
E/GKI_LINUX( 4164): TASK ID [0] task name [(null)] state [0]
E/GKI_LINUX( 4164): TASK ID [1] task name [BTIF] state [1]
E/GKI_LINUX( 4164): TASK ID [2] task name [(null)] state [0]
E/GKI_LINUX( 4164): GKI_exception 65531 Sending to unknown dest
E/GKI_LINUX( 4164): ********************************************************************
E/GKI_LINUX( 4164): * GKI_exception(): 65531 Sending to unknown dest
E/GKI_LINUX( 4164): ********************************************************************
I/bluedroid( 4164): get_profile_interface socket
I/bluedroid( 4164): get_profile_interface map_client
D/BluetoothAdapterProperties( 4164): Address is:F8:A4:5F:02:67:23
D/BluetoothManagerService( 844): Bluetooth Adapter name changed to Mi Phone
D/BluetoothAdapterProperties( 4164): Name is: Mi Phone
D/BluetoothManagerService( 844): Stored Bluetooth name: Mi Phone
D/BluetoothManagerService( 844): BluetoothServiceConnection: com.android.bluetooth.btservice.AdapterService
D/BluetoothManagerService( 844): Message: 40
D/BluetoothManagerService( 844): MESSAGE_BLUETOOTH_SERVICE_CONNECTED: 1
I/bluedroid( 4164): config_hci_snoop_log
D/BluetoothManagerService( 844): Calling onBluetoothServiceUp callbacks
D/BluetoothManagerService( 844): Broadcasting onBluetoothServiceUp() to 8 receivers.
D/BluetoothAdapterState( 4164): CURRENT_STATE=OFF, MESSAGE = USER_TURN_ON
D/BluetoothAdapterProperties( 4164): Setting state to 11
I/BluetoothAdapterState( 4164): Bluetooth adapter state changed: 10-> 11
D/BluetoothManagerService( 844): Message: 60
D/BluetoothManagerService( 844): MESSAGE_BLUETOOTH_STATE_CHANGE: prevState = 10, newState=11
D/BluetoothManagerService( 844): Bluetooth State Change Intent: 10 -> 11
D/BluetoothBondStateMachine( 4164): make
D/KeyguardViewMediator( 1063): action name: android.bluetooth.adapter.action.STATE_CHANGED
D/Telecom ( 1284): BluetoothPhoneService: Bluetooth Adapter state: 11
D/BluetoothAdapterService( 4164): checkA2dpState: isA2dpSinkEnabled = false
I/BluetoothBondStateMachine( 4164): StableState(): Entering Off State
E/BluetoothAdapterService( 4164): checkA2dpState: returning
D/BluetoothAdapterService( 4164): checkHidState: isHidDev = false
E/BluetoothAdapterService( 4164): checkHidState: returning
D/BluetoothAdapterService( 4164): checkHfpState: isHfpClientEnabled = false
E/BluetoothAdapterService( 4164): checkHfpState: returning
D/HeadsetService( 4164): Received start request. Starting profile...
I/BluetoothHeadsetServiceJni( 4164): classInitNative: succeeds
D/HeadsetStateMachine( 4164): Version 1.6
D/HeadsetStateMachine( 4164): make
V/ProcessObserver( 1640): onProcessStateChanged
V/LocationPolicy( 844): onProcessStateChanged
E/HeadsetStateMachine( 4164): Could not bind to Bluetooth Headset Voip Phone Service
D/HeadsetStateMachine( 4164): max_hf_connections = 1
I/bluedroid( 4164): get_profile_interface handsfree
I/BluetoothAdapterState( 4164): Entering PendingCommandState State: isTurningOn()=true, isTurningOff()=false
I/MiuiPushMessageReceiver( 3411): onCommandResult is called. command={register}, resultCode={0}, reason={null}, category={null}, commandArguments={[d//igwEhgBGCI2TG6lWqlIpoRgObMYnpNlwpnfbHTHQSdeCTNgKXAsYfed2+dX6N2katUnDIE9BT/z+gzjPq+3eYZH+qRf6Ud5Aw0Xg/rj4=]}
I/PushManager( 3411): set alias for push ===
D/HeadsetStateMachine( 4164): Enter Disconnected: -2, size: 0
D/BluetoothAdapterService( 4164): getAdapterService() - returning com.android.bluetooth.btservice.AdapterService@167dc37b
E/BTEventHandler( 4164): A4WP is not supported
D/A2dpService( 4164): Received start request. Starting profile...
I/BluetoothAvrcpServiceJni( 4164): classInitNative: succeeds
V/Avrcp ( 4164): make
V/Avrcp ( 4164): Avrcp
I/bluedroid( 4164): get_profile_interface avrcp
V/Avrcp ( 4164): start
V/Avrcp ( 4164): registerMediaPlayers
V/Avrcp ( 4164): MediaPlayerInfo: mPlayerId = 1
V/Avrcp ( 4164): mMajorPlayerType = 1 mPlayerSubType = 0
V/Avrcp ( 4164): mPlayState = 2 mCharsetId = 106
V/Avrcp ( 4164): mPlayerPackageName = com.android.music mDisplayableNameLength = 5
V/Avrcp ( 4164): mItemLength = 33 mEntryLength = 34
V/Avrcp ( 4164): mFeatureMask =
V/Avrcp ( 4164): mFeatureMask[0] = 0
V/Avrcp ( 4164): mFeatureMask[1] = 0
V/Avrcp ( 4164): mFeatureMask[2] = 0
V/Avrcp ( 4164): mFeatureMask[3] = 0
V/Avrcp ( 4164): mFeatureMask[4] = 12
V/Avrcp ( 4164): mFeatureMask[5] = 55
V/Avrcp ( 4164): mFeatureMask[6] = 0
V/Avrcp ( 4164): mFeatureMask[7] = 141
V/Avrcp ( 4164): mFeatureMask[8] = 2
V/Avrcp ( 4164): mFeatureMask[9] = 0
V/Avrcp ( 4164): mFeatureMask[10] = 0
V/Avrcp ( 4164): mFeatureMask[11] = 0
V/Avrcp ( 4164): mFeatureMask[12] = 0
V/Avrcp ( 4164): mFeatureMask[13] = 0
V/Avrcp ( 4164): mFeatureMask[14] = 0
V/Avrcp ( 4164): mFeatureMask[15] = 0
V/Avrcp ( 4164): mDisplayableName=
V/Avrcp ( 4164): mDisplayableName[0] = 77
V/Avrcp ( 4164): mDisplayableName[1] = 117
V/Avrcp ( 4164): mDisplayableName[2] = 115
V/Avrcp ( 4164): mDisplayableName[3] = 105
V/Avrcp ( 4164): mDisplayableName[4] = 99
V/Avrcp ( 4164): MediaPlayerInfo: mPlayerId = 2
V/Avrcp ( 4164): mMajorPlayerType = 1 mPlayerSubType = 0
V/Avrcp ( 4164): mPlayState = 2 mCharsetId = 106
V/Avrcp ( 4164): mPlayerPackageName = com.google.android.music mDisplayableNameLength = 6
V/Avrcp ( 4164): mItemLength = 34 mEntryLength = 35
V/Avrcp ( 4164): mFeatureMask =
V/Avrcp ( 4164): mFeatureMask[0] = 0
V/Avrcp ( 4164): mFeatureMask[1] = 0
V/Avrcp ( 4164): mFeatureMask[2] = 0
V/Avrcp ( 4164): mFeatureMask[3] = 0
V/Avrcp ( 4164): mFeatureMask[4] = 12
V/Avrcp ( 4164): mFeatureMask[5] = 55
V/Avrcp ( 4164): mFeatureMask[6] = 0
V/Avrcp ( 4164): mFeatureMask[7] = 5
V/Avrcp ( 4164): mFeatureMask[8] = 0
V/Avrcp ( 4164): mFeatureMask[9] = 0
V/Avrcp ( 4164): mFeatureMask[10] = 0
V/Avrcp ( 4164): mFeatureMask[11] = 0
V/Avrcp ( 4164): mFeatureMask[12] = 0
V/Avrcp ( 4164): mFeatureMask[13] = 0
V/Avrcp ( 4164): mFeatureMask[14] = 0
V/Avrcp ( 4164): mFeatureMask[15] = 0
V/Avrcp ( 4164): mDisplayableName=
V/Avrcp ( 4164): mDisplayableName[0] = 77
V/Avrcp ( 4164): mDisplayableName[1] = 117
V/Avrcp ( 4164): mDisplayableName[2] = 115
V/Avrcp ( 4164): mDisplayableName[3] = 105
V/Avrcp ( 4164): mDisplayableName[4] = 99
V/Avrcp ( 4164): mDisplayableName[5] = 50
W/BroadcastQueueInjector( 844): System app: "com.xiaomi.account" started by broadcast Intent { act=com.xiaomi.mipush.RECEIVE_MESSAGE flg=0x10 pkg=com.xiaomi.account (has extras) }
V/AudioService( 844): updateRemoteControllerOnExistingMediaPlayers: size of Player list: 0
E/AudioService( 844): No RCC entry present to update
E/RemoteController( 4164): Cannot set synchronization mode on an unregistered RemoteController
I/BluetoothA2dpServiceJni( 4164): classInitNative: succeeds
D/A2dpStateMachine( 4164): make
I/bluedroid( 4164): get_profile_interface a2dp
I/GKI_LINUX( 4164): gki_task_entry task_id=2 [A2DP-MEDIA] starting
D/bt-btif ( 4164): btif_av_state_idle_handler event:BTIF_SM_ENTER_EVT flags 0
D/A2dpService( 4164): setA2dpService(): set to: null
