E/WindowManager( 844): Unknown window type: 2444
E/WindowManager( 844): Unknown window type: 2445
E/WindowManager( 844): Unknown window type: 2446
E/WindowManager( 844): Unknown window type: 2447
E/WindowManager( 844): Unknown window type: 2448
E/WindowManager( 844): Unknown window type: 2449
E/WindowManager( 844): Unknown window type: 2450
E/WindowManager( 844): Unknown window type: 2451
E/WindowManager( 844): Unknown window type: 2452
E/WindowManager( 844): Unknown window type: 2453
E/WindowManager( 844): Unknown window type: 2454
E/WindowManager( 844): Unknown window type: 2455
E/WindowManager( 844): Unknown window type: 2456
E/WindowManager( 844): Unknown window type: 2457
E/WindowManager( 844): Unknown window type: 2458
E/WindowManager( 844): Unknown window type: 2459
E/WindowManager( 844): Unknown window type: 2460
E/WindowManager( 844): Unknown window type: 2461
E/WindowManager( 844): Unknown window type: 2462
E/WindowManager( 844): Unknown window type: 2463
E/WindowManager( 844): Unknown window type: 2464
E/WindowManager( 844): Unknown window type: 2465
E/WindowManager( 844): Unknown window type: 2466
E/WindowManager( 844): Unknown window type: 2467
E/WindowManager( 844): Unknown window type: 2468
E/WindowManager( 844): Unknown window type: 2469
E/WindowManager( 844): Unknown window type: 2470
E/WindowManager( 844): Unknown window type: 2471
E/WindowManager( 844): Unknown window type: 2472
E/WindowManager( 844): Unknown window type: 2473
E/WindowManager( 844): Unknown window type: 2474
E/WindowManager( 844): Unknown window type: 2475
E/WindowManager( 844): Unknown window type: 2476
E/WindowManager( 844): Unknown window type: 2477
E/WindowManager( 844): Unknown window type: 2478
E/WindowManager( 844): Unknown window type: 2479
E/WindowManager( 844): Unknown window type: 2480
E/WindowManager( 844): Unknown window type: 2481
E/WindowManager( 844): Unknown window type: 2482
E/WindowManager( 844): Unknown window type: 2483
E/WindowManager( 844): Unknown window type: 2484
E/WindowManager( 844): Unknown window type: 2485
E/WindowManager( 844): Unknown window type: 2486
E/WindowManager( 844): Unknown window type: 2487
E/WindowManager( 844): Unknown window type: 2488
E/WindowManager( 844): Unknown window type: 2489
E/WindowManager( 844): Unknown window type: 2490
E/WindowManager( 844): Unknown window type: 2491
E/WindowManager( 844): Unknown window type: 2492
E/WindowManager( 844): Unknown window type: 2493
E/WindowManager( 844): Unknown window type: 2494
E/WindowManager( 844): Unknown window type: 2495
E/WindowManager( 844): Unknown window type: 2496
E/WindowManager( 844): Unknown window type: 2497
E/WindowManager( 844): Unknown window type: 2498
E/WindowManager( 844): Unknown window type: 2499
E/WindowManager( 844): Unknown window type: 2500
E/WindowManager( 844): Unknown window type: 2501
E/WindowManager( 844): Unknown window type: 2502
E/WindowManager( 844): Unknown window type: 2503
E/WindowManager( 844): Unknown window type: 2504
E/WindowManager( 844): Unknown window type: 2505
E/WindowManager( 844): Unknown window type: 2506
E/WindowManager( 844): Unknown window type: 2507
E/WindowManager( 844): Unknown window type: 2508
E/WindowManager( 844): Unknown window type: 2509
E/WindowManager( 844): Unknown window type: 2510
E/WindowManager( 844): Unknown window type: 2511
E/WindowManager( 844): Unknown window type: 2512
E/WindowManager( 844): Unknown window type: 2513
E/WindowManager( 844): Unknown window type: 2514
E/WindowManager( 844): Unknown window type: 2515
E/WindowManager( 844): Unknown window type: 2516
E/WindowManager( 844): Unknown window type: 2517
E/WindowManager( 844): Unknown window type: 2518
E/WindowManager( 844): Unknown window type: 2519
E/WindowManager( 844): Unknown window type: 2520
E/WindowManager( 844): Unknown window type: 2521
E/WindowManager( 844): Unknown window type: 2522
E/WindowManager( 844): Unknown window type: 2523
E/WindowManager( 844): Unknown window type: 2524
E/WindowManager( 844): Unknown window type: 2525
E/WindowManager( 844): Unknown window type: 2526
E/WindowManager( 844): Unknown window type: 2527
E/WindowManager( 844): Unknown window type: 2528
E/WindowManager( 844): Unknown window type: 2529
E/WindowManager( 844): Unknown window type: 2530
E/WindowManager( 844): Unknown window type: 2531
E/WindowManager( 844): Unknown window type: 2532
E/WindowManager( 844): Unknown window type: 2533
E/WindowManager( 844): Unknown window type: 2534
E/WindowManager( 844): Unknown window type: 2535
E/WindowManager( 844): Unknown window type: 2536
E/WindowManager( 844): Unknown window type: 2537
E/WindowManager( 844): Unknown window type: 2538
E/WindowManager( 844): Unknown window type: 2539
E/WindowManager( 844): Unknown window type: 2540
E/WindowManager( 844): Unknown window type: 2541
E/WindowManager( 844): Unknown window type: 2542
E/WindowManager( 844): Unknown window type: 2543
E/WindowManager( 844): Unknown window type: 2544
E/WindowManager( 844): Unknown window type: 2545
E/WindowManager( 844): Unknown window type: 2546
E/WindowManager( 844): Unknown window type: 2547
E/WindowManager( 844): Unknown window type: 2548
E/WindowManager( 844): Unknown window type: 2549
E/WindowManager( 844): Unknown window type: 2550
E/WindowManager( 844): Unknown window type: 2551
E/WindowManager( 844): Unknown window type: 2552
E/WindowManager( 844): Unknown window type: 2553
E/WindowManager( 844): Unknown window type: 2554
E/WindowManager( 844): Unknown window type: 2555
E/WindowManager( 844): Unknown window type: 2556
E/WindowManager( 844): Unknown window type: 2557
E/WindowManager( 844): Unknown window type: 2558
E/WindowManager( 844): Unknown window type: 2559
E/WindowManager( 844): Unknown window type: 2560
E/WindowManager( 844): Unknown window type: 2561
E/WindowManager( 844): Unknown window type: 2562
E/WindowManager( 844): Unknown window type: 2563
E/WindowManager( 844): Unknown window type: 2564
E/WindowManager( 844): Unknown window type: 2565
E/WindowManager( 844): Unknown window type: 2566
E/WindowManager( 844): Unknown window type: 2567
E/WindowManager( 844): Unknown window type: 2568
E/WindowManager( 844): Unknown window type: 2569
E/WindowManager( 844): Unknown window type: 2570
E/WindowManager( 844): Unknown window type: 2571
E/WindowManager( 844): Unknown window type: 2572
E/WindowManager( 844): Unknown window type: 2573
E/WindowManager( 844): Unknown window type: 2574
E/WindowManager( 844): Unknown window type: 2575
E/WindowManager( 844): Unknown window type: 2576
E/WindowManager( 844): Unknown window type: 2577
E/WindowManager( 844): Unknown window type: 2578
E/WindowManager( 844): Unknown window type: 2579
E/WindowManager( 844): Unknown window type: 2580
E/WindowManager( 844): Unknown window type: 2581
E/WindowManager( 844): Unknown window type: 2582
E/WindowManager( 844): Unknown window type: 2583
E/WindowManager( 844): Unknown window type: 2584
E/WindowManager( 844): Unknown window type: 2585
E/WindowManager( 844): Unknown window type: 2586
E/WindowManager( 844): Unknown window type: 2587
E/WindowManager( 844): Unknown window type: 2588
E/WindowManager( 844): Unknown window type: 2589
E/WindowManager( 844): Unknown window type: 2590
E/WindowManager( 844): Unknown window type: 2591
E/WindowManager( 844): Unknown window type: 2592
E/WindowManager( 844): Unknown window type: 2593
E/WindowManager( 844): Unknown window type: 2594
E/WindowManager( 844): Unknown window type: 2595
E/WindowManager( 844): Unknown window type: 2596
E/WindowManager( 844): Unknown window type: 2597
E/WindowManager( 844): Unknown window type: 2598
E/WindowManager( 844): Unknown window type: 2599
E/WindowManager( 844): Unknown window type: 2600
E/WindowManager( 844): Unknown window type: 2601
E/WindowManager( 844): Unknown window type: 2602
E/WindowManager( 844): Unknown window type: 2603
E/WindowManager( 844): Unknown window type: 2604
E/WindowManager( 844): Unknown window type: 2605
E/WindowManager( 844): Unknown window type: 2606
E/WindowManager( 844): Unknown window type: 2607
E/WindowManager( 844): Unknown window type: 2608
E/WindowManager( 844): Unknown window type: 2609
E/WindowManager( 844): Unknown window type: 2610
E/WindowManager( 844): Unknown window type: 2611
E/WindowManager( 844): Unknown window type: 2612
E/WindowManager( 844): Unknown window type: 2613
E/WindowManager( 844): Unknown window type: 2614
E/WindowManager( 844): Unknown window type: 2615
E/WindowManager( 844): Unknown window type: 2616
E/WindowManager( 844): Unknown window type: 2617
E/WindowManager( 844): Unknown window type: 2618
E/WindowManager( 844): Unknown window type: 2619
E/WindowManager( 844): Unknown window type: 2620
E/WindowManager( 844): Unknown window type: 2621
E/WindowManager( 844): Unknown window type: 2622
E/WindowManager( 844): Unknown window type: 2623
E/WindowManager( 844): Unknown window type: 2624
E/WindowManager( 844): Unknown window type: 2625
E/WindowManager( 844): Unknown window type: 2626
E/WindowManager( 844): Unknown window type: 2627
E/WindowManager( 844): Unknown window type: 2628
E/WindowManager( 844): Unknown window type: 2629
E/WindowManager( 844): Unknown window type: 2630
E/WindowManager( 844): Unknown window type: 2631
E/WindowManager( 844): Unknown window type: 2632
E/WindowManager( 844): Unknown window type: 2633
E/WindowManager( 844): Unknown window type: 2634
E/WindowManager( 844): Unknown window type: 2635
E/WindowManager( 844): Unknown window type: 2636
E/WindowManager( 844): Unknown window type: 2637
E/WindowManager( 844): Unknown window type: 2638
E/WindowManager( 844): Unknown window type: 2639
E/WindowManager( 844): Unknown window type: 2640
E/WindowManager( 844): Unknown window type: 2641
E/WindowManager( 844): Unknown window type: 2642
E/WindowManager( 844): Unknown window type: 2643
E/WindowManager( 844): Unknown window type: 2644
E/WindowManager( 844): Unknown window type: 2645
E/WindowManager( 844): Unknown window type: 2646
E/WindowManager( 844): Unknown window type: 2647
E/WindowManager( 844): Unknown window type: 2648
E/WindowManager( 844): Unknown window type: 2649
E/WindowManager( 844): Unknown window type: 2650
E/WindowManager( 844): Unknown window type: 2651
E/WindowManager( 844): Unknown window type: 2652
E/WindowManager( 844): Unknown window type: 2653
E/WindowManager( 844): Unknown window type: 2654
E/WindowManager( 844): Unknown window type: 2655
E/WindowManager( 844): Unknown window type: 2656
E/WindowManager( 844): Unknown window type: 2657
E/WindowManager( 844): Unknown window type: 2658
E/WindowManager( 844): Unknown window type: 2659
E/WindowManager( 844): Unknown window type: 2660
E/WindowManager( 844): Unknown window type: 2661
E/WindowManager( 844): Unknown window type: 2662
E/WindowManager( 844): Unknown window type: 2663
E/WindowManager( 844): Unknown window type: 2664
E/WindowManager( 844): Unknown window type: 2665
E/WindowManager( 844): Unknown window type: 2666
E/WindowManager( 844): Unknown window type: 2667
E/WindowManager( 844): Unknown window type: 2668
E/WindowManager( 844): Unknown window type: 2669
E/WindowManager( 844): Unknown window type: 2670
E/WindowManager( 844): Unknown window type: 2671
E/WindowManager( 844): Unknown window type: 2672
E/WindowManager( 844): Unknown window type: 2673
E/WindowManager( 844): Unknown window type: 2674
E/WindowManager( 844): Unknown window type: 2675
E/WindowManager( 844): Unknown window type: 2676
E/WindowManager( 844): Unknown window type: 2677
E/WindowManager( 844): Unknown window type: 2678
E/WindowManager( 844): Unknown window type: 2679
E/WindowManager( 844): Unknown window type: 2680
E/WindowManager( 844): Unknown window type: 2681
E/WindowManager( 844): Unknown window type: 2682
E/WindowManager( 844): Unknown window type: 2683
E/WindowManager( 844): Unknown window type: 2684
E/WindowManager( 844): Unknown window type: 2685
E/WindowManager( 844): Unknown window type: 2686
E/WindowManager( 844): Unknown window type: 2687
E/WindowManager( 844): Unknown window type: 2688
E/WindowManager( 844): Unknown window type: 2689
E/WindowManager( 844): Unknown window type: 2690
E/WindowManager( 844): Unknown window type: 2691
E/WindowManager( 844): Unknown window type: 2692
E/WindowManager( 844): Unknown window type: 2693
E/WindowManager( 844): Unknown window type: 2694
E/WindowManager( 844): Unknown window type: 2695
E/WindowManager( 844): Unknown window type: 2696
E/WindowManager( 844): Unknown window type: 2697
E/WindowManager( 844): Unknown window type: 2698
E/WindowManager( 844): Unknown window type: 2699
E/WindowManager( 844): Unknown window type: 2700
E/WindowManager( 844): Unknown window type: 2701
E/WindowManager( 844): Unknown window type: 2702
E/WindowManager( 844): Unknown window type: 2703
E/WindowManager( 844): Unknown window type: 2704
E/WindowManager( 844): Unknown window type: 2705
E/WindowManager( 844): Unknown window type: 2706
E/WindowManager( 844): Unknown window type: 2707
E/WindowManager( 844): Unknown window type: 2708
E/WindowManager( 844): Unknown window type: 2709
E/WindowManager( 844): Unknown window type: 2710
E/WindowManager( 844): Unknown window type: 2711
E/WindowManager( 844): Unknown window type: 2712
E/WindowManager( 844): Unknown window type: 2713
E/WindowManager( 844): Unknown window type: 2714
E/WindowManager( 844): Unknown window type: 2715
E/WindowManager( 844): Unknown window type: 2716
E/WindowManager( 844): Unknown window type: 2717
E/WindowManager( 844): Unknown window type: 2718
E/WindowManager( 844): Unknown window type: 2719
E/WindowManager( 844): Unknown window type: 2720
E/WindowManager( 844): Unknown window type: 2721
E/WindowManager( 844): Unknown window type: 2722
E/WindowManager( 844): Unknown window type: 2723
E/WindowManager( 844): Unknown window type: 2724
E/WindowManager( 844): Unknown window type: 2725
E/WindowManager( 844): Unknown window type: 2726
E/WindowManager( 844): Unknown window type: 2727
E/WindowManager( 844): Unknown window type: 2728
E/WindowManager( 844): Unknown window type: 2729
E/WindowManager( 844): Unknown window type: 2730
E/WindowManager( 844): Unknown window type: 2731
E/WindowManager( 844): Unknown window type: 2732
E/WindowManager( 844): Unknown window type: 2733
E/WindowManager( 844): Unknown window type: 2734
E/WindowManager( 844): Unknown window type: 2735
E/WindowManager( 844): Unknown window type: 2736
E/WindowManager( 844): Unknown window type: 2737
E/WindowManager( 844): Unknown window type: 2738
E/WindowManager( 844): Unknown window type: 2739
E/WindowManager( 844): Unknown window type: 2740
E/WindowManager( 844): Unknown window type: 2741
E/WindowManager( 844): Unknown window type: 2742
E/WindowManager( 844): Unknown window type: 2743
E/WindowManager( 844): Unknown window type: 2744
E/WindowManager( 844): Unknown window type: 2745
E/WindowManager( 844): Unknown window type: 2746
E/WindowManager( 844): Unknown window type: 2747
E/WindowManager( 844): Unknown window type: 2748
E/WindowManager( 844): Unknown window type: 2749
E/WindowManager( 844): Unknown window type: 2750
E/WindowManager( 844): Unknown window type: 2751
E/WindowManager( 844): Unknown window type: 2752
E/WindowManager( 844): Unknown window type: 2753
E/WindowManager( 844): Unknown window type: 2754
E/WindowManager( 844): Unknown window type: 2755
E/WindowManager( 844): Unknown window type: 2756
E/WindowManager( 844): Unknown window type: 2757
E/WindowManager( 844): Unknown window type: 2758
E/WindowManager( 844): Unknown window type: 2759
E/WindowManager( 844): Unknown window type: 2760
E/WindowManager( 844): Unknown window type: 2761
E/WindowManager( 844): Unknown window type: 2762
E/WindowManager( 844): Unknown window type: 2763
E/WindowManager( 844): Unknown window type: 2764
E/WindowManager( 844): Unknown window type: 2765
E/WindowManager( 844): Unknown window type: 2766
E/WindowManager( 844): Unknown window type: 2767
E/WindowManager( 844): Unknown window type: 2768
E/WindowManager( 844): Unknown window type: 2769
E/WindowManager( 844): Unknown window type: 2770
E/WindowManager( 844): Unknown window type: 2771
E/WindowManager( 844): Unknown window type: 2772
E/WindowManager( 844): Unknown window type: 2773
E/WindowManager( 844): Unknown window type: 2774
E/WindowManager( 844): Unknown window type: 2775
E/WindowManager( 844): Unknown window type: 2776
E/WindowManager( 844): Unknown window type: 2777
E/WindowManager( 844): Unknown window type: 2778
E/WindowManager( 844): Unknown window type: 2779
E/WindowManager( 844): Unknown window type: 2780
E/WindowManager( 844): Unknown window type: 2781
E/WindowManager( 844): Unknown window type: 2782
E/WindowManager( 844): Unknown window type: 2783
E/WindowManager( 844): Unknown window type: 2784
E/WindowManager( 844): Unknown window type: 2785
E/WindowManager( 844): Unknown window type: 2786
E/WindowManager( 844): Unknown window type: 2787
E/WindowManager( 844): Unknown window type: 2788
E/WindowManager( 844): Unknown window type: 2789
E/WindowManager( 844): Unknown window type: 2790
E/WindowManager( 844): Unknown window type: 2791
E/WindowManager( 844): Unknown window type: 2792
E/WindowManager( 844): Unknown window type: 2793
E/WindowManager( 844): Unknown window type: 2794
E/WindowManager( 844): Unknown window type: 2795
E/WindowManager( 844): Unknown window type: 2796
E/WindowManager( 844): Unknown window type: 2797
E/WindowManager( 844): Unknown window type: 2798
E/WindowManager( 844): Unknown window type: 2799
E/WindowManager( 844): Unknown window type: 2800
E/WindowManager( 844): Unknown window type: 2801
E/WindowManager( 844): Unknown window type: 2802
E/WindowManager( 844): Unknown window type: 2803
E/WindowManager( 844): Unknown window type: 2804
E/WindowManager( 844): Unknown window type: 2805
E/WindowManager( 844): Unknown window type: 2806
E/WindowManager( 844): Unknown window type: 2807
E/WindowManager( 844): Unknown window type: 2808
E/WindowManager( 844): Unknown window type: 2809
E/WindowManager( 844): Unknown window type: 2810
E/WindowManager( 844): Unknown window type: 2811
E/WindowManager( 844): Unknown window type: 2812
E/WindowManager( 844): Unknown window type: 2813
E/WindowManager( 844): Unknown window type: 2814
E/WindowManager( 844): Unknown window type: 2815
E/WindowManager( 844): Unknown window type: 2816
E/WindowManager( 844): Unknown window type: 2817
E/WindowManager( 844): Unknown window type: 2818
E/WindowManager( 844): Unknown window type: 2819
E/WindowManager( 844): Unknown window type: 2820
E/WindowManager( 844): Unknown window type: 2821
E/WindowManager( 844): Unknown window type: 2822
E/WindowManager( 844): Unknown window type: 2823
E/WindowManager( 844): Unknown window type: 2824
E/WindowManager( 844): Unknown window type: 2825
E/WindowManager( 844): Unknown window type: 2826
E/WindowManager( 844): Unknown window type: 2827
E/WindowManager( 844): Unknown window type: 2828
E/WindowManager( 844): Unknown window type: 2829
E/WindowManager( 844): Unknown window type: 2830
E/WindowManager( 844): Unknown window type: 2831
E/WindowManager( 844): Unknown window type: 2832
E/WindowManager( 844): Unknown window type: 2833
E/WindowManager( 844): Unknown window type: 2834
E/WindowManager( 844): Unknown window type: 2835
E/WindowManager( 844): Unknown window type: 2836
E/WindowManager( 844): Unknown window type: 2837
E/WindowManager( 844): Unknown window type: 2838
E/WindowManager( 844): Unknown window type: 2839
E/WindowManager( 844): Unknown window type: 2840
E/WindowManager( 844): Unknown window type: 2841
E/WindowManager( 844): Unknown window type: 2842
E/WindowManager( 844): Unknown window type: 2843
E/WindowManager( 844): Unknown window type: 2844
E/WindowManager( 844): Unknown window type: 2845
E/WindowManager( 844): Unknown window type: 2846
E/WindowManager( 844): Unknown window type: 2847
E/WindowManager( 844): Unknown window type: 2848
E/WindowManager( 844): Unknown window type: 2849
E/WindowManager( 844): Unknown window type: 2850
E/WindowManager( 844): Unknown window type: 2851
E/WindowManager( 844): Unknown window type: 2852
E/WindowManager( 844): Unknown window type: 2853
E/WindowManager( 844): Unknown window type: 2854
E/WindowManager( 844): Unknown window type: 2855
E/WindowManager( 844): Unknown window type: 2856
E/WindowManager( 844): Unknown window type: 2857
E/WindowManager( 844): Unknown window type: 2858
E/WindowManager( 844): Unknown window type: 2859
E/WindowManager( 844): Unknown window type: 2860
E/WindowManager( 844): Unknown window type: 2861
E/WindowManager( 844): Unknown window type: 2862
E/WindowManager( 844): Unknown window type: 2863
E/WindowManager( 844): Unknown window type: 2864
E/WindowManager( 844): Unknown window type: 2865
E/WindowManager( 844): Unknown window type: 2866
E/WindowManager( 844): Unknown window type: 2867
E/WindowManager( 844): Unknown window type: 2868
E/WindowManager( 844): Unknown window type: 2869
E/WindowManager( 844): Unknown window type: 2870
E/WindowManager( 844): Unknown window type: 2871
E/WindowManager( 844): Unknown window type: 2872
E/WindowManager( 844): Unknown window type: 2873
E/WindowManager( 844): Unknown window type: 2874
E/WindowManager( 844): Unknown window type: 2875
E/WindowManager( 844): Unknown window type: 2876
E/WindowManager( 844): Unknown window type: 2877
E/WindowManager( 844): Unknown window type: 2878
E/WindowManager( 844): Unknown window type: 2879
E/WindowManager( 844): Unknown window type: 2880
E/WindowManager( 844): Unknown window type: 2881
E/WindowManager( 844): Unknown window type: 2882
E/WindowManager( 844): Unknown window type: 2883
E/WindowManager( 844): Unknown window type: 2884
E/WindowManager( 844): Unknown window type: 2885
E/WindowManager( 844): Unknown window type: 2886
E/WindowManager( 844): Unknown window type: 2887
E/WindowManager( 844): Unknown window type: 2888
E/WindowManager( 844): Unknown window type: 2889
E/WindowManager( 844): Unknown window type: 2890
E/WindowManager( 844): Unknown window type: 2891
E/WindowManager( 844): Unknown window type: 2892
E/WindowManager( 844): Unknown window type: 2893
E/WindowManager( 844): Unknown window type: 2894
E/WindowManager( 844): Unknown window type: 2895
E/WindowManager( 844): Unknown window type: 2896
E/WindowManager( 844): Unknown window type: 2897
E/WindowManager( 844): Unknown window type: 2898
E/WindowManager( 844): Unknown window type: 2899
E/WindowManager( 844): Unknown window type: 2900
E/WindowManager( 844): Unknown window type: 2901
E/WindowManager( 844): Unknown window type: 2902
E/WindowManager( 844): Unknown window type: 2903
E/WindowManager( 844): Unknown window type: 2904
E/WindowManager( 844): Unknown window type: 2905
E/WindowManager( 844): Unknown window type: 2906
E/WindowManager( 844): Unknown window type: 2907
E/WindowManager( 844): Unknown window type: 2908
E/WindowManager( 844): Unknown window type: 2909
E/WindowManager( 844): Unknown window type: 2910
E/WindowManager( 844): Unknown window type: 2911
E/WindowManager( 844): Unknown window type: 2912
E/WindowManager( 844): Unknown window type: 2913
E/WindowManager( 844): Unknown window type: 2914
E/WindowManager( 844): Unknown window type: 2915
E/WindowManager( 844): Unknown window type: 2916
E/WindowManager( 844): Unknown window type: 2917
E/WindowManager( 844): Unknown window type: 2918
E/WindowManager( 844): Unknown window type: 2919
E/WindowManager( 844): Unknown window type: 2920
E/WindowManager( 844): Unknown window type: 2921
E/WindowManager( 844): Unknown window type: 2922
E/WindowManager( 844): Unknown window type: 2923
E/WindowManager( 844): Unknown window type: 2924
E/WindowManager( 844): Unknown window type: 2925
E/WindowManager( 844): Unknown window type: 2926
E/WindowManager( 844): Unknown window type: 2927
E/WindowManager( 844): Unknown window type: 2928
E/WindowManager( 844): Unknown window type: 2929
E/WindowManager( 844): Unknown window type: 2930
E/WindowManager( 844): Unknown window type: 2931
E/WindowManager( 844): Unknown window type: 2932
E/WindowManager( 844): Unknown window type: 2933
E/WindowManager( 844): Unknown window type: 2934
E/WindowManager( 844): Unknown window type: 2935
E/WindowManager( 844): Unknown window type: 2936
E/WindowManager( 844): Unknown window type: 2937
E/WindowManager( 844): Unknown window type: 2938
E/WindowManager( 844): Unknown window type: 2939
E/WindowManager( 844): Unknown window type: 2940
E/WindowManager( 844): Unknown window type: 2941
E/WindowManager( 844): Unknown window type: 2942
E/WindowManager( 844): Unknown window type: 2943
E/WindowManager( 844): Unknown window type: 2944
E/WindowManager( 844): Unknown window type: 2945
E/WindowManager( 844): Unknown window type: 2946
E/WindowManager( 844): Unknown window type: 2947
E/WindowManager( 844): Unknown window type: 2948
E/WindowManager( 844): Unknown window type: 2949
E/WindowManager( 844): Unknown window type: 2950
E/WindowManager( 844): Unknown window type: 2951
E/WindowManager( 844): Unknown window type: 2952
E/WindowManager( 844): Unknown window type: 2953
E/WindowManager( 844): Unknown window type: 2954
E/WindowManager( 844): Unknown window type: 2955
E/WindowManager( 844): Unknown window type: 2956
E/WindowManager( 844): Unknown window type: 2957
E/WindowManager( 844): Unknown window type: 2958
E/WindowManager( 844): Unknown window type: 2959
E/WindowManager( 844): Unknown window type: 2960
E/WindowManager( 844): Unknown window type: 2961
E/WindowManager( 844): Unknown window type: 2962
E/WindowManager( 844): Unknown window type: 2963
E/WindowManager( 844): Unknown window type: 2964
E/WindowManager( 844): Unknown window type: 2965
E/WindowManager( 844): Unknown window type: 2966
E/WindowManager( 844): Unknown window type: 2967
E/WindowManager( 844): Unknown window type: 2968
E/WindowManager( 844): Unknown window type: 2969
E/WindowManager( 844): Unknown window type: 2970
E/WindowManager( 844): Unknown window type: 2971
E/WindowManager( 844): Unknown window type: 2972
E/WindowManager( 844): Unknown window type: 2973
E/WindowManager( 844): Unknown window type: 2974
E/WindowManager( 844): Unknown window type: 2975
E/WindowManager( 844): Unknown window type: 2976
E/WindowManager( 844): Unknown window type: 2977
E/WindowManager( 844): Unknown window type: 2978
E/WindowManager( 844): Unknown window type: 2979
E/WindowManager( 844): Unknown window type: 2980
E/WindowManager( 844): Unknown window type: 2981
E/WindowManager( 844): Unknown window type: 2982
E/WindowManager( 844): Unknown window type: 2983
E/WindowManager( 844): Unknown window type: 2984
E/WindowManager( 844): Unknown window type: 2985
E/WindowManager( 844): Unknown window type: 2986
E/WindowManager( 844): Unknown window type: 2987
E/WindowManager( 844): Unknown window type: 2988
E/WindowManager( 844): Unknown window type: 2989
E/WindowManager( 844): Unknown window type: 2990
E/WindowManager( 844): Unknown window type: 2991
E/WindowManager( 844): Unknown window type: 2992
E/WindowManager( 844): Unknown window type: 2993
E/WindowManager( 844): Unknown window type: 2994
E/WindowManager( 844): Unknown window type: 2995
E/WindowManager( 844): Unknown window type: 2996
E/WindowManager( 844): Unknown window type: 2997
E/WindowManager( 844): Unknown window type: 2998
E/WindowManager( 844): Unknown window type: 2999
D/EventHub( 844): No input device configuration file found for device 'pmic8xxx_pwrkey'.
W/EventHub( 844): Unable to disable kernel key repeat for /dev/input/event0: Function not implemented
I/EventHub( 844): New device: id=1, fd=93, path='/dev/input/event0', name='pmic8xxx_pwrkey', classes=0x1, configuration='', keyLayout='/system/usr/keylayout/Generic.kl', keyCharacterMap='/system/usr/keychars/Generic.kcm', builtinKeyboard=false, wakeMechanism=EVIOCSSUSPENDBLOCK, usingClockIoctl=true
D/EventHub( 844): No input device configuration file found for device 'apq8064-tabla-snd-card Headset Jack'.
I/EventHub( 844): New device: id=2, fd=94, path='/dev/input/event4', name='apq8064-tabla-snd-card Headset Jack', classes=0x80, configuration='', keyLayout='', keyCharacterMap='', builtinKeyboard=false, wakeMechanism=EVIOCSSUSPENDBLOCK, usingClockIoctl=true
D/EventHub( 844): No input device configuration file found for device 'apq8064-tabla-snd-card Button Jack'.
W/EventHub( 844): Unable to disable kernel key repeat for /dev/input/event3: Function not implemented
I/EventHub( 844): New device: id=3, fd=95, path='/dev/input/event3', name='apq8064-tabla-snd-card Button Jack', classes=0x1, configuration='', keyLayout='/system/usr/keylayout/Generic.kl', keyCharacterMap='/system/usr/keychars/Generic.kcm', builtinKeyboard=false, wakeMechanism=EVIOCSSUSPENDBLOCK, usingClockIoctl=true
D/EventHub( 844): No input device configuration file found for device 'gpio-keys'.
W/EventHub( 844): Unable to disable kernel key repeat for /dev/input/event5: Function not implemented
I/EventHub( 844): New device: id=4, fd=96, path='/dev/input/event5', name='gpio-keys', classes=0x1, configuration='', keyLayout='/system/usr/keylayout/gpio-keys.kl', keyCharacterMap='/system/usr/keychars/Generic.kcm', builtinKeyboard=false, wakeMechanism=EVIOCSSUSPENDBLOCK, usingClockIoctl=true
E/EventHub( 844): could not get driver version for /dev/input/mice, Not a typewriter
D/BluetoothManagerService( 844): Loading stored name and address
D/BluetoothManagerService( 844): Stored bluetooth Name=Mi Phone,Address=F8:A4:5F:02:67:23
D/EventHub( 844): No input device configuration file found for device 'atmel_mxt_ts'.
W/EventHub( 844): Unable to disable kernel key repeat for /dev/input/event1: Function not implemented
I/EventHub( 844): New device: id=5, fd=100, path='/dev/input/event1', name='atmel_mxt_ts', classes=0x15, configuration='', keyLayout='/system/usr/keylayout/atmel_mxt_ts.kl', keyCharacterMap='/system/usr/keychars/Generic.kcm', builtinKeyboard=false, wakeMechanism=EVIOCSSUSPENDBLOCK, usingClockIoctl=true
E/EventHub( 844): could not get driver version for /dev/input/mouse0, Not a typewriter
I/PackageManager( 844): No secure containers found
D/EventHub( 844): No input device configuration file found for device 'cyttsp-i2c'.
E/KeyLayoutMap( 844): /system/usr/keylayout/cyttsp-i2c.kl:17: Expected key flag label, got 'WAKE'.
W/EventHub( 844): Unable to disable kernel key repeat for /dev/input/event2: Function not implemented
I/EventHub( 844): New device: id=6, fd=105, path='/dev/input/event2', name='cyttsp-i2c', classes=0x15, configuration='', keyLayout='/system/usr/keylayout/Generic.kl', keyCharacterMap='/system/usr/keychars/Generic.kcm', builtinKeyboard=false, wakeMechanism=EVIOCSSUSPENDBLOCK, usingClockIoctl=true
I/InputReader( 844): Device added: id=-1, name='Virtual', sources=0x00000301
I/InputReader( 844): Touch device 'cyttsp-i2c' could not query the properties of its associated display. The device will be inoperable until the display size becomes available.
I/InputReader( 844): Device added: id=6, name='cyttsp-i2c', sources=0x00001103
I/InputReader( 844): Touch device 'atmel_mxt_ts' could not query the properties of its associated display. The device will be inoperable until the display size becomes available.
I/InputReader( 844): Device added: id=5, name='atmel_mxt_ts', sources=0x00001103
I/InputReader( 844): Device added: id=4, name='gpio-keys', sources=0x00000101
I/InputReader( 844): Device added: id=3, name='apq8064-tabla-snd-card Button Jack', sources=0x00000101
I/InputReader( 844): Device added: id=2, name='apq8064-tabla-snd-card Headset Jack', sources=0x80000000
I/InputReader( 844): Device added: id=1, name='pmic8xxx_pwrkey', sources=0x00000101
I/InputReader( 844): Reconfiguring input devices. changes=0x00000004
I/InputReader( 844): Device reconfigured: id=5, name='atmel_mxt_ts', size 720x1280, orientation 0, mode 1, display id 0
I/InputReader( 844): Device reconfigured: id=6, name='cyttsp-i2c', size 720x1280, orientation 0, mode 1, display id 0
I/AudioFlinger( 289): Using module 1 has the primary audio interface
W/SRS_Proc( 289): SRS: QDSP hook registered.
W/SRS_Proc( 289): SRS: QDSP hook registered.
E/AudioHardwareALSA( 289): virtual android::status_t android_audio_legacy::AudioHardwareALSA::setMode(int)() mode=0 mMode=0
I/AudioFlinger( 289): AudioFlinger's thread 0xb562e000 ready to run
E/AudioPolicyManager( 289): unknown stream type
W/SRS_ProcWS( 289): SRS_Processing - SourceOutAdd - No Available Slot for 0xb562e000
E/AudioPolicyManager( 289): unknown stream type
D/ALSAStreamOps( 289): setParameters(): keyRouting with device 0x2
D/ALSAStreamOps( 289): setParameters(): keyRouting with device 0x2
V/AudioHardwareALSA( 289): device = 0x2,mCurDevice 0x0
V/AudioHardwareALSA( 289): doRouting: device 0x2 newMode 0 mVoiceCallState 1 mVolteCallActive 1 mVoice2CallActive 1 mIsFmActive 0
V/AudioHardwareALSA( 289): bool android_audio_legacy::AudioHardwareALSA::isAnyCallActive()() ret=0
V/ALSADevice( 289): mInChannels:1
V/AudioHardwareALSA( 289): ALSADevice->route mode:0, device:0x2, enable:1
D/ALSADevice( 289): route: devices 0x2 in mode 0
V/ALSADevice( 289): switchDevice: device 0x2 mode:0
V/ALSADevice( 289): getUCMDevice devices=0x2, input=0x0
V/ALSADevice( 289): CallMode = 0, CallActiveState:1
V/ALSADevice( 289): getUCMDevice for output device: devices:2 is input device:0
V/ALSADevice( 289): set Speaker device
V/ALSADevice( 289): switchDevice: rxDevice Speaker devices:0x2
V/ALSADevice( 289): getUCMDevice devices=0x0, input=0x1
V/ALSADevice( 289): CallMode = 0, CallActiveState:1
V/ALSADevice( 289): getUCMDevice for input device: devices:0 is input device:1
D/ALSADevice( 289): No valid input device: 0
V/ALSADevice( 289): switchDevice: txDevice:(null) devices:0x2
V/ALSADevice( 289): rxDevice:Speaker, mCurRxUCMDevice:Speaker, mode:0
V/ALSADevice( 289): switchDevice,rxDev:Speaker, txDev:(null), curRxDev:Speaker, curTxDev:None
D/alsa_ucm( 289): snd_use_case_set(): uc_mgr 0xb5c45330 identifier _enadev value Speaker
D/alsa_ucm( 289): Set mixer controls for HiFi enable 1
D/alsa_ucm( 289): Setting mixer control: SLIMBUS_0_RX Audio Mixer MultiMedia1, value: 1
D/ALSADevice( 289): switchDevice: mCurTxUCMDevivce None mCurRxDevDevice Speaker
D/AudioHardwareALSA( 289): doRouting_Audience_Codec mode:0 Routes:0x2 Enable:1.
V/AudioHardwareALSA( 289): doRouting_Audience_Codec: Normal mode, RX no routing
D/ALSADevice( 289): standby: handle 0xb5e56d80 h 0x0
V/ALSADevice( 289): standby handle h 0xb5ea8500
D/alsa_ucm( 289): snd_use_case_set(): uc_mgr 0xb5c45330 identifier _verb value Inactive
D/alsa_ucm( 289): Set mixer controls for HiFi enable 0
D/alsa_ucm( 289): Setting mixer control: SLIMBUS_0_RX Audio Mixer MultiMedia1, value: 0
E/ALSADevice( 289): Number of modifiers 0
E/ALSADevice( 289): usecase_type is 0
D/alsa_ucm( 289): snd_use_case_set(): uc_mgr 0xb5c45330 identifier _disdev value Speaker
D/alsa_ucm( 289): Set mixer controls for Speaker enable 0
D/alsa_ucm( 289): Setting mixer control: RX3 MIX1 INP1, value: ZERO
D/alsa_ucm( 289): Setting mixer control: RX3 MIX1 INP2, value: ZERO
D/alsa_ucm( 289): Setting mixer control: RX4 DSM MUX, value: CIC_OUT
D/alsa_ucm( 289): Setting mixer control: LINEOUT1 Volume, value: 0
D/alsa_ucm( 289): Setting mixer control: LINEOUT3 Volume, value: 0
D/alsa_ucm( 289): Setting mixer control: SLIM TX3 MUX, value: ZERO
D/alsa_ucm( 289): Setting mixer control: SLIM TX5 MUX, value: ZERO
V/AudioHardwareALSA( 289): closeUsbPlaybackIfNothingActive, musbPlaybackState: 0
D/AudioUsbALSA( 289): exitPlaybackThread, mproxypfdPlayback: -1
D/AudioUsbALSA( 289): closeDevice handle 0x0
D/AudioUsbALSA( 289): closeDevice handle 0x0
V/AudioHardwareALSA( 289): setVoiceVolume(0.000000)
V/AudioHardwareALSA( 289): setVoiceVolume newMode 0
D/ALSADevice( 289): setVoipVolume: volume 100
D/ALSADevice( 289): setMixerControl:: name Voip Rx Volume value 100 index 0
V/AudioHardwareALSA( 289): virtual android::status_t android_audio_legacy::AudioHardwareALSA::setParameters(const android::String8&)() ,fm_volume=0.0000000000
V/AudioHardwareALSA( 289): set Fm Volume(0.000000)
V/AudioHardwareALSA( 289): Setting FM volume to 467791136 (available range is 0 to 0x2000)
E/AudioPolicyManager( 289): unknown stream type
D/AudioHardwareALSA( 289): openInputStream: devices 0x4000000 format 0x1 channels 252 sampleRate 48000
V/AudioHardwareALSA( 289): updated channel info: channels=6
V/ALSADevice( 289): mInChannels:1
V/AudioHardwareALSA( 289): OpenInoutStream: getInputBufferSize sampleRate:48000 format:1, channels:6
E/AudioHardwareALSA( 289): openInputStream: FAILED:-22. Surround sound recording is not supported
E/AudioStreamInALSA( 289): Cannot open filter co-efficient file /system/etc/surround_sound/filter1r.pcm
E/AudioStreamInALSA( 289): Error while loading coeffs from file
E/AudioStreamInALSA( 289): initSurroundSoundLibrary failed: -12 handle->bufferSize:12288
I/AudioFlinger( 289): AudioFlinger's thread 0xb56bb000 ready to run
D/AudioStreamInALSA( 289): close
D/AudioStreamInALSA( 289): Deregistering REC bit, musbRecordingState:0
D/AudioStreamInALSA( 289): close
V/AudioHardwareALSA( 289): closeUsbRecordingIfNothingActive, musbRecordingState: 0
D/AudioHardwareALSA( 289): Closing USB Recording Session as no stream is active
D/AudioUsbALSA( 289): exitRecordingThread
D/AudioUsbALSA( 289): write to fd
D/AudioUsbALSA( 289): closeDevice handle 0x0
D/AudioUsbALSA( 289): closeDevice handle 0x0
D/ALSAStreamOps( 289): close
D/ALSAStreamOps( 289): close() : Found mHandle 0xb5e56e00, proceeding to close
D/ALSADevice( 289): close: handle 0xb5e56e00 h 0x0
D/ALSAStreamOps( 289): close
D/ALSAStreamOps( 289): close() : Found mHandle 0xb5e56e00, proceeding to close
D/ALSADevice( 289): close: handle 0xb5e56e00 h 0x0
I/r_submix( 289): adev_open(name=audio_hw_if)
I/r_submix( 289): adev_init_check()
I/AudioFlinger( 289): loadHwModule() Loaded r_submix audio interface from Wifi Display audio HAL (audio) handle 5
D/r_submix( 289): adev_open_input_stream()
D/r_submix( 289): submix_audio_device_create_pipe()
I/AudioFlinger( 289): AudioFlinger's thread 0xb56bb000 ready to run
D/r_submix( 289): adev_close_input_stream()
D/r_submix( 289): submix_audio_device_release_pipe()
D/r_submix( 289): submix_audio_device_destroy_pipe(): pipe destroyed
E/SoundTriggerHwService( 289): couldn't load sound trigger module sound_trigger.primary (No such file or directory)
I/WifiP2pService( 844): Registering wifip2p
E/WifiConfigStore( 844): associatedPartialScanPeriodMilli set to 20000
D/WifiController( 844): isAirplaneModeOn = false, isWifiEnabled = true, isScanningAvailable = false
I/WifiService( 844): Registering wifi
I/WifiScanningService( 844): Creating wifiscanner
I/WifiScanningService( 844): Starting wifiscanner
I/RttService( 844): Creating rttmanager
I/RttService( 844): Starting rttmanager
I/EthernetServiceImpl( 844): Creating EthernetConfigStore
E/IpConfigStore( 844): Error parsing configuration: java.io.FileNotFoundException: /data/misc/ethernet/ipconfig.txt: open failed: ENOENT (No such file or directory)
W/EthernetConfigStore( 844): No Ethernet configuration found. Using default.
I/EthernetServiceImpl( 844): Read stored IP configuration: IP assignment: DHCP
I/EthernetServiceImpl( 844): Proxy settings: NONE
I/EthernetService( 844): Registering service ethernet
D/WifiHW ( 844): Unable to unload driver module "wlan": No such file or directory
E/AudioPolicyManager( 289): unknown stream type
E/AudioPolicyManager( 289): unknown stream type
E/AudioPolicyManager( 289): unknown stream type
E/AudioPolicyManager( 289): unknown stream type
E/AudioPolicyManager( 289): unknown stream type
E/AudioPolicyManager( 289): unknown stream type
E/AudioPolicyManager( 289): unknown stream type
E/AudioPolicyManager( 289): unknown stream type
E/AudioPolicyManager( 289): unknown stream type
E/AudioPolicyManager( 289): unknown stream type
E/AudioPolicyManager( 289): unknown stream type
W/TelecomManager( 844): Telecom Service not found.
E/AudioPolicyManager( 289): unknown stream type
E/AudioPolicyManager( 289): unknown stream type
E/AudioPolicyManager( 289): unknown stream type
E/AudioPolicyManager( 289): unknown stream type
E/AudioPolicyManager( 289): unknown stream type
E/AudioPolicyManager( 289): unknown stream type
E/AudioPolicyManager( 289): unknown stream type
E/AudioPolicyManager( 289): unknown stream type
E/AudioPolicyManager( 289): unknown stream type
E/AudioPolicyManager( 289): unknown stream type
E/AudioPolicyManager( 289): unknown stream type
D/AudioHardwareALSA( 289): setMicMute newMode 0 state:0
D/AudioHardwareALSA( 289): setMicMute: mMicMute 0
V/AudioHardwareALSA( 289): virtual android::status_t android_audio_legacy::AudioHardwareALSA::setParameters(const android::String8&)() ,fm_volume=0.4253543019
V/AudioHardwareALSA( 289): set Fm Volume(3485.000000)
V/AudioHardwareALSA( 289): Setting FM volume to 467791136 (available range is 0 to 0x2000)
I/ServiceManager( 266): Check passed after 27 seconds for android.permission.ACCESS_SURFACE_FLINGER from uid=1013 pid=559
D/PermissionCache( 266): checking android.permission.ACCESS_SURFACE_FLINGER for uid=1013 => granted (27008628 us)
V/AudioHardwareALSA( 289): virtual android::status_t android_audio_legacy::AudioHardwareALSA::setParameters(const android::String8&)() ,fm_volume=0.0471794531
V/AudioHardwareALSA( 289): set Fm Volume(387.000000)
V/AudioHardwareALSA( 289): Setting FM volume to 467791136 (available range is 0 to 0x2000)
V/AudioHardwareALSA( 289): setVoiceVolume(0.800000)
V/AudioHardwareALSA( 289): setVoiceVolume newMode 0
D/ALSADevice( 289): setVoipVolume: volume 20
D/ALSADevice( 289): setMixerControl:: name Voip Rx Volume value 20 index 0
E/AudioPolicyManager( 289): unknown stream type
D/libEGL ( 559): loaded /vendor/lib/egl/libEGL_adreno.so
D/libEGL ( 559): loaded /vendor/lib/egl/libGLESv1_CM_adreno.so
V/AudioHardwareALSA( 289): virtual android::status_t android_audio_legacy::AudioHardwareALSA::setParameters(const android::String8&)() ,fm_volume=0.4253543019
V/AudioHardwareALSA( 289): set Fm Volume(3485.000000)
V/AudioHardwareALSA( 289): Setting FM volume to 467791136 (available range is 0 to 0x2000)
D/libEGL ( 559): loaded /vendor/lib/egl/libGLESv2_adreno.so
V/AudioHardwareALSA( 289): virtual android::status_t android_audio_legacy::AudioHardwareALSA::setParameters(const android::String8&)() ,fm_volume=0.0471794531
V/AudioHardwareALSA( 289): set Fm Volume(387.000000)
V/AudioHardwareALSA( 289): Setting FM volume to 467791136 (available range is 0 to 0x2000)
E/AudioPolicyManager( 289): unknown stream type
E/AudioPolicyManager( 289): unknown stream type
E/AudioPolicyManager( 289): unknown stream type
E/AudioPolicyManager( 289): unknown stream type
E/AudioPolicyManager( 289): unknown stream type
E/AudioPolicyManager( 289): unknown stream type
E/AudioPolicyManager( 289): unknown stream type
E/AudioPolicyManager( 289): unknown stream type
I/Adreno-EGL( 559): : EGL 1.4 QUALCOMM build: C_BHUSH_AU_LINUX_ANDROID_LA.AF.1.1_RB1.05.00.02.006.020+PATCH[ES]_msm8960_refs/tags/AU_LINUX_ANDROID_LA.AF.1.1_RB1.05.00.02.006.020__release_ENGG ()
I/Adreno-EGL( 559): OpenGL ES Shader Compiler Version: E031.25.03.06
I/Adreno-EGL( 559): Build Date: 06/17/15 Wed I/Adreno-EGL( 559): Local Branch:
I/Adreno-EGL( 559): Remote Branch: refs/tags/AU_LINUX_ANDROID_LA.AF.1.1_RB1.05.00.02.006.020
I/Adreno-EGL( 559): Local Patches: 3c2e57b3adbc73f968451c2fa01bb8033d91cf9c Revert "Fixes wobbly boolean return code."
I/Adreno-EGL( 559): 4b7526a1059d940e4b6d4c6ab96389010918de6e rb: fix shadow cach
E/BootAnimation( 559): couldn't find audio_conf.txt
E/ServiceManager( 264): add_service('whetstone.activity',4d) uid=1000 - ALREADY REGISTERED, OVERRIDE
I/ServiceManager( 264): service 'whetstone.activity' died
D/Atlas ( 844): Loaded configuration: SliceMinArea (1344x1984) flags=0x2 count=277
V/Fingerprint-JNI( 844): nativeInit()
V/Fingerprint-JNI( 844): nativeOpenHal()
E/Fingerprint-JNI( 844): Can't open fingerprint HW Module, error: -2
I/WindowManager( 844): SAFE MODE not enabled
E/SQLiteLog( 844): (283) recovered 21 frames from WAL file /data/system/locksettings.db-wal
D/WifiController( 844): WifiController msg { when=0 what=155656 target=com.android.internal.util.StateMachine$SmHandler } deferred for 499ms
I/Adreno-EGL( 844): : EGL 1.4 QUALCOMM build: C_BHUSH_AU_LINUX_ANDROID_LA.AF.1.1_RB1.05.00.02.006.020+PATCH[ES]_msm8960_refs/tags/AU_LINUX_ANDROID_LA.AF.1.1_RB1.05.00.02.006.020__release_ENGG ()
I/Adreno-EGL( 844): OpenGL ES Shader Compiler Version: E031.25.03.06
I/Adreno-EGL( 844): Build Date: 06/17/15 Wed I/Adreno-EGL( 844): Local Branch:
I/Adreno-EGL( 844): Remote Branch: refs/tags/AU_LINUX_ANDROID_LA.AF.1.1_RB1.05.00.02.006.020
I/Adreno-EGL( 844): Local Patches: 3c2e57b3adbc73f968451c2fa01bb8033d91cf9c Revert "Fixes wobbly boolean return code."
I/Adreno-EGL( 844): 4b7526a1059d940e4b6d4c6ab96389010918de6e rb: fix shadow cach
I/WifiScanningService( 844): Registering wifiscanner
I/RttService( 844): Registering rttmanager
D/WifiChangeStateMachine( 844): Entering IdleState
D/WifiScanningService( 844): DefaultState
I/EthernetServiceImpl( 844): Starting Ethernet service
D/Ethernet( 844): Registering NetworkFactory
D/Ethernet( 844): got request NetworkRequest [ id=1, legacyType=-1, [ Capabilities: INTERNET&NOT_RESTRICTED&TRUSTED&NOT_VPN] ] with score 0
D/Atlas ( 844): Rendered atlas in 78,61ms (32,81+45,81ms)
F/Environment( 844): Path requests must specify a user by using UserEnvironment
F/Environment( 844): java.lang.Throwable
F/Environment( 844): at android.os.Environment.throwIfUserRequired(Environment.java)
F/Environment( 844): at android.os.Environment.getExternalStorageDirectory(Environment.java)
F/Environment( 844): at miui.os.Environment.(SourceFile:34)
F/Environment( 844): at android.view.ViewConfigurationInjector.get(ViewConfigurationInjector.java)
F/Environment( 844): at android.view.ViewConfiguration.get(ViewConfiguration.java)
F/Environment( 844): at android.view.View.(View.java)
F/Environment( 844): at com.android.internal.policy.impl.keyguard.KeyguardServiceDelegate.createScrim(KeyguardServiceDelegate.java:290)
F/Environment( 844): at com.android.internal.policy.impl.keyguard.KeyguardServiceDelegate.(KeyguardServiceDelegate.java:109)
F/Environment( 844): at com.android.internal.policy.impl.PhoneWindowManager.systemReady(PhoneWindowManager.java:5486)
F/Environment( 844): at com.android.internal.policy.impl.BaseMiuiPhoneWindowManager.systemReady(BaseMiuiPhoneWindowManager.java:237)
F/Environment( 844): at com.android.internal.policy.impl.MiuiPhoneWindowManager.systemReady(MiuiPhoneWindowManager.java:39)
F/Environment( 844): at com.android.server.wm.WindowManagerService.systemReady(WindowManagerService.java)
F/Environment( 844): at com.android.server.SystemServer.startOtherServices(SystemServer.java)
F/Environment( 844): at com.android.server.SystemServer.run(SystemServer.java)
F/Environment( 844): at com.android.server.SystemServer.main(SystemServer.java)
F/Environment( 844): at java.lang.reflect.Method.invoke(Native Method)
F/Environment( 844): at java.lang.reflect.Method.invoke(Method.java:372)
F/Environment( 844): at com.android.internal.os.ZygoteInit$MethodAndArgsCaller.run(ZygoteInit.java)
F/Environment( 844): at com.android.internal.os.ZygoteInit.main(ZygoteInit.java)
W/ContextImpl( 844): Unable to create files subdir files
W/ContextImpl( 844): Unable to create files subdir files
D/WifiController( 844): DEFERRED_TOGGLE handled
E/WifiHW ( 844): read wlan mac addr enter.
E/QMI_FW ( 844): QMUXD: Service_id=228 not found over conn_id=0
E/QMI_FW ( 844): QMUXD: Service_id=228 not found over conn_id=37
E/QMI_FW ( 844): QMUXD: Service_id=228 not found over conn_id=0
W/MiuiFeatureUtils( 844): Failed to get system feature feature_red_suport
W/MiuiFeatureUtils( 844): Failed to get system feature feature_cached_statistics_suport
I/Sensors ( 418): sns_pwr.c(548):sns_pwr_on: vote 0x1, g_vote_mask 0x0, fd: 11
I/Sensors ( 418): sns_pwr.c(559):Sent ON ioctl
W/MiuiFeatureUtils( 844): Failed to get system feature feature_check_app_memory_suport
I/Sensors ( 418): sns_pwr.c(608):sns_pwr_off: vote mask 0x1, g_vote_mask 0x1, fd: 11
I/Sensors ( 418): sns_pwr.c(548):sns_pwr_on: vote 0x1, g_vote_mask 0x0, fd: 11
I/Sensors ( 418): sns_pwr.c(559):Sent ON ioctl
E/QMI_FW ( 844): QMUXD: Service_id=228 not found over conn_id=37
E/QMI_FW ( 844): QMUXD: Service_id=228 not found over conn_id=0
I/Sensors ( 418): sns_pwr.c(279):acquiring wakelock
I/Sensors ( 418): DSPS file:sns_smgr_md.c(597):Send power vote 1 due to request from client 0 at time 1360511
I/Sensors ( 418): DSPS file:sns_smgr_sol.c(1338):SMGR: One val: 1
D/SurfaceFlinger( 266): Set power mode=2, type=0 flinger=0xb6962000
D/SurfaceFlinger( 266): Screen type=0 is already mode=2
E/QMI_FW ( 844): QMUXD: Service_id=228 not found over conn_id=37
E/QMI_FW ( 844): QMUXD: Service_id=228 not found over conn_id=0
I/Zygote ( 844): Process: zygote socket opened, supported ABIS: armeabi-v7a,armeabi
E/QMI_FW ( 844): QMUXD: Service_id=228 not found over conn_id=37
E/QMI_FW ( 844): QMUXD: Service_id=228 not found over conn_id=0
E/QMI_FW ( 844): QMUXD: Service_id=228 not found over conn_id=37
E/WifiHW ( 844): read wlan mac addr (mac=0xf8,0xa4,0x5f,0x12,0x67,0x23) done.
V/WebViewFactory( 1046): RelroFileCreator (64bit = false), 32-bit lib: /system/app/WebViewGoogle/lib/arm/libwebviewchromium.so, 64-bit lib:
D/Tethering( 844): sendTetherStateChangedBroadcast 1, 0, 0
D/Tethering( 844): InitialState.processMessage what=4
D/Tethering( 844): sendTetherStateChangedBroadcast 0, 0, 0
D/miuisdk ( 1063): current sdk level is 2
D/SystemUIService( 1063): loading: class com.android.systemui.statusbar.phone.PhoneStatusBar
I/art ( 1046): System.exit called, status: 0
I/AndroidRuntime( 1046): VM exiting with result code 0, cleanup skipped.
D/SystemUIService( 1063): running: com.android.systemui.statusbar.phone.PhoneStatusBar@27b7805f
D/PhoneStatusBar( 1063): maml_version get:5.8.20
D/QsoftapCmd( 285): Got softap fwreload command we are passing on
D/SoftapController( 285): Softap fwReload - Ok
D/CommandListener( 285): Setting iface cfg
D/CommandListener( 285): Trying to bring down wlan0
