E/BluetoothPan( 1219): at android.content.ContextWrapper.unbindService(ContextWrapper.java)
E/BluetoothPan( 1219): at android.bluetooth.BluetoothPan$1.onBluetoothStateChange(BluetoothPan.java)
E/BluetoothPan( 1219): at android.bluetooth.IBluetoothStateChangeCallback$Stub.onTransact(IBluetoothStateChangeCallback.java)
E/BluetoothPan( 1219): at android.os.Binder.execTransact(Binder.java)
D/BluetoothMap( 1219): onBluetoothStateChange: up=false
E/BluetoothMap( 1219):
E/BluetoothMap( 1219): java.lang.IllegalArgumentException: Service not registered: android.bluetooth.BluetoothMap$2@37f1e8c5
E/BluetoothMap( 1219): at android.app.LoadedApk.forgetServiceDispatcher(LoadedApk.java)
E/BluetoothMap( 1219): at android.app.ContextImpl.unbindService(ContextImpl.java)
E/BluetoothMap( 1219): at android.content.ContextWrapper.unbindService(ContextWrapper.java)
E/BluetoothMap( 1219): at android.bluetooth.BluetoothMap$1.onBluetoothStateChange(BluetoothMap.java)
E/BluetoothMap( 1219): at android.bluetooth.IBluetoothStateChangeCallback$Stub.onTransact(IBluetoothStateChangeCallback.java)
E/BluetoothMap( 1219): at android.os.Binder.execTransact(Binder.java)
D/BluetoothInputDevice( 1219): onBluetoothStateChange: up=false
D/BluetoothAdapter( 1358): 173510713: getState() : mService = null. Returning STATE_OFF
E/BluetoothInputDevice( 1219):
E/BluetoothInputDevice( 1219): java.lang.IllegalArgumentException: Service not registered: android.bluetooth.BluetoothInputDevice$2@3d6912f
E/BluetoothInputDevice( 1219): at android.app.LoadedApk.forgetServiceDispatcher(LoadedApk.java)
E/BluetoothInputDevice( 1219): at android.app.ContextImpl.unbindService(ContextImpl.java)
E/BluetoothInputDevice( 1219): at android.content.ContextWrapper.unbindService(ContextWrapper.java)
E/BluetoothInputDevice( 1219): at android.bluetooth.BluetoothInputDevice$1.onBluetoothStateChange(BluetoothInputDevice.java)
E/BluetoothInputDevice( 1219): at android.bluetooth.IBluetoothStateChangeCallback$Stub.onTransact(IBluetoothStateChangeCallback.java)
E/BluetoothInputDevice( 1219): at android.os.Binder.execTransact(Binder.java)
D/BluetoothHeadset( 1284): onBluetoothStateChange: up=false
E/BluetoothHeadset( 1284):
E/BluetoothHeadset( 1284): java.lang.IllegalArgumentException: Service not registered: android.bluetooth.BluetoothHeadset$2@315b80fe
E/BluetoothHeadset( 1284): at android.app.LoadedApk.forgetServiceDispatcher(LoadedApk.java)
E/BluetoothHeadset( 1284): at android.app.ContextImpl.unbindService(ContextImpl.java)
E/BluetoothHeadset( 1284): at android.content.ContextWrapper.unbindService(ContextWrapper.java)
E/BluetoothHeadset( 1284): at android.content.ContextWrapper.unbindService(ContextWrapper.java)
E/BluetoothHeadset( 1284): at android.bluetooth.BluetoothHeadset$1.onBluetoothStateChange(BluetoothHeadset.java)
E/BluetoothHeadset( 1284): at android.bluetooth.IBluetoothStateChangeCallback$Stub.onTransact(IBluetoothStateChangeCallback.java)
E/BluetoothHeadset( 1284): at android.os.Binder.execTransact(Binder.java)
D/BluetoothPbap( 1219): onBluetoothStateChange: up=false
E/BluetoothPbap( 1219):
E/BluetoothPbap( 1219): java.lang.IllegalArgumentException: Service not registered: android.bluetooth.BluetoothPbap$2@144a521a
E/BluetoothPbap( 1219): at android.app.LoadedApk.forgetServiceDispatcher(LoadedApk.java)
E/BluetoothPbap( 1219): at android.app.ContextImpl.unbindService(ContextImpl.java)
E/BluetoothPbap( 1219): at android.content.ContextWrapper.unbindService(ContextWrapper.java)
E/BluetoothPbap( 1219): at android.bluetooth.BluetoothPbap$1.onBluetoothStateChange(BluetoothPbap.java)
E/BluetoothPbap( 1219): at android.bluetooth.IBluetoothStateChangeCallback$Stub.onTransact(IBluetoothStateChangeCallback.java)
E/BluetoothPbap( 1219): at android.os.Binder.execTransact(Binder.java)
D/BluetoothA2dp( 844): onBluetoothStateChange: up=false
D/KeyguardViewMediator( 1063): action name: android.bluetooth.adapter.action.STATE_CHANGED
E/BluetoothA2dp( 844):
E/BluetoothA2dp( 844): java.lang.IllegalArgumentException: Service not registered: android.bluetooth.BluetoothA2dp$2@1d8635f7
E/BluetoothA2dp( 844): at android.app.LoadedApk.forgetServiceDispatcher(LoadedApk.java)
E/BluetoothA2dp( 844): at android.app.ContextImpl.unbindService(ContextImpl.java)
E/BluetoothA2dp( 844): at android.bluetooth.BluetoothA2dp$1.onBluetoothStateChange(BluetoothA2dp.java)
E/BluetoothA2dp( 844): at com.android.server.BluetoothManagerService.sendBluetoothStateCallback(BluetoothManagerService.java)
E/BluetoothA2dp( 844): at com.android.server.BluetoothManagerService.bluetoothStateChangeHandler(BluetoothManagerService.java)
E/BluetoothA2dp( 844): at com.android.server.BluetoothManagerService.access$3200(BluetoothManagerService.java)
E/BluetoothA2dp( 844): at com.android.server.BluetoothManagerService$BluetoothHandler.handleMessage(BluetoothManagerService.java)
E/BluetoothA2dp( 844): at android.os.Handler.dispatchMessage(Handler.java)
E/BluetoothA2dp( 844): at android.os.Looper.loop(Looper.java)
E/BluetoothA2dp( 844): at android.os.HandlerThread.run(HandlerThread.java)
E/BluetoothA2dp( 844): at com.android.server.ServiceThread.run(ServiceThread.java)
D/BluetoothHeadset( 1284): onBluetoothStateChange: up=false
E/BluetoothHeadset( 1284):
E/BluetoothHeadset( 1284): java.lang.IllegalArgumentException: Service not registered: android.bluetooth.BluetoothHeadset$2@1845c947
E/BluetoothHeadset( 1284): at android.app.LoadedApk.forgetServiceDispatcher(LoadedApk.java)
E/BluetoothHeadset( 1284): at android.app.ContextImpl.unbindService(ContextImpl.java)
E/BluetoothHeadset( 1284): at android.content.ContextWrapper.unbindService(ContextWrapper.java)
E/BluetoothHeadset( 1284): at android.bluetooth.BluetoothHeadset$1.onBluetoothStateChange(BluetoothHeadset.java)
E/BluetoothHeadset( 1284): at android.bluetooth.IBluetoothStateChangeCallback$Stub.onTransact(IBluetoothStateChangeCallback.java)
E/BluetoothHeadset( 1284): at android.os.Binder.execTransact(Binder.java)
D/BluetoothManagerService( 844): Bluetooth State Change Intent: 13 -> 10
D/BluetoothAdapter( 1063): 517947889: getState() : mService = null. Returning STATE_OFF
D/BluetoothAdapter( 1358): 173510713: getState() : mService = null. Returning STATE_OFF
D/Telecom ( 1284): BluetoothPhoneService: Bluetooth Adapter state: 13
W/ContextImpl( 1219): Calling a method in the system process without a qualified user: android.app.ContextImpl.startService:-1 android.content.ContextWrapper.startService:-1 android.content.ContextWrapper.startService:-1 com.android.settings.bluetooth.DockEventReceiver.e:134 com.android.settings.bluetooth.DockEventReceiver.onReceive:115
D/Telecom ( 1284): BluetoothPhoneService: Bluetooth Adapter state: 10
D/KeyguardViewMediator( 1063): action name: android.bluetooth.adapter.action.STATE_CHANGED
D/DockEventReceiver( 1219): finishStartingService: stopping service
W/BroadcastQueueInjector( 844): System app: "com.android.bluetooth" started by broadcast Intent { act=android.bluetooth.adapter.action.STATE_CHANGED flg=0x14000010 (has extras) }
V/ProcessObserver( 1640): onProcessStateChanged
V/GLSActivity( 1530): AuthDelegateWrapperCreated with selected intent: Intent { cmp=com.google.android.gms/.auth.DefaultAuthDelegateService }
V/LocationPolicy( 844): onProcessStateChanged
V/LocationPolicy( 844): onProcessStateChanged
V/LocationPolicy( 844): onProcessStateChanged
V/ProcessObserver( 1640): onProcessStateChanged
V/ProcessObserver( 1640): onProcessStateChanged
I/Kids ( 1813): [KidAccountFixer] No accounts found
W/ContextImpl( 1987): Calling a method in the system process without a qualified user: android.app.ContextImpl.startService:-1 android.content.ContextWrapper.startService:-1 android.content.ContextWrapper.startService:-1 com.xiaomi.mipush.sdk.PushMessageReceiver.onReceive:18 android.app.ActivityThread.handleReceiver:-1
W/ResourcesManager( 4404): Asset path '/system/framework/javax.btobex.jar' does not exist or contains no resources.
W/ContextImpl( 1987): Calling a method in the system process without a qualified user: android.app.ContextImpl.startService:-1 android.content.ContextWrapper.startService:-1 android.content.ContextWrapper.startService:-1 com.xiaomi.mipush.sdk.PushMessageReceiver.onReceive:18 android.app.ActivityThread.handleReceiver:-1
I/PushMessageReceiver( 1987): onCommandResult command : set-alias
I/PushMessageReceiver( 1987): onCommandResult alias 107351996
I/PushMessageReceiver( 1987): onCommandResult command : set-alias
I/PushMessageReceiver( 1987): onCommandResult alias 440970e5ff49938a28e83a3df72c765e
V/ProcessObserver( 1640): onProcessStateChanged
V/LocationPolicy( 844): onProcessStateChanged
D/BluetoothManagerService( 844): Message: 42
D/BluetoothManagerService( 844): MESSAGE_RESTART_BLUETOOTH_SERVICE: Restart IBluetooth service
V/ProcessObserver( 1640): onProcessStateChanged
V/ProcessObserver( 1640): onProcessStateChanged
V/LocationPolicy( 844): onProcessStateChanged
V/LocationPolicy( 844): onProcessStateChanged
D/miuisdk ( 4404): current sdk level is 2
D/AdapterServiceConfig( 4404): Adding HeadsetService
D/AdapterServiceConfig( 4404): Adding A2dpService
D/AdapterServiceConfig( 4404): Adding HidService
D/AdapterServiceConfig( 4404): Adding HealthService
D/AdapterServiceConfig( 4404): Adding PanService
D/AdapterServiceConfig( 4404): Adding GattService
D/AdapterServiceConfig( 4404): Adding BluetoothMapService
I/XiaomiFirewall( 1987): firewall pkgName:com.cleanmaster.sdk, result:0
V/ProcessObserver( 1640): onProcessStateChanged
V/LocationPolicy( 844): onProcessStateChanged
D/BluetoothManagerService( 844): Message: 20
D/BluetoothManagerService( 844): Added callback: android.bluetooth.IBluetoothManagerCallback$Stub$Proxy@8ab6cd9:true
V/ProcessObserver( 1640): onProcessStateChanged
D/BluetoothAdapterState( 4404): make
V/ProcessObserver( 1640): onProcessStateChanged
I/bluedroid( 4404): init
I/BluetoothAdapterState( 4404): Entering OffState
I/bte_conf( 4404): bte_load_conf attempt to load stack conf from /etc/bluetooth/bt_stack.conf
I/bte_conf( 4404): bte_load_ble_conf attempt to load ble stack conf from /etc/bluetooth/ble_stack.conf
E/bt_osi_config( 4404): config_new unable to open file '/etc/bluetooth/ble_stack.conf': No such file or directory
I/bte_conf( 4404): bte_load_ble_conf file >/etc/bluetooth/ble_stack.conf< not found
I/GKI_LINUX( 4404): gki_task_entry task_id=1 [BTIF] starting
E/GKI_LINUX( 4404): GKI_exception(): Task State Table
E/GKI_LINUX( 4404): TASK ID [0] task name [(null)] state [0]
E/GKI_LINUX( 4404): TASK ID [1] task name [BTIF] state [1]
E/GKI_LINUX( 4404): TASK ID [2] task name [(null)] state [0]
E/GKI_LINUX( 4404): GKI_exception 65531 Sending to unknown dest
E/GKI_LINUX( 4404): ********************************************************************
E/GKI_LINUX( 4404): * GKI_exception(): 65531 Sending to unknown dest
E/GKI_LINUX( 4404): ********************************************************************
I/bluedroid( 4404): get_profile_interface socket
I/bluedroid( 4404): get_profile_interface map_client
V/LocationPolicy( 844): onProcessStateChanged
V/LocationPolicy( 844): onProcessStateChanged
D/BluetoothAdapterProperties( 4404): Address is:F8:A4:5F:02:67:23
D/BluetoothManagerService( 844): BluetoothServiceConnection: com.android.bluetooth.btservice.AdapterService
D/BluetoothManagerService( 844): Message: 40
D/BluetoothManagerService( 844): MESSAGE_BLUETOOTH_SERVICE_CONNECTED: 1
D/BluetoothManagerService( 844): Bluetooth Adapter name changed to Mi Phone
V/ProcessObserver( 1640): onProcessStateChanged
D/BluetoothAdapterProperties( 4404): Name is: Mi Phone
I/bluedroid( 4404): config_hci_snoop_log
D/BluetoothManagerService( 844): Stored Bluetooth name: Mi Phone
D/BluetoothManagerService( 844): Calling onBluetoothServiceUp callbacks
D/BluetoothManagerService( 844): Broadcasting onBluetoothServiceUp() to 8 receivers.
D/BluetoothAdapterState( 4404): CURRENT_STATE=OFF, MESSAGE = USER_TURN_ON
V/LocationPolicy( 844): onProcessStateChanged
D/BluetoothAdapterProperties( 4404): Setting state to 11
I/BluetoothAdapterState( 4404): Bluetooth adapter state changed: 10-> 11
D/BluetoothManagerService( 844): Message: 60
D/BluetoothManagerService( 844): MESSAGE_BLUETOOTH_STATE_CHANGE: prevState = 10, newState=11
D/BluetoothManagerService( 844): Bluetooth State Change Intent: 10 -> 11
D/KeyguardViewMediator( 1063): action name: android.bluetooth.adapter.action.STATE_CHANGED
D/BluetoothBondStateMachine( 4404): make
I/BluetoothBondStateMachine( 4404): StableState(): Entering Off State
D/BluetoothAdapterService( 4404): checkA2dpState: isA2dpSinkEnabled = false
E/BluetoothAdapterService( 4404): checkA2dpState: returning
D/Telecom ( 1284): BluetoothPhoneService: Bluetooth Adapter state: 11
D/BluetoothAdapterService( 4404): checkHidState: isHidDev = false
E/BluetoothAdapterService( 4404): checkHidState: returning
D/BluetoothAdapterService( 4404): checkHfpState: isHfpClientEnabled = false
E/BluetoothAdapterService( 4404): checkHfpState: returning
D/HeadsetService( 4404): Received start request. Starting profile...
I/BluetoothHeadsetServiceJni( 4404): classInitNative: succeeds
D/HeadsetStateMachine( 4404): Version 1.6
D/HeadsetStateMachine( 4404): make
I/BluetoothAdapterState( 4404): Entering PendingCommandState State: isTurningOn()=true, isTurningOff()=false
E/HeadsetStateMachine( 4404): Could not bind to Bluetooth Headset Voip Phone Service
D/HeadsetStateMachine( 4404): max_hf_connections = 1
I/bluedroid( 4404): get_profile_interface handsfree
D/HeadsetStateMachine( 4404): Enter Disconnected: -2, size: 0
D/BluetoothAdapterService( 4404): getAdapterService() - returning com.android.bluetooth.btservice.AdapterService@167dc37b
D/A2dpService( 4404): Received start request. Starting profile...
I/BluetoothAvrcpServiceJni( 4404): classInitNative: succeeds
V/Avrcp ( 4404): make
V/Avrcp ( 4404): Avrcp
I/bluedroid( 4404): get_profile_interface avrcp
V/Avrcp ( 4404): start
V/Avrcp ( 4404): registerMediaPlayers
V/Avrcp ( 4404): MediaPlayerInfo: mPlayerId = 1
D/SyncNotificationReceiver( 1290): receivedBundle[mParcelledData.dataSize=60]
I/SyncNotificationReceiver( 1290): SyncNotificationService:begin
V/Avrcp ( 4404): mMajorPlayerType = 1 mPlayerSubType = 0
V/Avrcp ( 4404): mPlayState = 2 mCharsetId = 106
V/Avrcp ( 4404): mPlayerPackageName = com.android.music mDisplayableNameLength = 5
V/Avrcp ( 4404): mItemLength = 33 mEntryLength = 34
V/Avrcp ( 4404): mFeatureMask =
V/Avrcp ( 4404): mFeatureMask[0] = 0
V/Avrcp ( 4404): mFeatureMask[1] = 0
V/Avrcp ( 4404): mFeatureMask[2] = 0
V/Avrcp ( 4404): mFeatureMask[3] = 0
V/Avrcp ( 4404): mFeatureMask[4] = 12
V/Avrcp ( 4404): mFeatureMask[5] = 55
V/Avrcp ( 4404): mFeatureMask[6] = 0
V/Avrcp ( 4404): mFeatureMask[7] = 141
V/Avrcp ( 4404): mFeatureMask[8] = 2
V/Avrcp ( 4404): mFeatureMask[9] = 0
V/Avrcp ( 4404): mFeatureMask[10] = 0
V/Avrcp ( 4404): mFeatureMask[11] = 0
V/Avrcp ( 4404): mFeatureMask[12] = 0
V/Avrcp ( 4404): mFeatureMask[13] = 0
V/Avrcp ( 4404): mFeatureMask[14] = 0
V/Avrcp ( 4404): mFeatureMask[15] = 0
V/Avrcp ( 4404): mDisplayableName=
V/Avrcp ( 4404): mDisplayableName[0] = 77
V/Avrcp ( 4404): mDisplayableName[1] = 117
V/Avrcp ( 4404): mDisplayableName[2] = 115
V/Avrcp ( 4404): mDisplayableName[3] = 105
V/Avrcp ( 4404): mDisplayableName[4] = 99
V/Avrcp ( 4404): MediaPlayerInfo: mPlayerId = 2
V/Avrcp ( 4404): mMajorPlayerType = 1 mPlayerSubType = 0
V/Avrcp ( 4404): mPlayState = 2 mCharsetId = 106
V/Avrcp ( 4404): mPlayerPackageName = com.google.android.music mDisplayableNameLength = 6
V/Avrcp ( 4404): mItemLength = 34 mEntryLength = 35
V/Avrcp ( 4404): mFeatureMask =
V/Avrcp ( 4404): mFeatureMask[0] = 0
V/Avrcp ( 4404): mFeatureMask[1] = 0
V/Avrcp ( 4404): mFeatureMask[2] = 0
V/Avrcp ( 4404): mFeatureMask[3] = 0
V/Avrcp ( 4404): mFeatureMask[4] = 12
V/Avrcp ( 4404): mFeatureMask[5] = 55
V/Avrcp ( 4404): mFeatureMask[6] = 0
V/Avrcp ( 4404): mFeatureMask[7] = 5
V/Avrcp ( 4404): mFeatureMask[8] = 0
V/Avrcp ( 4404): mFeatureMask[9] = 0
V/Avrcp ( 4404): mFeatureMask[10] = 0
V/Avrcp ( 4404): mFeatureMask[11] = 0
V/Avrcp ( 4404): mFeatureMask[12] = 0
V/Avrcp ( 4404): mFeatureMask[13] = 0
V/Avrcp ( 4404): mFeatureMask[14] = 0
V/Avrcp ( 4404): mFeatureMask[15] = 0
V/Avrcp ( 4404): mDisplayableName=
V/Avrcp ( 4404): mDisplayableName[0] = 77
V/Avrcp ( 4404): mDisplayableName[1] = 117
V/Avrcp ( 4404): mDisplayableName[2] = 115
V/Avrcp ( 4404): mDisplayableName[3] = 105
V/Avrcp ( 4404): mDisplayableName[4] = 99
V/Avrcp ( 4404): mDisplayableName[5] = 50
V/AudioService( 844): updateRemoteControllerOnExistingMediaPlayers: size of Player list: 0
E/AudioService( 844): No RCC entry present to update
E/RemoteController( 4404): Cannot set synchronization mode on an unregistered RemoteController
I/BluetoothA2dpServiceJni( 4404): classInitNative: succeeds
D/A2dpStateMachine( 4404): make
I/bluedroid( 4404): get_profile_interface a2dp
I/GKI_LINUX( 4404): gki_task_entry task_id=2 [A2DP-MEDIA] starting
V/ProcessObserver( 1640): onProcessStateChanged
D/bt-btif ( 4404): btif_av_state_idle_handler event:BTIF_SM_ENTER_EVT flags 0
D/A2dpService( 4404): setA2dpService(): set to: null
D/BluetoothAdapterService( 4404): getAdapterService() - returning com.android.bluetooth.btservice.AdapterService@167dc37b
E/BTEventHandler( 4404): A4WP is not supported
D/A2dpStateMachine( 4404): Enter Disconnected: -2
I/BluetoothHidServiceJni( 4404): classInitNative: succeeds
D/HidService( 4404): Received start request. Starting profile...
I/bluedroid( 4404): get_profile_interface hidhost
D/BluetoothAdapterService( 4404): getAdapterService() - returning com.android.bluetooth.btservice.AdapterService@167dc37b
I/BluetoothHealthServiceJni( 4404): classInitNative: succeeds
V/LocationPolicy( 844): onProcessStateChanged
D/HealthService( 4404): Received start request. Starting profile...
I/bluedroid( 4404): get_profile_interface health
D/BluetoothAdapterService( 4404): getAdapterService() - returning com.android.bluetooth.btservice.AdapterService@167dc37b
E/WifiStateMachine( 844): WifiStateMachine CMD_START_SCAN source -2 txSuccessRate=24,97 rxSuccessRate=20,92 targetRoamBSSID=any RSSI=-74
E/WifiStateMachine( 844): WifiStateMachine starting scan for "wifi"WPA_PSK with 2412
D/wpa_supplicant( 1134): wlan0: Control interface command 'SCAN TYPE=ONLY freq=2412'
D/wpa_supplicant( 1134): wlan0: Setting scan request: 0.000000 sec
I/BluetoothPanServiceJni( 4404): classInitNative(L105): succeeds
D/wpa_supplicant( 1134): wlan0: Starting AP scan for wildcard SSID
D/wpa_supplicant( 1134): wlan0: Limit manual scan to specified channels
D/wpa_supplicant( 1134): wlan0: Add radio work 'scan'@0xb67181f0
D/wpa_supplicant( 1134): wlan0: First radio work item in the queue - schedule start immediately
D/wpa_supplicant( 1134): wlan0: Starting radio work 'scan'@0xb67181f0 after 0.000030 second wait
D/wpa_supplicant( 1134): wlan0: nl80211: scan request
D/wpa_supplicant( 1134): nl80211: Scan SSID - hexdump(len=0): [NULL]
D/wpa_supplicant( 1134): nl80211: Scan frequency 2412 MHz
I/TrafficManageService( 1987): mina mRefreshDataUsageDailyReceiver
D/wpa_supplicant( 1134): Scan requested (ret=0) - scan timeout 30 seconds
D/wpa_supplicant( 1134): nl80211: Event message available
D/wpa_supplicant( 1134): nl80211: Drv Event 33 (NL80211_CMD_TRIGGER_SCAN) received for wlan0
D/wpa_supplicant( 1134): wlan0: nl80211: Scan trigger
D/wpa_supplicant( 1134): wlan0: Event SCAN_STARTED (49) received
D/wpa_supplicant( 1134): wlan0: Own scan request started a scan in 0.000061 seconds
I/wpa_supplicant( 1134): wlan0: CTRL-EVENT-SCAN-STARTED
D/wpa_supplicant( 1134): CTRL_IFACE monitor sent successfully to /data/misc/wifi/sockets/wpa_ctrl_307-1\x00
D/wpa_supplicant( 1134): CTRL_IFACE monitor sent successfully to /data/misc/wifi/sockets/wpa_ctrl_844-2\x00
I/WifiHAL ( 844): Poll result = 1
I/WifiHAL ( 844): Found some events!!!
D/WifiHAL ( 844): no_seq_check received
I/WifiHAL ( 844): event received NL80211_CMD_TRIGGER_SCAN
I/WifiHAL ( 844): event received NL80211_CMD_TRIGGER_SCAN, vendor_id = 0x0
I/WifiHAL ( 844): event ignored!!
D/PanService( 4404): Received start request. Starting profile...
D/BluetoothPanServiceJni( 4404): initializeNative(L110): pan
I/bluedroid( 4404): get_profile_interface pan
I/MiuiPushMessageReceiver( 3411): onCommandResult is called. command={set-alias}, resultCode={0}, reason={null}, category={null}, commandArguments={[180c61849ba38cdf9bc587b2553854db2169cca7]}
D/BluetoothAdapterService( 4404): getAdapterService() - returning com.android.bluetooth.btservice.AdapterService@167dc37b
D/BtGatt.GattService( 4404): classInitNative called
W/ContextImpl( 1987): Calling a method in the system process without a qualified user: android.app.ContextImpl.sendBroadcast:-1 android.content.ContextWrapper.sendBroadcast:-1 com.miui.networkassistant.service.tm.TrafficManageService.broadCastDataUsageUpdated:841 com.miui.networkassistant.service.tm.TrafficManageService$1.handleMessage:741 android.os.Handler.dispatchMessage:-1
I/BtGatt.JNI( 4404): classInitNative(L863): classInitNative: Success!
I/MiuiPushMessageReceiver( 3411): onCommandResult is called. command={set-alias}, resultCode={0}, reason={null}, category={null}, commandArguments={[com.xiaomi.miui.pushads.sdk180c61849ba38cdf9bc587b2553854db2169cca7]}
I/MiuiPushMessageReceiver( 3411): onCommandResult is called. command={subscribe-topic}, resultCode={0}, reason={null}, category={null}, commandArguments={[com.xiaomi.miui.pushads.sdkMIUI_MUSIC_TOPIC]}
D/BtGatt.DebugUtils( 4404): handleDebugAction() action=null
D/BtGatt.GattService( 4404): Received start request. Starting profile...
D/BtGatt.GattService( 4404): start()
I/bluedroid( 4404): get_profile_interface gatt
D/BtGatt.AdvertiseManager( 4404): advertise manager created
V/ProcessObserver( 1640): onProcessStateChanged
D/BluetoothAdapterService( 4404): getAdapterService() - returning com.android.bluetooth.btservice.AdapterService@167dc37b
V/LocationPolicy( 844): onProcessStateChanged
D/SyncNotificationReceiver( 1290): receivedBundle[mParcelledData.dataSize=60]
I/SyncNotificationReceiver( 1290): SyncNotificationService:end
I/XiaomiFirewall( 1987): firewall pkgName:com.whatsapp, result:0
V/ProcessObserver( 1640): onProcessStateChanged
V/LocationPolicy( 844): onProcessStateChanged
D/BluetoothMapService( 4404): inside BluetoothMapObexConnection
D/BluetoothMapService( 4404): supportedMessageTypes 14
D/BluetoothMapService( 4404): masId 0
D/BluetoothMapService( 4404): inside BluetoothMapObexConnection
D/BluetoothMapService( 4404): supportedMessageTypes 1
D/BluetoothMapService( 4404): masId 1
D/BluetoothMapService( 4404): Inside initBinder
I/lh ( 4209): jobIntent is not null
D/BluetoothMapService( 4404): Received start request. Starting profile...
D/BluetoothMapService( 4404): start()
D/BluetoothMapService( 4404): Registering observer
D/BluetoothAdapterService( 4404): getAdapterService() - returning com.android.bluetooth.btservice.AdapterService@167dc37b
V/ProcessObserver( 1640): onProcessStateChanged
D/HeadsetPhoneState( 4404): sendDeviceStateChanged. mService=0 mSignal=0 mRoam=0 mBatteryCharge=0
D/HeadsetStateMachine( 4404): Disconnected process message: 11, size: 0
D/wpa_supplicant( 1134): nl80211: Event message available
D/wpa_supplicant( 1134): nl80211: Drv Event 34 (NL80211_CMD_NEW_SCAN_RESULTS) received for wlan0
D/wpa_supplicant( 1134): wlan0: nl80211: New scan results available
D/wpa_supplicant( 1134): nl80211: Scan included frequencies: 2412
D/wpa_supplicant( 1134): wlan0: Event SCAN_RESULTS (3) received
D/wpa_supplicant( 1134): wlan0: Scan completed in 0.035949 seconds
I/WifiHAL ( 844): Poll result = 1
I/WifiHAL ( 844): Found some events!!!
V/BluetoothMapService( 4404): Handler(): got msg=1
D/WifiHAL ( 844): no_seq_check received
I/WifiHAL ( 844): event received NL80211_CMD_NEW_SCAN_RESULTS
I/WifiHAL ( 844): event received NL80211_CMD_NEW_SCAN_RESULTS, vendor_id = 0x0
D/wpa_supplicant( 1134): nl80211: Associated on 2412 MHz
I/WifiHAL ( 844): event ignored!!
D/wpa_supplicant( 1134): nl80211: Associated with f8:d1:11:bf:92:fa
V/LocationPolicy( 844): onProcessStateChanged
I/Telecom ( 1284): BluetoothPhoneService: queryPhoneState
D/Telecom ( 1284): BluetoothPhoneService: handleMessage(7) w/ param 0
D/wpa_supplicant( 1134): nl80211: Received scan results (1 BSSes)
D/wpa_supplicant( 1134): nl80211: Scan results indicate BSS status with f8:d1:11:bf:92:fa as associated
D/wpa_supplicant( 1134): wlan0: BSS: Start scan result update 3
D/wpa_supplicant( 1134): BSS: last_scan_res_used=1/32
D/wpa_supplicant( 1134): wlan0: Scan-only results received
D/wpa_supplicant( 1134): CTRL_IFACE monitor sent successfully to /data/misc/wifi/sockets/wpa_ctrl_307-1\x00
D/HeadsetStateMachine( 4404): Disconnected process message: 10, size: 0
D/wpa_supplicant( 1134): CTRL_IFACE monitor sent successfully to /data/misc/wifi/sockets/wpa_ctrl_844-2\x00
D/wpa_supplicant( 1134): wlan0: Radio work 'scan'@0xb67181f0 done in 0.036560 seconds
D/HeadsetPhoneState( 4404): sendDeviceStateChanged. mService=0 mSignal=0 mRoam=0 mBatteryCharge=1
D/HeadsetStateMachine( 4404): Disconnected process message: 11, size: 0
V/MiPushMessageReceiver( 4209): onCommandResult is called, command: register, resultCode: 0, reason: null, category: null
D/BluetoothAdapterState( 4404): CURRENT_STATE=PENDING, MESSAGE = STARTED, isTurningOn=true, isTurningOff=false
I/bluedroid( 4404): enable
I/bt_hci_bdroid( 4404): init
D/wpa_supplicant( 1134): wlan0: Control interface command 'BSS RANGE=0- MASK=0x23987'
D/CloudTelephonyManager( 4209): blockingGetDeviceId is called by com.xiaomi.account with timeout: 300000
D/wpa_supplicant( 1134): wlan0: Control interface command 'STATUS-NO_EVENTS'
I/GKI_LINUX( 4404): gki_task_entry task_id=0 [BTU] starting
I/bt-btu ( 4404): btu_task pending for preload complete event
I/MiuiPushMessageReceiver( 3411): onCommandResult is called. command={set-alias}, resultCode={0}, reason={null}, category={null}, commandArguments={[180c61849ba38cdf9bc587b2553854db2169cca7]}
I/bt_vendor( 4404): bt-vendor : init
I/bt_vendor( 4404): bt-vendor : get_bt_soc_type
E/bt_vendor( 4404): get_bt_soc_type: Failed to get soc type
I/bt_vendor( 4404): init: Local BD Address : 23:67:02:5f:a4:f8
D/bt_userial_mct( 4404): userial_init
I/MiuiPushMessageReceiver( 3411): onCommandResult is called. command={set-alias}, resultCode={0}, reason={null}, category={null}, commandArguments={[com.xiaomi.miui.pushads.sdk180c61849ba38cdf9bc587b2553854db2169cca7]}
I/bt_vendor( 4404): bt-vendor : BT_VND_OP_POWER_CTRL: On
I/bt_vendor( 4404): bluetooth satus is on
I/bt_vendor( 4404): bt-vendor : resetting BT status
I/bt_vendor( 4404): Starting hciattach daemon
I/bt_vendor( 4404): try to set false
I/bt_vendor( 4404): Starting hciattach daemon
I/bt_vendor( 4404): try to set true
I/MiuiPushMessageReceiver( 3411): onCommandResult is called. command={subscribe-topic}, resultCode={0}, reason={null}, category={null}, commandArguments={[com.xiaomi.miui.pushads.sdkMIUI_MUSIC_TOPIC]}
V/ProcessObserver( 1640): onProcessStateChanged
I/lh ( 4209): jobIntent is not null
V/MiPushMessageReceiver( 4209): onCommandResult is called, command: set-alias, resultCode: 0, reason: null, category: null
W/ResourcesManager( 4404): Asset path '/system/framework/javax.obex.jar' does not exist or contains no resources.
V/LocationPolicy( 844): onProcessStateChanged
V/ProcessObserver( 1640): onProcessStateChanged
D/MicloudPushService( 2771): push service action : com.xiaomi.push.new_iq sBindStatus:2
D/MicloudPushService( 2771): receive new iq:
I/qcom-bluetooth( 4453): /system/etc/init.qcom.bt.sh: init.qcom.bt.sh config =
V/LocationPolicy( 844): onProcessStateChanged
W/ResourcesManager( 1040): Asset path '/system/framework/android-support-v4.jar' does not exist or contains no resources.
V/BluetoothFtpService( 4404): Ftp Service onCreate
V/BluetoothFtpService( 4404): FTP service not started Adapter STATE: 11
V/ProcessObserver( 1640): onProcessStateChanged
V/BluetoothFtpService( 4404): Ftp Service onStartCommand
V/BluetoothFtpService( 4404): PARSE INTENT action: android.bluetooth.adapter.action.STATE_CHANGED
D/BluetoothFtpService( 4404): ACTION_STATE_CHANGED: state: 13 mHasStarted: false
V/BluetoothFtpService( 4404): Ftp Service closeService
V/BluetoothFtpService( 4404): successfully stopped ftp service
V/ProcessObserver( 1640): onProcessStateChanged
V/BluetoothSapReceiver( 4404): SapReceiver onReceive
V/BluetoothSapReceiver( 4404): action = android.bluetooth.adapter.action.STATE_CHANGED
V/BluetoothSapReceiver( 4404): Bluetooth Adapter state = 13
V/BluetoothSapReceiver( 4404): Calling SAP service start service with action = null
I/lh ( 4209): jobIntent is not null
V/BluetoothFtpService( 4404): Ftp Service onDestroy
V/BluetoothFtpService( 4404): Ftp Service closeService
V/LocationPolicy( 844): onProcessStateChanged
V/LocationPolicy( 844): onProcessStateChanged
V/MiPushMessageReceiver( 4209): onCommandResult is called, command: set-alias, resultCode: 0, reason: null, category: null
V/BluetoothSapService( 4404): Sap Service onCreate
V/BluetoothSapService( 4404): initBinder
V/BluetoothSapService( 4404): BluetoothSapBinder: mService: org.codeaurora.bluetooth.sap.BluetoothSapService@13670509
V/ProcessObserver( 1640): onProcessStateChanged
V/BluetoothSapService( 4404): action: android.bluetooth.adapter.action.STATE_CHANGED
V/BluetoothSapService( 4404): state: 13
V/LocationPolicy( 844): onProcessStateChanged
W/BroadcastQueueInjector( 844): Unable to launch app com.rhapsody.napster/10104 for broadcast Intent { act=android.bluetooth.adapter.action.STATE_CHANGED flg=0x14000010 (has extras) }: process is not permitted to autostart
D/BluetoothDunService( 4404): parseIntent: action: android.bluetooth.adapter.action.STATE_CHANGED
D/AuthorizationBluetoothService( 1530): Received Bluetooth event: Intent { act=android.bluetooth.adapter.action.STATE_CHANGED flg=0x14000010 cmp=com.google.android.gms/.auth.be.proximity.authorization.bt.AuthorizationBluetoothService$BluetoothStateChangeReceiver (has extras) }.
W/BroadcastQueue( 844): Permission Denial: receiving Intent { act=android.bluetooth.adapter.action.STATE_CHANGED flg=0x14000010 (has extras) } to com.mi4ever.app.mi4everblog/com.appyet.receiver.CommonReceiver requires android.permission.BLUETOOTH due to sender android (uid 1000)
W/ContextImpl( 1219): Calling a method in the system process without a qualified user: android.app.ContextImpl.startService:-1 android.content.ContextWrapper.startService:-1 android.content.ContextWrapper.startService:-1 com.android.settings.bluetooth.DockEventReceiver.e:134 com.android.settings.bluetooth.DockEventReceiver.onReceive:115
E/BTEventHandler( 4404): A4WP is not supported
D/DockEventReceiver( 1219): finishStartingService: stopping service
V/BluetoothSapReceiver( 4404): SapReceiver onReceive
V/BluetoothSapReceiver( 4404): action = android.bluetooth.adapter.action.STATE_CHANGED
V/BluetoothSapReceiver( 4404): Bluetooth Adapter state = 10
D/AuthorizationBluetoothService( 1530): Received Bluetooth event: Intent { act=android.bluetooth.adapter.action.STATE_CHANGED flg=0x14000010 cmp=com.google.android.gms/.auth.be.proximity.authorization.bt.AuthorizationBluetoothService$BluetoothStateChangeReceiver (has extras) }.
W/BroadcastQueueInjector( 844): Unable to launch app com.rhapsody.napster/10104 for broadcast Intent { act=android.bluetooth.adapter.action.STATE_CHANGED flg=0x14000010 (has extras) }: process is not permitted to autostart
W/BroadcastQueue( 844): Permission Denial: receiving Intent { act=android.bluetooth.adapter.action.STATE_CHANGED flg=0x14000010 (has extras) } to com.mi4ever.app.mi4everblog/com.appyet.receiver.CommonReceiver requires android.permission.BLUETOOTH due to sender android (uid 1000)
E/BTEventHandler( 4404): A4WP is not supported
V/BluetoothSapReceiver( 4404): SapReceiver onReceive
V/BluetoothSapReceiver( 4404): action = android.bluetooth.adapter.action.STATE_CHANGED
V/BluetoothSapReceiver( 4404): Bluetooth Adapter state = 11
I/qcom-bluetooth( 4462): /system/etc/init.qcom.bt.sh: Transport : smd
D/AuthorizationBluetoothService( 1530): Received Bluetooth event: Intent { act=android.bluetooth.adapter.action.STATE_CHANGED flg=0x14000010 cmp=com.google.android.gms/.auth.be.proximity.authorization.bt.AuthorizationBluetoothService$BluetoothStateChangeReceiver (has extras) }.
W/BroadcastQueueInjector( 844): Unable to launch app com.rhapsody.napster/10104 for broadcast Intent { act=android.bluetooth.adapter.action.STATE_CHANGED flg=0x14000010 (has extras) }: process is not permitted to autostart
W/BroadcastQueue( 844): Permission Denial: receiving Intent { act=android.bluetooth.adapter.action.STATE_CHANGED flg=0x14000010 (has extras) } to com.mi4ever.app.mi4everblog/com.appyet.receiver.CommonReceiver requires android.permission.BLUETOOTH due to sender android (uid 1000)
I/qcom-bluetooth( 4463): /system/etc/init.qcom.bt.sh: ** Bluedroid stack **
I/qcom-bluetooth( 4465): /system/etc/init.qcom.bt.sh: Power Class: Ignored. Default(1) used (1-CLASS1/2-CLASS2/3-CUSTOM)
I/qcom-bluetooth( 4466): /system/etc/init.qcom.bt.sh: Power Class: To override, Before turning BT ON; setprop qcom.bt.dev_power_class <1 or 2 or 3>
I/qcom-bluetooth( 4467): /system/etc/init.qcom.bt.sh: LE Power Class: Ignored. Default(2) used (1-CLASS1/2-CLASS2/3-CUSTOM)
W/ActivityManager( 844): getRunningAppProcesses: caller 10076 does not hold REAL_GET_TASKS; limiting output
I/qcom-bluetooth( 4468): /system/etc/init.qcom.bt.sh: LE Power Class: To override, Before turning BT ON; setprop qcom.bt.le_dev_pwr_class <1 or 2 or 3>
E/Diag_Lib( 4470): Diag_LSM_Init: Failed to open handle to diag driver, error = 13
E/QMI_FW ( 4470): QMUXD: Service_id=228 not found over conn_id=0
E/QMI_FW ( 4470): QMUXD: Service_id=228 not found over conn_id=37
E/QMI_FW ( 4470): QMUXD: Service_id=228 not found over conn_id=0
E/QMI_FW ( 4470): QMUXD: Service_id=228 not found over conn_id=37
E/QMI_FW ( 4470): QMUXD: Service_id=228 not found over conn_id=0
E/QMI_FW ( 4470): QMUXD: Service_id=228 not found over conn_id=37
E/QMI_FW ( 4470): QMUXD: Service_id=228 not found over conn_id=0
E/QMI_FW ( 4470): QMUXD: Service_id=228 not found over conn_id=37
E/QMI_FW ( 4470): QMUXD: Service_id=228 not found over conn_id=0
E/QMI_FW ( 4470): QMUXD: Service_id=228 not found over conn_id=37
I/qcom-bluetooth( 4479): /system/etc/init.qcom.bt.sh: Bluetooth QSoC firmware download succeeded, /dev/ttyHS0 qualcomm-ibs 3000000 f8:a4:5f:02:67:23
I/qcom-bluetooth( 4480): /system/etc/init.qcom.bt.sh: ** Bluedroid stack **
I/bt_vendor( 4404): bluetooth satus is on
D/bt_userial_mct( 4404): userial_open(port:0)
I/bt_vendor( 4404): bt-vendor : BT_VND_OP_USERIAL_OPEN
I/bt_vendor( 4404): Done intiailizing UART
I/bt_vendor( 4404): Done intiailizing UART
I/bt_userial_mct( 4404): CMD=72, EVT=72, ACL_Out=73, ACL_In=73
I/bt_vendor( 4404): Bluetooth Firmware and transport layer are initialized
D/bt_userial_mct( 4404): Entering userial_read_thread()
I/bt-btu ( 4404): btu_task received preload complete event
W/bt-l2cap( 4404): L2CAP - L2CA_Register() called for PSM: 0x0001
W/bt-l2cap( 4404): L2CAP - L2CA_Register() called for PSM: 0x001f
W/bt-l2cap( 4404): L2CAP - L2CA_Register() called for PSM: 0x0003
W/bt-l2cap( 4404): L2CAP - L2CA_Register() called for PSM: 0x1487
F/libc ( 4404): Fatal signal 11 (SIGSEGV), code 1, fault addr 0x8 in tid 4449 (BTU)
I/DEBUG ( 3636): *** *** *** *** *** *** *** *** *** *** *** *** *** *** *** ***
I/DEBUG ( 3636): Build fingerprint: 'Xiaomi/aries/aries:5.0.2/LRX22G/5.8.20:user/release-keys'
I/DEBUG ( 3636): Revision: '0'
I/DEBUG ( 3636): ABI: 'arm'
I/DEBUG ( 3636): pid: 4404, tid: 4449, name: BTU >>> com.android.bluetooth <<<
I/DEBUG ( 3636): signal 11 (SIGSEGV), code 1 (SEGV_MAPERR), fault addr 0x8
I/DEBUG ( 3636): r0 a563fa48 r1 fffffae8 r2 a56665b8 r3 00000000
I/DEBUG ( 3636): r4 000003e8 r5 00000000 r6 000003e8 r7 a5675318
I/DEBUG ( 3636): r8 a5665d30 r9 a5334308 sl b6f1e785 fp a42e9db0
I/DEBUG ( 3636): ip 7ffffffe sp a42e9ce0 lr a55b956f pc a55b95e2 cpsr 200f0030
I/DEBUG ( 3636):
I/DEBUG ( 3636): backtrace:
I/DEBUG ( 3636): #00 pc 000a45e2 /system/lib/hw/bluetooth.default.so (alarm_service_reschedule+125)
I/DEBUG ( 3636): #01 pc 000a445b /system/lib/hw/bluetooth.default.so (GKI_start_timer+150)
I/DEBUG ( 3636): #02 pc 000d96eb /system/lib/hw/bluetooth.default.so (btu_start_timer+66)
I/DEBUG ( 3636): #03 pc 0003a3a3 /system/lib/hw/bluetooth.default.so (BTE_InitStack+10)
I/DEBUG ( 3636): #04 pc 000d9a6b /system/lib/hw/bluetooth.default.so (btu_task+82)
I/DEBUG ( 3636): #05 pc 000a44c1 /system/lib/hw/bluetooth.default.so
I/DEBUG ( 3636): #06 pc 000137a3 /system/lib/libc.so (__pthread_start(void*)+30)
I/DEBUG ( 3636): #07 pc 00011883 /system/lib/libc.so (__start_thread+6)
I/XiaomiFirewall( 1987): firewall pkgName:com.miui.cloudservice, result:0
V/ProcessObserver( 1640): onProcessStateChanged
V/LocationPolicy( 844): onProcessStateChanged
V/ProcessObserver( 1640): onProcessStateChanged
V/ProcessObserver( 1640): onProcessStateChanged
V/LocationPolicy( 844): onProcessStateChanged
V/LocationPolicy( 844): onProcessStateChanged
W/PushService( 1290): 2015-08-25 15:41:06,276 - [WARN::PushService] - [Thread:1] onStart() with intent.Action = null
W/PushService( 1290): 2015-08-25 15:41:06,336 - [WARN::PushService] - [Thread:1] onStart() with intent.Action = com.xiaomi.mipush.SEND_MESSAGE
W/PushService( 1290): 2015-08-25 15:41:06,337 - [WARN::PushService] - [Thread:80] try send mi push message. packagename:com.android.thememanager action:Notification
W/PushService( 1290): 2015-08-25 15:41:06,337 - [WARN::PushService] - [Thread:80] SMACK 03:41:06 PM SENT (204313143): b9BfQroNB6FtGHRK7B7ktrF7bWJ8010+OqfoQYUYv/oL/aj5JwI9i47BoNdONulz7Pk0Vmb5PhvAeDHySTVQY7uO8N+nXX7VW6a2RECRpLxINxPyxp/8/7w18f4UM9qR3F8XukhejYR6V+gtAjN46g64ArOnDQD3c/wyqmulW/sGbXyBpFvUiqmLc1ffaCAVzHj2SsSQCoMVDc7/YOxpWqGH4nOYqDDNbYB+6Zs9L8YnChD6ITzemhwzrA==
W/PushService( 1290):
V/ProcessObserver( 1640): onProcessStateChanged
V/ProcessObserver( 1640): onProcessStateChanged
V/LocationPolicy( 844): onProcessStateChanged
V/LocationPolicy( 844): onProcessStateChanged
D/wpa_supplicant( 1134): wlan0: Control interface command 'SIGNAL_POLL'
W/System.err( 2102): javax.net.ssl.SSLException: hostname in certificate didn't match: != OR OR
W/System.err( 2102): at org.apache.http.conn.ssl.AbstractVerifier.verify(AbstractVerifier.java:185)
W/System.err( 2102): at org.apache.http.conn.ssl.BrowserCompatHostnameVerifier.verify(BrowserCompatHostnameVerifier.java:54)
W/System.err( 2102): at org.apache.http.conn.ssl.AbstractVerifier.verify(AbstractVerifier.java:114)
W/System.err( 2102): at org.apache.http.conn.ssl.AbstractVerifier.verify(AbstractVerifier.java:95)
W/System.err( 2102): at org.apache.http.conn.ssl.SSLSocketFactory.createSocket(SSLSocketFactory.java:388)
W/System.err( 2102): at org.apache.http.impl.conn.DefaultClientConnectionOperator.openConnection(DefaultClientConnectionOperator.java:165)
W/System.err( 2102): at org.apache.http.impl.conn.AbstractPoolEntry.open(AbstractPoolEntry.java:164)
W/System.err( 2102): at org.apache.http.impl.conn.AbstractPooledConnAdapter.open(AbstractPooledConnAdapter.java:119)
W/System.err( 2102): at org.apache.http.impl.client.DefaultRequestDirector.execute(DefaultRequestDirector.java:360)
W/System.err( 2102): at org.apache.http.impl.client.AbstractHttpClient.execute(AbstractHttpClient.java:555)
W/System.err( 2102): at org.apache.http.impl.client.AbstractHttpClient.execute(AbstractHttpClient.java:487)
W/System.err( 2102): at org.apache.http.impl.client.AbstractHttpClient.execute(AbstractHttpClient.java:465)
W/System.err( 2102): at com.miui.securitycenter.aj.b(Unknown Source)
W/System.err( 2102): at com.miui.securitycenter.CloudDataUpdateService.dm(Unknown Source)
W/System.err( 2102): at com.miui.securitycenter.CloudDataUpdateService.onHandleIntent(Unknown Source)
W/System.err( 2102): at android.app.IntentService$ServiceHandler.handleMessage(IntentService.java)
W/System.err( 2102): at android.os.Handler.dispatchMessage(Handler.java)
W/System.err( 2102): at android.os.Looper.loop(Looper.java)
W/System.err( 2102): at android.os.HandlerThread.run(HandlerThread.java)
V/ProcessObserver( 1640): onProcessStateChanged
V/ProcessObserver( 1640): onProcessStateChanged
V/LocationPolicy( 844): onProcessStateChanged
V/LocationPolicy( 844): onProcessStateChanged
I/WhetstoneService( 1322): Receive am_crash event for pid: 844
W/KloServer( 1322): Aborted broadcast does not supprt for: android
I/DEBUG ( 3636):
I/DEBUG ( 3636): Tombstone written to: /data/tombstones/tombstone_09
I/libmc ( 2269): received event[index:0,mask:0x8,name:tombstone_09]
E/SharedPreferencesImpl( 844): Couldn't create directory for SharedPreferences file shared_prefs/log_files.xml
I/BootReceiver( 844): Copying /data/tombstones/tombstone_09 to DropBox (SYSTEM_TOMBSTONE)
I/KLO_Stability( 2269): start gathering logcat log...
E/ActivityManager( 844): App already has crash dialog: ProcessRecord{35479a8c 4404:com.android.bluetooth/1002}
I/KLO_Stability( 2269): gethering logcat log done
D/BluetoothManagerService( 844): BluetoothServiceConnection, disconnected: com.android.bluetooth.btservice.AdapterService
D/BluetoothManagerService( 844): Message: 41
E/BluetoothManagerService( 844): MESSAGE_BLUETOOTH_SERVICE_DISCONNECTED: 1
D/BluetoothManagerService( 844): Calling onBluetoothServiceDown callbacks
D/BluetoothManagerService( 844): Broadcasting onBluetoothServiceDown() to 7 receivers.
D/BluetoothManagerService( 844): Calling onQBluetoothServiceDown callbacks
D/BluetoothManagerService( 844): Broadcasting onQBluetoothServiceDown() to 0 receivers.
D/BluetoothManagerService( 844): Bluetooth State Change Intent: 12 -> 13
I/ActivityManager( 844): Process com.android.bluetooth (pid 4404) has died
D/ProcessObserver( 1640): onProcessDied, pid: 4404 uid: 1002
I/libmc ( 2269): received event[index:0,mask:0x80,name:system_app_native_crash@1440510066976.txt]
W/ActivityManager( 844): Scheduling restart of crashed service com.android.bluetooth/.map.BluetoothMapService in 1000ms
W/ActivityManager( 844): Scheduling restart of crashed service com.android.bluetooth/.hdp.HealthService in 1000ms
W/ActivityManager( 844): Scheduling restart of crashed service com.android.bluetooth/.hid.HidService in 1000ms
W/ActivityManager( 844): Scheduling restart of crashed service com.android.bluetooth/.gatt.GattService in 1000ms
W/ActivityManager( 844): Scheduling restart of crashed service com.android.bluetooth/.a2dp.A2dpService in 1000ms
W/ActivityManager( 844): Scheduling restart of crashed service com.android.bluetooth/.hfp.HeadsetService in 1000ms
W/ActivityManager( 844): Scheduling restart of crashed service org.codeaurora.bluetooth/.dun.BluetoothDunService in 1000ms
W/ActivityManager( 844): Scheduling restart of crashed service org.codeaurora.bluetooth/.sap.BluetoothSapService in 1000ms
W/ActivityManager( 844): Scheduling restart of crashed service com.android.bluetooth/.pan.PanService in 1000ms
W/ActivityManager( 844): Scheduling restart of crashed service com.android.bluetooth/.btservice.AdapterService in 1000ms
I/libmc ( 2269): received event[index:0,mask:0x80,name:SYSTEM_TOMBSTONE@1440510067000.txt.gz]
E/WhetstoneService( 1322): the pacakge name not found
I/ActivityManager( 844): Start proc com.android.bluetooth for restart com.android.bluetooth: pid=4499 uid=1002 gids={41002, 9997, 3003, 3002, 3001, 1028, 1015, 3005, 1016, 3008, 1023} abi=armeabi-v7a
D/BluetoothManagerService( 844): Broadcasting onBluetoothStateChange(false) to 9 receivers.
D/BluetoothHeadset( 844): onBluetoothStateChange: up=false
I/Zygote ( 296): Process 4404 exited due to signal (11)
E/BluetoothHeadset( 844):
E/BluetoothHeadset( 844): java.lang.IllegalArgumentException: Service not registered: android.bluetooth.BluetoothHeadset$2@1aac831b
E/BluetoothHeadset( 844): at android.app.LoadedApk.forgetServiceDispatcher(LoadedApk.java)
E/BluetoothHeadset( 844): at android.app.ContextImpl.unbindService(ContextImpl.java)
E/BluetoothHeadset( 844): at android.bluetooth.BluetoothHeadset$1.onBluetoothStateChange(BluetoothHeadset.java)
E/BluetoothHeadset( 844): at com.android.server.BluetoothManagerService.sendBluetoothStateCallback(BluetoothManagerService.java)
E/BluetoothHeadset( 844): at com.android.server.BluetoothManagerService.bluetoothStateChangeHandler(BluetoothManagerService.java)
E/BluetoothHeadset( 844): at com.android.server.BluetoothManagerService.access$3200(BluetoothManagerService.java)
E/BluetoothHeadset( 844): at com.android.server.BluetoothManagerService$BluetoothHandler.handleMessage(BluetoothManagerService.java)
E/BluetoothHeadset( 844): at android.os.Handler.dispatchMessage(Handler.java)
E/BluetoothHeadset( 844): at android.os.Looper.loop(Looper.java)
E/BluetoothHeadset( 844): at android.os.HandlerThread.run(HandlerThread.java)
E/BluetoothHeadset( 844): at com.android.server.ServiceThread.run(ServiceThread.java)
D/BluetoothHeadset( 1302): onBluetoothStateChange: up=false
E/BluetoothHeadset( 1302):
E/BluetoothHeadset( 1302): java.lang.IllegalArgumentException: Service not registered: android.bluetooth.BluetoothHeadset$2@171bdf46
E/BluetoothHeadset( 1302): at android.app.LoadedApk.forgetServiceDispatcher(LoadedApk.java)
E/BluetoothHeadset( 1302): at android.app.ContextImpl.unbindService(ContextImpl.java)
E/BluetoothHeadset( 1302): at android.content.ContextWrapper.unbindService(ContextWrapper.java)
E/BluetoothHeadset( 1302): at android.bluetooth.BluetoothHeadset$1.onBluetoothStateChange(BluetoothHeadset.java)
E/BluetoothHeadset( 1302): at android.bluetooth.IBluetoothStateChangeCallback$Stub.onTransact(IBluetoothStateChangeCallback.java)
E/BluetoothHeadset( 1302): at android.os.Binder.execTransact(Binder.java)
D/BluetoothAdapter( 1063): 517947889: getState() : mService = null. Returning STATE_OFF
D/BluetoothPan( 1219): onBluetoothStateChange on: false
E/BluetoothPan( 1219):
E/BluetoothPan( 1219): java.lang.IllegalArgumentException: Service not registered: android.bluetooth.BluetoothPan$2@3bf2533c
E/BluetoothPan( 1219): at android.app.LoadedApk.forgetServiceDispatcher(LoadedApk.java)
E/BluetoothPan( 1219): at android.app.ContextImpl.unbindService(ContextImpl.java)
E/BluetoothPan( 1219): at android.content.ContextWrapper.unbindService(ContextWrapper.java)
E/BluetoothPan( 1219): at android.bluetooth.BluetoothPan$1.onBluetoothStateChange(BluetoothPan.java)
E/BluetoothPan( 1219): at android.bluetooth.IBluetoothStateChangeCallback$Stub.onTransact(IBluetoothStateChangeCallback.java)
E/BluetoothPan( 1219): at android.os.Binder.execTransact(Binder.java)
D/BluetoothMap( 1219): onBluetoothStateChange: up=false
E/BluetoothMap( 1219):
E/BluetoothMap( 1219): java.lang.IllegalArgumentException: Service not registered: android.bluetooth.BluetoothMap$2@37f1e8c5
E/BluetoothMap( 1219): at android.app.LoadedApk.forgetServiceDispatcher(LoadedApk.java)
E/BluetoothMap( 1219): at android.app.ContextImpl.unbindService(ContextImpl.java)
E/BluetoothMap( 1219): at android.content.ContextWrapper.unbindService(ContextWrapper.java)
E/BluetoothMap( 1219): at android.bluetooth.BluetoothMap$1.onBluetoothStateChange(BluetoothMap.java)
E/BluetoothMap( 1219): at android.bluetooth.IBluetoothStateChangeCallback$Stub.onTransact(IBluetoothStateChangeCallback.java)
E/BluetoothMap( 1219): at android.os.Binder.execTransact(Binder.java)
D/BluetoothInputDevice( 1219): onBluetoothStateChange: up=false
D/BluetoothAdapter( 1358): 173510713: getState() : mService = null. Returning STATE_OFF
E/BluetoothInputDevice( 1219):
E/BluetoothInputDevice( 1219): java.lang.IllegalArgumentException: Service not registered: android.bluetooth.BluetoothInputDevice$2@3d6912f
E/BluetoothInputDevice( 1219): at android.app.LoadedApk.forgetServiceDispatcher(LoadedApk.java)
E/BluetoothInputDevice( 1219): at android.app.ContextImpl.unbindService(ContextImpl.java)
E/BluetoothInputDevice( 1219): at android.content.ContextWrapper.unbindService(ContextWrapper.java)
E/BluetoothInputDevice( 1219): at android.bluetooth.BluetoothInputDevice$1.onBluetoothStateChange(BluetoothInputDevice.java)
E/BluetoothInputDevice( 1219): at android.bluetooth.IBluetoothStateChangeCallback$Stub.onTransact(IBluetoothStateChangeCallback.java)
E/BluetoothInputDevice( 1219): at android.os.Binder.execTransact(Binder.java)
D/BluetoothHeadset( 1284): onBluetoothStateChange: up=false
E/BluetoothHeadset( 1284):
E/BluetoothHeadset( 1284): java.lang.IllegalArgumentException: Service not registered: android.bluetooth.BluetoothHeadset$2@315b80fe
E/BluetoothHeadset( 1284): at android.app.LoadedApk.forgetServiceDispatcher(LoadedApk.java)
E/BluetoothHeadset( 1284): at android.app.ContextImpl.unbindService(ContextImpl.java)
E/BluetoothHeadset( 1284): at android.content.ContextWrapper.unbindService(ContextWrapper.java)
E/BluetoothHeadset( 1284): at android.content.ContextWrapper.unbindService(ContextWrapper.java)
E/BluetoothHeadset( 1284): at android.bluetooth.BluetoothHeadset$1.onBluetoothStateChange(BluetoothHeadset.java)
E/BluetoothHeadset( 1284): at android.bluetooth.IBluetoothStateChangeCallback$Stub.onTransact(IBluetoothStateChangeCallback.java)
E/BluetoothHeadset( 1284): at android.os.Binder.execTransact(Binder.java)
D/BluetoothPbap( 1219): onBluetoothStateChange: up=false
E/BluetoothPbap( 1219):
E/BluetoothPbap( 1219): java.lang.IllegalArgumentException: Service not registered: android.bluetooth.BluetoothPbap$2@144a521a
E/BluetoothPbap( 1219): at android.app.LoadedApk.forgetServiceDispatcher(LoadedApk.java)
E/BluetoothPbap( 1219): at android.app.ContextImpl.unbindService(ContextImpl.java)
E/BluetoothPbap( 1219): at android.content.ContextWrapper.unbindService(ContextWrapper.java)
E/BluetoothPbap( 1219): at android.bluetooth.BluetoothPbap$1.onBluetoothStateChange(BluetoothPbap.java)
E/BluetoothPbap( 1219): at android.bluetooth.IBluetoothStateChangeCallback$Stub.onTransact(IBluetoothStateChangeCallback.java)
E/BluetoothPbap( 1219): at android.os.Binder.execTransact(Binder.java)
D/BluetoothA2dp( 844): onBluetoothStateChange: up=false
E/BluetoothA2dp( 844):
