I/art ( 296): Explicit concurrent mark sweep GC freed 7(240B) AllocSpace objects, 0(0B) LOS objects, 39% free, 7MB/13MB, paused 213us total 14.617ms
I/art ( 296): Explicit concurrent mark sweep GC freed 5(160B) AllocSpace objects, 0(0B) LOS objects, 39% free, 7MB/13MB, paused 213us total 14.251ms
V/ProcessObserver( 1640): onProcessStateChanged
V/ProcessObserver( 1640): onProcessStateChanged
D/miuisdk ( 2543): current sdk level is 2
I/Sensors ( 418): sns_pwr.c(417):sns_pwr_set_cpu_latency: hz -1
I/Sensors ( 418): DSPS file:sns_smgr_sol.c(1230):SMGR: One val: 1
D/LockPatternKeyguardView( 1063): createUnlockScreenFor(SimPin): mEnableFallback=true
V/ProcessObserver( 1640): onProcessStateChanged
V/KscApplication( 2543): Process: com.android.fileexplorer:remote started
V/ProcessObserver( 1640): onProcessStateChanged
V/ProcessObserver( 1640): onProcessStateChanged
D/ScreenElementRoot( 1063): pause
I/ServiceManager( 1322): Waiting for service miui.whetstone.net...
V/ProcessObserver( 1640): onProcessStateChanged
D/ScreenElementRoot( 1063): resume
V/KscService( 2543): Not found createProvider(KssProvicer, String) in service: thumb
V/KscService( 2543): Not found createProvider(KssProvicer, String) in service: file_oper
V/KscService( 2543): Not found createProvider(KssProvicer, String) in service: xiaomi_push
D/wpa_supplicant( 1134): wlan0: Control interface command 'SIGNAL_POLL'
V/FileExplorerApplication( 2543): Application Created.
I/ServiceManager( 2269): Waiting for service miui.whetstone.klo...
V/ProcessObserver( 1640): onProcessStateChanged
V/ProcessObserver( 1640): onProcessStateChanged
D/miuisdk ( 2579): current sdk level is 2
V/ProcessObserver( 1640): onProcessStateChanged
I/XiaomiFirewall( 1987): firewall pkgName:com.android.thememanager, result:0
V/ProcessObserver( 1640): onProcessStateChanged
I/ServiceManager( 1322): Waiting for service miui.whetstone.net...
D/miuisdk ( 2606): current sdk level is 2
V/ProcessObserver( 1640): onProcessStateChanged
W/PushService( 1290): 2015-08-25 15:40:46,349 - [WARN::PushService] - [Thread:1] onStart() with intent.Action = null
V/ProcessObserver( 1640): onProcessStateChanged
D/miuisdk ( 2636): current sdk level is 2
I/ServiceManager( 2269): Waiting for service miui.whetstone.klo...
W/XiaomiVip( 2636): failed to mkdirs /storage/emulated/0/MIUI/debug_log/XiaomiVip
V/ProcessObserver( 1640): onProcessStateChanged
V/ProcessObserver( 1640): onProcessStateChanged
I/vip_debug( 2636): CommandCenter.start aborts, localCheck fail(P:2636)(T:pool-2-thread-1)(C:CommandCenter)at (CommandCenter.java:104)
V/ProcessObserver( 1640): onProcessStateChanged
V/ProcessObserver( 1640): onProcessStateChanged
W/asset ( 2662): Asset path /system/framework/yellowpage-common.jar is neither a directory nor file (type=1).
D/miuisdk ( 2662): current sdk level is 2
D/MipubLog_DraftCache( 2662): [2015-08-25 15:40:46.865] DraftCache.constructor
D/MipubLog_DraftCache( 2662): [2015-08-25 15:40:46.866] refresh
V/MipubLog_LayoutManager( 2662): [2015-08-25 15:40:46.869] DefaultLayoutManager.init()
V/MipubLog_HVGALayoutParameters( 2662): [2015-08-25 15:40:46.870] HVGALayoutParameters.(11).
V/MipubLog_LayoutManager( 2662): [2015-08-25 15:40:46.871] LayoutParameters: HVGA-P: 320x480
V/ProcessObserver( 1640): onProcessStateChanged
D/MipubLog_DraftCache( 2662): [2015-08-25 15:40:46.879] rebuildCache
W/MipubLog_MipubMsgProvider( 2662): [2015-08-25 15:40:46.881] MipubMsgProvider Start querying with :content://com.miui.mipub.MipubMsgProvider/
D/MipubLog_Conversation( 2662): [2015-08-25 15:40:46.883] cacheAllThreads: begin
W/MipubLog_MipubMsgProvider( 2662): [2015-08-25 15:40:46.884] MipubMsgProvider Start querying with :content://com.miui.mipub.MipubMsgProvider/conversations
W/MipubLog_MipubMsgProvider( 2662): [2015-08-25 15:40:46.885] MipubMsgProvider Start querying with :content://com.miui.mipub.MipubMsgProvider/conversations
V/ProcessObserver( 1640): onProcessStateChanged
V/MipubLog_MipubChannelService( 2662): [2015-08-25 15:40:46.914] hms not available
V/ProcessObserver( 1640): onProcessStateChanged
D/MipubLog_Conversation( 2662): [2015-08-25 15:40:46.938] after keepOnly
V/MipubLog_Conversation( 2662): [2015-08-25 15:40:46.939] dumpCache:
D/MipubLog_MipubPersister( 2662): [2015-08-25 15:40:46.947] init hms info cache and recipitent id is :
V/GmsNetworkLocationProvi( 1184): onSetRequest: ProviderRequestUnbundled, reportLocation is true and interval is 100
V/GmsNetworkLocationProvi( 1184): SET-REQUEST
V/GmsNetworkLocationProvi( 1184): in Handler: ProviderRequestUnbundled, reportLocation is true and interval is 20000
I/Analytics( 1219): start session(com.android.settings)
I/Analytics( 1219): end session(com.android.settings)
D/CloudSettingsConnectivityChangeReceiver( 1219): request appcontrol list update
I/ServiceManager( 1322): Waiting for service miui.whetstone.net...
V/ProcessObserver( 1640): onProcessStateChanged
D/miuisdk ( 2699): current sdk level is 2
D/PhoneStatusBar/NetworkSpeedView( 1063): not boot complete yet!
D/PhoneStatusBar/NetworkSpeedView( 1063): not boot complete yet!
V/ProcessObserver( 1640): onProcessStateChanged
V/ProcessObserver( 1640): onProcessStateChanged
V/ProcessObserver( 1640): onProcessStateChanged
I/ServiceManager( 2269): Waiting for service miui.whetstone.klo...
D/ProcessObserver( 1640): onProcessDied, pid: 1596 uid: 10048
V/ProcessObserver( 1640): onProcessStateChanged
D/Analytics-App( 2722): onCreate
V/ProcessObserver( 1640): onProcessStateChanged
I/AntiSpamService( 1762): stopSelf
I/AntiSpamService( 1762): service create
D/Analytics-PollingSender( 2722): drain all the events
D/ProcessObserver( 1640): onProcessDied, pid: 1959 uid: 10031
I/AntiSpamService( 1762): stopSelf
V/ProcessObserver( 1640): onProcessStateChanged
D/miuisdk ( 2748): current sdk level is 2
I/XiaomiFirewall( 1987): firewall pkgName:com.miui.analytics, result:0
V/ProcessObserver( 1640): onProcessStateChanged
D/ProcessObserver( 1640): onProcessDied, pid: 1429 uid: 10049
V/ProcessObserver( 1640): onProcessStateChanged
D/miuisdk ( 2771): current sdk level is 2
V/ProcessObserver( 1640): onProcessStateChanged
V/CloudApp( 2771): has telephony feature
I/ServiceManager( 1322): Waiting for service miui.whetstone.net...
I/Sensors ( 418): sns_pwr.c(307):releasing wakelock
I/ConfigureLog4J( 2771): log system inited
I/CloudApp( 2771): com.miui.cloudservice.b: SourceFile(50): CloudApp.onCreate()
D/AlertSyncService( 2771): onCreate
D/AlertSyncService( 2771): onHandleIntent action = null
D/AlertSyncService( 2771): sceduleDailyAlarm
D/AlertSyncService( 2771): checkState begin
D/ActivateManager( 2771): onServiceConnected, component:ComponentInfo{com.xiaomi.xmsf/com.xiaomi.activate.ActivateService}
D/ActivateManager( 2771): service unbinded
V/ActivateStatusReceiver( 2771): Updating activate info for sim 0 inserted=false status=-1
D/AlertSyncService( 2771): setMasterNotificationTime:01/01/1970
D/AlertSyncService( 2771): setSubNotificationTime:09/20/2015
D/AlertSyncService( 2771): startAlarm action = com.miui.cloudservice.ACTION_DAILY_ALARM_REMINDER time = 08/26/2015
D/MicloudPushService( 2771): push service action : com.miui.cloudservice.open_channel_oncreate_app sBindStatus:0
D/MicloudPushService( 2771): openChannel
V/MicloudPushService( 2771): Opening micloud push channel
V/MiCloudStatusService( 2771): on create
V/MiCloudStatusService( 2771): on start command
D/MiCloudStatusService( 2771): initAlarm currentTime = 1440510048337 lastTime = 1440453210754
D/MiCloudStatusService( 2771): stopAlarm
D/MiCloudStatusService( 2771): startAlarm alarmMills = 1440539610754
D/ActivateManager( 2771): onServiceConnected, component:ComponentInfo{com.xiaomi.xmsf/com.xiaomi.activate.ActivateService}
D/ActivateManager( 2771): service unbinded
V/ActivateStatusReceiver( 2771): Updating activate info for sim 1 inserted=false status=-1
D/AlertSyncService( 2771): onDestroy
D/MiCloudStatusService( 2771): onDestroy I/com.miui.powerkeeper.cloudcontrol.CloudUpdateReceiver( 1789): onReceive: android.net.conn.CONNECTIVITY_CHANGE
V/ProcessObserver( 1640): onProcessStateChanged
V/CloudActivateStatusListener( 2771): EVENT_NONE
V/CloudActivateStatusListener( 2771): EVENT_NONE
V/SyncTagCacheProvider( 2771): SyncTagCacheProvider: query content://com.miui.cloudservice.SyncTagCacheProvider
D/wpa_supplicant( 1134): wlan0: Control interface command 'SIGNAL_POLL'
D/MicloudRegularSyncService( 2771): authority:notes; lastTime:1440434223667; currentTime:1440510048371
D/MicloudRegularSyncService( 2771): wifi connected, sync display photo
V/SyncTagCacheProvider( 2771): SyncTagCacheProvider: query content://com.miui.cloudservice.SyncTagCacheProvider
V/SyncTagCacheProvider( 2771): SyncTagCacheProvider: query content://com.miui.cloudservice.SyncTagCacheProvider
I/art ( 844): Explicit concurrent mark sweep GC freed 15645(719KB) AllocSpace objects, 2(32KB) LOS objects, 33% free, 21MB/32MB, paused 2.166ms total 103.118ms I/com.miui.powerkeeper.cloudcontrol.CloudUpdateService( 1789): type:mod-MI2S__bvs-5.8.20__mnc-00__mcc--1__pvs-20000
I/ServiceManager( 2269): Waiting for service miui.whetstone.klo...
I/XiaomiFirewall( 1987): firewall pkgName:com.miui.powerkeeper, result:0
V/ProcessObserver( 1640): onProcessStateChanged
V/ProcessObserver( 1640): onProcessStateChanged
I/Sensors ( 418): sns_pwr.c(279):acquiring wakelock
D/miuisdk ( 2800): current sdk level is 2
D/DailyCheckReceiver( 2800): onReceive android.net.conn.CONNECTIVITY_CHANGE
V/ProcessObserver( 1640): onProcessStateChanged
I/j ( 2800): NewVersion: MIUI-5.8.20, oldVersion: MIUI-5.8.20
D/miuisdk ( 2807): current sdk level is 2
I/GreenConnectivityReceiver( 2606): network resumed, report sim binding
V/ProcessObserver( 1640): onProcessStateChanged
W/PushService( 1290): 2015-08-25 15:40:48,794 - [WARN::PushService] - [Thread:1] onStart() with intent.Action = com.xiaomi.push.network_status_changed
W/PushService( 1290): 2015-08-25 15:40:48,795 - [WARN::PushService] - [Thread:1] network changed, [type: WIFI[], state: CONNECTED/CONNECTED, reason: (unspecified), extra: "wifi", roaming: false, failover: false, isAvailable: true, isConnectedToProvisioningNetwork: false]
D/UpdateService( 2800): onCreate
I/art ( 296): Explicit concurrent mark sweep GC freed 709(30KB) AllocSpace objects, 0(0B) LOS objects, 39% free, 7MB/13MB, paused 213us total 17.364ms
I/art ( 296): Explicit concurrent mark sweep GC freed 5(160B) AllocSpace objects, 0(0B) LOS objects, 39% free, 7MB/13MB, paused 244us total 14.434ms
I/art ( 296): Explicit concurrent mark sweep GC freed 5(160B) AllocSpace objects, 0(0B) LOS objects, 39% free, 7MB/13MB, paused 213us total 14.739ms
D/Updater2( 2800): lastInstallVersion null
D/aw ( 2800): UserLeftTime: 0
D/UpdateService( 2800): onStartCommand: 1
D/Updater2( 2800): checkNewVersion by 2 ob: null
D/Updater2( 2800): No need to check
I/Process ( 2800): Sending signal. PID: 2800 SIG: 9
D/ProcessObserver( 1640): onProcessDied, pid: 2800 uid: 9802
V/ProcessObserver( 1640): onProcessStateChanged
V/ProcessObserver( 1640): onProcessStateChanged
V/SyncTagCacheProvider( 2771): SyncTagCacheProvider: query content://com.miui.cloudservice.SyncTagCacheProvider
V/SyncTagCacheProvider( 2771): SyncTagCacheProvider: query content://com.miui.cloudservice.SyncTagCacheProvider
V/SyncTagCacheProvider( 2771): SyncTagCacheProvider: query content://com.miui.cloudservice.SyncTagCacheProvider
V/SyncTagCacheProvider( 2771): SyncTagCacheProvider: query content://com.miui.cloudservice.SyncTagCacheProvider
V/SyncTagCacheProvider( 2771): SyncTagCacheProvider: query content://com.miui.cloudservice.SyncTagCacheProvider
V/SyncTagCacheProvider( 2771): SyncTagCacheProvider: query content://com.miui.cloudservice.SyncTagCacheProvider
V/SyncTagCacheProvider( 2771): SyncTagCacheProvider: query content://com.miui.cloudservice.SyncTagCacheProvider
V/SyncTagCacheProvider( 2771): SyncTagCacheProvider: query content://com.miui.cloudservice.SyncTagCacheProvider
V/SyncTagCacheProvider( 2771): SyncTagCacheProvider: query content://com.miui.cloudservice.SyncTagCacheProvider
V/SyncTagCacheProvider( 2771): SyncTagCacheProvider: query content://com.miui.cloudservice.SyncTagCacheProvider
V/SyncTagCacheProvider( 2771): SyncTagCacheProvider: query content://com.miui.cloudservice.SyncTagCacheProvider
V/SyncTagCacheProvider( 2771): SyncTagCacheProvider: query content://com.miui.cloudservice.SyncTagCacheProvider
V/SyncTagCacheProvider( 2771): SyncTagCacheProvider: query content://com.miui.cloudservice.SyncTagCacheProvider
V/SyncTagCacheProvider( 2771): SyncTagCacheProvider: query content://com.miui.cloudservice.SyncTagCacheProvider
V/SyncTagCacheProvider( 2771): SyncTagCacheProvider: query content://com.miui.cloudservice.SyncTagCacheProvider
V/SyncTagCacheProvider( 2771): SyncTagCacheProvider: query content://com.miui.cloudservice.SyncTagCacheProvider
V/SyncTagCacheProvider( 2771): SyncTagCacheProvider: query content://com.miui.cloudservice.SyncTagCacheProvider
V/SyncTagCacheProvider( 2771): SyncTagCacheProvider: query content://com.miui.cloudservice.SyncTagCacheProvider
V/SyncTagCacheProvider( 2771): SyncTagCacheProvider: query content://com.miui.cloudservice.SyncTagCacheProvider
V/SyncTagCacheProvider( 2771): SyncTagCacheProvider: query content://com.miui.cloudservice.SyncTagCacheProvider
D/MicloudPushService( 2771): CloudPushType=MicloudPushType {packageName=com.miui.cloudservice, contentAuthority=com.miui.cloudservice, pushType=cmd, pushName=micloud.find.cmd, watermarkType=p, watermark=0}
D/MicloudPushService( 2771): CloudPushType=MicloudPushType {packageName=com.miui.cloudservice, contentAuthority=com.miui.cloudservice, pushType=cmd, pushName=micloud.sms.cmd, watermarkType=p, watermark=0}
D/MicloudPushService( 2771): CloudPushType=MicloudPushType {packageName=com.miui.cloudservice, contentAuthority=com.miui.cloudservice, pushType=watermark, pushName=micloud.contact.sync, watermarkType=p, watermark=0}
D/MicloudPushService( 2771): CloudPushType=MicloudPushType {packageName=com.miui.cloudservice, contentAuthority=com.miui.cloudservice, pushType=watermark, pushName=micloud.micard.default.sync, watermarkType=p, watermark=0}
D/MicloudPushService( 2771): CloudPushType=MicloudPushType {packageName=com.miui.cloudservice, contentAuthority=com.miui.cloudservice, pushType=watermark, pushName=micloud.sms.sync, watermarkType=p, watermark=0}
D/MicloudPushService( 2771): CloudPushType=MicloudPushType {packageName=com.miui.cloudservice, contentAuthority=com.miui.cloudservice, pushType=watermark, pushName=micloud.priaddr.sync, watermarkType=p, watermark=0}
D/MicloudPushService( 2771): CloudPushType=MicloudPushType {packageName=com.miui.cloudservice, contentAuthority=com.miui.cloudservice, pushType=watermark, pushName=micloud.stkthrd.sync, watermarkType=p, watermark=0}
D/MicloudPushService( 2771): CloudPushType=MicloudPushType {packageName=com.miui.cloudservice, contentAuthority=com.miui.cloudservice, pushType=watermark, pushName=micloud.wifi.sync, watermarkType=p, watermark=0}
D/MicloudPushService( 2771): CloudPushType=MicloudPushType {packageName=com.miui.cloudservice, contentAuthority=com.miui.cloudservice, pushType=watermark, pushName=micloud.note.sync, watermarkType=p, watermark=5982901336146592}
D/MicloudPushService( 2771): CloudPushType=MicloudPushType {packageName=com.miui.cloudservice, contentAuthority=com.miui.cloudservice, pushType=watermark, pushName=micloud.calllog.sync, watermarkType=p, watermark=0}
D/MicloudPushService( 2771): CloudPushType=MicloudPushType {packageName=com.miui.cloudservice, contentAuthority=com.miui.cloudservice, pushType=watermark, pushName=micloud.browser.bookmark.sync, watermarkType=p, watermark=0}
D/MicloudPushService( 2771): CloudPushType=MicloudPushType {packageName=com.miui.cloudservice, contentAuthority=com.miui.cloudservice, pushType=watermark, pushName=micloud.browser.history.sync, watermarkType=p, watermark=0}
D/MicloudPushService( 2771): CloudPushType=MicloudPushType {packageName=com.miui.cloudservice, contentAuthority=com.miui.cloudservice, pushType=watermark, pushName=micloud.browser.tab.sync, watermarkType=p, watermark=0}
D/MicloudPushService( 2771): CloudPushType=MicloudPushType {packageName=com.miui.cloudservice, contentAuthority=com.miui.cloudservice, pushType=watermark, pushName=micloud.browser.novel.sync, watermarkType=p, watermark=0}
D/MicloudPushService( 2771): CloudPushType=MicloudPushType {packageName=com.miui.cloudservice, contentAuthority=com.miui.cloudservice, pushType=watermark, pushName=micloud.kit.bvf.vfavor.sync, watermarkType=p, watermark=0}
D/MicloudPushService( 2771): CloudPushType=MicloudPushType {packageName=com.miui.cloudservice, contentAuthority=com.miui.cloudservice, pushType=watermark, pushName=micloud.kit.bvh.vhistory.sync, watermarkType=p, watermark=0}
D/MicloudPushService( 2771): CloudPushType=MicloudPushType {packageName=com.miui.cloudservice, contentAuthority=com.miui.cloudservice, pushType=watermark, pushName=micloud.kit.bhp.hp.sync, watermarkType=p, watermark=0}
D/MicloudPushService( 2771): CloudPushType=MicloudPushType {packageName=com.miui.cloudservice, contentAuthority=com.miui.cloudservice, pushType=watermark, pushName=micloud.kit.bup.up.sync, watermarkType=p, watermark=0}
D/MicloudPushService( 2771): CloudPushType=MicloudPushType {packageName=com.miui.cloudservice, contentAuthority=com.miui.cloudservice, pushType=watermark, pushName=micloud.gallery.sync, watermarkType=p, watermark=0}
D/MicloudPushService( 2771): CloudPushType=MicloudPushType {packageName=com.miui.cloudservice, contentAuthority=com.miui.cloudservice, pushType=watermark, pushName=micloud.gallery.albumlist.sync, watermarkType=p, watermark=0}
D/MicloudPushService( 2771): CloudPushType=MicloudPushType {packageName=com.miui.cloudservice, contentAuthority=com.miui.cloudservice, pushType=watermark, pushName=micloud.gallery.albuminfo.sync, watermarkType=p, watermark=0}
D/MicloudPushService( 2771): CloudPushType=MicloudPushType {packageName=com.miui.cloudservice, contentAuthority=com.miui.cloudservice, pushType=watermark, pushName=micloud.gallery.sharerlist.sync, watermarkType=p, watermark=0}
D/MicloudPushService( 2771): CloudPushType=MicloudPushType {packageName=com.miui.cloudservice, contentAuthority=com.miui.cloudservice, pushType=watermark, pushName=micloud.gallery.imagelist.sync, watermarkType=p, watermark=0}
D/MicloudPushService( 2771): CloudPushType=MicloudPushType {packageName=com.miui.cloudservice, contentAuthority=com.miui.cloudservice, pushType=watermark, pushName=micloud.music.playlist.sync, watermarkType=p, watermark=0}
D/MicloudPushService( 2771): CloudPushType=MicloudPushType {packageName=com.miui.cloudservice, contentAuthority=com.miui.cloudservice, pushType=watermark, pushName=micloud.kit.pcb.default.sync, watermarkType=p, watermark=0}
D/MicloudPushService( 2771): CloudPushType=MicloudPushType {packageName=com.miui.cloudservice, contentAuthority=com.miui.cloudservice, pushType=watermark, pushName=micloud.kit.arm.default.sync, watermarkType=p, watermark=0}
D/MicloudPushService( 2771): CloudPushType=MicloudPushType {packageName=com.miui.cloudservice, contentAuthority=com.miui.cloudservice, pushType=watermark, pushName=micloud.kit.calendar.default.sync, watermarkType=p, watermark=0}
D/MicloudPushService( 2771): CloudPushType=MicloudPushType {packageName=com.miui.cloudservice, contentAuthority=com.miui.cloudservice, pushType=watermark, pushName=micloud.kit.cloudcard.mycard.sync, watermarkType=p, watermark=0}
D/MicloudPushService( 2771): CloudPushType=MicloudPushType {packageName=com.miui.cloudservice, contentAuthority=com.miui.cloudservice, pushType=watermark, pushName=micloud.kit.cloudcard.message.sync, watermarkType=p, watermark=0}
D/MicloudPushService( 2771): CloudPushType=MicloudPushType {packageName=com.miui.cloudservice, contentAuthority=com.miui.cloudservice, pushType=watermark, pushName=micloud.kit.cloudcard.relation.sync, watermarkType=p, watermark=0}
D/MicloudPushService( 2771): CloudPushType=MicloudPushType {packageName=com.android.thememanager, contentAuthority=com.android.thememanager, pushType=cmd, pushName=micloud.theme.cmd, watermarkType=p, watermark=0}
D/MicloudPushService( 2771): current capability={mic.wsms.2,theme.payment,theme.push,theme.v6}
D/MicloudPushService( 2771): previous capability={mic.wsms.2,theme.payment,theme.push,theme.v6}
D/ProcessObserver( 1640): onProcessDied, pid: 2050 uid: 9800
V/ProcessObserver( 1640): onProcessStateChanged
V/ProcessObserver( 1640): onProcessStateChanged
V/ProcessObserver( 1640): onProcessStateChanged
W/PushService( 1290): 2015-08-25 15:40:49,094 - [WARN::PushService] - [Thread:1] onStart() with intent.Action = com.xiaomi.push.OPEN_CHANNEL
W/PushService( 1290): 2015-08-25 15:40:49,096 - [WARN::PushService] - [Thread:80] JOB: bind the client. 2, 107351996@xiaomi.com/420A106B2AB6D08E
W/PushService( 1290): 2015-08-25 15:40:49,096 - [WARN::PushService] - [Thread:80] update the client 2 status. unbind->binding unknown ERROR_OK null null
W/PushService( 1290): 2015-08-25 15:40:49,097 - [WARN::PushService] - [Thread:80] SMACK 03:40:49 PM SENT (204313143): 0QxjFrjieRMkJ7AH4gTZJDEWkFElxFCt01OBzleKvRMKELEYBHUohTbVsI37+7B48UcHBgmsbf28FK/b1/suslzQlBN9Sv7yNXhSVg1VrYcXUmrMnGVpW1VcaHMElkRSSiG/3A8tyc5N0tarxRSWHHR6bMJubbdT7QaD9nOLZ9saT27enMscDfqHs9G/ZdGw0G9DgaWD1YsRxHCTveCGQiXi8Z60=XIAOMI-PASS
W/PushService( 1290):
W/PushService( 1290): 2015-08-25 15:40:49,098 - [WARN::PushService] - [Thread:80] SMACK: bind id=1jRHA-3
I/ServiceManager( 1322): Waiting for service miui.whetstone.net...
I/MultiDex( 2841): VM with version 2.1.0 has multidex support
I/MultiDex( 2841): install
I/MultiDex( 2841): VM has multidex support, MultiDex support library is disabled.
D/ProcessObserver( 1640): onProcessDied, pid: 1902 uid: 10003
D/ProcessObserver( 1640): onProcessDied, pid: 2086 uid: 10004
V/ProcessObserver( 1640): onProcessStateChanged
I/Fabric ( 2841): Initializing Crashlytics 2.3.3.61
D/ProcessObserver( 1640): onProcessDied, pid: 2196 uid: 1000
V/ProcessObserver( 1640): onProcessStateChanged D/MixpanelAPI - App Links (OPTIONAL)( 2841): Context is not an instance of Activity. To detect inbound App Links, pass an instance of an Activity to getInstance.
V/ProcessObserver( 1640): onProcessStateChanged
W/System.err( 1789): org.apache.http.conn.HttpHostConnectException: Connection to http://ccc.sys.miui.com refused
W/System.err( 1789): at org.apache.http.impl.conn.DefaultClientConnectionOperator.openConnection(DefaultClientConnectionOperator.java:183)
W/System.err( 1789): at org.apache.http.impl.conn.AbstractPoolEntry.open(AbstractPoolEntry.java:164)
W/System.err( 1789): at org.apache.http.impl.conn.AbstractPooledConnAdapter.open(AbstractPooledConnAdapter.java:119)
W/System.err( 1789): at org.apache.http.impl.client.DefaultRequestDirector.execute(DefaultRequestDirector.java:360)
W/System.err( 1789): at org.apache.http.impl.client.AbstractHttpClient.execute(AbstractHttpClient.java:555)
W/System.err( 1789): at org.apache.http.impl.client.AbstractHttpClient.execute(AbstractHttpClient.java:487)
W/System.err( 1789): at org.apache.http.impl.client.AbstractHttpClient.execute(AbstractHttpClient.java:465)
W/System.err( 1789): at com.miui.powerkeeper.cloudcontrol.HttpUtils.httpGet(Unknown Source)
W/System.err( 1789): at com.miui.powerkeeper.cloudcontrol.CloudUpdateService.onHandleIntent(Unknown Source)
W/System.err( 1789): at android.app.IntentService$ServiceHandler.handleMessage(IntentService.java)
W/System.err( 1789): at android.os.Handler.dispatchMessage(Handler.java)
W/System.err( 1789): at android.os.Looper.loop(Looper.java)
W/System.err( 1789): at android.os.HandlerThread.run(HandlerThread.java)
W/System.err( 1789): Caused by: java.net.ConnectException: failed to connect to /54.169.220.158 (port 80) after 10000ms: isConnected failed: ECONNREFUSED (Connection refused)
W/System.err( 1789): at libcore.io.IoBridge.isConnected(IoBridge.java:238)
W/System.err( 1789): at libcore.io.IoBridge.connectErrno(IoBridge.java:171)
W/System.err( 1789): at libcore.io.IoBridge.connect(IoBridge.java:122)
W/System.err( 1789): at java.net.PlainSocketImpl.connect(PlainSocketImpl.java:183)
W/System.err( 1789): at java.net.PlainSocketImpl.connect(PlainSocketImpl.java:456)
W/System.err( 1789): at java.net.Socket.connect(Socket.java:882)
W/System.err( 1789): at org.apache.http.conn.scheme.PlainSocketFactory.connectSocket(PlainSocketFactory.java:119)
W/System.err( 1789): at org.apache.http.impl.conn.DefaultClientConnectionOperator.openConnection(DefaultClientConnectionOperator.java:144)
W/System.err( 1789): ... 12 more
W/System.err( 1789): Caused by: android.system.ErrnoException: isConnected failed: ECONNREFUSED (Connection refused)
W/System.err( 1789): at libcore.io.IoBridge.isConnected(IoBridge.java:223)
W/System.err( 1789): ... 19 more
I/ServiceManager( 2269): Waiting for service miui.whetstone.klo...
I/XiaomiFirewall( 1987): firewall pkgName:com.tinder, result:0
V/ProcessObserver( 1640): onProcessStateChanged
V/ProcessObserver( 1640): onProcessStateChanged
D/ProcessObserver( 1640): onProcessDied, pid: 2226 uid: 1000
V/ProcessObserver( 1640): onProcessStateChanged
V/ProcessObserver( 1640): onProcessStateChanged
V/ProcessObserver( 1640): onProcessStateChanged
V/ProcessObserver( 1640): onProcessStateChanged
V/ProcessObserver( 1640): onProcessStateChanged
V/ProcessObserver( 1640): onProcessStateChanged
V/ProcessObserver( 1640): onProcessStateChanged
D/ChimeraCfgMgr( 1813): Loading module com.google.android.gms.kids from APK com.google.android.gms
V/ProcessObserver( 1640): onProcessStateChanged
V/ProcessObserver( 1640): onProcessStateChanged
D/ChimeraCfgMgr( 1813): Loading module com.google.android.gms.kids from APK com.google.android.gms
D/CellBroadcastReceiver( 2489): onReceive Intent { act=android.intent.action.SERVICE_STATE flg=0x10 cmp=com.android.cellbroadcastreceiver/.CellBroadcastReceiver (has extras) }
D/CellBroadcastReceiver( 2489): Intent ACTION_SERVICE_STATE_CHANGED
D/CellBroadcastReceiver( 2489): Service state changed! 1 Full: 1 1 home null null null Unknown Unknown CSS not supported -1 -1 RoamInd=-1 DefRoamInd=-1 EmergOnly=false Current state=3
I/lh ( 1040): jobIntent is not null
D/SIP ( 1302): [SipSharedPreferences] isReceivingCallsEnabled, option not set; use default value, exception: android.provider.Settings$SettingNotFoundException: sip_receive_calls
V/ProcessObserver( 1640): onProcessStateChanged
D/CellBroadcastReceiver( 2489): onReceive Intent { act=android.intent.action.ACTION_SUBINFO_RECORD_UPDATED flg=0x10 cmp=com.android.cellbroadcastreceiver/.CellBroadcastReceiver (has extras) }
V/ProcessObserver( 1640): onProcessStateChanged
D/GCM ( 1530): GcmService start Intent { act=com.google.android.gms.INITIALIZE flg=0x10 pkg=com.google.android.gms cmp=com.google.android.gms/.gcm.GcmService } com.google.android.gms.INITIALIZE
V/ProcessObserver( 1640): onProcessStateChanged
D/AuthorizationBluetoothService( 1530): Received GmsCore event: Intent { act=com.google.android.gms.INITIALIZE flg=0x10 pkg=com.google.android.gms cmp=com.google.android.gms/.auth.be.proximity.authorization.bt.AuthorizationBluetoothService$AutoStarter }.
V/GmsCoreStatsServiceLauncher( 1813): Received broadcast intent Intent { act=com.google.android.gms.INITIALIZE flg=0x10 pkg=com.google.android.gms cmp=com.google.android.gms/.common.stats.GmsCoreStatsServiceLauncher }
D/WearableService( 2029): callingUid 10036, callindPid: 2029
V/ProcessObserver( 1640): onProcessStateChanged
D/LocationInitializer( 1813): Restart initialization of location
E/MDM ( 1184): [75] b.run: Couldn't connect to Google API client: ConnectionResult{statusCode=API_UNAVAILABLE, resolution=null}
D/AuthorizationBluetoothService( 1530): Received GmsCore event: Intent { act=com.google.android.gms.INITIALIZE flg=0x10 pkg=com.google.android.gms cmp=com.google.android.gms/.auth.be.proximity.authorization.bt.AuthorizationBluetoothService$AutoStarter }.
D/GCM ( 1530): GcmService start Intent { act=com.google.android.gms.INITIALIZE flg=0x10 pkg=com.google.android.gms cmp=com.google.android.gms/.gcm.GcmService } com.google.android.gms.INITIALIZE
V/GmsCoreStatsServiceLauncher( 1813): Received broadcast intent Intent { act=com.google.android.gms.INITIALIZE flg=0x10 pkg=com.google.android.gms cmp=com.google.android.gms/.common.stats.GmsCoreStatsServiceLauncher }
E/MDM ( 1184): [76] b.run: Couldn't connect to Google API client: ConnectionResult{statusCode=API_UNAVAILABLE, resolution=null}
D/LocationInitializer( 1813): Restart initialization of location
I/GLSUser ( 1530): [ChannelManager] Attempting to channel bind connection HttpClient.
I/GLSUser ( 1530): [ChannelManager] Checking whether channelId is enabled. isEnabledGmsCore? false, isEnabledSdk? true, isAtLeastKitKat? true
V/ProcessObserver( 1640): onProcessStateChanged
V/ProcessObserver( 1640): onProcessStateChanged
D/BluetoothManagerService( 844): Auto-enabling Bluetooth.
D/BluetoothManagerService( 844): Message: 1
D/BluetoothManagerService( 844): MESSAGE_ENABLE: mBluetooth = null
D/WhetstoneStrategy( 1322): [ALLOW] [service] callerPackage com.google.android.gms start process with Intent { cmp=com.android.bluetooth/.btservice.AdapterService }
I/NotificationStore( 1530): file does not exist: /data/data/com.google.android.gms/files/notification_data.dat
D/WhetstoneStrategy( 1322): [ALLOW] [service] callerPackage com.google.android.gms start process with Intent { cmp=com.android.keychain/.KeyChainService }
V/GLSActivity( 1530): AuthDelegateWrapperCreated with selected intent: Intent { cmp=com.google.android.gms/.auth.DefaultAuthDelegateService }
V/ProcessObserver( 1640): onProcessStateChanged
V/ProcessObserver( 1640): onProcessStateChanged
V/ProcessObserver( 1640): onProcessStateChanged
I/Kids ( 1813): [KidAccountFixer] No accounts found
I/ServiceManager( 1322): Waiting for service miui.whetstone.net...
D/PhoneStatusBar( 1063): boot complete
I/RecoverySystem( 844): No recovery log file
I/Sensors ( 418): sns_pwr.c(307):releasing wakelock
E/SharedPreferencesImpl( 844): Couldn't create directory for SharedPreferences file shared_prefs/log_files.xml
D/ChimeraCfgMgr( 1813): Loading module com.google.android.gms.games from APK com.google.android.gms
V/ProcessObserver( 1640): onProcessStateChanged
I/Sensors ( 418): sns_pwr.c(279):acquiring wakelock
V/ProcessObserver( 1640): onProcessStateChanged
V/ProcessObserver( 1640): onProcessStateChanged
E/SharedPreferencesImpl( 844): Couldn't create directory for SharedPreferences file shared_prefs/log_files.xml
E/SharedPreferencesImpl( 844): Couldn't create directory for SharedPreferences file shared_prefs/log_files.xml
D/miuisdk ( 2988): current sdk level is 2
D/miuisdk ( 2948): current sdk level is 2
W/Searchables( 844): No web search activity found
E/SharedPreferencesImpl( 844): Couldn't create directory for SharedPreferences file shared_prefs/log_files.xml
V/ProcessObserver( 1640): onProcessStateChanged
D/CalendarAppWidgetProvider( 2988): action: android.intent.action.BOOT_COMPLETED
I/MonthViewWidgetProvider( 2988): action: android.intent.action.BOOT_COMPLETED
D/Cal:D:CacheService( 2988): onHandleIntent(): action=action_set_default_values
D/MonthViewWidgetProvider( 2988): resetRunnable():reset to current month
D/PowerKeeperService( 1789): start
V/ProcessObserver( 1640): onProcessStateChanged
I/PowerKeeperBackgroundService( 1640): onStartCommand()
I/PowerKeeperBackgroundService( 1640): onStartCommand() intent.getAction()==boot_completed
I/PowerKeeperService( 1640): onBootCompleted
D/ProfileGroupManager( 1640): onBootCompleted
D/ProfileGroupManager( 1640): init
E/SharedPreferencesImpl( 844): Couldn't create directory for SharedPreferences file shared_prefs/log_files.xml
D/FirstNotificationController( 1640): init
D/AdapterServiceConfig( 2948): Adding HeadsetService
D/AdapterServiceConfig( 2948): Adding A2dpService
D/AdapterServiceConfig( 2948): Adding HidService
D/AdapterServiceConfig( 2948): Adding HealthService
D/AdapterServiceConfig( 2948): Adding PanService
D/AdapterServiceConfig( 2948): Adding GattService
D/AdapterServiceConfig( 2948): Adding BluetoothMapService
E/KLO ( 2269): no klo record file.
E/SharedPreferencesImpl( 844): Couldn't create directory for SharedPreferences file shared_prefs/log_files.xml
I/PowerProfile( 2269): usb charger type: USB Charger
E/PowerProfile( 2269): open /sys/class/power_supply/battery/online error, No such file or directory
I/PowerProfile( 2269): pm8921-dc charger type: AC Charger
I/KLO_Power( 2269): [1440509988]:boot with charger connected
I/KLO_Power( 2269): update system cpu stats called
I/KLO ( 2269): OCTVM system event stream use kernel logger
I/libmc ( 2269): add obseving tag segment { base: 30001, counts: 40} success
I/libmc ( 2269): add obseving tag segment { base: 2722, counts: 8} success
I/libmc ( 2269): add obseving tag segment { base: 70000, counts: 1} success
I/KLO ( 2269): new timerfd interval:
I/KLO ( 2269): itval.it_interval.tv_sec 43200, itval.it_interval.tv_nsec 0
I/KLO ( 2269): itval.it_value.tv_sec 43200, itval.it_value.tv_nsec 0
I/ServiceManager( 2269): Waiting for service miui.whetstone.power...
I/KLO ( 2269): new timerfd interval:
I/KLO ( 2269): itval.it_interval.tv_sec 43200, itval.it_interval.tv_nsec 0
I/KLO ( 2269): itval.it_value.tv_sec 43200, itval.it_value.tv_nsec 0
D/BluetoothManagerService( 844): Message: 20
D/BluetoothManagerService( 844): Added callback: android.bluetooth.IBluetoothManagerCallback$Stub$Proxy@35e836e9:true
D/BluetoothAdapterState( 2948): make
I/bluedroid( 2948): init
I/BluetoothAdapterState( 2948): Entering OffState
I/bte_conf( 2948): bte_load_conf attempt to load stack conf from /etc/bluetooth/bt_stack.conf
I/bte_conf( 2948): bte_load_ble_conf attempt to load ble stack conf from /etc/bluetooth/ble_stack.conf
E/bt_osi_config( 2948): config_new unable to open file '/etc/bluetooth/ble_stack.conf': No such file or directory
I/bte_conf( 2948): bte_load_ble_conf file >/etc/bluetooth/ble_stack.conf< not found
I/GKI_LINUX( 2948): gki_task_entry task_id=1 [BTIF] starting
E/GKI_LINUX( 2948): GKI_exception(): Task State Table
E/GKI_LINUX( 2948): TASK ID [0] task name [(null)] state [0]
E/GKI_LINUX( 2948): TASK ID [1] task name [BTIF] state [1]
E/GKI_LINUX( 2948): TASK ID [2] task name [(null)] state [0]
E/GKI_LINUX( 2948): GKI_exception 65531 Sending to unknown dest
E/GKI_LINUX( 2948): ********************************************************************
E/GKI_LINUX( 2948): * GKI_exception(): 65531 Sending to unknown dest
E/GKI_LINUX( 2948): ********************************************************************
I/bluedroid( 2948): get_profile_interface socket
I/bluedroid( 2948): get_profile_interface map_client
D/BluetoothAdapterProperties( 2948): Address is:F8:A4:5F:02:67:23
D/BluetoothManagerService( 844): Bluetooth Adapter name changed to Mi Phone
D/BluetoothAdapterProperties( 2948): Name is: Mi Phone
D/BluetoothManagerService( 844): Stored Bluetooth name: Mi Phone
D/BluetoothManagerService( 844): BluetoothServiceConnection: com.android.bluetooth.btservice.AdapterService
D/BluetoothManagerService( 844): Message: 40
D/BluetoothManagerService( 844): MESSAGE_BLUETOOTH_SERVICE_CONNECTED: 1
I/bluedroid( 2948): config_hci_snoop_log
D/BluetoothManagerService( 844): Calling onBluetoothServiceUp callbacks
D/BluetoothManagerService( 844): Broadcasting onBluetoothServiceUp() to 6 receivers.
D/BluetoothAdapterState( 2948): CURRENT_STATE=OFF, MESSAGE = USER_TURN_ON
D/BluetoothAdapterProperties( 2948): Setting state to 11
I/BluetoothAdapterState( 2948): Bluetooth adapter state changed: 10-> 11
D/BluetoothManagerService( 844): Message: 60
D/BluetoothManagerService( 844): MESSAGE_BLUETOOTH_STATE_CHANGE: prevState = 10, newState=11
D/BluetoothManagerService( 844): Bluetooth State Change Intent: 10 -> 11
D/BluetoothBondStateMachine( 2948): make
D/KeyguardViewMediator( 1063): action name: android.bluetooth.adapter.action.STATE_CHANGED
D/BluetoothAdapterService( 2948): checkA2dpState: isA2dpSinkEnabled = false
E/BluetoothAdapterService( 2948): checkA2dpState: returning
I/BluetoothBondStateMachine( 2948): StableState(): Entering Off State
D/BluetoothAdapterService( 2948): checkHidState: isHidDev = false
E/BluetoothAdapterService( 2948): checkHidState: returning
D/BluetoothAdapterService( 2948): checkHfpState: isHfpClientEnabled = false
E/BluetoothAdapterService( 2948): checkHfpState: returning
E/SharedPreferencesImpl( 844): Couldn't create directory for SharedPreferences file shared_prefs/log_files.xml
E/BTEventHandler( 2948): A4WP is not supported
V/ProcessObserver( 1640): onProcessStateChanged
D/BluetoothHeadset( 844): Proxy object connected
D/BluetoothHeadset( 1302): Proxy object connected
D/HeadsetService( 2948): Received start request. Starting profile...
D/CallNotifier( 1302): - Got BluetoothHeadset: android.bluetooth.BluetoothHeadset@29efa4c4
D/BluetoothHeadset( 1284): Proxy object connected
D/BluetoothHeadset( 1284): Proxy object connected
I/BluetoothHeadsetServiceJni( 2948): classInitNative: succeeds
D/HeadsetStateMachine( 2948): Version 1.6
D/HeadsetStateMachine( 2948): make
I/BluetoothAdapterState( 2948): Entering PendingCommandState State: isTurningOn()=true, isTurningOff()=false
E/HeadsetStateMachine( 2948): Could not bind to Bluetooth Headset Voip Phone Service
D/HeadsetStateMachine( 2948): max_hf_connections = 1
I/bluedroid( 2948): get_profile_interface handsfree
D/HeadsetStateMachine( 2948): Enter Disconnected: -2, size: 0
D/BluetoothAdapterService( 2948): getAdapterService() - returning com.android.bluetooth.btservice.AdapterService@167dc37b
D/A2dpService( 2948): Received start request. Starting profile...
D/BluetoothA2dp( 844): Proxy object connected
I/BluetoothAvrcpServiceJni( 2948): classInitNative: succeeds
V/Avrcp ( 2948): make
V/Avrcp ( 2948): Avrcp
I/bluedroid( 2948): get_profile_interface avrcp
V/Avrcp ( 2948): start
V/Avrcp ( 2948): registerMediaPlayers
V/Avrcp ( 2948): MediaPlayerInfo: mPlayerId = 1
V/Avrcp ( 2948): mMajorPlayerType = 1 mPlayerSubType = 0
V/Avrcp ( 2948): mPlayState = 2 mCharsetId = 106
V/Avrcp ( 2948): mPlayerPackageName = com.android.music mDisplayableNameLength = 5
V/Avrcp ( 2948): mItemLength = 33 mEntryLength = 34
V/Avrcp ( 2948): mFeatureMask =
V/Avrcp ( 2948): mFeatureMask[0] = 0
V/Avrcp ( 2948): mFeatureMask[1] = 0
V/Avrcp ( 2948): mFeatureMask[2] = 0
V/Avrcp ( 2948): mFeatureMask[3] = 0
V/Avrcp ( 2948): mFeatureMask[4] = 12
V/Avrcp ( 2948): mFeatureMask[5] = 55
V/Avrcp ( 2948): mFeatureMask[6] = 0
V/Avrcp ( 2948): mFeatureMask[7] = 141
V/Avrcp ( 2948): mFeatureMask[8] = 2
V/Avrcp ( 2948): mFeatureMask[9] = 0
V/Avrcp ( 2948): mFeatureMask[10] = 0
V/Avrcp ( 2948): mFeatureMask[11] = 0
V/Avrcp ( 2948): mFeatureMask[12] = 0
V/Avrcp ( 2948): mFeatureMask[13] = 0
V/Avrcp ( 2948): mFeatureMask[14] = 0
V/Avrcp ( 2948): mFeatureMask[15] = 0
V/Avrcp ( 2948): mDisplayableName=
V/Avrcp ( 2948): mDisplayableName[0] = 77
V/Avrcp ( 2948): mDisplayableName[1] = 117
V/Avrcp ( 2948): mDisplayableName[2] = 115
V/Avrcp ( 2948): mDisplayableName[3] = 105
V/Avrcp ( 2948): mDisplayableName[4] = 99
V/Avrcp ( 2948): MediaPlayerInfo: mPlayerId = 2
V/Avrcp ( 2948): mMajorPlayerType = 1 mPlayerSubType = 0
V/Avrcp ( 2948): mPlayState = 2 mCharsetId = 106
V/Avrcp ( 2948): mPlayerPackageName = com.google.android.music mDisplayableNameLength = 6
V/Avrcp ( 2948): mItemLength = 34 mEntryLength = 35
V/Avrcp ( 2948): mFeatureMask =
V/Avrcp ( 2948): mFeatureMask[0] = 0
V/Avrcp ( 2948): mFeatureMask[1] = 0
V/Avrcp ( 2948): mFeatureMask[2] = 0
V/Avrcp ( 2948): mFeatureMask[3] = 0
V/Avrcp ( 2948): mFeatureMask[4] = 12
V/Avrcp ( 2948): mFeatureMask[5] = 55
V/Avrcp ( 2948): mFeatureMask[6] = 0
V/Avrcp ( 2948): mFeatureMask[7] = 5
V/Avrcp ( 2948): mFeatureMask[8] = 0
V/Avrcp ( 2948): mFeatureMask[9] = 0
V/Avrcp ( 2948): mFeatureMask[10] = 0
V/Avrcp ( 2948): mFeatureMask[11] = 0
V/Avrcp ( 2948): mFeatureMask[12] = 0
V/Avrcp ( 2948): mFeatureMask[13] = 0
V/Avrcp ( 2948): mFeatureMask[14] = 0
V/Avrcp ( 2948): mFeatureMask[15] = 0
V/Avrcp ( 2948): mDisplayableName=
V/Avrcp ( 2948): mDisplayableName[0] = 77
V/Avrcp ( 2948): mDisplayableName[1] = 117
V/Avrcp ( 2948): mDisplayableName[2] = 115
V/Avrcp ( 2948): mDisplayableName[3] = 105
V/Avrcp ( 2948): mDisplayableName[4] = 99
V/Avrcp ( 2948): mDisplayableName[5] = 50
W/DriveInitializer( 1813): Background init thread started
D/ChimeraCfgMgr( 1813): Loading module com.google.android.gms.games from APK com.google.android.gms
V/AudioService( 844): updateRemoteControllerOnExistingMediaPlayers: size of Player list: 0
E/AudioService( 844): No RCC entry present to update
E/RemoteController( 2948): Cannot set synchronization mode on an unregistered RemoteController
I/BluetoothA2dpServiceJni( 2948): classInitNative: succeeds
D/A2dpStateMachine( 2948): make
I/bluedroid( 2948): get_profile_interface a2dp
I/GKI_LINUX( 2948): gki_task_entry task_id=2 [A2DP-MEDIA] starting
D/bt-btif ( 2948): btif_av_state_idle_handler event:BTIF_SM_ENTER_EVT flags 0
D/A2dpService( 2948): setA2dpService(): set to: null
D/BluetoothAdapterService( 2948): getAdapterService() - returning com.android.bluetooth.btservice.AdapterService@167dc37b
D/A2dpStateMachine( 2948): Enter Disconnected: -2
I/BluetoothHidServiceJni( 2948): classInitNative: succeeds
D/HidService( 2948): Received start request. Starting profile...
I/bluedroid( 2948): get_profile_interface hidhost
D/BluetoothAdapterService( 2948): getAdapterService() - returning com.android.bluetooth.btservice.AdapterService@167dc37b
I/BluetoothHealthServiceJni( 2948): classInitNative: succeeds
D/HealthService( 2948): Received start request. Starting profile...
I/bluedroid( 2948): get_profile_interface health
D/BluetoothAdapterService( 2948): getAdapterService() - returning com.android.bluetooth.btservice.AdapterService@167dc37b
I/BluetoothPanServiceJni( 2948): classInitNative(L105): succeeds
D/PanService( 2948): Received start request. Starting profile...
D/BluetoothPanServiceJni( 2948): initializeNative(L110): pan
I/bluedroid( 2948): get_profile_interface pan
D/BluetoothAdapterService( 2948): getAdapterService() - returning com.android.bluetooth.btservice.AdapterService@167dc37b
D/BtGatt.GattService( 2948): classInitNative called
E/SharedPreferencesImpl( 844): Couldn't create directory for SharedPreferences file shared_prefs/log_files.xml
I/BtGatt.JNI( 2948): classInitNative(L863): classInitNative: Success!
D/miuisdk ( 3017): current sdk level is 2
D/BtGatt.DebugUtils( 2948): handleDebugAction() action=null
D/BtGatt.GattService( 2948): Received start request. Starting profile...
D/BtGatt.GattService( 2948): start()
I/bluedroid( 2948): get_profile_interface gatt
D/BtGatt.AdvertiseManager( 2948): advertise manager created
D/BluetoothAdapterService( 2948): getAdapterService() - returning com.android.bluetooth.btservice.AdapterService@167dc37b
W/DriveInitializer( 1813): Awaiting to be initialized
D/BluetoothMapService( 2948): inside BluetoothMapObexConnection
D/BluetoothMapService( 2948): supportedMessageTypes 14
D/BluetoothMapService( 2948): masId 0
D/BluetoothMapService( 2948): inside BluetoothMapObexConnection
D/BluetoothMapService( 2948): supportedMessageTypes 1
D/BluetoothMapService( 2948): masId 1
D/BluetoothMapService( 2948): Inside initBinder
D/BluetoothMapService( 2948): Received start request. Starting profile...
D/BluetoothMapService( 2948): start()
D/BluetoothMapService( 2948): Registering observer
D/BluetoothAdapterService( 2948): getAdapterService() - returning com.android.bluetooth.btservice.AdapterService@167dc37b
W/BluetoothHeadset( 1284): Proxy not attached to service
D/BluetoothHeadset( 1284): java.lang.Throwable
D/BluetoothHeadset( 1284): at android.bluetooth.BluetoothHeadset.phoneStateChanged(BluetoothHeadset.java)
D/BluetoothHeadset( 1284): at com.android.server.telecom.BluetoothPhoneService.updateHeadsetWithCallState(BluetoothPhoneService.java:794)
D/BluetoothHeadset( 1284): at com.android.server.telecom.BluetoothPhoneService.access$800(BluetoothPhoneService.java:51)
D/BluetoothHeadset( 1284): at com.android.server.telecom.BluetoothPhoneService$2.handleMessage(BluetoothPhoneService.java:316)
D/BluetoothHeadset( 1284): at android.os.Handler.dispatchMessage(Handler.java)
D/BluetoothHeadset( 1284): at android.os.Looper.loop(Looper.java)
D/BluetoothHeadset( 1284): at android.app.ActivityThread.main(ActivityThread.java)
D/BluetoothHeadset( 1284): at java.lang.reflect.Method.invoke(Native Method)
D/BluetoothHeadset( 1284): at java.lang.reflect.Method.invoke(Method.java:372)
D/BluetoothHeadset( 1284): at com.android.internal.os.ZygoteInit$MethodAndArgsCaller.run(ZygoteInit.java)
D/BluetoothHeadset( 1284): at com.android.internal.os.ZygoteInit.main(ZygoteInit.java)
D/HeadsetPhoneState( 2948): sendDeviceStateChanged. mService=0 mSignal=0 mRoam=0 mBatteryCharge=0
D/HeadsetStateMachine( 2948): Disconnected process message: 11, size: 0
D/HeadsetStateMachine( 2948): Disconnected process message: 10, size: 0
D/HeadsetPhoneState( 2948): sendDeviceStateChanged. mService=0 mSignal=0 mRoam=0 mBatteryCharge=1
D/HeadsetStateMachine( 2948): Disconnected process message: 11, size: 0
V/BluetoothMapService( 2948): Handler(): got msg=1
D/BluetoothAdapterState( 2948): CURRENT_STATE=PENDING, MESSAGE = STARTED, isTurningOn=true, isTurningOff=false
I/bluedroid( 2948): enable
I/bt_hci_bdroid( 2948): init
I/GKI_LINUX( 2948): gki_task_entry task_id=0 [BTU] starting
I/bt-btu ( 2948): btu_task pending for preload complete event
V/BluetoothSapReceiver( 2948): SapReceiver onReceive
V/BluetoothSapReceiver( 2948): action = android.bluetooth.adapter.action.STATE_CHANGED
V/BluetoothSapReceiver( 2948): Bluetooth Adapter state = 11
I/bt_vendor( 2948): bt-vendor : init
I/bt_vendor( 2948): bt-vendor : get_bt_soc_type
E/bt_vendor( 2948): get_bt_soc_type: Failed to get soc type
I/bt_vendor( 2948): init: Local BD Address : 23:67:02:5f:a4:f8
D/bt_userial_mct( 2948): userial_init
I/bt_vendor( 2948): bt-vendor : BT_VND_OP_POWER_CTRL: On
I/bt_vendor( 2948): Starting hciattach daemon
I/bt_vendor( 2948): try to set true
D/AuthorizationBluetoothService( 1530): Received Bluetooth event: Intent { act=android.bluetooth.adapter.action.STATE_CHANGED flg=0x14000010 cmp=com.google.android.gms/.auth.be.proximity.authorization.bt.AuthorizationBluetoothService$BluetoothStateChangeReceiver (has extras) }.
E/SharedPreferencesImpl( 844): Couldn't create directory for SharedPreferences file shared_prefs/log_files.xml
I/qcom-bluetooth( 3064): /system/etc/init.qcom.bt.sh: init.qcom.bt.sh config =
I/AlarmClock( 3017): AlarmInitReceiverandroid.intent.action.BOOT_COMPLETED
W/DriveInitializer( 1813): Background init thread ended
D/AlarmClock( 3017): AlarmInitReceiver, looking up for shut-down alarm
I/qcom-bluetooth( 3078): /system/etc/init.qcom.bt.sh: Transport : smd
I/qcom-bluetooth( 3080): /system/etc/init.qcom.bt.sh: ** Bluedroid stack **
V/AlarmClock( 3017): Snooze alarm, id -1
E/SharedPreferencesImpl( 844): Couldn't create directory for SharedPreferences file shared_prefs/log_files.xml
I/qcom-bluetooth( 3084): /system/etc/init.qcom.bt.sh: Power Class: Ignored. Default(1) used (1-CLASS1/2-CLASS2/3-CUSTOM)
I/qcom-bluetooth( 3085): /system/etc/init.qcom.bt.sh: Power Class: To override, Before turning BT ON; setprop qcom.bt.dev_power_class <1 or 2 or 3>
I/qcom-bluetooth( 3086): /system/etc/init.qcom.bt.sh: LE Power Class: Ignored. Default(2) used (1-CLASS1/2-CLASS2/3-CUSTOM)
I/qcom-bluetooth( 3087): /system/etc/init.qcom.bt.sh: LE Power Class: To override, Before turning BT ON; setprop qcom.bt.le_dev_pwr_class <1 or 2 or 3>
I/AlarmClock( 3017): AlarmInitReceiver finished
V/ProcessObserver( 1640): onProcessStateChanged
V/ProcessObserver( 1640): onProcessStateChanged
E/SharedPreferencesImpl( 844): Couldn't create directory for SharedPreferences file shared_prefs/log_files.xml
D/ProcessObserver( 1640): onProcessDied, pid: 2518 uid: 10019
E/SharedPreferencesImpl( 844): Couldn't create directory for SharedPreferences file shared_prefs/log_files.xml
D/miuisdk ( 1513): sdk already initialized
D/miuisdk ( 1513): sdk already started
V/OtaStartupReceiver( 1302): onOtaspChanged: mOtaspMode=1
E/Diag_Lib( 3089): Diag_LSM_Init: Failed to open handle to diag driver, error = 13
E/QMI_FW ( 3089): QMUXD: Service_id=228 not found over conn_id=0
E/QMI_FW ( 3089): QMUXD: Service_id=228 not found over conn_id=37
E/QMI_FW ( 3089): QMUXD: Service_id=228 not found over conn_id=0
E/QMI_FW ( 3089): QMUXD: Service_id=228 not found over conn_id=37
E/QMI_FW ( 3089): QMUXD: Service_id=228 not found over conn_id=0
I/KLO_Power( 2269): battery level changed:[batterylevel,voltage,temp]:[37,3698,326]
I/KLO_Power( 2269): update system cpu stats called
V/ProcessObserver( 1640): onProcessStateChanged
V/ProcessObserver( 1640): onProcessStateChanged
D/HeadsetStateMachine( 2948): Disconnected process message: 10, size: 0
V/ProcessObserver( 1640): onProcessStateChanged
E/QMI_FW ( 3089): QMUXD: Service_id=228 not found over conn_id=37
V/ProcessObserver( 1640): onProcessStateChanged
V/ProcessObserver( 1640): onProcessStateChanged
D/AccountTypeManager( 1513): processBroadcastIntentandroid.intent.action.SIM_STATE_CHANGED; IccCardConstants : LOCKED
D/AccountTypeManager( 1513): Registering external account type=com.whatsapp, packageName=com.whatsapp
E/QMI_FW ( 3089): QMUXD: Service_id=228 not found over conn_id=0
W/ResourceType( 1513): For resource 0x7f02050b, entry index(1291) is beyond type entryCount(523)
W/ResourceType( 1513): Failure getting entry for 0x7f02050b (t=1 e=1291) (error -75)
W/ResourceType( 1513): For resource 0x7f02050b, entry index(1291) is beyond type entryCount(523)
W/ResourceType( 1513): Failure getting entry for 0x7f02050b (t=1 e=1291) (error -75)
D/WhetstoneStrategy( 1322): [ALLOW] [service] callerPackage com.google.android.gsf start process with Intent { cmp=com.miui.cloudservice/.miprofile.MiProfileMessengerService }
E/QMI_FW ( 3089): QMUXD: Service_id=228 not found over conn_id=37
E/QMI_FW ( 3089): QMUXD: Service_id=228 not found over conn_id=0
I/ServiceManager( 1322): Waiting for service miui.whetstone.net...
